I20260630 12:37:53.829974 22140 catalog_manager.cc:5697] T bf06834f005445fab5cddf104bc4d862 P dc6cfcaa4dfe41819d6822034f665bf5 reported cstate change: term changed from 0 to 1, leader changed from <none> to dc6cfcaa4dfe41819d6822034f665bf5 (127.18.210.196). New cstate: current_term: 1 leader_uuid: "dc6cfcaa4dfe41819d6822034f665bf5" committed_config { opid_index: -1 OBSOLETE_local: false peers { permanent_uuid: "dc6cfcaa4dfe41819d6822034f665bf5" member_type: VOTER last_known_addr { host: "127.18.210.196" port: 33777 } health_report { overall_health: HEALTHY } } peers { permanent_uuid: "a26cbc7cb79d4a77b12b4750d7cf6f9d" member_type: VOTER last_known_addr { host: "127.18.210.195" port: 36805 } health_report { overall_health: UNKNOWN } } peers { permanent_uuid: "0e4d5fbc5cbb4df6a56de73016da93dd" member_type: VOTER last_known_addr { host: "127.18.210.193" port: 40155 } health_report { overall_health: UNKNOWN } } }
I20260630 12:37:53.858304 22598 raft_consensus.cc:493] T 2423fc42d462422d84847b2571b2e7a5 P 6f503c9b9d25481d94dff725359a5b4e [term 0 FOLLOWER]: Starting pre-election (no leader contacted us within the election timeout)
I20260630 12:37:53.858731 22598 raft_consensus.cc:515] T 2423fc42d462422d84847b2571b2e7a5 P 6f503c9b9d25481d94dff725359a5b4e [term 0 FOLLOWER]: Starting pre-election with config: opid_index: -1 OBSOLETE_local: false peers { permanent_uuid: "0e4d5fbc5cbb4df6a56de73016da93dd" member_type: VOTER last_known_addr { host: "127.18.210.193" port: 40155 } } peers { permanent_uuid: "dc6cfcaa4dfe41819d6822034f665bf5" member_type: VOTER last_known_addr { host: "127.18.210.196" port: 33777 } } peers { permanent_uuid: "6f503c9b9d25481d94dff725359a5b4e" member_type: VOTER last_known_addr { host: "127.18.210.194" port: 38081 } }
I20260630 12:37:53.860265 22598 leader_election.cc:290] T 2423fc42d462422d84847b2571b2e7a5 P 6f503c9b9d25481d94dff725359a5b4e [CANDIDATE]: Term 1 pre-election: Requested pre-vote from peers 0e4d5fbc5cbb4df6a56de73016da93dd (127.18.210.193:40155), dc6cfcaa4dfe41819d6822034f665bf5 (127.18.210.196:33777)
I20260630 12:37:53.860965 22245 tablet_service.cc:1917] Received RequestConsensusVote() RPC: tablet_id: "2423fc42d462422d84847b2571b2e7a5" candidate_uuid: "6f503c9b9d25481d94dff725359a5b4e" candidate_term: 1 candidate_status { last_received { term: 0 index: 0 } } ignore_live_leader: false dest_uuid: "0e4d5fbc5cbb4df6a56de73016da93dd" is_pre_election: true
I20260630 12:37:53.861150 22562 tablet_service.cc:1917] Received RequestConsensusVote() RPC: tablet_id: "2423fc42d462422d84847b2571b2e7a5" candidate_uuid: "6f503c9b9d25481d94dff725359a5b4e" candidate_term: 1 candidate_status { last_received { term: 0 index: 0 } } ignore_live_leader: false dest_uuid: "dc6cfcaa4dfe41819d6822034f665bf5" is_pre_election: true
I20260630 12:37:53.861511 22245 raft_consensus.cc:2468] T 2423fc42d462422d84847b2571b2e7a5 P 0e4d5fbc5cbb4df6a56de73016da93dd [term 0 FOLLOWER]: Leader pre-election vote request: Granting yes vote for candidate 6f503c9b9d25481d94dff725359a5b4e in term 0.
I20260630 12:37:53.861675 22562 raft_consensus.cc:2468] T 2423fc42d462422d84847b2571b2e7a5 P dc6cfcaa4dfe41819d6822034f665bf5 [term 0 FOLLOWER]: Leader pre-election vote request: Granting yes vote for candidate 6f503c9b9d25481d94dff725359a5b4e in term 0.
I20260630 12:37:53.862447 22283 leader_election.cc:304] T 2423fc42d462422d84847b2571b2e7a5 P 6f503c9b9d25481d94dff725359a5b4e [CANDIDATE]: Term 1 pre-election: Election decided. Result: candidate won. Election summary: received 2 responses out of 3 voters: 2 yes votes; 0 no votes. yes voters: 0e4d5fbc5cbb4df6a56de73016da93dd, 6f503c9b9d25481d94dff725359a5b4e; no voters: 
I20260630 12:37:53.863106 22598 raft_consensus.cc:2804] T 2423fc42d462422d84847b2571b2e7a5 P 6f503c9b9d25481d94dff725359a5b4e [term 0 FOLLOWER]: Leader pre-election won for term 1
I20260630 12:37:53.863446 22598 raft_consensus.cc:493] T 2423fc42d462422d84847b2571b2e7a5 P 6f503c9b9d25481d94dff725359a5b4e [term 0 FOLLOWER]: Starting leader election (no leader contacted us within the election timeout)
I20260630 12:37:53.863706 22598 raft_consensus.cc:3060] T 2423fc42d462422d84847b2571b2e7a5 P 6f503c9b9d25481d94dff725359a5b4e [term 0 FOLLOWER]: Advancing to term 1
I20260630 12:37:53.868088 22598 raft_consensus.cc:515] T 2423fc42d462422d84847b2571b2e7a5 P 6f503c9b9d25481d94dff725359a5b4e [term 1 FOLLOWER]: Starting leader election with config: opid_index: -1 OBSOLETE_local: false peers { permanent_uuid: "0e4d5fbc5cbb4df6a56de73016da93dd" member_type: VOTER last_known_addr { host: "127.18.210.193" port: 40155 } } peers { permanent_uuid: "dc6cfcaa4dfe41819d6822034f665bf5" member_type: VOTER last_known_addr { host: "127.18.210.196" port: 33777 } } peers { permanent_uuid: "6f503c9b9d25481d94dff725359a5b4e" member_type: VOTER last_known_addr { host: "127.18.210.194" port: 38081 } }
I20260630 12:37:53.869583 22598 leader_election.cc:290] T 2423fc42d462422d84847b2571b2e7a5 P 6f503c9b9d25481d94dff725359a5b4e [CANDIDATE]: Term 1 election: Requested vote from peers 0e4d5fbc5cbb4df6a56de73016da93dd (127.18.210.193:40155), dc6cfcaa4dfe41819d6822034f665bf5 (127.18.210.196:33777)
I20260630 12:37:53.870236 22245 tablet_service.cc:1917] Received RequestConsensusVote() RPC: tablet_id: "2423fc42d462422d84847b2571b2e7a5" candidate_uuid: "6f503c9b9d25481d94dff725359a5b4e" candidate_term: 1 candidate_status { last_received { term: 0 index: 0 } } ignore_live_leader: false dest_uuid: "0e4d5fbc5cbb4df6a56de73016da93dd"
I20260630 12:37:53.870513 22562 tablet_service.cc:1917] Received RequestConsensusVote() RPC: tablet_id: "2423fc42d462422d84847b2571b2e7a5" candidate_uuid: "6f503c9b9d25481d94dff725359a5b4e" candidate_term: 1 candidate_status { last_received { term: 0 index: 0 } } ignore_live_leader: false dest_uuid: "dc6cfcaa4dfe41819d6822034f665bf5"
I20260630 12:37:53.870698 22245 raft_consensus.cc:3060] T 2423fc42d462422d84847b2571b2e7a5 P 0e4d5fbc5cbb4df6a56de73016da93dd [term 0 FOLLOWER]: Advancing to term 1
I20260630 12:37:53.870990 22562 raft_consensus.cc:3060] T 2423fc42d462422d84847b2571b2e7a5 P dc6cfcaa4dfe41819d6822034f665bf5 [term 0 FOLLOWER]: Advancing to term 1
I20260630 12:37:53.875296 22245 raft_consensus.cc:2468] T 2423fc42d462422d84847b2571b2e7a5 P 0e4d5fbc5cbb4df6a56de73016da93dd [term 1 FOLLOWER]: Leader election vote request: Granting yes vote for candidate 6f503c9b9d25481d94dff725359a5b4e in term 1.
I20260630 12:37:53.875499 22562 raft_consensus.cc:2468] T 2423fc42d462422d84847b2571b2e7a5 P dc6cfcaa4dfe41819d6822034f665bf5 [term 1 FOLLOWER]: Leader election vote request: Granting yes vote for candidate 6f503c9b9d25481d94dff725359a5b4e in term 1.
I20260630 12:37:53.876276 22283 leader_election.cc:304] T 2423fc42d462422d84847b2571b2e7a5 P 6f503c9b9d25481d94dff725359a5b4e [CANDIDATE]: Term 1 election: Election decided. Result: candidate won. Election summary: received 2 responses out of 3 voters: 2 yes votes; 0 no votes. yes voters: 0e4d5fbc5cbb4df6a56de73016da93dd, 6f503c9b9d25481d94dff725359a5b4e; no voters: 
I20260630 12:37:53.876953 22598 raft_consensus.cc:2804] T 2423fc42d462422d84847b2571b2e7a5 P 6f503c9b9d25481d94dff725359a5b4e [term 1 FOLLOWER]: Leader election won for term 1
I20260630 12:37:53.877418 22598 raft_consensus.cc:697] T 2423fc42d462422d84847b2571b2e7a5 P 6f503c9b9d25481d94dff725359a5b4e [term 1 LEADER]: Becoming Leader. State: Replica: 6f503c9b9d25481d94dff725359a5b4e, State: Running, Role: LEADER
I20260630 12:37:53.878139 22598 consensus_queue.cc:237] T 2423fc42d462422d84847b2571b2e7a5 P 6f503c9b9d25481d94dff725359a5b4e [LEADER]: Queue going to LEADER mode. State: All replicated index: 0, Majority replicated index: 0, Committed index: 0, Last appended: 0.0, Last appended by leader: 0, Current term: 1, Majority size: 2, State: 0, Mode: LEADER, active raft config: opid_index: -1 OBSOLETE_local: false peers { permanent_uuid: "0e4d5fbc5cbb4df6a56de73016da93dd" member_type: VOTER last_known_addr { host: "127.18.210.193" port: 40155 } } peers { permanent_uuid: "dc6cfcaa4dfe41819d6822034f665bf5" member_type: VOTER last_known_addr { host: "127.18.210.196" port: 33777 } } peers { permanent_uuid: "6f503c9b9d25481d94dff725359a5b4e" member_type: VOTER last_known_addr { host: "127.18.210.194" port: 38081 } }
I20260630 12:37:53.884946 22140 catalog_manager.cc:5697] T 2423fc42d462422d84847b2571b2e7a5 P 6f503c9b9d25481d94dff725359a5b4e reported cstate change: term changed from 0 to 1, leader changed from <none> to 6f503c9b9d25481d94dff725359a5b4e (127.18.210.194). New cstate: current_term: 1 leader_uuid: "6f503c9b9d25481d94dff725359a5b4e" committed_config { opid_index: -1 OBSOLETE_local: false peers { permanent_uuid: "0e4d5fbc5cbb4df6a56de73016da93dd" member_type: VOTER last_known_addr { host: "127.18.210.193" port: 40155 } health_report { overall_health: UNKNOWN } } peers { permanent_uuid: "dc6cfcaa4dfe41819d6822034f665bf5" member_type: VOTER last_known_addr { host: "127.18.210.196" port: 33777 } health_report { overall_health: UNKNOWN } } peers { permanent_uuid: "6f503c9b9d25481d94dff725359a5b4e" member_type: VOTER last_known_addr { host: "127.18.210.194" port: 38081 } health_report { overall_health: HEALTHY } } }
I20260630 12:37:53.923229 22562 raft_consensus.cc:3060] T e658d2c8139f44f0b395e89cd7a579b4 P dc6cfcaa4dfe41819d6822034f665bf5 [term 0 FOLLOWER]: Advancing to term 1
I20260630 12:37:53.928979 22605 consensus_queue.cc:1048] T e658d2c8139f44f0b395e89cd7a579b4 P 6f503c9b9d25481d94dff725359a5b4e [LEADER]: Connected to new peer: Peer: permanent_uuid: "dc6cfcaa4dfe41819d6822034f665bf5" member_type: VOTER last_known_addr { host: "127.18.210.196" port: 33777 }, Status: LMP_MISMATCH, Last received: 0.0, Next index: 1, Last known committed idx: 0, Time since last communication: 0.000s
I20260630 12:37:53.939195 22598 consensus_queue.cc:1048] T e658d2c8139f44f0b395e89cd7a579b4 P 6f503c9b9d25481d94dff725359a5b4e [LEADER]: Connected to new peer: Peer: permanent_uuid: "a26cbc7cb79d4a77b12b4750d7cf6f9d" member_type: VOTER last_known_addr { host: "127.18.210.195" port: 36805 }, Status: LMP_MISMATCH, Last received: 0.0, Next index: 1, Last known committed idx: 0, Time since last communication: 0.000s
I20260630 12:37:53.976369 22599 raft_consensus.cc:493] T 45f3b8f5ffda4dc5b796183dec2edf04 P 0e4d5fbc5cbb4df6a56de73016da93dd [term 0 FOLLOWER]: Starting pre-election (no leader contacted us within the election timeout)
I20260630 12:37:53.976835 22599 raft_consensus.cc:515] T 45f3b8f5ffda4dc5b796183dec2edf04 P 0e4d5fbc5cbb4df6a56de73016da93dd [term 0 FOLLOWER]: Starting pre-election with config: opid_index: -1 OBSOLETE_local: false peers { permanent_uuid: "6f503c9b9d25481d94dff725359a5b4e" member_type: VOTER last_known_addr { host: "127.18.210.194" port: 38081 } } peers { permanent_uuid: "dc6cfcaa4dfe41819d6822034f665bf5" member_type: VOTER last_known_addr { host: "127.18.210.196" port: 33777 } } peers { permanent_uuid: "0e4d5fbc5cbb4df6a56de73016da93dd" member_type: VOTER last_known_addr { host: "127.18.210.193" port: 40155 } }
I20260630 12:37:53.978482 22599 leader_election.cc:290] T 45f3b8f5ffda4dc5b796183dec2edf04 P 0e4d5fbc5cbb4df6a56de73016da93dd [CANDIDATE]: Term 1 pre-election: Requested pre-vote from peers 6f503c9b9d25481d94dff725359a5b4e (127.18.210.194:38081), dc6cfcaa4dfe41819d6822034f665bf5 (127.18.210.196:33777)
I20260630 12:37:53.979291 22319 tablet_service.cc:1917] Received RequestConsensusVote() RPC: tablet_id: "45f3b8f5ffda4dc5b796183dec2edf04" candidate_uuid: "0e4d5fbc5cbb4df6a56de73016da93dd" candidate_term: 1 candidate_status { last_received { term: 0 index: 0 } } ignore_live_leader: false dest_uuid: "6f503c9b9d25481d94dff725359a5b4e" is_pre_election: true
I20260630 12:37:53.979437 22562 tablet_service.cc:1917] Received RequestConsensusVote() RPC: tablet_id: "45f3b8f5ffda4dc5b796183dec2edf04" candidate_uuid: "0e4d5fbc5cbb4df6a56de73016da93dd" candidate_term: 1 candidate_status { last_received { term: 0 index: 0 } } ignore_live_leader: false dest_uuid: "dc6cfcaa4dfe41819d6822034f665bf5" is_pre_election: true
I20260630 12:37:53.979828 22319 raft_consensus.cc:2468] T 45f3b8f5ffda4dc5b796183dec2edf04 P 6f503c9b9d25481d94dff725359a5b4e [term 0 FOLLOWER]: Leader pre-election vote request: Granting yes vote for candidate 0e4d5fbc5cbb4df6a56de73016da93dd in term 0.
I20260630 12:37:53.980074 22562 raft_consensus.cc:2468] T 45f3b8f5ffda4dc5b796183dec2edf04 P dc6cfcaa4dfe41819d6822034f665bf5 [term 0 FOLLOWER]: Leader pre-election vote request: Granting yes vote for candidate 0e4d5fbc5cbb4df6a56de73016da93dd in term 0.
I20260630 12:37:53.980842 22210 leader_election.cc:304] T 45f3b8f5ffda4dc5b796183dec2edf04 P 0e4d5fbc5cbb4df6a56de73016da93dd [CANDIDATE]: Term 1 pre-election: Election decided. Result: candidate won. Election summary: received 2 responses out of 3 voters: 2 yes votes; 0 no votes. yes voters: 0e4d5fbc5cbb4df6a56de73016da93dd, 6f503c9b9d25481d94dff725359a5b4e; no voters: 
I20260630 12:37:53.981588 22599 raft_consensus.cc:2804] T 45f3b8f5ffda4dc5b796183dec2edf04 P 0e4d5fbc5cbb4df6a56de73016da93dd [term 0 FOLLOWER]: Leader pre-election won for term 1
I20260630 12:37:53.981866 22599 raft_consensus.cc:493] T 45f3b8f5ffda4dc5b796183dec2edf04 P 0e4d5fbc5cbb4df6a56de73016da93dd [term 0 FOLLOWER]: Starting leader election (no leader contacted us within the election timeout)
I20260630 12:37:53.982134 22599 raft_consensus.cc:3060] T 45f3b8f5ffda4dc5b796183dec2edf04 P 0e4d5fbc5cbb4df6a56de73016da93dd [term 0 FOLLOWER]: Advancing to term 1
I20260630 12:37:53.986698 22599 raft_consensus.cc:515] T 45f3b8f5ffda4dc5b796183dec2edf04 P 0e4d5fbc5cbb4df6a56de73016da93dd [term 1 FOLLOWER]: Starting leader election with config: opid_index: -1 OBSOLETE_local: false peers { permanent_uuid: "6f503c9b9d25481d94dff725359a5b4e" member_type: VOTER last_known_addr { host: "127.18.210.194" port: 38081 } } peers { permanent_uuid: "dc6cfcaa4dfe41819d6822034f665bf5" member_type: VOTER last_known_addr { host: "127.18.210.196" port: 33777 } } peers { permanent_uuid: "0e4d5fbc5cbb4df6a56de73016da93dd" member_type: VOTER last_known_addr { host: "127.18.210.193" port: 40155 } }
I20260630 12:37:53.988220 22599 leader_election.cc:290] T 45f3b8f5ffda4dc5b796183dec2edf04 P 0e4d5fbc5cbb4df6a56de73016da93dd [CANDIDATE]: Term 1 election: Requested vote from peers 6f503c9b9d25481d94dff725359a5b4e (127.18.210.194:38081), dc6cfcaa4dfe41819d6822034f665bf5 (127.18.210.196:33777)
I20260630 12:37:53.988921 22319 tablet_service.cc:1917] Received RequestConsensusVote() RPC: tablet_id: "45f3b8f5ffda4dc5b796183dec2edf04" candidate_uuid: "0e4d5fbc5cbb4df6a56de73016da93dd" candidate_term: 1 candidate_status { last_received { term: 0 index: 0 } } ignore_live_leader: false dest_uuid: "6f503c9b9d25481d94dff725359a5b4e"
I20260630 12:37:53.989193 22562 tablet_service.cc:1917] Received RequestConsensusVote() RPC: tablet_id: "45f3b8f5ffda4dc5b796183dec2edf04" candidate_uuid: "0e4d5fbc5cbb4df6a56de73016da93dd" candidate_term: 1 candidate_status { last_received { term: 0 index: 0 } } ignore_live_leader: false dest_uuid: "dc6cfcaa4dfe41819d6822034f665bf5"
I20260630 12:37:53.989408 22319 raft_consensus.cc:3060] T 45f3b8f5ffda4dc5b796183dec2edf04 P 6f503c9b9d25481d94dff725359a5b4e [term 0 FOLLOWER]: Advancing to term 1
I20260630 12:37:53.989724 22562 raft_consensus.cc:3060] T 45f3b8f5ffda4dc5b796183dec2edf04 P dc6cfcaa4dfe41819d6822034f665bf5 [term 0 FOLLOWER]: Advancing to term 1
I20260630 12:37:53.994328 22562 raft_consensus.cc:2468] T 45f3b8f5ffda4dc5b796183dec2edf04 P dc6cfcaa4dfe41819d6822034f665bf5 [term 1 FOLLOWER]: Leader election vote request: Granting yes vote for candidate 0e4d5fbc5cbb4df6a56de73016da93dd in term 1.
I20260630 12:37:53.995245 22211 leader_election.cc:304] T 45f3b8f5ffda4dc5b796183dec2edf04 P 0e4d5fbc5cbb4df6a56de73016da93dd [CANDIDATE]: Term 1 election: Election decided. Result: candidate won. Election summary: received 2 responses out of 3 voters: 2 yes votes; 0 no votes. yes voters: 0e4d5fbc5cbb4df6a56de73016da93dd, dc6cfcaa4dfe41819d6822034f665bf5; no voters: 
I20260630 12:37:53.995738 22319 raft_consensus.cc:2468] T 45f3b8f5ffda4dc5b796183dec2edf04 P 6f503c9b9d25481d94dff725359a5b4e [term 1 FOLLOWER]: Leader election vote request: Granting yes vote for candidate 0e4d5fbc5cbb4df6a56de73016da93dd in term 1.
I20260630 12:37:53.995980 22599 raft_consensus.cc:2804] T 45f3b8f5ffda4dc5b796183dec2edf04 P 0e4d5fbc5cbb4df6a56de73016da93dd [term 1 FOLLOWER]: Leader election won for term 1
I20260630 12:37:53.996480 22599 raft_consensus.cc:697] T 45f3b8f5ffda4dc5b796183dec2edf04 P 0e4d5fbc5cbb4df6a56de73016da93dd [term 1 LEADER]: Becoming Leader. State: Replica: 0e4d5fbc5cbb4df6a56de73016da93dd, State: Running, Role: LEADER
I20260630 12:37:53.997242 22599 consensus_queue.cc:237] T 45f3b8f5ffda4dc5b796183dec2edf04 P 0e4d5fbc5cbb4df6a56de73016da93dd [LEADER]: Queue going to LEADER mode. State: All replicated index: 0, Majority replicated index: 0, Committed index: 0, Last appended: 0.0, Last appended by leader: 0, Current term: 1, Majority size: 2, State: 0, Mode: LEADER, active raft config: opid_index: -1 OBSOLETE_local: false peers { permanent_uuid: "6f503c9b9d25481d94dff725359a5b4e" member_type: VOTER last_known_addr { host: "127.18.210.194" port: 38081 } } peers { permanent_uuid: "dc6cfcaa4dfe41819d6822034f665bf5" member_type: VOTER last_known_addr { host: "127.18.210.196" port: 33777 } } peers { permanent_uuid: "0e4d5fbc5cbb4df6a56de73016da93dd" member_type: VOTER last_known_addr { host: "127.18.210.193" port: 40155 } }
I20260630 12:37:54.003190 22142 catalog_manager.cc:5697] T 45f3b8f5ffda4dc5b796183dec2edf04 P 0e4d5fbc5cbb4df6a56de73016da93dd reported cstate change: term changed from 0 to 1, leader changed from <none> to 0e4d5fbc5cbb4df6a56de73016da93dd (127.18.210.193). New cstate: current_term: 1 leader_uuid: "0e4d5fbc5cbb4df6a56de73016da93dd" committed_config { opid_index: -1 OBSOLETE_local: false peers { permanent_uuid: "6f503c9b9d25481d94dff725359a5b4e" member_type: VOTER last_known_addr { host: "127.18.210.194" port: 38081 } health_report { overall_health: UNKNOWN } } peers { permanent_uuid: "dc6cfcaa4dfe41819d6822034f665bf5" member_type: VOTER last_known_addr { host: "127.18.210.196" port: 33777 } health_report { overall_health: UNKNOWN } } peers { permanent_uuid: "0e4d5fbc5cbb4df6a56de73016da93dd" member_type: VOTER last_known_addr { host: "127.18.210.193" port: 40155 } health_report { overall_health: HEALTHY } } }
I20260630 12:37:54.028124 22509 consensus_queue.cc:1048] T 5ce4db18bfa6440ab35cb27aac4f543f P a26cbc7cb79d4a77b12b4750d7cf6f9d [LEADER]: Connected to new peer: Peer: permanent_uuid: "dc6cfcaa4dfe41819d6822034f665bf5" member_type: VOTER last_known_addr { host: "127.18.210.196" port: 33777 }, Status: LMP_MISMATCH, Last received: 0.0, Next index: 1, Last known committed idx: 0, Time since last communication: 0.000s
I20260630 12:37:54.038484 22659 consensus_queue.cc:1048] T 5ce4db18bfa6440ab35cb27aac4f543f P a26cbc7cb79d4a77b12b4750d7cf6f9d [LEADER]: Connected to new peer: Peer: permanent_uuid: "6f503c9b9d25481d94dff725359a5b4e" member_type: VOTER last_known_addr { host: "127.18.210.194" port: 38081 }, Status: LMP_MISMATCH, Last received: 0.0, Next index: 1, Last known committed idx: 0, Time since last communication: 0.001s
I20260630 12:37:54.081259 22319 consensus_queue.cc:237] T e78ceabd4e74405dbbac0969151b3a96 P 6f503c9b9d25481d94dff725359a5b4e [LEADER]: Queue going to LEADER mode. State: All replicated index: 0, Majority replicated index: 1, Committed index: 1, Last appended: 1.1, Last appended by leader: 0, Current term: 1, Majority size: 2, State: 0, Mode: LEADER, active raft config: opid_index: 2 OBSOLETE_local: false peers { permanent_uuid: "6f503c9b9d25481d94dff725359a5b4e" member_type: VOTER last_known_addr { host: "127.18.210.194" port: 38081 } } peers { permanent_uuid: "0e4d5fbc5cbb4df6a56de73016da93dd" member_type: VOTER last_known_addr { host: "127.18.210.193" port: 40155 } attrs { replace: true } } peers { permanent_uuid: "a26cbc7cb79d4a77b12b4750d7cf6f9d" member_type: VOTER last_known_addr { host: "127.18.210.195" port: 36805 } } peers { permanent_uuid: "dc6cfcaa4dfe41819d6822034f665bf5" member_type: NON_VOTER last_known_addr { host: "127.18.210.196" port: 33777 } attrs { promote: true } }
I20260630 12:37:54.085981 22618 raft_consensus.cc:493] T 222418fd271f4e4ab0cabc41b0010d8d P dc6cfcaa4dfe41819d6822034f665bf5 [term 0 FOLLOWER]: Starting pre-election (no leader contacted us within the election timeout)
I20260630 12:37:54.086526 22618 raft_consensus.cc:515] T 222418fd271f4e4ab0cabc41b0010d8d P dc6cfcaa4dfe41819d6822034f665bf5 [term 0 FOLLOWER]: Starting pre-election with config: opid_index: -1 OBSOLETE_local: false peers { permanent_uuid: "dc6cfcaa4dfe41819d6822034f665bf5" member_type: VOTER last_known_addr { host: "127.18.210.196" port: 33777 } } peers { permanent_uuid: "a26cbc7cb79d4a77b12b4750d7cf6f9d" member_type: VOTER last_known_addr { host: "127.18.210.195" port: 36805 } } peers { permanent_uuid: "0e4d5fbc5cbb4df6a56de73016da93dd" member_type: VOTER last_known_addr { host: "127.18.210.193" port: 40155 } }
I20260630 12:37:54.087076 22394 raft_consensus.cc:1275] T e78ceabd4e74405dbbac0969151b3a96 P a26cbc7cb79d4a77b12b4750d7cf6f9d [term 1 FOLLOWER]: Refusing update from remote peer 6f503c9b9d25481d94dff725359a5b4e: Log matching property violated. Preceding OpId in replica: term: 1 index: 1. Preceding OpId from leader: term: 1 index: 2. (index mismatch)
I20260630 12:37:54.087327 22245 raft_consensus.cc:1275] T e78ceabd4e74405dbbac0969151b3a96 P 0e4d5fbc5cbb4df6a56de73016da93dd [term 1 FOLLOWER]: Refusing update from remote peer 6f503c9b9d25481d94dff725359a5b4e: Log matching property violated. Preceding OpId in replica: term: 1 index: 1. Preceding OpId from leader: term: 1 index: 2. (index mismatch)
I20260630 12:37:54.088940 22605 consensus_queue.cc:1048] T e78ceabd4e74405dbbac0969151b3a96 P 6f503c9b9d25481d94dff725359a5b4e [LEADER]: Connected to new peer: Peer: permanent_uuid: "a26cbc7cb79d4a77b12b4750d7cf6f9d" member_type: VOTER last_known_addr { host: "127.18.210.195" port: 36805 }, Status: LMP_MISMATCH, Last received: 0.0, Next index: 2, Last known committed idx: 1, Time since last communication: 0.000s
I20260630 12:37:54.090592 22618 leader_election.cc:290] T 222418fd271f4e4ab0cabc41b0010d8d P dc6cfcaa4dfe41819d6822034f665bf5 [CANDIDATE]: Term 1 pre-election: Requested pre-vote from peers a26cbc7cb79d4a77b12b4750d7cf6f9d (127.18.210.195:36805), 0e4d5fbc5cbb4df6a56de73016da93dd (127.18.210.193:40155)
I20260630 12:37:54.090960 22598 consensus_queue.cc:1048] T e78ceabd4e74405dbbac0969151b3a96 P 6f503c9b9d25481d94dff725359a5b4e [LEADER]: Connected to new peer: Peer: permanent_uuid: "0e4d5fbc5cbb4df6a56de73016da93dd" member_type: VOTER last_known_addr { host: "127.18.210.193" port: 40155 } attrs { replace: true }, Status: LMP_MISMATCH, Last received: 0.0, Next index: 2, Last known committed idx: 1, Time since last communication: 0.000s
I20260630 12:37:54.091436 22394 tablet_service.cc:1917] Received RequestConsensusVote() RPC: tablet_id: "222418fd271f4e4ab0cabc41b0010d8d" candidate_uuid: "dc6cfcaa4dfe41819d6822034f665bf5" candidate_term: 1 candidate_status { last_received { term: 0 index: 0 } } ignore_live_leader: false dest_uuid: "a26cbc7cb79d4a77b12b4750d7cf6f9d" is_pre_election: true
I20260630 12:37:54.092191 22394 raft_consensus.cc:2393] T 222418fd271f4e4ab0cabc41b0010d8d P a26cbc7cb79d4a77b12b4750d7cf6f9d [term 1 FOLLOWER]: Leader pre-election vote request: Denying vote to candidate dc6cfcaa4dfe41819d6822034f665bf5 in current term 1: Already voted for candidate 0e4d5fbc5cbb4df6a56de73016da93dd in this term.
I20260630 12:37:54.092214 22245 tablet_service.cc:1917] Received RequestConsensusVote() RPC: tablet_id: "222418fd271f4e4ab0cabc41b0010d8d" candidate_uuid: "dc6cfcaa4dfe41819d6822034f665bf5" candidate_term: 1 candidate_status { last_received { term: 0 index: 0 } } ignore_live_leader: false dest_uuid: "0e4d5fbc5cbb4df6a56de73016da93dd" is_pre_election: true
W20260630 12:37:54.094133 22286 consensus_peers.cc:597] T e78ceabd4e74405dbbac0969151b3a96 P 6f503c9b9d25481d94dff725359a5b4e -> Peer dc6cfcaa4dfe41819d6822034f665bf5 (127.18.210.196:33777): Couldn't send request to peer dc6cfcaa4dfe41819d6822034f665bf5. Error code: TABLET_NOT_FOUND (6). Status: Not found: Tablet not found: e78ceabd4e74405dbbac0969151b3a96. This is attempt 1: this message will repeat every 5th retry.
I20260630 12:37:54.096118 22527 leader_election.cc:304] T 222418fd271f4e4ab0cabc41b0010d8d P dc6cfcaa4dfe41819d6822034f665bf5 [CANDIDATE]: Term 1 pre-election: Election decided. Result: candidate lost. Election summary: received 3 responses out of 3 voters: 1 yes votes; 2 no votes. yes voters: dc6cfcaa4dfe41819d6822034f665bf5; no voters: 0e4d5fbc5cbb4df6a56de73016da93dd, a26cbc7cb79d4a77b12b4750d7cf6f9d
I20260630 12:37:54.096987 22618 raft_consensus.cc:3060] T 222418fd271f4e4ab0cabc41b0010d8d P dc6cfcaa4dfe41819d6822034f665bf5 [term 0 FOLLOWER]: Advancing to term 1
I20260630 12:37:54.103812 22618 raft_consensus.cc:2749] T 222418fd271f4e4ab0cabc41b0010d8d P dc6cfcaa4dfe41819d6822034f665bf5 [term 1 FOLLOWER]: Leader pre-election lost for term 1. Reason: could not achieve majority
I20260630 12:37:54.102726 22605 raft_consensus.cc:2955] T e78ceabd4e74405dbbac0969151b3a96 P 6f503c9b9d25481d94dff725359a5b4e [term 1 LEADER]: Committing config change with OpId 1.2: config changed from index -1 to 2, NON_VOTER dc6cfcaa4dfe41819d6822034f665bf5 (127.18.210.196) added. New config: { opid_index: 2 OBSOLETE_local: false peers { permanent_uuid: "6f503c9b9d25481d94dff725359a5b4e" member_type: VOTER last_known_addr { host: "127.18.210.194" port: 38081 } } peers { permanent_uuid: "0e4d5fbc5cbb4df6a56de73016da93dd" member_type: VOTER last_known_addr { host: "127.18.210.193" port: 40155 } attrs { replace: true } } peers { permanent_uuid: "a26cbc7cb79d4a77b12b4750d7cf6f9d" member_type: VOTER last_known_addr { host: "127.18.210.195" port: 36805 } } peers { permanent_uuid: "dc6cfcaa4dfe41819d6822034f665bf5" member_type: NON_VOTER last_known_addr { host: "127.18.210.196" port: 33777 } attrs { promote: true } } }
I20260630 12:37:54.105753 22245 raft_consensus.cc:2955] T e78ceabd4e74405dbbac0969151b3a96 P 0e4d5fbc5cbb4df6a56de73016da93dd [term 1 FOLLOWER]: Committing config change with OpId 1.2: config changed from index -1 to 2, NON_VOTER dc6cfcaa4dfe41819d6822034f665bf5 (127.18.210.196) added. New config: { opid_index: 2 OBSOLETE_local: false peers { permanent_uuid: "6f503c9b9d25481d94dff725359a5b4e" member_type: VOTER last_known_addr { host: "127.18.210.194" port: 38081 } } peers { permanent_uuid: "0e4d5fbc5cbb4df6a56de73016da93dd" member_type: VOTER last_known_addr { host: "127.18.210.193" port: 40155 } attrs { replace: true } } peers { permanent_uuid: "a26cbc7cb79d4a77b12b4750d7cf6f9d" member_type: VOTER last_known_addr { host: "127.18.210.195" port: 36805 } } peers { permanent_uuid: "dc6cfcaa4dfe41819d6822034f665bf5" member_type: NON_VOTER last_known_addr { host: "127.18.210.196" port: 33777 } attrs { promote: true } } }
I20260630 12:37:54.107808 22393 raft_consensus.cc:2955] T e78ceabd4e74405dbbac0969151b3a96 P a26cbc7cb79d4a77b12b4750d7cf6f9d [term 1 FOLLOWER]: Committing config change with OpId 1.2: config changed from index -1 to 2, NON_VOTER dc6cfcaa4dfe41819d6822034f665bf5 (127.18.210.196) added. New config: { opid_index: 2 OBSOLETE_local: false peers { permanent_uuid: "6f503c9b9d25481d94dff725359a5b4e" member_type: VOTER last_known_addr { host: "127.18.210.194" port: 38081 } } peers { permanent_uuid: "0e4d5fbc5cbb4df6a56de73016da93dd" member_type: VOTER last_known_addr { host: "127.18.210.193" port: 40155 } attrs { replace: true } } peers { permanent_uuid: "a26cbc7cb79d4a77b12b4750d7cf6f9d" member_type: VOTER last_known_addr { host: "127.18.210.195" port: 36805 } } peers { permanent_uuid: "dc6cfcaa4dfe41819d6822034f665bf5" member_type: NON_VOTER last_known_addr { host: "127.18.210.196" port: 33777 } attrs { promote: true } } }
I20260630 12:37:54.116776 22140 catalog_manager.cc:5697] T e78ceabd4e74405dbbac0969151b3a96 P 0e4d5fbc5cbb4df6a56de73016da93dd reported cstate change: config changed from index -1 to 2, NON_VOTER dc6cfcaa4dfe41819d6822034f665bf5 (127.18.210.196) added. New cstate: current_term: 1 leader_uuid: "6f503c9b9d25481d94dff725359a5b4e" committed_config { opid_index: 2 OBSOLETE_local: false peers { permanent_uuid: "6f503c9b9d25481d94dff725359a5b4e" member_type: VOTER last_known_addr { host: "127.18.210.194" port: 38081 } } peers { permanent_uuid: "0e4d5fbc5cbb4df6a56de73016da93dd" member_type: VOTER last_known_addr { host: "127.18.210.193" port: 40155 } attrs { replace: true } } peers { permanent_uuid: "a26cbc7cb79d4a77b12b4750d7cf6f9d" member_type: VOTER last_known_addr { host: "127.18.210.195" port: 36805 } } peers { permanent_uuid: "dc6cfcaa4dfe41819d6822034f665bf5" member_type: NON_VOTER last_known_addr { host: "127.18.210.196" port: 33777 } attrs { promote: true } } }
I20260630 12:37:54.132259 22393 consensus_queue.cc:237] T 18435c84f0b844f5be17e31eee89bebd P a26cbc7cb79d4a77b12b4750d7cf6f9d [LEADER]: Queue going to LEADER mode. State: All replicated index: 0, Majority replicated index: 1, Committed index: 1, Last appended: 1.1, Last appended by leader: 0, Current term: 1, Majority size: 2, State: 0, Mode: LEADER, active raft config: opid_index: 2 OBSOLETE_local: false peers { permanent_uuid: "0e4d5fbc5cbb4df6a56de73016da93dd" member_type: VOTER last_known_addr { host: "127.18.210.193" port: 40155 } } peers { permanent_uuid: "6f503c9b9d25481d94dff725359a5b4e" member_type: VOTER last_known_addr { host: "127.18.210.194" port: 38081 } attrs { replace: true } } peers { permanent_uuid: "a26cbc7cb79d4a77b12b4750d7cf6f9d" member_type: VOTER last_known_addr { host: "127.18.210.195" port: 36805 } } peers { permanent_uuid: "dc6cfcaa4dfe41819d6822034f665bf5" member_type: NON_VOTER last_known_addr { host: "127.18.210.196" port: 33777 } attrs { promote: true } }
I20260630 12:37:54.137915 22319 raft_consensus.cc:1275] T 18435c84f0b844f5be17e31eee89bebd P 6f503c9b9d25481d94dff725359a5b4e [term 1 FOLLOWER]: Refusing update from remote peer a26cbc7cb79d4a77b12b4750d7cf6f9d: Log matching property violated. Preceding OpId in replica: term: 1 index: 1. Preceding OpId from leader: term: 1 index: 2. (index mismatch)
W20260630 12:37:54.138298 22360 consensus_peers.cc:597] T 18435c84f0b844f5be17e31eee89bebd P a26cbc7cb79d4a77b12b4750d7cf6f9d -> Peer dc6cfcaa4dfe41819d6822034f665bf5 (127.18.210.196:33777): Couldn't send request to peer dc6cfcaa4dfe41819d6822034f665bf5. Error code: TABLET_NOT_FOUND (6). Status: Not found: Tablet not found: 18435c84f0b844f5be17e31eee89bebd. This is attempt 1: this message will repeat every 5th retry.
I20260630 12:37:54.138402 22245 raft_consensus.cc:1275] T 18435c84f0b844f5be17e31eee89bebd P 0e4d5fbc5cbb4df6a56de73016da93dd [term 1 FOLLOWER]: Refusing update from remote peer a26cbc7cb79d4a77b12b4750d7cf6f9d: Log matching property violated. Preceding OpId in replica: term: 1 index: 1. Preceding OpId from leader: term: 1 index: 2. (index mismatch)
I20260630 12:37:54.139297 22485 consensus_queue.cc:1048] T 18435c84f0b844f5be17e31eee89bebd P a26cbc7cb79d4a77b12b4750d7cf6f9d [LEADER]: Connected to new peer: Peer: permanent_uuid: "6f503c9b9d25481d94dff725359a5b4e" member_type: VOTER last_known_addr { host: "127.18.210.194" port: 38081 } attrs { replace: true }, Status: LMP_MISMATCH, Last received: 0.0, Next index: 2, Last known committed idx: 1, Time since last communication: 0.000s
I20260630 12:37:54.140046 22509 consensus_queue.cc:1048] T 18435c84f0b844f5be17e31eee89bebd P a26cbc7cb79d4a77b12b4750d7cf6f9d [LEADER]: Connected to new peer: Peer: permanent_uuid: "0e4d5fbc5cbb4df6a56de73016da93dd" member_type: VOTER last_known_addr { host: "127.18.210.193" port: 40155 }, Status: LMP_MISMATCH, Last received: 0.0, Next index: 2, Last known committed idx: 1, Time since last communication: 0.000s
I20260630 12:37:54.143141 22599 consensus_queue.cc:1048] T 222418fd271f4e4ab0cabc41b0010d8d P 0e4d5fbc5cbb4df6a56de73016da93dd [LEADER]: Connected to new peer: Peer: permanent_uuid: "dc6cfcaa4dfe41819d6822034f665bf5" member_type: VOTER last_known_addr { host: "127.18.210.196" port: 33777 }, Status: LMP_MISMATCH, Last received: 0.0, Next index: 1, Last known committed idx: 0, Time since last communication: 0.000s
I20260630 12:37:54.149729 22599 consensus_queue.cc:1048] T 222418fd271f4e4ab0cabc41b0010d8d P 0e4d5fbc5cbb4df6a56de73016da93dd [LEADER]: Connected to new peer: Peer: permanent_uuid: "a26cbc7cb79d4a77b12b4750d7cf6f9d" member_type: VOTER last_known_addr { host: "127.18.210.195" port: 36805 }, Status: LMP_MISMATCH, Last received: 0.0, Next index: 1, Last known committed idx: 0, Time since last communication: 0.000s
I20260630 12:37:54.160175 22618 consensus_queue.cc:1048] T 134e6b254d014d5683a76c95baa24044 P dc6cfcaa4dfe41819d6822034f665bf5 [LEADER]: Connected to new peer: Peer: permanent_uuid: "0e4d5fbc5cbb4df6a56de73016da93dd" member_type: VOTER last_known_addr { host: "127.18.210.193" port: 40155 }, Status: LMP_MISMATCH, Last received: 0.0, Next index: 1, Last known committed idx: 0, Time since last communication: 0.000s
I20260630 12:37:54.209471 22659 consensus_queue.cc:1048] T 69388c9aa1fb40f3a79e0e19c146d63e P a26cbc7cb79d4a77b12b4750d7cf6f9d [LEADER]: Connected to new peer: Peer: permanent_uuid: "dc6cfcaa4dfe41819d6822034f665bf5" member_type: VOTER last_known_addr { host: "127.18.210.196" port: 33777 }, Status: LMP_MISMATCH, Last received: 0.0, Next index: 1, Last known committed idx: 0, Time since last communication: 0.000s
I20260630 12:37:54.210171 22509 raft_consensus.cc:2955] T 18435c84f0b844f5be17e31eee89bebd P a26cbc7cb79d4a77b12b4750d7cf6f9d [term 1 LEADER]: Committing config change with OpId 1.2: config changed from index -1 to 2, NON_VOTER dc6cfcaa4dfe41819d6822034f665bf5 (127.18.210.196) added. New config: { opid_index: 2 OBSOLETE_local: false peers { permanent_uuid: "0e4d5fbc5cbb4df6a56de73016da93dd" member_type: VOTER last_known_addr { host: "127.18.210.193" port: 40155 } } peers { permanent_uuid: "6f503c9b9d25481d94dff725359a5b4e" member_type: VOTER last_known_addr { host: "127.18.210.194" port: 38081 } attrs { replace: true } } peers { permanent_uuid: "a26cbc7cb79d4a77b12b4750d7cf6f9d" member_type: VOTER last_known_addr { host: "127.18.210.195" port: 36805 } } peers { permanent_uuid: "dc6cfcaa4dfe41819d6822034f665bf5" member_type: NON_VOTER last_known_addr { host: "127.18.210.196" port: 33777 } attrs { promote: true } } }
I20260630 12:37:54.214438 22319 raft_consensus.cc:2955] T 18435c84f0b844f5be17e31eee89bebd P 6f503c9b9d25481d94dff725359a5b4e [term 1 FOLLOWER]: Committing config change with OpId 1.2: config changed from index -1 to 2, NON_VOTER dc6cfcaa4dfe41819d6822034f665bf5 (127.18.210.196) added. New config: { opid_index: 2 OBSOLETE_local: false peers { permanent_uuid: "0e4d5fbc5cbb4df6a56de73016da93dd" member_type: VOTER last_known_addr { host: "127.18.210.193" port: 40155 } } peers { permanent_uuid: "6f503c9b9d25481d94dff725359a5b4e" member_type: VOTER last_known_addr { host: "127.18.210.194" port: 38081 } attrs { replace: true } } peers { permanent_uuid: "a26cbc7cb79d4a77b12b4750d7cf6f9d" member_type: VOTER last_known_addr { host: "127.18.210.195" port: 36805 } } peers { permanent_uuid: "dc6cfcaa4dfe41819d6822034f665bf5" member_type: NON_VOTER last_known_addr { host: "127.18.210.196" port: 33777 } attrs { promote: true } } }
I20260630 12:37:54.231906 22245 raft_consensus.cc:2955] T 18435c84f0b844f5be17e31eee89bebd P 0e4d5fbc5cbb4df6a56de73016da93dd [term 1 FOLLOWER]: Committing config change with OpId 1.2: config changed from index -1 to 2, NON_VOTER dc6cfcaa4dfe41819d6822034f665bf5 (127.18.210.196) added. New config: { opid_index: 2 OBSOLETE_local: false peers { permanent_uuid: "0e4d5fbc5cbb4df6a56de73016da93dd" member_type: VOTER last_known_addr { host: "127.18.210.193" port: 40155 } } peers { permanent_uuid: "6f503c9b9d25481d94dff725359a5b4e" member_type: VOTER last_known_addr { host: "127.18.210.194" port: 38081 } attrs { replace: true } } peers { permanent_uuid: "a26cbc7cb79d4a77b12b4750d7cf6f9d" member_type: VOTER last_known_addr { host: "127.18.210.195" port: 36805 } } peers { permanent_uuid: "dc6cfcaa4dfe41819d6822034f665bf5" member_type: NON_VOTER last_known_addr { host: "127.18.210.196" port: 33777 } attrs { promote: true } } }
I20260630 12:37:54.241098 22143 catalog_manager.cc:5697] T 18435c84f0b844f5be17e31eee89bebd P 6f503c9b9d25481d94dff725359a5b4e reported cstate change: config changed from index -1 to 2, NON_VOTER dc6cfcaa4dfe41819d6822034f665bf5 (127.18.210.196) added. New cstate: current_term: 1 leader_uuid: "a26cbc7cb79d4a77b12b4750d7cf6f9d" committed_config { opid_index: 2 OBSOLETE_local: false peers { permanent_uuid: "0e4d5fbc5cbb4df6a56de73016da93dd" member_type: VOTER last_known_addr { host: "127.18.210.193" port: 40155 } } peers { permanent_uuid: "6f503c9b9d25481d94dff725359a5b4e" member_type: VOTER last_known_addr { host: "127.18.210.194" port: 38081 } attrs { replace: true } } peers { permanent_uuid: "a26cbc7cb79d4a77b12b4750d7cf6f9d" member_type: VOTER last_known_addr { host: "127.18.210.195" port: 36805 } } peers { permanent_uuid: "dc6cfcaa4dfe41819d6822034f665bf5" member_type: NON_VOTER last_known_addr { host: "127.18.210.196" port: 33777 } attrs { promote: true } } }
I20260630 12:37:54.258180 22319 consensus_queue.cc:237] T 37ef41824865444fb7341b711327fda6 P 6f503c9b9d25481d94dff725359a5b4e [LEADER]: Queue going to LEADER mode. State: All replicated index: 0, Majority replicated index: 1, Committed index: 1, Last appended: 1.1, Last appended by leader: 0, Current term: 1, Majority size: 2, State: 0, Mode: LEADER, active raft config: opid_index: 2 OBSOLETE_local: false peers { permanent_uuid: "0e4d5fbc5cbb4df6a56de73016da93dd" member_type: VOTER last_known_addr { host: "127.18.210.193" port: 40155 } } peers { permanent_uuid: "6f503c9b9d25481d94dff725359a5b4e" member_type: VOTER last_known_addr { host: "127.18.210.194" port: 38081 } } peers { permanent_uuid: "a26cbc7cb79d4a77b12b4750d7cf6f9d" member_type: VOTER last_known_addr { host: "127.18.210.195" port: 36805 } attrs { replace: true } } peers { permanent_uuid: "dc6cfcaa4dfe41819d6822034f665bf5" member_type: NON_VOTER last_known_addr { host: "127.18.210.196" port: 33777 } attrs { promote: true } }
I20260630 12:37:54.265266 22646 consensus_queue.cc:1048] T bf06834f005445fab5cddf104bc4d862 P dc6cfcaa4dfe41819d6822034f665bf5 [LEADER]: Connected to new peer: Peer: permanent_uuid: "0e4d5fbc5cbb4df6a56de73016da93dd" member_type: VOTER last_known_addr { host: "127.18.210.193" port: 40155 }, Status: LMP_MISMATCH, Last received: 0.0, Next index: 1, Last known committed idx: 0, Time since last communication: 0.000s
I20260630 12:37:54.269354 22244 raft_consensus.cc:1275] T 37ef41824865444fb7341b711327fda6 P 0e4d5fbc5cbb4df6a56de73016da93dd [term 1 FOLLOWER]: Refusing update from remote peer 6f503c9b9d25481d94dff725359a5b4e: Log matching property violated. Preceding OpId in replica: term: 1 index: 1. Preceding OpId from leader: term: 1 index: 2. (index mismatch)
I20260630 12:37:54.270942 22394 raft_consensus.cc:1275] T 37ef41824865444fb7341b711327fda6 P a26cbc7cb79d4a77b12b4750d7cf6f9d [term 1 FOLLOWER]: Refusing update from remote peer 6f503c9b9d25481d94dff725359a5b4e: Log matching property violated. Preceding OpId in replica: term: 1 index: 1. Preceding OpId from leader: term: 1 index: 2. (index mismatch)
W20260630 12:37:54.272176 22286 consensus_peers.cc:597] T 37ef41824865444fb7341b711327fda6 P 6f503c9b9d25481d94dff725359a5b4e -> Peer dc6cfcaa4dfe41819d6822034f665bf5 (127.18.210.196:33777): Couldn't send request to peer dc6cfcaa4dfe41819d6822034f665bf5. Error code: TABLET_NOT_FOUND (6). Status: Not found: Tablet not found: 37ef41824865444fb7341b711327fda6. This is attempt 1: this message will repeat every 5th retry.
I20260630 12:37:54.272306 22605 consensus_queue.cc:1048] T 37ef41824865444fb7341b711327fda6 P 6f503c9b9d25481d94dff725359a5b4e [LEADER]: Connected to new peer: Peer: permanent_uuid: "0e4d5fbc5cbb4df6a56de73016da93dd" member_type: VOTER last_known_addr { host: "127.18.210.193" port: 40155 }, Status: LMP_MISMATCH, Last received: 0.0, Next index: 2, Last known committed idx: 1, Time since last communication: 0.000s
I20260630 12:37:54.270974 22646 consensus_queue.cc:1048] T 134e6b254d014d5683a76c95baa24044 P dc6cfcaa4dfe41819d6822034f665bf5 [LEADER]: Connected to new peer: Peer: permanent_uuid: "6f503c9b9d25481d94dff725359a5b4e" member_type: VOTER last_known_addr { host: "127.18.210.194" port: 38081 }, Status: LMP_MISMATCH, Last received: 0.0, Next index: 1, Last known committed idx: 0, Time since last communication: 0.004s
I20260630 12:37:54.277714 22464 consensus_queue.cc:1048] T 37ef41824865444fb7341b711327fda6 P 6f503c9b9d25481d94dff725359a5b4e [LEADER]: Connected to new peer: Peer: permanent_uuid: "a26cbc7cb79d4a77b12b4750d7cf6f9d" member_type: VOTER last_known_addr { host: "127.18.210.195" port: 36805 } attrs { replace: true }, Status: LMP_MISMATCH, Last received: 0.0, Next index: 2, Last known committed idx: 1, Time since last communication: 0.000s
I20260630 12:37:54.293473 22659 consensus_queue.cc:1048] T 69388c9aa1fb40f3a79e0e19c146d63e P a26cbc7cb79d4a77b12b4750d7cf6f9d [LEADER]: Connected to new peer: Peer: permanent_uuid: "0e4d5fbc5cbb4df6a56de73016da93dd" member_type: VOTER last_known_addr { host: "127.18.210.193" port: 40155 }, Status: LMP_MISMATCH, Last received: 0.0, Next index: 1, Last known committed idx: 0, Time since last communication: 0.000s
W20260630 12:37:54.302081 22360 outbound_call.cc:321] RPC callback for RPC call kudu.consensus.ConsensusService.UpdateConsensus -> {remote=127.18.210.196:33777, user_credentials={real_user=slave}} blocked reactor thread for 54324.5us
I20260630 12:37:54.306305 22464 raft_consensus.cc:2955] T 37ef41824865444fb7341b711327fda6 P 6f503c9b9d25481d94dff725359a5b4e [term 1 LEADER]: Committing config change with OpId 1.2: config changed from index -1 to 2, NON_VOTER dc6cfcaa4dfe41819d6822034f665bf5 (127.18.210.196) added. New config: { opid_index: 2 OBSOLETE_local: false peers { permanent_uuid: "0e4d5fbc5cbb4df6a56de73016da93dd" member_type: VOTER last_known_addr { host: "127.18.210.193" port: 40155 } } peers { permanent_uuid: "6f503c9b9d25481d94dff725359a5b4e" member_type: VOTER last_known_addr { host: "127.18.210.194" port: 38081 } } peers { permanent_uuid: "a26cbc7cb79d4a77b12b4750d7cf6f9d" member_type: VOTER last_known_addr { host: "127.18.210.195" port: 36805 } attrs { replace: true } } peers { permanent_uuid: "dc6cfcaa4dfe41819d6822034f665bf5" member_type: NON_VOTER last_known_addr { host: "127.18.210.196" port: 33777 } attrs { promote: true } } }
I20260630 12:37:54.307392 22243 raft_consensus.cc:2955] T 37ef41824865444fb7341b711327fda6 P 0e4d5fbc5cbb4df6a56de73016da93dd [term 1 FOLLOWER]: Committing config change with OpId 1.2: config changed from index -1 to 2, NON_VOTER dc6cfcaa4dfe41819d6822034f665bf5 (127.18.210.196) added. New config: { opid_index: 2 OBSOLETE_local: false peers { permanent_uuid: "0e4d5fbc5cbb4df6a56de73016da93dd" member_type: VOTER last_known_addr { host: "127.18.210.193" port: 40155 } } peers { permanent_uuid: "6f503c9b9d25481d94dff725359a5b4e" member_type: VOTER last_known_addr { host: "127.18.210.194" port: 38081 } } peers { permanent_uuid: "a26cbc7cb79d4a77b12b4750d7cf6f9d" member_type: VOTER last_known_addr { host: "127.18.210.195" port: 36805 } attrs { replace: true } } peers { permanent_uuid: "dc6cfcaa4dfe41819d6822034f665bf5" member_type: NON_VOTER last_known_addr { host: "127.18.210.196" port: 33777 } attrs { promote: true } } }
I20260630 12:37:54.311298 22393 raft_consensus.cc:2955] T 37ef41824865444fb7341b711327fda6 P a26cbc7cb79d4a77b12b4750d7cf6f9d [term 1 FOLLOWER]: Committing config change with OpId 1.2: config changed from index -1 to 2, NON_VOTER dc6cfcaa4dfe41819d6822034f665bf5 (127.18.210.196) added. New config: { opid_index: 2 OBSOLETE_local: false peers { permanent_uuid: "0e4d5fbc5cbb4df6a56de73016da93dd" member_type: VOTER last_known_addr { host: "127.18.210.193" port: 40155 } } peers { permanent_uuid: "6f503c9b9d25481d94dff725359a5b4e" member_type: VOTER last_known_addr { host: "127.18.210.194" port: 38081 } } peers { permanent_uuid: "a26cbc7cb79d4a77b12b4750d7cf6f9d" member_type: VOTER last_known_addr { host: "127.18.210.195" port: 36805 } attrs { replace: true } } peers { permanent_uuid: "dc6cfcaa4dfe41819d6822034f665bf5" member_type: NON_VOTER last_known_addr { host: "127.18.210.196" port: 33777 } attrs { promote: true } } }
I20260630 12:37:54.323637 22319 consensus_queue.cc:237] T 123f9ede5b5641e9b96e712b0327c03a P 6f503c9b9d25481d94dff725359a5b4e [LEADER]: Queue going to LEADER mode. State: All replicated index: 0, Majority replicated index: 1, Committed index: 1, Last appended: 1.1, Last appended by leader: 0, Current term: 1, Majority size: 2, State: 0, Mode: LEADER, active raft config: opid_index: 2 OBSOLETE_local: false peers { permanent_uuid: "a26cbc7cb79d4a77b12b4750d7cf6f9d" member_type: VOTER last_known_addr { host: "127.18.210.195" port: 36805 } } peers { permanent_uuid: "6f503c9b9d25481d94dff725359a5b4e" member_type: VOTER last_known_addr { host: "127.18.210.194" port: 38081 } } peers { permanent_uuid: "0e4d5fbc5cbb4df6a56de73016da93dd" member_type: VOTER last_known_addr { host: "127.18.210.193" port: 40155 } attrs { replace: true } } peers { permanent_uuid: "dc6cfcaa4dfe41819d6822034f665bf5" member_type: NON_VOTER last_known_addr { host: "127.18.210.196" port: 33777 } attrs { promote: true } }
I20260630 12:37:54.334643 22464 consensus_queue.cc:1048] T 2423fc42d462422d84847b2571b2e7a5 P 6f503c9b9d25481d94dff725359a5b4e [LEADER]: Connected to new peer: Peer: permanent_uuid: "dc6cfcaa4dfe41819d6822034f665bf5" member_type: VOTER last_known_addr { host: "127.18.210.196" port: 33777 }, Status: LMP_MISMATCH, Last received: 0.0, Next index: 1, Last known committed idx: 0, Time since last communication: 0.006s
W20260630 12:37:54.339154 22286 consensus_peers.cc:597] T 123f9ede5b5641e9b96e712b0327c03a P 6f503c9b9d25481d94dff725359a5b4e -> Peer dc6cfcaa4dfe41819d6822034f665bf5 (127.18.210.196:33777): Couldn't send request to peer dc6cfcaa4dfe41819d6822034f665bf5. Error code: TABLET_NOT_FOUND (6). Status: Not found: Tablet not found: 123f9ede5b5641e9b96e712b0327c03a. This is attempt 1: this message will repeat every 5th retry.
I20260630 12:37:54.342519 22393 raft_consensus.cc:1275] T 123f9ede5b5641e9b96e712b0327c03a P a26cbc7cb79d4a77b12b4750d7cf6f9d [term 1 FOLLOWER]: Refusing update from remote peer 6f503c9b9d25481d94dff725359a5b4e: Log matching property violated. Preceding OpId in replica: term: 1 index: 1. Preceding OpId from leader: term: 1 index: 2. (index mismatch)
I20260630 12:37:54.344362 22598 consensus_queue.cc:1048] T 123f9ede5b5641e9b96e712b0327c03a P 6f503c9b9d25481d94dff725359a5b4e [LEADER]: Connected to new peer: Peer: permanent_uuid: "a26cbc7cb79d4a77b12b4750d7cf6f9d" member_type: VOTER last_known_addr { host: "127.18.210.195" port: 36805 }, Status: LMP_MISMATCH, Last received: 0.0, Next index: 2, Last known committed idx: 1, Time since last communication: 0.000s
I20260630 12:37:54.340161 22242 raft_consensus.cc:1275] T 123f9ede5b5641e9b96e712b0327c03a P 0e4d5fbc5cbb4df6a56de73016da93dd [term 1 FOLLOWER]: Refusing update from remote peer 6f503c9b9d25481d94dff725359a5b4e: Log matching property violated. Preceding OpId in replica: term: 1 index: 1. Preceding OpId from leader: term: 1 index: 2. (index mismatch)
I20260630 12:37:54.330087 22679 consensus_queue.cc:1048] T bf06834f005445fab5cddf104bc4d862 P dc6cfcaa4dfe41819d6822034f665bf5 [LEADER]: Connected to new peer: Peer: permanent_uuid: "a26cbc7cb79d4a77b12b4750d7cf6f9d" member_type: VOTER last_known_addr { host: "127.18.210.195" port: 36805 }, Status: LMP_MISMATCH, Last received: 0.0, Next index: 1, Last known committed idx: 0, Time since last communication: 0.021s
I20260630 12:37:54.351636 22598 consensus_queue.cc:1048] T 123f9ede5b5641e9b96e712b0327c03a P 6f503c9b9d25481d94dff725359a5b4e [LEADER]: Connected to new peer: Peer: permanent_uuid: "0e4d5fbc5cbb4df6a56de73016da93dd" member_type: VOTER last_known_addr { host: "127.18.210.193" port: 40155 } attrs { replace: true }, Status: LMP_MISMATCH, Last received: 0.0, Next index: 2, Last known committed idx: 1, Time since last communication: 0.000s
I20260630 12:37:54.355836 22464 consensus_queue.cc:1048] T 2423fc42d462422d84847b2571b2e7a5 P 6f503c9b9d25481d94dff725359a5b4e [LEADER]: Connected to new peer: Peer: permanent_uuid: "0e4d5fbc5cbb4df6a56de73016da93dd" member_type: VOTER last_known_addr { host: "127.18.210.193" port: 40155 }, Status: LMP_MISMATCH, Last received: 0.0, Next index: 1, Last known committed idx: 0, Time since last communication: 0.000s
I20260630 12:37:54.364722 22143 catalog_manager.cc:5697] T 37ef41824865444fb7341b711327fda6 P 0e4d5fbc5cbb4df6a56de73016da93dd reported cstate change: config changed from index -1 to 2, NON_VOTER dc6cfcaa4dfe41819d6822034f665bf5 (127.18.210.196) added. New cstate: current_term: 1 leader_uuid: "6f503c9b9d25481d94dff725359a5b4e" committed_config { opid_index: 2 OBSOLETE_local: false peers { permanent_uuid: "0e4d5fbc5cbb4df6a56de73016da93dd" member_type: VOTER last_known_addr { host: "127.18.210.193" port: 40155 } } peers { permanent_uuid: "6f503c9b9d25481d94dff725359a5b4e" member_type: VOTER last_known_addr { host: "127.18.210.194" port: 38081 } } peers { permanent_uuid: "a26cbc7cb79d4a77b12b4750d7cf6f9d" member_type: VOTER last_known_addr { host: "127.18.210.195" port: 36805 } attrs { replace: true } } peers { permanent_uuid: "dc6cfcaa4dfe41819d6822034f665bf5" member_type: NON_VOTER last_known_addr { host: "127.18.210.196" port: 33777 } attrs { promote: true } } }
