I20260630 12:37:19.675276  6025 raft_consensus.cc:515] T f67e49bc735d426eb22588419a491182 P 2a44841d60024c0386d40f1ab3ed285d [term 0 FOLLOWER]: Starting pre-election with config: opid_index: -1 OBSOLETE_local: false peers { permanent_uuid: "c3ee8451f7cb41ad8ddd7fa95d3b1c72" member_type: VOTER last_known_addr { host: "127.1.80.129" port: 45421 } } peers { permanent_uuid: "2a44841d60024c0386d40f1ab3ed285d" member_type: VOTER last_known_addr { host: "127.1.80.130" port: 36243 } } peers { permanent_uuid: "5b55159670084ed5ac880e8b1c704507" member_type: VOTER last_known_addr { host: "127.1.80.131" port: 43879 } }
I20260630 12:37:19.679462  5755 leader_election.cc:304] T e449123435a94aafad92d3935e08a4cc P c3ee8451f7cb41ad8ddd7fa95d3b1c72 [CANDIDATE]: Term 1 election: Election decided. Result: candidate lost. Election summary: received 3 responses out of 3 voters: 1 yes votes; 2 no votes. yes voters: c3ee8451f7cb41ad8ddd7fa95d3b1c72; no voters: 2a44841d60024c0386d40f1ab3ed285d, 5b55159670084ed5ac880e8b1c704507
I20260630 12:37:19.682600  5986 tablet_bootstrap.cc:654] T 7b1ed7581ed2401e99882dcc3c2a5d38 P c3ee8451f7cb41ad8ddd7fa95d3b1c72: Neither blocks nor log segments found. Creating new log.
I20260630 12:37:19.682909  5865 tablet_service.cc:1917] Received RequestConsensusVote() RPC: tablet_id: "6afc1f0fda9643368a258b362eb515fb" candidate_uuid: "c3ee8451f7cb41ad8ddd7fa95d3b1c72" candidate_term: 1 candidate_status { last_received { term: 0 index: 0 } } ignore_live_leader: false dest_uuid: "2a44841d60024c0386d40f1ab3ed285d"
I20260630 12:37:19.684226  5865 raft_consensus.cc:3060] T 6afc1f0fda9643368a258b362eb515fb P 2a44841d60024c0386d40f1ab3ed285d [term 0 FOLLOWER]: Advancing to term 1
I20260630 12:37:19.686650  5989 tablet_bootstrap.cc:492] T aa8214b932f14ec6a9394cc6c3e58540 P 5b55159670084ed5ac880e8b1c704507: Bootstrap starting.
I20260630 12:37:19.686499  5791 tablet_service.cc:1917] Received RequestConsensusVote() RPC: tablet_id: "f67e49bc735d426eb22588419a491182" candidate_uuid: "2a44841d60024c0386d40f1ab3ed285d" candidate_term: 1 candidate_status { last_received { term: 0 index: 0 } } ignore_live_leader: false dest_uuid: "c3ee8451f7cb41ad8ddd7fa95d3b1c72" is_pre_election: true
I20260630 12:37:19.695478  6025 leader_election.cc:290] T f67e49bc735d426eb22588419a491182 P 2a44841d60024c0386d40f1ab3ed285d [CANDIDATE]: Term 1 pre-election: Requested pre-vote from peers c3ee8451f7cb41ad8ddd7fa95d3b1c72 (127.1.80.129:45421), 5b55159670084ed5ac880e8b1c704507 (127.1.80.131:43879)
I20260630 12:37:19.696449  5987 ts_tablet_manager.cc:1434] T 6afc1f0fda9643368a258b362eb515fb P 2a44841d60024c0386d40f1ab3ed285d: Time spent starting tablet: real 0.079s	user 0.044s	sys 0.036s
I20260630 12:37:19.697250  5940 tablet_service.cc:1917] Received RequestConsensusVote() RPC: tablet_id: "f67e49bc735d426eb22588419a491182" candidate_uuid: "2a44841d60024c0386d40f1ab3ed285d" candidate_term: 1 candidate_status { last_received { term: 0 index: 0 } } ignore_live_leader: false dest_uuid: "5b55159670084ed5ac880e8b1c704507" is_pre_election: true
I20260630 12:37:19.698408  5987 tablet_bootstrap.cc:492] T 428854c67c7147eda3991ae46a6a4b5b P 2a44841d60024c0386d40f1ab3ed285d: Bootstrap starting.
I20260630 12:37:19.698367  5940 raft_consensus.cc:2468] T f67e49bc735d426eb22588419a491182 P 5b55159670084ed5ac880e8b1c704507 [term 0 FOLLOWER]: Leader pre-election vote request: Granting yes vote for candidate 2a44841d60024c0386d40f1ab3ed285d in term 0.
I20260630 12:37:19.699090  5995 raft_consensus.cc:2749] T 6afc1f0fda9643368a258b362eb515fb P 5b55159670084ed5ac880e8b1c704507 [term 1 FOLLOWER]: Leader pre-election lost for term 1. Reason: could not achieve majority
I20260630 12:37:19.700977  5833 leader_election.cc:304] T f67e49bc735d426eb22588419a491182 P 2a44841d60024c0386d40f1ab3ed285d [CANDIDATE]: Term 1 pre-election: Election decided. Result: candidate won. Election summary: received 2 responses out of 3 voters: 2 yes votes; 0 no votes. yes voters: 2a44841d60024c0386d40f1ab3ed285d, 5b55159670084ed5ac880e8b1c704507; no voters: 
W20260630 12:37:19.702827  5833 leader_election.cc:343] T f67e49bc735d426eb22588419a491182 P 2a44841d60024c0386d40f1ab3ed285d [CANDIDATE]: Term 1 pre-election: Tablet error from VoteRequest() call to peer c3ee8451f7cb41ad8ddd7fa95d3b1c72 (127.1.80.129:45421): Illegal state: must be running to vote when last-logged opid is not known
I20260630 12:37:19.691140  5991 raft_consensus.cc:2749] T e449123435a94aafad92d3935e08a4cc P c3ee8451f7cb41ad8ddd7fa95d3b1c72 [term 1 FOLLOWER]: Leader election lost for term 1. Reason: could not achieve majority
I20260630 12:37:19.698590  5992 raft_consensus.cc:2749] T aa8214b932f14ec6a9394cc6c3e58540 P 2a44841d60024c0386d40f1ab3ed285d [term 1 FOLLOWER]: Leader pre-election lost for term 1. Reason: could not achieve majority
I20260630 12:37:19.706274  6025 raft_consensus.cc:2804] T f67e49bc735d426eb22588419a491182 P 2a44841d60024c0386d40f1ab3ed285d [term 0 FOLLOWER]: Leader pre-election won for term 1
I20260630 12:37:19.707782  6025 raft_consensus.cc:493] T f67e49bc735d426eb22588419a491182 P 2a44841d60024c0386d40f1ab3ed285d [term 0 FOLLOWER]: Starting leader election (no leader contacted us within the election timeout)
I20260630 12:37:19.708184  6025 raft_consensus.cc:3060] T f67e49bc735d426eb22588419a491182 P 2a44841d60024c0386d40f1ab3ed285d [term 0 FOLLOWER]: Advancing to term 1
I20260630 12:37:19.709048  5987 tablet_bootstrap.cc:654] T 428854c67c7147eda3991ae46a6a4b5b P 2a44841d60024c0386d40f1ab3ed285d: Neither blocks nor log segments found. Creating new log.
I20260630 12:37:19.711663  5991 raft_consensus.cc:493] T 06c52c8704c64551889dd22fd895d574 P c3ee8451f7cb41ad8ddd7fa95d3b1c72 [term 0 FOLLOWER]: Starting pre-election (no leader contacted us within the election timeout)
I20260630 12:37:19.712188  5991 raft_consensus.cc:515] T 06c52c8704c64551889dd22fd895d574 P c3ee8451f7cb41ad8ddd7fa95d3b1c72 [term 0 FOLLOWER]: Starting pre-election with config: opid_index: -1 OBSOLETE_local: false peers { permanent_uuid: "c3ee8451f7cb41ad8ddd7fa95d3b1c72" member_type: VOTER last_known_addr { host: "127.1.80.129" port: 45421 } } peers { permanent_uuid: "2a44841d60024c0386d40f1ab3ed285d" member_type: VOTER last_known_addr { host: "127.1.80.130" port: 36243 } } peers { permanent_uuid: "5b55159670084ed5ac880e8b1c704507" member_type: VOTER last_known_addr { host: "127.1.80.131" port: 43879 } }
I20260630 12:37:19.712443  5941 raft_consensus.cc:2468] T 6afc1f0fda9643368a258b362eb515fb P 5b55159670084ed5ac880e8b1c704507 [term 1 FOLLOWER]: Leader election vote request: Granting yes vote for candidate c3ee8451f7cb41ad8ddd7fa95d3b1c72 in term 1.
I20260630 12:37:19.715047  5758 leader_election.cc:304] T 6afc1f0fda9643368a258b362eb515fb P c3ee8451f7cb41ad8ddd7fa95d3b1c72 [CANDIDATE]: Term 1 election: Election decided. Result: candidate won. Election summary: received 2 responses out of 3 voters: 2 yes votes; 0 no votes. yes voters: 5b55159670084ed5ac880e8b1c704507, c3ee8451f7cb41ad8ddd7fa95d3b1c72; no voters: 
I20260630 12:37:19.715283  5867 tablet_service.cc:1917] Received RequestConsensusVote() RPC: tablet_id: "06c52c8704c64551889dd22fd895d574" candidate_uuid: "c3ee8451f7cb41ad8ddd7fa95d3b1c72" candidate_term: 1 candidate_status { last_received { term: 0 index: 0 } } ignore_live_leader: false dest_uuid: "2a44841d60024c0386d40f1ab3ed285d" is_pre_election: true
I20260630 12:37:19.716014  5867 raft_consensus.cc:2468] T 06c52c8704c64551889dd22fd895d574 P 2a44841d60024c0386d40f1ab3ed285d [term 0 FOLLOWER]: Leader pre-election vote request: Granting yes vote for candidate c3ee8451f7cb41ad8ddd7fa95d3b1c72 in term 0.
I20260630 12:37:19.716789  6016 raft_consensus.cc:2804] T 6afc1f0fda9643368a258b362eb515fb P c3ee8451f7cb41ad8ddd7fa95d3b1c72 [term 1 FOLLOWER]: Leader election won for term 1
I20260630 12:37:19.717177  5941 tablet_service.cc:1917] Received RequestConsensusVote() RPC: tablet_id: "06c52c8704c64551889dd22fd895d574" candidate_uuid: "c3ee8451f7cb41ad8ddd7fa95d3b1c72" candidate_term: 1 candidate_status { last_received { term: 0 index: 0 } } ignore_live_leader: false dest_uuid: "5b55159670084ed5ac880e8b1c704507" is_pre_election: true
I20260630 12:37:19.717278  6016 raft_consensus.cc:697] T 6afc1f0fda9643368a258b362eb515fb P c3ee8451f7cb41ad8ddd7fa95d3b1c72 [term 1 LEADER]: Becoming Leader. State: Replica: c3ee8451f7cb41ad8ddd7fa95d3b1c72, State: Running, Role: LEADER
I20260630 12:37:19.717924  5755 leader_election.cc:304] T 06c52c8704c64551889dd22fd895d574 P c3ee8451f7cb41ad8ddd7fa95d3b1c72 [CANDIDATE]: Term 1 pre-election: Election decided. Result: candidate won. Election summary: received 2 responses out of 3 voters: 2 yes votes; 0 no votes. yes voters: 2a44841d60024c0386d40f1ab3ed285d, c3ee8451f7cb41ad8ddd7fa95d3b1c72; no voters: 
I20260630 12:37:19.719058  5866 raft_consensus.cc:2468] T aa8214b932f14ec6a9394cc6c3e58540 P 2a44841d60024c0386d40f1ab3ed285d [term 1 FOLLOWER]: Leader election vote request: Granting yes vote for candidate c3ee8451f7cb41ad8ddd7fa95d3b1c72 in term 1.
I20260630 12:37:19.719367  6017 raft_consensus.cc:2804] T 06c52c8704c64551889dd22fd895d574 P c3ee8451f7cb41ad8ddd7fa95d3b1c72 [term 0 FOLLOWER]: Leader pre-election won for term 1
I20260630 12:37:19.719175  6016 consensus_queue.cc:237] T 6afc1f0fda9643368a258b362eb515fb P c3ee8451f7cb41ad8ddd7fa95d3b1c72 [LEADER]: Queue going to LEADER mode. State: All replicated index: 0, Majority replicated index: 0, Committed index: 0, Last appended: 0.0, Last appended by leader: 0, Current term: 1, Majority size: 2, State: 0, Mode: LEADER, active raft config: opid_index: -1 OBSOLETE_local: false peers { permanent_uuid: "c3ee8451f7cb41ad8ddd7fa95d3b1c72" member_type: VOTER last_known_addr { host: "127.1.80.129" port: 45421 } } peers { permanent_uuid: "2a44841d60024c0386d40f1ab3ed285d" member_type: VOTER last_known_addr { host: "127.1.80.130" port: 36243 } } peers { permanent_uuid: "5b55159670084ed5ac880e8b1c704507" member_type: VOTER last_known_addr { host: "127.1.80.131" port: 43879 } }
I20260630 12:37:19.719820  6017 raft_consensus.cc:493] T 06c52c8704c64551889dd22fd895d574 P c3ee8451f7cb41ad8ddd7fa95d3b1c72 [term 0 FOLLOWER]: Starting leader election (no leader contacted us within the election timeout)
I20260630 12:37:19.719859  6025 raft_consensus.cc:515] T f67e49bc735d426eb22588419a491182 P 2a44841d60024c0386d40f1ab3ed285d [term 1 FOLLOWER]: Starting leader election with config: opid_index: -1 OBSOLETE_local: false peers { permanent_uuid: "c3ee8451f7cb41ad8ddd7fa95d3b1c72" member_type: VOTER last_known_addr { host: "127.1.80.129" port: 45421 } } peers { permanent_uuid: "2a44841d60024c0386d40f1ab3ed285d" member_type: VOTER last_known_addr { host: "127.1.80.130" port: 36243 } } peers { permanent_uuid: "5b55159670084ed5ac880e8b1c704507" member_type: VOTER last_known_addr { host: "127.1.80.131" port: 43879 } }
I20260630 12:37:19.720402  6017 raft_consensus.cc:3060] T 06c52c8704c64551889dd22fd895d574 P c3ee8451f7cb41ad8ddd7fa95d3b1c72 [term 0 FOLLOWER]: Advancing to term 1
I20260630 12:37:19.721060  5755 leader_election.cc:304] T aa8214b932f14ec6a9394cc6c3e58540 P c3ee8451f7cb41ad8ddd7fa95d3b1c72 [CANDIDATE]: Term 1 election: Election decided. Result: candidate won. Election summary: received 3 responses out of 3 voters: 2 yes votes; 1 no votes. yes voters: 2a44841d60024c0386d40f1ab3ed285d, c3ee8451f7cb41ad8ddd7fa95d3b1c72; no voters: 5b55159670084ed5ac880e8b1c704507
I20260630 12:37:19.721876  6015 raft_consensus.cc:2804] T aa8214b932f14ec6a9394cc6c3e58540 P c3ee8451f7cb41ad8ddd7fa95d3b1c72 [term 1 FOLLOWER]: Leader election won for term 1
I20260630 12:37:19.722218  6025 leader_election.cc:290] T f67e49bc735d426eb22588419a491182 P 2a44841d60024c0386d40f1ab3ed285d [CANDIDATE]: Term 1 election: Requested vote from peers c3ee8451f7cb41ad8ddd7fa95d3b1c72 (127.1.80.129:45421), 5b55159670084ed5ac880e8b1c704507 (127.1.80.131:43879)
I20260630 12:37:19.715437  5991 leader_election.cc:290] T 06c52c8704c64551889dd22fd895d574 P c3ee8451f7cb41ad8ddd7fa95d3b1c72 [CANDIDATE]: Term 1 pre-election: Requested pre-vote from peers 2a44841d60024c0386d40f1ab3ed285d (127.1.80.130:36243), 5b55159670084ed5ac880e8b1c704507 (127.1.80.131:43879)
I20260630 12:37:19.729089  5791 tablet_service.cc:1917] Received RequestConsensusVote() RPC: tablet_id: "f67e49bc735d426eb22588419a491182" candidate_uuid: "2a44841d60024c0386d40f1ab3ed285d" candidate_term: 1 candidate_status { last_received { term: 0 index: 0 } } ignore_live_leader: false dest_uuid: "c3ee8451f7cb41ad8ddd7fa95d3b1c72"
I20260630 12:37:19.732757  6025 raft_consensus.cc:493] T 06c52c8704c64551889dd22fd895d574 P 2a44841d60024c0386d40f1ab3ed285d [term 0 FOLLOWER]: Starting pre-election (no leader contacted us within the election timeout)
I20260630 12:37:19.734602  6025 raft_consensus.cc:515] T 06c52c8704c64551889dd22fd895d574 P 2a44841d60024c0386d40f1ab3ed285d [term 0 FOLLOWER]: Starting pre-election with config: opid_index: -1 OBSOLETE_local: false peers { permanent_uuid: "c3ee8451f7cb41ad8ddd7fa95d3b1c72" member_type: VOTER last_known_addr { host: "127.1.80.129" port: 45421 } } peers { permanent_uuid: "2a44841d60024c0386d40f1ab3ed285d" member_type: VOTER last_known_addr { host: "127.1.80.130" port: 36243 } } peers { permanent_uuid: "5b55159670084ed5ac880e8b1c704507" member_type: VOTER last_known_addr { host: "127.1.80.131" port: 43879 } }
W20260630 12:37:19.736040  5758 leader_election.cc:343] T 06c52c8704c64551889dd22fd895d574 P c3ee8451f7cb41ad8ddd7fa95d3b1c72 [CANDIDATE]: Term 1 pre-election: Tablet error from VoteRequest() call to peer 5b55159670084ed5ac880e8b1c704507 (127.1.80.131:43879): Illegal state: must be running to vote when last-logged opid is not known
I20260630 12:37:19.736857  6025 leader_election.cc:290] T 06c52c8704c64551889dd22fd895d574 P 2a44841d60024c0386d40f1ab3ed285d [CANDIDATE]: Term 1 pre-election: Requested pre-vote from peers c3ee8451f7cb41ad8ddd7fa95d3b1c72 (127.1.80.129:45421), 5b55159670084ed5ac880e8b1c704507 (127.1.80.131:43879)
I20260630 12:37:19.737782  6015 raft_consensus.cc:697] T aa8214b932f14ec6a9394cc6c3e58540 P c3ee8451f7cb41ad8ddd7fa95d3b1c72 [term 1 LEADER]: Becoming Leader. State: Replica: c3ee8451f7cb41ad8ddd7fa95d3b1c72, State: Running, Role: LEADER
I20260630 12:37:19.746543  6017 raft_consensus.cc:515] T 06c52c8704c64551889dd22fd895d574 P c3ee8451f7cb41ad8ddd7fa95d3b1c72 [term 1 FOLLOWER]: Starting leader election with config: opid_index: -1 OBSOLETE_local: false peers { permanent_uuid: "c3ee8451f7cb41ad8ddd7fa95d3b1c72" member_type: VOTER last_known_addr { host: "127.1.80.129" port: 45421 } } peers { permanent_uuid: "2a44841d60024c0386d40f1ab3ed285d" member_type: VOTER last_known_addr { host: "127.1.80.130" port: 36243 } } peers { permanent_uuid: "5b55159670084ed5ac880e8b1c704507" member_type: VOTER last_known_addr { host: "127.1.80.131" port: 43879 } }
I20260630 12:37:19.748354  5791 tablet_service.cc:1917] Received RequestConsensusVote() RPC: tablet_id: "06c52c8704c64551889dd22fd895d574" candidate_uuid: "2a44841d60024c0386d40f1ab3ed285d" candidate_term: 1 candidate_status { last_received { term: 0 index: 0 } } ignore_live_leader: false dest_uuid: "c3ee8451f7cb41ad8ddd7fa95d3b1c72" is_pre_election: true
I20260630 12:37:19.748628  5940 tablet_service.cc:1917] Received RequestConsensusVote() RPC: tablet_id: "06c52c8704c64551889dd22fd895d574" candidate_uuid: "2a44841d60024c0386d40f1ab3ed285d" candidate_term: 1 candidate_status { last_received { term: 0 index: 0 } } ignore_live_leader: false dest_uuid: "5b55159670084ed5ac880e8b1c704507" is_pre_election: true
W20260630 12:37:19.749349  5833 leader_election.cc:343] T f67e49bc735d426eb22588419a491182 P 2a44841d60024c0386d40f1ab3ed285d [CANDIDATE]: Term 1 election: Tablet error from VoteRequest() call to peer c3ee8451f7cb41ad8ddd7fa95d3b1c72 (127.1.80.129:45421): Illegal state: must be running to vote when last-logged opid is not known
I20260630 12:37:19.752856  5986 tablet_bootstrap.cc:492] T 7b1ed7581ed2401e99882dcc3c2a5d38 P c3ee8451f7cb41ad8ddd7fa95d3b1c72: No bootstrap required, opened a new log
I20260630 12:37:19.752947  6017 leader_election.cc:290] T 06c52c8704c64551889dd22fd895d574 P c3ee8451f7cb41ad8ddd7fa95d3b1c72 [CANDIDATE]: Term 1 election: Requested vote from peers 2a44841d60024c0386d40f1ab3ed285d (127.1.80.130:36243), 5b55159670084ed5ac880e8b1c704507 (127.1.80.131:43879)
I20260630 12:37:19.754559  5866 tablet_service.cc:1917] Received RequestConsensusVote() RPC: tablet_id: "06c52c8704c64551889dd22fd895d574" candidate_uuid: "c3ee8451f7cb41ad8ddd7fa95d3b1c72" candidate_term: 1 candidate_status { last_received { term: 0 index: 0 } } ignore_live_leader: false dest_uuid: "2a44841d60024c0386d40f1ab3ed285d"
I20260630 12:37:19.751338  6015 consensus_queue.cc:237] T aa8214b932f14ec6a9394cc6c3e58540 P c3ee8451f7cb41ad8ddd7fa95d3b1c72 [LEADER]: Queue going to LEADER mode. State: All replicated index: 0, Majority replicated index: 0, Committed index: 0, Last appended: 0.0, Last appended by leader: 0, Current term: 1, Majority size: 2, State: 0, Mode: LEADER, active raft config: opid_index: -1 OBSOLETE_local: false peers { permanent_uuid: "c3ee8451f7cb41ad8ddd7fa95d3b1c72" member_type: VOTER last_known_addr { host: "127.1.80.129" port: 45421 } } peers { permanent_uuid: "5b55159670084ed5ac880e8b1c704507" member_type: VOTER last_known_addr { host: "127.1.80.131" port: 43879 } } peers { permanent_uuid: "2a44841d60024c0386d40f1ab3ed285d" member_type: VOTER last_known_addr { host: "127.1.80.130" port: 36243 } }
I20260630 12:37:19.751938  5791 raft_consensus.cc:2393] T 06c52c8704c64551889dd22fd895d574 P c3ee8451f7cb41ad8ddd7fa95d3b1c72 [term 1 FOLLOWER]: Leader pre-election vote request: Denying vote to candidate 2a44841d60024c0386d40f1ab3ed285d in current term 1: Already voted for candidate c3ee8451f7cb41ad8ddd7fa95d3b1c72 in this term.
I20260630 12:37:19.755177  5866 raft_consensus.cc:3060] T 06c52c8704c64551889dd22fd895d574 P 2a44841d60024c0386d40f1ab3ed285d [term 0 FOLLOWER]: Advancing to term 1
I20260630 12:37:19.753458  5940 tablet_service.cc:1917] Received RequestConsensusVote() RPC: tablet_id: "06c52c8704c64551889dd22fd895d574" candidate_uuid: "c3ee8451f7cb41ad8ddd7fa95d3b1c72" candidate_term: 1 candidate_status { last_received { term: 0 index: 0 } } ignore_live_leader: false dest_uuid: "5b55159670084ed5ac880e8b1c704507"
W20260630 12:37:19.756896  5758 leader_election.cc:343] T 06c52c8704c64551889dd22fd895d574 P c3ee8451f7cb41ad8ddd7fa95d3b1c72 [CANDIDATE]: Term 1 election: Tablet error from VoteRequest() call to peer 5b55159670084ed5ac880e8b1c704507 (127.1.80.131:43879): Illegal state: must be running to vote when last-logged opid is not known
I20260630 12:37:19.760634  5989 tablet_bootstrap.cc:654] T aa8214b932f14ec6a9394cc6c3e58540 P 5b55159670084ed5ac880e8b1c704507: Neither blocks nor log segments found. Creating new log.
I20260630 12:37:19.753527  5986 ts_tablet_manager.cc:1403] T 7b1ed7581ed2401e99882dcc3c2a5d38 P c3ee8451f7cb41ad8ddd7fa95d3b1c72: Time spent bootstrapping tablet: real 0.121s	user 0.010s	sys 0.013s
I20260630 12:37:19.762555  5866 raft_consensus.cc:2468] T 06c52c8704c64551889dd22fd895d574 P 2a44841d60024c0386d40f1ab3ed285d [term 1 FOLLOWER]: Leader election vote request: Granting yes vote for candidate c3ee8451f7cb41ad8ddd7fa95d3b1c72 in term 1.
W20260630 12:37:19.763669  5833 leader_election.cc:343] T 06c52c8704c64551889dd22fd895d574 P 2a44841d60024c0386d40f1ab3ed285d [CANDIDATE]: Term 1 pre-election: Tablet error from VoteRequest() call to peer 5b55159670084ed5ac880e8b1c704507 (127.1.80.131:43879): Illegal state: must be running to vote when last-logged opid is not known
I20260630 12:37:19.764714  5755 leader_election.cc:304] T 06c52c8704c64551889dd22fd895d574 P c3ee8451f7cb41ad8ddd7fa95d3b1c72 [CANDIDATE]: Term 1 election: Election decided. Result: candidate won. Election summary: received 3 responses out of 3 voters: 2 yes votes; 1 no votes. yes voters: 2a44841d60024c0386d40f1ab3ed285d, c3ee8451f7cb41ad8ddd7fa95d3b1c72; no voters: 5b55159670084ed5ac880e8b1c704507
I20260630 12:37:19.766009  6017 raft_consensus.cc:2804] T 06c52c8704c64551889dd22fd895d574 P c3ee8451f7cb41ad8ddd7fa95d3b1c72 [term 1 FOLLOWER]: Leader election won for term 1
I20260630 12:37:19.765709  5986 raft_consensus.cc:359] T 7b1ed7581ed2401e99882dcc3c2a5d38 P c3ee8451f7cb41ad8ddd7fa95d3b1c72 [term 0 FOLLOWER]: Replica starting. Triggering 0 pending ops. Active config: opid_index: -1 OBSOLETE_local: false peers { permanent_uuid: "c3ee8451f7cb41ad8ddd7fa95d3b1c72" member_type: VOTER last_known_addr { host: "127.1.80.129" port: 45421 } } peers { permanent_uuid: "2a44841d60024c0386d40f1ab3ed285d" member_type: VOTER last_known_addr { host: "127.1.80.130" port: 36243 } } peers { permanent_uuid: "5b55159670084ed5ac880e8b1c704507" member_type: VOTER last_known_addr { host: "127.1.80.131" port: 43879 } }
I20260630 12:37:19.766621  6017 raft_consensus.cc:697] T 06c52c8704c64551889dd22fd895d574 P c3ee8451f7cb41ad8ddd7fa95d3b1c72 [term 1 LEADER]: Becoming Leader. State: Replica: c3ee8451f7cb41ad8ddd7fa95d3b1c72, State: Running, Role: LEADER
I20260630 12:37:19.767720  6017 consensus_queue.cc:237] T 06c52c8704c64551889dd22fd895d574 P c3ee8451f7cb41ad8ddd7fa95d3b1c72 [LEADER]: Queue going to LEADER mode. State: All replicated index: 0, Majority replicated index: 0, Committed index: 0, Last appended: 0.0, Last appended by leader: 0, Current term: 1, Majority size: 2, State: 0, Mode: LEADER, active raft config: opid_index: -1 OBSOLETE_local: false peers { permanent_uuid: "c3ee8451f7cb41ad8ddd7fa95d3b1c72" member_type: VOTER last_known_addr { host: "127.1.80.129" port: 45421 } } peers { permanent_uuid: "2a44841d60024c0386d40f1ab3ed285d" member_type: VOTER last_known_addr { host: "127.1.80.130" port: 36243 } } peers { permanent_uuid: "5b55159670084ed5ac880e8b1c704507" member_type: VOTER last_known_addr { host: "127.1.80.131" port: 43879 } }
I20260630 12:37:19.766902  5986 raft_consensus.cc:385] T 7b1ed7581ed2401e99882dcc3c2a5d38 P c3ee8451f7cb41ad8ddd7fa95d3b1c72 [term 0 FOLLOWER]: Consensus starting up: Expiring failure detector timer to make a prompt election more likely
I20260630 12:37:19.771661  5833 leader_election.cc:304] T 06c52c8704c64551889dd22fd895d574 P 2a44841d60024c0386d40f1ab3ed285d [CANDIDATE]: Term 1 pre-election: Election decided. Result: candidate lost. Election summary: received 3 responses out of 3 voters: 1 yes votes; 2 no votes. yes voters: 2a44841d60024c0386d40f1ab3ed285d; no voters: 5b55159670084ed5ac880e8b1c704507, c3ee8451f7cb41ad8ddd7fa95d3b1c72
I20260630 12:37:19.771870  5986 raft_consensus.cc:740] T 7b1ed7581ed2401e99882dcc3c2a5d38 P c3ee8451f7cb41ad8ddd7fa95d3b1c72 [term 0 FOLLOWER]: Becoming Follower/Learner. State: Replica: c3ee8451f7cb41ad8ddd7fa95d3b1c72, State: Initialized, Role: FOLLOWER
I20260630 12:37:19.772845  6025 raft_consensus.cc:2749] T 06c52c8704c64551889dd22fd895d574 P 2a44841d60024c0386d40f1ab3ed285d [term 1 FOLLOWER]: Leader pre-election lost for term 1. Reason: could not achieve majority
I20260630 12:37:19.769304  5687 catalog_manager.cc:5697] T 6afc1f0fda9643368a258b362eb515fb P c3ee8451f7cb41ad8ddd7fa95d3b1c72 reported cstate change: term changed from 0 to 1, leader changed from <none> to c3ee8451f7cb41ad8ddd7fa95d3b1c72 (127.1.80.129). New cstate: current_term: 1 leader_uuid: "c3ee8451f7cb41ad8ddd7fa95d3b1c72" committed_config { opid_index: -1 OBSOLETE_local: false peers { permanent_uuid: "c3ee8451f7cb41ad8ddd7fa95d3b1c72" member_type: VOTER last_known_addr { host: "127.1.80.129" port: 45421 } health_report { overall_health: HEALTHY } } peers { permanent_uuid: "2a44841d60024c0386d40f1ab3ed285d" member_type: VOTER last_known_addr { host: "127.1.80.130" port: 36243 } health_report { overall_health: UNKNOWN } } peers { permanent_uuid: "5b55159670084ed5ac880e8b1c704507" member_type: VOTER last_known_addr { host: "127.1.80.131" port: 43879 } health_report { overall_health: UNKNOWN } } }
I20260630 12:37:19.749886  5941 tablet_service.cc:1917] Received RequestConsensusVote() RPC: tablet_id: "f67e49bc735d426eb22588419a491182" candidate_uuid: "2a44841d60024c0386d40f1ab3ed285d" candidate_term: 1 candidate_status { last_received { term: 0 index: 0 } } ignore_live_leader: false dest_uuid: "5b55159670084ed5ac880e8b1c704507"
I20260630 12:37:19.773627  5986 consensus_queue.cc:260] T 7b1ed7581ed2401e99882dcc3c2a5d38 P c3ee8451f7cb41ad8ddd7fa95d3b1c72 [NON_LEADER]: Queue going to NON_LEADER mode. State: All replicated index: 0, Majority replicated index: 0, Committed index: 0, Last appended: 0.0, Last appended by leader: 0, Current term: 0, Majority size: -1, State: 0, Mode: NON_LEADER, active raft config: opid_index: -1 OBSOLETE_local: false peers { permanent_uuid: "c3ee8451f7cb41ad8ddd7fa95d3b1c72" member_type: VOTER last_known_addr { host: "127.1.80.129" port: 45421 } } peers { permanent_uuid: "2a44841d60024c0386d40f1ab3ed285d" member_type: VOTER last_known_addr { host: "127.1.80.130" port: 36243 } } peers { permanent_uuid: "5b55159670084ed5ac880e8b1c704507" member_type: VOTER last_known_addr { host: "127.1.80.131" port: 43879 } }
I20260630 12:37:19.774827  5941 raft_consensus.cc:3060] T f67e49bc735d426eb22588419a491182 P 5b55159670084ed5ac880e8b1c704507 [term 0 FOLLOWER]: Advancing to term 1
I20260630 12:37:19.780167  5986 ts_tablet_manager.cc:1434] T 7b1ed7581ed2401e99882dcc3c2a5d38 P c3ee8451f7cb41ad8ddd7fa95d3b1c72: Time spent starting tablet: real 0.019s	user 0.006s	sys 0.002s
I20260630 12:37:19.781380  5986 tablet_bootstrap.cc:492] T 1ea9d84114cd40ecb067408b18ad0eb0 P c3ee8451f7cb41ad8ddd7fa95d3b1c72: Bootstrap starting.
I20260630 12:37:19.753389  5865 raft_consensus.cc:2468] T 6afc1f0fda9643368a258b362eb515fb P 2a44841d60024c0386d40f1ab3ed285d [term 1 FOLLOWER]: Leader election vote request: Granting yes vote for candidate c3ee8451f7cb41ad8ddd7fa95d3b1c72 in term 1.
I20260630 12:37:19.788117  5941 raft_consensus.cc:2468] T f67e49bc735d426eb22588419a491182 P 5b55159670084ed5ac880e8b1c704507 [term 1 FOLLOWER]: Leader election vote request: Granting yes vote for candidate 2a44841d60024c0386d40f1ab3ed285d in term 1.
I20260630 12:37:19.788172  5987 tablet_bootstrap.cc:492] T 428854c67c7147eda3991ae46a6a4b5b P 2a44841d60024c0386d40f1ab3ed285d: No bootstrap required, opened a new log
I20260630 12:37:19.789211  5987 ts_tablet_manager.cc:1403] T 428854c67c7147eda3991ae46a6a4b5b P 2a44841d60024c0386d40f1ab3ed285d: Time spent bootstrapping tablet: real 0.091s	user 0.021s	sys 0.015s
I20260630 12:37:19.789474  5833 leader_election.cc:304] T f67e49bc735d426eb22588419a491182 P 2a44841d60024c0386d40f1ab3ed285d [CANDIDATE]: Term 1 election: Election decided. Result: candidate won. Election summary: received 3 responses out of 3 voters: 2 yes votes; 1 no votes. yes voters: 2a44841d60024c0386d40f1ab3ed285d, 5b55159670084ed5ac880e8b1c704507; no voters: c3ee8451f7cb41ad8ddd7fa95d3b1c72
I20260630 12:37:19.791028  6025 raft_consensus.cc:2804] T f67e49bc735d426eb22588419a491182 P 2a44841d60024c0386d40f1ab3ed285d [term 1 FOLLOWER]: Leader election won for term 1
I20260630 12:37:19.791651  6025 raft_consensus.cc:697] T f67e49bc735d426eb22588419a491182 P 2a44841d60024c0386d40f1ab3ed285d [term 1 LEADER]: Becoming Leader. State: Replica: 2a44841d60024c0386d40f1ab3ed285d, State: Running, Role: LEADER
I20260630 12:37:19.792616  6025 consensus_queue.cc:237] T f67e49bc735d426eb22588419a491182 P 2a44841d60024c0386d40f1ab3ed285d [LEADER]: Queue going to LEADER mode. State: All replicated index: 0, Majority replicated index: 0, Committed index: 0, Last appended: 0.0, Last appended by leader: 0, Current term: 1, Majority size: 2, State: 0, Mode: LEADER, active raft config: opid_index: -1 OBSOLETE_local: false peers { permanent_uuid: "c3ee8451f7cb41ad8ddd7fa95d3b1c72" member_type: VOTER last_known_addr { host: "127.1.80.129" port: 45421 } } peers { permanent_uuid: "2a44841d60024c0386d40f1ab3ed285d" member_type: VOTER last_known_addr { host: "127.1.80.130" port: 36243 } } peers { permanent_uuid: "5b55159670084ed5ac880e8b1c704507" member_type: VOTER last_known_addr { host: "127.1.80.131" port: 43879 } }
I20260630 12:37:19.792882  5987 raft_consensus.cc:359] T 428854c67c7147eda3991ae46a6a4b5b P 2a44841d60024c0386d40f1ab3ed285d [term 0 FOLLOWER]: Replica starting. Triggering 0 pending ops. Active config: opid_index: -1 OBSOLETE_local: false peers { permanent_uuid: "c3ee8451f7cb41ad8ddd7fa95d3b1c72" member_type: VOTER last_known_addr { host: "127.1.80.129" port: 45421 } } peers { permanent_uuid: "2a44841d60024c0386d40f1ab3ed285d" member_type: VOTER last_known_addr { host: "127.1.80.130" port: 36243 } } peers { permanent_uuid: "5b55159670084ed5ac880e8b1c704507" member_type: VOTER last_known_addr { host: "127.1.80.131" port: 43879 } }
I20260630 12:37:19.793789  5987 raft_consensus.cc:385] T 428854c67c7147eda3991ae46a6a4b5b P 2a44841d60024c0386d40f1ab3ed285d [term 0 FOLLOWER]: Consensus starting up: Expiring failure detector timer to make a prompt election more likely
I20260630 12:37:19.794132  5987 raft_consensus.cc:740] T 428854c67c7147eda3991ae46a6a4b5b P 2a44841d60024c0386d40f1ab3ed285d [term 0 FOLLOWER]: Becoming Follower/Learner. State: Replica: 2a44841d60024c0386d40f1ab3ed285d, State: Initialized, Role: FOLLOWER
I20260630 12:37:19.795059  5987 consensus_queue.cc:260] T 428854c67c7147eda3991ae46a6a4b5b P 2a44841d60024c0386d40f1ab3ed285d [NON_LEADER]: Queue going to NON_LEADER mode. State: All replicated index: 0, Majority replicated index: 0, Committed index: 0, Last appended: 0.0, Last appended by leader: 0, Current term: 0, Majority size: -1, State: 0, Mode: NON_LEADER, active raft config: opid_index: -1 OBSOLETE_local: false peers { permanent_uuid: "c3ee8451f7cb41ad8ddd7fa95d3b1c72" member_type: VOTER last_known_addr { host: "127.1.80.129" port: 45421 } } peers { permanent_uuid: "2a44841d60024c0386d40f1ab3ed285d" member_type: VOTER last_known_addr { host: "127.1.80.130" port: 36243 } } peers { permanent_uuid: "5b55159670084ed5ac880e8b1c704507" member_type: VOTER last_known_addr { host: "127.1.80.131" port: 43879 } }
I20260630 12:37:19.796813  5989 tablet_bootstrap.cc:492] T aa8214b932f14ec6a9394cc6c3e58540 P 5b55159670084ed5ac880e8b1c704507: No bootstrap required, opened a new log
I20260630 12:37:19.797421  5989 ts_tablet_manager.cc:1403] T aa8214b932f14ec6a9394cc6c3e58540 P 5b55159670084ed5ac880e8b1c704507: Time spent bootstrapping tablet: real 0.112s	user 0.009s	sys 0.010s
I20260630 12:37:19.797564  5987 ts_tablet_manager.cc:1434] T 428854c67c7147eda3991ae46a6a4b5b P 2a44841d60024c0386d40f1ab3ed285d: Time spent starting tablet: real 0.008s	user 0.003s	sys 0.002s
I20260630 12:37:19.798755  5987 tablet_bootstrap.cc:492] T 7b1ed7581ed2401e99882dcc3c2a5d38 P 2a44841d60024c0386d40f1ab3ed285d: Bootstrap starting.
I20260630 12:37:19.800910  5989 raft_consensus.cc:359] T aa8214b932f14ec6a9394cc6c3e58540 P 5b55159670084ed5ac880e8b1c704507 [term 0 FOLLOWER]: Replica starting. Triggering 0 pending ops. Active config: opid_index: -1 OBSOLETE_local: false peers { permanent_uuid: "c3ee8451f7cb41ad8ddd7fa95d3b1c72" member_type: VOTER last_known_addr { host: "127.1.80.129" port: 45421 } } peers { permanent_uuid: "5b55159670084ed5ac880e8b1c704507" member_type: VOTER last_known_addr { host: "127.1.80.131" port: 43879 } } peers { permanent_uuid: "2a44841d60024c0386d40f1ab3ed285d" member_type: VOTER last_known_addr { host: "127.1.80.130" port: 36243 } }
I20260630 12:37:19.801769  5989 raft_consensus.cc:385] T aa8214b932f14ec6a9394cc6c3e58540 P 5b55159670084ed5ac880e8b1c704507 [term 0 FOLLOWER]: Consensus starting up: Expiring failure detector timer to make a prompt election more likely
I20260630 12:37:19.803797  5986 tablet_bootstrap.cc:654] T 1ea9d84114cd40ecb067408b18ad0eb0 P c3ee8451f7cb41ad8ddd7fa95d3b1c72: Neither blocks nor log segments found. Creating new log.
I20260630 12:37:19.802109  5989 raft_consensus.cc:740] T aa8214b932f14ec6a9394cc6c3e58540 P 5b55159670084ed5ac880e8b1c704507 [term 0 FOLLOWER]: Becoming Follower/Learner. State: Replica: 5b55159670084ed5ac880e8b1c704507, State: Initialized, Role: FOLLOWER
I20260630 12:37:19.805613  5987 tablet_bootstrap.cc:654] T 7b1ed7581ed2401e99882dcc3c2a5d38 P 2a44841d60024c0386d40f1ab3ed285d: Neither blocks nor log segments found. Creating new log.
I20260630 12:37:19.806294  5989 consensus_queue.cc:260] T aa8214b932f14ec6a9394cc6c3e58540 P 5b55159670084ed5ac880e8b1c704507 [NON_LEADER]: Queue going to NON_LEADER mode. State: All replicated index: 0, Majority replicated index: 0, Committed index: 0, Last appended: 0.0, Last appended by leader: 0, Current term: 0, Majority size: -1, State: 0, Mode: NON_LEADER, active raft config: opid_index: -1 OBSOLETE_local: false peers { permanent_uuid: "c3ee8451f7cb41ad8ddd7fa95d3b1c72" member_type: VOTER last_known_addr { host: "127.1.80.129" port: 45421 } } peers { permanent_uuid: "5b55159670084ed5ac880e8b1c704507" member_type: VOTER last_known_addr { host: "127.1.80.131" port: 43879 } } peers { permanent_uuid: "2a44841d60024c0386d40f1ab3ed285d" member_type: VOTER last_known_addr { host: "127.1.80.130" port: 36243 } }
I20260630 12:37:19.811002  5989 ts_tablet_manager.cc:1434] T aa8214b932f14ec6a9394cc6c3e58540 P 5b55159670084ed5ac880e8b1c704507: Time spent starting tablet: real 0.013s	user 0.008s	sys 0.002s
I20260630 12:37:19.811993  5687 catalog_manager.cc:5697] T aa8214b932f14ec6a9394cc6c3e58540 P c3ee8451f7cb41ad8ddd7fa95d3b1c72 reported cstate change: term changed from 0 to 1, leader changed from <none> to c3ee8451f7cb41ad8ddd7fa95d3b1c72 (127.1.80.129). New cstate: current_term: 1 leader_uuid: "c3ee8451f7cb41ad8ddd7fa95d3b1c72" committed_config { opid_index: -1 OBSOLETE_local: false peers { permanent_uuid: "c3ee8451f7cb41ad8ddd7fa95d3b1c72" member_type: VOTER last_known_addr { host: "127.1.80.129" port: 45421 } health_report { overall_health: HEALTHY } } peers { permanent_uuid: "5b55159670084ed5ac880e8b1c704507" member_type: VOTER last_known_addr { host: "127.1.80.131" port: 43879 } health_report { overall_health: UNKNOWN } } peers { permanent_uuid: "2a44841d60024c0386d40f1ab3ed285d" member_type: VOTER last_known_addr { host: "127.1.80.130" port: 36243 } health_report { overall_health: UNKNOWN } } }
I20260630 12:37:19.815578  5989 tablet_bootstrap.cc:492] T 06c52c8704c64551889dd22fd895d574 P 5b55159670084ed5ac880e8b1c704507: Bootstrap starting.
I20260630 12:37:19.814564  5687 catalog_manager.cc:5697] T 06c52c8704c64551889dd22fd895d574 P c3ee8451f7cb41ad8ddd7fa95d3b1c72 reported cstate change: term changed from 0 to 1, leader changed from <none> to c3ee8451f7cb41ad8ddd7fa95d3b1c72 (127.1.80.129). New cstate: current_term: 1 leader_uuid: "c3ee8451f7cb41ad8ddd7fa95d3b1c72" committed_config { opid_index: -1 OBSOLETE_local: false peers { permanent_uuid: "c3ee8451f7cb41ad8ddd7fa95d3b1c72" member_type: VOTER last_known_addr { host: "127.1.80.129" port: 45421 } health_report { overall_health: HEALTHY } } peers { permanent_uuid: "2a44841d60024c0386d40f1ab3ed285d" member_type: VOTER last_known_addr { host: "127.1.80.130" port: 36243 } health_report { overall_health: UNKNOWN } } peers { permanent_uuid: "5b55159670084ed5ac880e8b1c704507" member_type: VOTER last_known_addr { host: "127.1.80.131" port: 43879 } health_report { overall_health: UNKNOWN } } }
I20260630 12:37:19.816062  5690 catalog_manager.cc:5697] T f67e49bc735d426eb22588419a491182 P 2a44841d60024c0386d40f1ab3ed285d reported cstate change: term changed from 0 to 1, leader changed from <none> to 2a44841d60024c0386d40f1ab3ed285d (127.1.80.130). New cstate: current_term: 1 leader_uuid: "2a44841d60024c0386d40f1ab3ed285d" committed_config { opid_index: -1 OBSOLETE_local: false peers { permanent_uuid: "c3ee8451f7cb41ad8ddd7fa95d3b1c72" member_type: VOTER last_known_addr { host: "127.1.80.129" port: 45421 } health_report { overall_health: UNKNOWN } } peers { permanent_uuid: "2a44841d60024c0386d40f1ab3ed285d" member_type: VOTER last_known_addr { host: "127.1.80.130" port: 36243 } health_report { overall_health: HEALTHY } } peers { permanent_uuid: "5b55159670084ed5ac880e8b1c704507" member_type: VOTER last_known_addr { host: "127.1.80.131" port: 43879 } health_report { overall_health: UNKNOWN } } }
I20260630 12:37:19.824267  5989 tablet_bootstrap.cc:654] T 06c52c8704c64551889dd22fd895d574 P 5b55159670084ed5ac880e8b1c704507: Neither blocks nor log segments found. Creating new log.
I20260630 12:37:19.826788  5986 tablet_bootstrap.cc:492] T 1ea9d84114cd40ecb067408b18ad0eb0 P c3ee8451f7cb41ad8ddd7fa95d3b1c72: No bootstrap required, opened a new log
I20260630 12:37:19.827392  5986 ts_tablet_manager.cc:1403] T 1ea9d84114cd40ecb067408b18ad0eb0 P c3ee8451f7cb41ad8ddd7fa95d3b1c72: Time spent bootstrapping tablet: real 0.046s	user 0.011s	sys 0.003s
I20260630 12:37:19.830483  5986 raft_consensus.cc:359] T 1ea9d84114cd40ecb067408b18ad0eb0 P c3ee8451f7cb41ad8ddd7fa95d3b1c72 [term 0 FOLLOWER]: Replica starting. Triggering 0 pending ops. Active config: opid_index: -1 OBSOLETE_local: false peers { permanent_uuid: "c3ee8451f7cb41ad8ddd7fa95d3b1c72" member_type: VOTER last_known_addr { host: "127.1.80.129" port: 45421 } } peers { permanent_uuid: "2a44841d60024c0386d40f1ab3ed285d" member_type: VOTER last_known_addr { host: "127.1.80.130" port: 36243 } } peers { permanent_uuid: "5b55159670084ed5ac880e8b1c704507" member_type: VOTER last_known_addr { host: "127.1.80.131" port: 43879 } }
I20260630 12:37:19.831230  5986 raft_consensus.cc:385] T 1ea9d84114cd40ecb067408b18ad0eb0 P c3ee8451f7cb41ad8ddd7fa95d3b1c72 [term 0 FOLLOWER]: Consensus starting up: Expiring failure detector timer to make a prompt election more likely
I20260630 12:37:19.831514  5986 raft_consensus.cc:740] T 1ea9d84114cd40ecb067408b18ad0eb0 P c3ee8451f7cb41ad8ddd7fa95d3b1c72 [term 0 FOLLOWER]: Becoming Follower/Learner. State: Replica: c3ee8451f7cb41ad8ddd7fa95d3b1c72, State: Initialized, Role: FOLLOWER
I20260630 12:37:19.832410  5986 consensus_queue.cc:260] T 1ea9d84114cd40ecb067408b18ad0eb0 P c3ee8451f7cb41ad8ddd7fa95d3b1c72 [NON_LEADER]: Queue going to NON_LEADER mode. State: All replicated index: 0, Majority replicated index: 0, Committed index: 0, Last appended: 0.0, Last appended by leader: 0, Current term: 0, Majority size: -1, State: 0, Mode: NON_LEADER, active raft config: opid_index: -1 OBSOLETE_local: false peers { permanent_uuid: "c3ee8451f7cb41ad8ddd7fa95d3b1c72" member_type: VOTER last_known_addr { host: "127.1.80.129" port: 45421 } } peers { permanent_uuid: "2a44841d60024c0386d40f1ab3ed285d" member_type: VOTER last_known_addr { host: "127.1.80.130" port: 36243 } } peers { permanent_uuid: "5b55159670084ed5ac880e8b1c704507" member_type: VOTER last_known_addr { host: "127.1.80.131" port: 43879 } }
I20260630 12:37:19.834951  5989 tablet_bootstrap.cc:492] T 06c52c8704c64551889dd22fd895d574 P 5b55159670084ed5ac880e8b1c704507: No bootstrap required, opened a new log
I20260630 12:37:19.836194  5989 ts_tablet_manager.cc:1403] T 06c52c8704c64551889dd22fd895d574 P 5b55159670084ed5ac880e8b1c704507: Time spent bootstrapping tablet: real 0.021s	user 0.010s	sys 0.007s
I20260630 12:37:19.837713  5986 ts_tablet_manager.cc:1434] T 1ea9d84114cd40ecb067408b18ad0eb0 P c3ee8451f7cb41ad8ddd7fa95d3b1c72: Time spent starting tablet: real 0.010s	user 0.007s	sys 0.000s
I20260630 12:37:19.834955  5987 tablet_bootstrap.cc:492] T 7b1ed7581ed2401e99882dcc3c2a5d38 P 2a44841d60024c0386d40f1ab3ed285d: No bootstrap required, opened a new log
I20260630 12:37:19.838407  5987 ts_tablet_manager.cc:1403] T 7b1ed7581ed2401e99882dcc3c2a5d38 P 2a44841d60024c0386d40f1ab3ed285d: Time spent bootstrapping tablet: real 0.040s	user 0.019s	sys 0.009s
I20260630 12:37:19.838804  5986 tablet_bootstrap.cc:492] T 428854c67c7147eda3991ae46a6a4b5b P c3ee8451f7cb41ad8ddd7fa95d3b1c72: Bootstrap starting.
I20260630 12:37:19.841444  5987 raft_consensus.cc:359] T 7b1ed7581ed2401e99882dcc3c2a5d38 P 2a44841d60024c0386d40f1ab3ed285d [term 0 FOLLOWER]: Replica starting. Triggering 0 pending ops. Active config: opid_index: -1 OBSOLETE_local: false peers { permanent_uuid: "c3ee8451f7cb41ad8ddd7fa95d3b1c72" member_type: VOTER last_known_addr { host: "127.1.80.129" port: 45421 } } peers { permanent_uuid: "2a44841d60024c0386d40f1ab3ed285d" member_type: VOTER last_known_addr { host: "127.1.80.130" port: 36243 } } peers { permanent_uuid: "5b55159670084ed5ac880e8b1c704507" member_type: VOTER last_known_addr { host: "127.1.80.131" port: 43879 } }
I20260630 12:37:19.842361  5987 raft_consensus.cc:385] T 7b1ed7581ed2401e99882dcc3c2a5d38 P 2a44841d60024c0386d40f1ab3ed285d [term 0 FOLLOWER]: Consensus starting up: Expiring failure detector timer to make a prompt election more likely
I20260630 12:37:19.842669  5987 raft_consensus.cc:740] T 7b1ed7581ed2401e99882dcc3c2a5d38 P 2a44841d60024c0386d40f1ab3ed285d [term 0 FOLLOWER]: Becoming Follower/Learner. State: Replica: 2a44841d60024c0386d40f1ab3ed285d, State: Initialized, Role: FOLLOWER
I20260630 12:37:19.843433  5987 consensus_queue.cc:260] T 7b1ed7581ed2401e99882dcc3c2a5d38 P 2a44841d60024c0386d40f1ab3ed285d [NON_LEADER]: Queue going to NON_LEADER mode. State: All replicated index: 0, Majority replicated index: 0, Committed index: 0, Last appended: 0.0, Last appended by leader: 0, Current term: 0, Majority size: -1, State: 0, Mode: NON_LEADER, active raft config: opid_index: -1 OBSOLETE_local: false peers { permanent_uuid: "c3ee8451f7cb41ad8ddd7fa95d3b1c72" member_type: VOTER last_known_addr { host: "127.1.80.129" port: 45421 } } peers { permanent_uuid: "2a44841d60024c0386d40f1ab3ed285d" member_type: VOTER last_known_addr { host: "127.1.80.130" port: 36243 } } peers { permanent_uuid: "5b55159670084ed5ac880e8b1c704507" member_type: VOTER last_known_addr { host: "127.1.80.131" port: 43879 } }
I20260630 12:37:19.845367  5986 tablet_bootstrap.cc:654] T 428854c67c7147eda3991ae46a6a4b5b P c3ee8451f7cb41ad8ddd7fa95d3b1c72: Neither blocks nor log segments found. Creating new log.
I20260630 12:37:19.846083  5989 raft_consensus.cc:359] T 06c52c8704c64551889dd22fd895d574 P 5b55159670084ed5ac880e8b1c704507 [term 0 FOLLOWER]: Replica starting. Triggering 0 pending ops. Active config: opid_index: -1 OBSOLETE_local: false peers { permanent_uuid: "c3ee8451f7cb41ad8ddd7fa95d3b1c72" member_type: VOTER last_known_addr { host: "127.1.80.129" port: 45421 } } peers { permanent_uuid: "2a44841d60024c0386d40f1ab3ed285d" member_type: VOTER last_known_addr { host: "127.1.80.130" port: 36243 } } peers { permanent_uuid: "5b55159670084ed5ac880e8b1c704507" member_type: VOTER last_known_addr { host: "127.1.80.131" port: 43879 } }
I20260630 12:37:19.846904  5989 raft_consensus.cc:385] T 06c52c8704c64551889dd22fd895d574 P 5b55159670084ed5ac880e8b1c704507 [term 0 FOLLOWER]: Consensus starting up: Expiring failure detector timer to make a prompt election more likely
I20260630 12:37:19.847232  5989 raft_consensus.cc:740] T 06c52c8704c64551889dd22fd895d574 P 5b55159670084ed5ac880e8b1c704507 [term 0 FOLLOWER]: Becoming Follower/Learner. State: Replica: 5b55159670084ed5ac880e8b1c704507, State: Initialized, Role: FOLLOWER
I20260630 12:37:19.848431  5989 consensus_queue.cc:260] T 06c52c8704c64551889dd22fd895d574 P 5b55159670084ed5ac880e8b1c704507 [NON_LEADER]: Queue going to NON_LEADER mode. State: All replicated index: 0, Majority replicated index: 0, Committed index: 0, Last appended: 0.0, Last appended by leader: 0, Current term: 0, Majority size: -1, State: 0, Mode: NON_LEADER, active raft config: opid_index: -1 OBSOLETE_local: false peers { permanent_uuid: "c3ee8451f7cb41ad8ddd7fa95d3b1c72" member_type: VOTER last_known_addr { host: "127.1.80.129" port: 45421 } } peers { permanent_uuid: "2a44841d60024c0386d40f1ab3ed285d" member_type: VOTER last_known_addr { host: "127.1.80.130" port: 36243 } } peers { permanent_uuid: "5b55159670084ed5ac880e8b1c704507" member_type: VOTER last_known_addr { host: "127.1.80.131" port: 43879 } }
I20260630 12:37:19.850659  6025 raft_consensus.cc:493] T 7b1ed7581ed2401e99882dcc3c2a5d38 P 2a44841d60024c0386d40f1ab3ed285d [term 0 FOLLOWER]: Starting pre-election (no leader contacted us within the election timeout)
I20260630 12:37:19.851450  5987 ts_tablet_manager.cc:1434] T 7b1ed7581ed2401e99882dcc3c2a5d38 P 2a44841d60024c0386d40f1ab3ed285d: Time spent starting tablet: real 0.013s	user 0.006s	sys 0.000s
I20260630 12:37:19.851256  6025 raft_consensus.cc:515] T 7b1ed7581ed2401e99882dcc3c2a5d38 P 2a44841d60024c0386d40f1ab3ed285d [term 0 FOLLOWER]: Starting pre-election with config: opid_index: -1 OBSOLETE_local: false peers { permanent_uuid: "c3ee8451f7cb41ad8ddd7fa95d3b1c72" member_type: VOTER last_known_addr { host: "127.1.80.129" port: 45421 } } peers { permanent_uuid: "2a44841d60024c0386d40f1ab3ed285d" member_type: VOTER last_known_addr { host: "127.1.80.130" port: 36243 } } peers { permanent_uuid: "5b55159670084ed5ac880e8b1c704507" member_type: VOTER last_known_addr { host: "127.1.80.131" port: 43879 } }
I20260630 12:37:19.851779  5989 ts_tablet_manager.cc:1434] T 06c52c8704c64551889dd22fd895d574 P 5b55159670084ed5ac880e8b1c704507: Time spent starting tablet: real 0.015s	user 0.002s	sys 0.005s
I20260630 12:37:19.852494  5987 tablet_bootstrap.cc:492] T 45af31c19b934f98a126ad4e422510f7 P 2a44841d60024c0386d40f1ab3ed285d: Bootstrap starting.
I20260630 12:37:19.852695  5986 tablet_bootstrap.cc:492] T 428854c67c7147eda3991ae46a6a4b5b P c3ee8451f7cb41ad8ddd7fa95d3b1c72: No bootstrap required, opened a new log
I20260630 12:37:19.852797  5989 tablet_bootstrap.cc:492] T 7b1ed7581ed2401e99882dcc3c2a5d38 P 5b55159670084ed5ac880e8b1c704507: Bootstrap starting.
I20260630 12:37:19.853420  5986 ts_tablet_manager.cc:1403] T 428854c67c7147eda3991ae46a6a4b5b P c3ee8451f7cb41ad8ddd7fa95d3b1c72: Time spent bootstrapping tablet: real 0.015s	user 0.007s	sys 0.005s
I20260630 12:37:19.853705  6025 leader_election.cc:290] T 7b1ed7581ed2401e99882dcc3c2a5d38 P 2a44841d60024c0386d40f1ab3ed285d [CANDIDATE]: Term 1 pre-election: Requested pre-vote from peers c3ee8451f7cb41ad8ddd7fa95d3b1c72 (127.1.80.129:45421), 5b55159670084ed5ac880e8b1c704507 (127.1.80.131:43879)
I20260630 12:37:19.856318  5791 tablet_service.cc:1917] Received RequestConsensusVote() RPC: tablet_id: "7b1ed7581ed2401e99882dcc3c2a5d38" candidate_uuid: "2a44841d60024c0386d40f1ab3ed285d" candidate_term: 1 candidate_status { last_received { term: 0 index: 0 } } ignore_live_leader: false dest_uuid: "c3ee8451f7cb41ad8ddd7fa95d3b1c72" is_pre_election: true
I20260630 12:37:19.856772  5986 raft_consensus.cc:359] T 428854c67c7147eda3991ae46a6a4b5b P c3ee8451f7cb41ad8ddd7fa95d3b1c72 [term 0 FOLLOWER]: Replica starting. Triggering 0 pending ops. Active config: opid_index: -1 OBSOLETE_local: false peers { permanent_uuid: "c3ee8451f7cb41ad8ddd7fa95d3b1c72" member_type: VOTER last_known_addr { host: "127.1.80.129" port: 45421 } } peers { permanent_uuid: "2a44841d60024c0386d40f1ab3ed285d" member_type: VOTER last_known_addr { host: "127.1.80.130" port: 36243 } } peers { permanent_uuid: "5b55159670084ed5ac880e8b1c704507" member_type: VOTER last_known_addr { host: "127.1.80.131" port: 43879 } }
I20260630 12:37:19.857059  5791 raft_consensus.cc:2468] T 7b1ed7581ed2401e99882dcc3c2a5d38 P c3ee8451f7cb41ad8ddd7fa95d3b1c72 [term 0 FOLLOWER]: Leader pre-election vote request: Granting yes vote for candidate 2a44841d60024c0386d40f1ab3ed285d in term 0.
I20260630 12:37:19.857787  5941 tablet_service.cc:1917] Received RequestConsensusVote() RPC: tablet_id: "7b1ed7581ed2401e99882dcc3c2a5d38" candidate_uuid: "2a44841d60024c0386d40f1ab3ed285d" candidate_term: 1 candidate_status { last_received { term: 0 index: 0 } } ignore_live_leader: false dest_uuid: "5b55159670084ed5ac880e8b1c704507" is_pre_election: true
I20260630 12:37:19.858582  5833 leader_election.cc:304] T 7b1ed7581ed2401e99882dcc3c2a5d38 P 2a44841d60024c0386d40f1ab3ed285d [CANDIDATE]: Term 1 pre-election: Election decided. Result: candidate won. Election summary: received 2 responses out of 3 voters: 2 yes votes; 0 no votes. yes voters: 2a44841d60024c0386d40f1ab3ed285d, c3ee8451f7cb41ad8ddd7fa95d3b1c72; no voters: 
I20260630 12:37:19.859062  5987 tablet_bootstrap.cc:654] T 45af31c19b934f98a126ad4e422510f7 P 2a44841d60024c0386d40f1ab3ed285d: Neither blocks nor log segments found. Creating new log.
I20260630 12:37:19.859512  5989 tablet_bootstrap.cc:654] T 7b1ed7581ed2401e99882dcc3c2a5d38 P 5b55159670084ed5ac880e8b1c704507: Neither blocks nor log segments found. Creating new log.
W20260630 12:37:19.859601  5833 leader_election.cc:343] T 7b1ed7581ed2401e99882dcc3c2a5d38 P 2a44841d60024c0386d40f1ab3ed285d [CANDIDATE]: Term 1 pre-election: Tablet error from VoteRequest() call to peer 5b55159670084ed5ac880e8b1c704507 (127.1.80.131:43879): Illegal state: must be running to vote when last-logged opid is not known
I20260630 12:37:19.860643  5986 raft_consensus.cc:385] T 428854c67c7147eda3991ae46a6a4b5b P c3ee8451f7cb41ad8ddd7fa95d3b1c72 [term 0 FOLLOWER]: Consensus starting up: Expiring failure detector timer to make a prompt election more likely
I20260630 12:37:19.860988  5986 raft_consensus.cc:740] T 428854c67c7147eda3991ae46a6a4b5b P c3ee8451f7cb41ad8ddd7fa95d3b1c72 [term 0 FOLLOWER]: Becoming Follower/Learner. State: Replica: c3ee8451f7cb41ad8ddd7fa95d3b1c72, State: Initialized, Role: FOLLOWER
