I20260630 12:36:51.950882  9134 consensus_queue.cc:237] T 05c837183e50444ba8441a7975256668 P 21a280f940cc40609464e77e5860a0b0 [LEADER]: Queue going to LEADER mode. State: All replicated index: 0, Majority replicated index: 0, Committed index: 0, Last appended: 0.0, Last appended by leader: 0, Current term: 1, Majority size: 2, State: 0, Mode: LEADER, active raft config: opid_index: -1 OBSOLETE_local: false peers { permanent_uuid: "21a280f940cc40609464e77e5860a0b0" member_type: VOTER last_known_addr { host: "127.4.166.65" port: 35135 } } peers { permanent_uuid: "9e4c0c2dab984a808d49725f1c91930f" member_type: VOTER last_known_addr { host: "127.4.166.67" port: 37197 } } peers { permanent_uuid: "3262ef960a3c46cfa8e60681c791b51b" member_type: VOTER last_known_addr { host: "127.4.166.66" port: 43831 } }
I20260630 12:36:51.960071  8832 catalog_manager.cc:5697] T 05c837183e50444ba8441a7975256668 P 21a280f940cc40609464e77e5860a0b0 reported cstate change: term changed from 0 to 1, leader changed from <none> to 21a280f940cc40609464e77e5860a0b0 (127.4.166.65). New cstate: current_term: 1 leader_uuid: "21a280f940cc40609464e77e5860a0b0" committed_config { opid_index: -1 OBSOLETE_local: false peers { permanent_uuid: "21a280f940cc40609464e77e5860a0b0" member_type: VOTER last_known_addr { host: "127.4.166.65" port: 35135 } health_report { overall_health: HEALTHY } } peers { permanent_uuid: "9e4c0c2dab984a808d49725f1c91930f" member_type: VOTER last_known_addr { host: "127.4.166.67" port: 37197 } health_report { overall_health: UNKNOWN } } peers { permanent_uuid: "3262ef960a3c46cfa8e60681c791b51b" member_type: VOTER last_known_addr { host: "127.4.166.66" port: 43831 } health_report { overall_health: UNKNOWN } } }
I20260630 12:36:52.005580  8880 placement_policy_util.cc:411] tablet 05c837183e50444ba8441a7975256668: detected majority of replicas (2 of 3) at location L0
I20260630 12:36:52.007691  8885 auto_leader_rebalancer.cc:141] leader rebalance for table test-workload
I20260630 12:36:52.009258  8885 auto_leader_rebalancer.cc:440] table: test-workload, leader rebalance finish, leader transfer count: 0
I20260630 12:36:52.009652  8885 auto_leader_rebalancer.cc:515] All tables' leader rebalancing finished this round
I20260630 12:36:52.435256  9134 consensus_queue.cc:1048] T 05c837183e50444ba8441a7975256668 P 21a280f940cc40609464e77e5860a0b0 [LEADER]: Connected to new peer: Peer: permanent_uuid: "9e4c0c2dab984a808d49725f1c91930f" member_type: VOTER last_known_addr { host: "127.4.166.67" port: 37197 }, Status: LMP_MISMATCH, Last received: 0.0, Next index: 1, Last known committed idx: 0, Time since last communication: 0.000s
I20260630 12:36:52.449340  9145 consensus_queue.cc:1048] T 05c837183e50444ba8441a7975256668 P 21a280f940cc40609464e77e5860a0b0 [LEADER]: Connected to new peer: Peer: permanent_uuid: "3262ef960a3c46cfa8e60681c791b51b" member_type: VOTER last_known_addr { host: "127.4.166.66" port: 43831 }, Status: LMP_MISMATCH, Last received: 0.0, Next index: 1, Last known committed idx: 0, Time since last communication: 0.001s
I20260630 12:36:53.015060  8880 placement_policy_util.cc:411] tablet 05c837183e50444ba8441a7975256668: detected majority of replicas (2 of 3) at location L0
I20260630 12:36:54.010727  8885 auto_leader_rebalancer.cc:141] leader rebalance for table test-workload
I20260630 12:36:54.012192  8885 auto_leader_rebalancer.cc:440] table: test-workload, leader rebalance finish, leader transfer count: 0
I20260630 12:36:54.012512  8885 auto_leader_rebalancer.cc:515] All tables' leader rebalancing finished this round
I20260630 12:36:54.023748  8880 placement_policy_util.cc:411] tablet 05c837183e50444ba8441a7975256668: detected majority of replicas (2 of 3) at location L0
I20260630 12:36:55.032833  8880 placement_policy_util.cc:411] tablet 05c837183e50444ba8441a7975256668: detected majority of replicas (2 of 3) at location L0
I20260630 12:36:56.013478  8885 auto_leader_rebalancer.cc:141] leader rebalance for table test-workload
I20260630 12:36:56.015120  8885 auto_leader_rebalancer.cc:440] table: test-workload, leader rebalance finish, leader transfer count: 0
I20260630 12:36:56.015455  8885 auto_leader_rebalancer.cc:515] All tables' leader rebalancing finished this round
I20260630 12:36:56.043406  8880 placement_policy_util.cc:411] tablet 05c837183e50444ba8441a7975256668: detected majority of replicas (2 of 3) at location L0
I20260630 12:36:57.052431  8880 placement_policy_util.cc:411] tablet 05c837183e50444ba8441a7975256668: detected majority of replicas (2 of 3) at location L0
I20260630 12:36:58.016525  8885 auto_leader_rebalancer.cc:141] leader rebalance for table test-workload
I20260630 12:36:58.017925  8885 auto_leader_rebalancer.cc:440] table: test-workload, leader rebalance finish, leader transfer count: 0
I20260630 12:36:58.018181  8885 auto_leader_rebalancer.cc:515] All tables' leader rebalancing finished this round
I20260630 12:36:58.061795  8880 placement_policy_util.cc:411] tablet 05c837183e50444ba8441a7975256668: detected majority of replicas (2 of 3) at location L0
I20260630 12:36:59.071916  8880 placement_policy_util.cc:411] tablet 05c837183e50444ba8441a7975256668: detected majority of replicas (2 of 3) at location L0
I20260630 12:37:00.019424  8885 auto_leader_rebalancer.cc:141] leader rebalance for table test-workload
I20260630 12:37:00.020970  8885 auto_leader_rebalancer.cc:440] table: test-workload, leader rebalance finish, leader transfer count: 0
I20260630 12:37:00.021333  8885 auto_leader_rebalancer.cc:515] All tables' leader rebalancing finished this round
I20260630 12:37:00.081269  8880 placement_policy_util.cc:411] tablet 05c837183e50444ba8441a7975256668: detected majority of replicas (2 of 3) at location L0
I20260630 12:37:01.088266  8880 placement_policy_util.cc:411] tablet 05c837183e50444ba8441a7975256668: detected majority of replicas (2 of 3) at location L0
I20260630 12:37:02.022521  8885 auto_leader_rebalancer.cc:141] leader rebalance for table test-workload
I20260630 12:37:02.024108  8885 auto_leader_rebalancer.cc:440] table: test-workload, leader rebalance finish, leader transfer count: 0
I20260630 12:37:02.024470  8885 auto_leader_rebalancer.cc:515] All tables' leader rebalancing finished this round
I20260630 12:37:02.095252  8880 placement_policy_util.cc:411] tablet 05c837183e50444ba8441a7975256668: detected majority of replicas (2 of 3) at location L0
I20260630 12:37:03.102598  8880 placement_policy_util.cc:411] tablet 05c837183e50444ba8441a7975256668: detected majority of replicas (2 of 3) at location L0
I20260630 12:37:04.025640  8885 auto_leader_rebalancer.cc:141] leader rebalance for table test-workload
I20260630 12:37:04.027117  8885 auto_leader_rebalancer.cc:440] table: test-workload, leader rebalance finish, leader transfer count: 0
I20260630 12:37:04.027504  8885 auto_leader_rebalancer.cc:515] All tables' leader rebalancing finished this round
I20260630 12:37:04.092599  4761 tablet_server.cc:179] TabletServer@127.4.166.65:0 shutting down...
I20260630 12:37:04.111330  8880 placement_policy_util.cc:411] tablet 05c837183e50444ba8441a7975256668: detected majority of replicas (2 of 3) at location L0
I20260630 12:37:04.134023  4761 ts_tablet_manager.cc:1507] Shutting down tablet manager...
I20260630 12:37:04.135241  4761 tablet_replica.cc:333] T 05c837183e50444ba8441a7975256668 P 21a280f940cc40609464e77e5860a0b0: stopping tablet replica
I20260630 12:37:04.136227  4761 raft_consensus.cc:2243] T 05c837183e50444ba8441a7975256668 P 21a280f940cc40609464e77e5860a0b0 [term 1 LEADER]: Raft consensus shutting down.
I20260630 12:37:04.137583  4761 raft_consensus.cc:2272] T 05c837183e50444ba8441a7975256668 P 21a280f940cc40609464e77e5860a0b0 [term 1 FOLLOWER]: Raft consensus is shut down!
I20260630 12:37:04.162784  4761 tablet_server.cc:196] TabletServer@127.4.166.65:0 shutdown complete.
I20260630 12:37:04.179719  4761 tablet_server.cc:179] TabletServer@127.4.166.66:0 shutting down...
I20260630 12:37:04.207331  4761 ts_tablet_manager.cc:1507] Shutting down tablet manager...
I20260630 12:37:04.208390  4761 tablet_replica.cc:333] T 05c837183e50444ba8441a7975256668 P 3262ef960a3c46cfa8e60681c791b51b: stopping tablet replica
I20260630 12:37:04.209290  4761 raft_consensus.cc:2243] T 05c837183e50444ba8441a7975256668 P 3262ef960a3c46cfa8e60681c791b51b [term 1 FOLLOWER]: Raft consensus shutting down.
I20260630 12:37:04.209995  4761 raft_consensus.cc:2272] T 05c837183e50444ba8441a7975256668 P 3262ef960a3c46cfa8e60681c791b51b [term 1 FOLLOWER]: Raft consensus is shut down!
I20260630 12:37:04.232311  4761 tablet_server.cc:196] TabletServer@127.4.166.66:0 shutdown complete.
I20260630 12:37:04.246711  4761 tablet_server.cc:179] TabletServer@127.4.166.67:0 shutting down...
I20260630 12:37:04.270473  4761 ts_tablet_manager.cc:1507] Shutting down tablet manager...
I20260630 12:37:04.271214  4761 tablet_replica.cc:333] T 05c837183e50444ba8441a7975256668 P 9e4c0c2dab984a808d49725f1c91930f: stopping tablet replica
I20260630 12:37:04.271822  4761 raft_consensus.cc:2243] T 05c837183e50444ba8441a7975256668 P 9e4c0c2dab984a808d49725f1c91930f [term 1 FOLLOWER]: Raft consensus shutting down.
I20260630 12:37:04.272397  4761 raft_consensus.cc:2272] T 05c837183e50444ba8441a7975256668 P 9e4c0c2dab984a808d49725f1c91930f [term 1 FOLLOWER]: Raft consensus is shut down!
I20260630 12:37:04.292806  4761 tablet_server.cc:196] TabletServer@127.4.166.67:0 shutdown complete.
I20260630 12:37:04.309999  4761 master.cc:562] Master@127.4.166.126:39475 shutting down...
I20260630 12:37:04.330806  4761 raft_consensus.cc:2243] T 00000000000000000000000000000000 P 590a12110697469a95db49e3de54166d [term 1 LEADER]: Raft consensus shutting down.
I20260630 12:37:04.331624  4761 raft_consensus.cc:2272] T 00000000000000000000000000000000 P 590a12110697469a95db49e3de54166d [term 1 FOLLOWER]: Raft consensus is shut down!
I20260630 12:37:04.331926  4761 tablet_replica.cc:333] T 00000000000000000000000000000000 P 590a12110697469a95db49e3de54166d: stopping tablet replica
I20260630 12:37:04.352979  4761 master.cc:584] Master@127.4.166.126:39475 shutdown complete.
[       OK ] AutoRebalancerTest.NoReplicaMovesIfCannotFixPlacementPolicy (14560 ms)
[ RUN      ] AutoRebalancerTest.TestMaxMovesPerServer
I20260630 12:37:04.398694  4761 internal_mini_cluster.cc:156] Creating distributed mini masters. Addrs: 127.4.166.126:40837
I20260630 12:37:04.399991  4761 file_cache.cc:492] Constructed file cache file cache with capacity 419430
W20260630 12:37:04.405965  9154 instance_detector.cc:116] could not retrieve Azure instance metadata: Network error: curl error: HTTP response code said error: The requested URL returned error: 404
W20260630 12:37:04.406101  9153 instance_detector.cc:116] could not retrieve AWS instance metadata: Network error: curl error: HTTP response code said error: The requested URL returned error: 404
W20260630 12:37:04.406935  9156 instance_detector.cc:116] could not retrieve OpenStack instance metadata: Network error: curl error: HTTP response code said error: The requested URL returned error: 404
I20260630 12:37:04.408633  4761 server_base.cc:1061] running on GCE node
I20260630 12:37:04.409695  4761 hybrid_clock.cc:584] initializing the hybrid clock with 'system_unsync' time source
W20260630 12:37:04.409905  4761 system_unsync_time.cc:38] NTP support is disabled. Clock error bounds will not be accurate. This configuration is not suitable for distributed clusters.
I20260630 12:37:04.410058  4761 hybrid_clock.cc:648] HybridClock initialized: now 1782823024410041 us; error 0 us; skew 500 ppm
I20260630 12:37:04.410646  4761 server_base.cc:861] Flag tcmalloc_max_total_thread_cache_bytes is not working since tcmalloc is not enabled.
I20260630 12:37:04.413654  4761 webserver.cc:533] Webserver started at http://127.4.166.126:44803/ using document root <none> and password file <none>
I20260630 12:37:04.414178  4761 fs_manager.cc:362] Metadata directory not provided
I20260630 12:37:04.414400  4761 fs_manager.cc:368] Using write-ahead log directory (fs_wal_dir) as metadata directory
I20260630 12:37:04.414721  4761 server_base.cc:909] This appears to be a new deployment of Kudu; creating new FS layout
I20260630 12:37:04.416013  4761 fs_manager.cc:1068] Generated new instance metadata in path /tmp/dist-test-taskdthLK5/test-tmp/auto_rebalancer-test.0.AutoRebalancerTest.TestMaxMovesPerServer.1782822897795335-4761-0/minicluster-data/master-0-root/instance:
uuid: "62cc614b2fcc4e1dbb35cb7cf104fe46"
format_stamp: "Formatted at 2026-06-30 12:37:04 on dist-test-slave-69xz"
I20260630 12:37:04.420818  4761 fs_manager.cc:696] Time spent creating directory manager: real 0.004s	user 0.006s	sys 0.000s
I20260630 12:37:04.424417  9161 log_block_manager.cc:4031] Time spent loading block containers with low live blocks: real 0.000s	user 0.000s	sys 0.000s
I20260630 12:37:04.425213  4761 fs_manager.cc:730] Time spent opening block manager: real 0.002s	user 0.002s	sys 0.000s
I20260630 12:37:04.425509  4761 fs_manager.cc:647] Opened local filesystem: /tmp/dist-test-taskdthLK5/test-tmp/auto_rebalancer-test.0.AutoRebalancerTest.TestMaxMovesPerServer.1782822897795335-4761-0/minicluster-data/master-0-root
uuid: "62cc614b2fcc4e1dbb35cb7cf104fe46"
format_stamp: "Formatted at 2026-06-30 12:37:04 on dist-test-slave-69xz"
I20260630 12:37:04.425868  4761 fs_report.cc:389] FS layout report
--------------------
wal directory: /tmp/dist-test-taskdthLK5/test-tmp/auto_rebalancer-test.0.AutoRebalancerTest.TestMaxMovesPerServer.1782822897795335-4761-0/minicluster-data/master-0-root
metadata directory: /tmp/dist-test-taskdthLK5/test-tmp/auto_rebalancer-test.0.AutoRebalancerTest.TestMaxMovesPerServer.1782822897795335-4761-0/minicluster-data/master-0-root
1 data directories: /tmp/dist-test-taskdthLK5/test-tmp/auto_rebalancer-test.0.AutoRebalancerTest.TestMaxMovesPerServer.1782822897795335-4761-0/minicluster-data/master-0-root/data
Total live blocks: 0
Total live bytes: 0
Total live bytes (after alignment): 0
Total number of LBM containers: 0 (0 full)
Did not check for missing blocks
Did not check for orphaned blocks
Total full LBM containers with extra space: 0 (0 repaired)
Total full LBM container extra space in bytes: 0 (0 repaired)
Total incomplete LBM containers: 0 (0 repaired)
Total LBM partial records: 0 (0 repaired)
Total corrupted LBM metadata records in RocksDB: 0 (0 repaired)
I20260630 12:37:04.442291  4761 rpc_server.cc:225] running with OpenSSL 1.1.1  11 Sep 2018
I20260630 12:37:04.443688  4761 kserver.cc:163] Server-wide thread pool size limit: 3276
I20260630 12:37:04.487100  4761 rpc_server.cc:307] RPC server started. Bound to: 127.4.166.126:40837
I20260630 12:37:04.487223  9212 acceptor_pool.cc:272] collecting diagnostics on the listening RPC socket 127.4.166.126:40837 every 8 connection(s)
I20260630 12:37:04.491429  9213 data_dirs.cc:400] Could only allocate 1 dirs of requested 3 for tablet 00000000000000000000000000000000. 1 dirs total, 0 dirs full, 0 dirs failed
I20260630 12:37:04.504029  9213 tablet_bootstrap.cc:492] T 00000000000000000000000000000000 P 62cc614b2fcc4e1dbb35cb7cf104fe46: Bootstrap starting.
I20260630 12:37:04.509294  9213 tablet_bootstrap.cc:654] T 00000000000000000000000000000000 P 62cc614b2fcc4e1dbb35cb7cf104fe46: Neither blocks nor log segments found. Creating new log.
I20260630 12:37:04.513958  9213 tablet_bootstrap.cc:492] T 00000000000000000000000000000000 P 62cc614b2fcc4e1dbb35cb7cf104fe46: No bootstrap required, opened a new log
I20260630 12:37:04.516489  9213 raft_consensus.cc:359] T 00000000000000000000000000000000 P 62cc614b2fcc4e1dbb35cb7cf104fe46 [term 0 FOLLOWER]: Replica starting. Triggering 0 pending ops. Active config: opid_index: -1 OBSOLETE_local: true peers { permanent_uuid: "62cc614b2fcc4e1dbb35cb7cf104fe46" member_type: VOTER }
I20260630 12:37:04.516990  9213 raft_consensus.cc:385] T 00000000000000000000000000000000 P 62cc614b2fcc4e1dbb35cb7cf104fe46 [term 0 FOLLOWER]: Consensus starting up: Expiring failure detector timer to make a prompt election more likely
I20260630 12:37:04.517217  9213 raft_consensus.cc:740] T 00000000000000000000000000000000 P 62cc614b2fcc4e1dbb35cb7cf104fe46 [term 0 FOLLOWER]: Becoming Follower/Learner. State: Replica: 62cc614b2fcc4e1dbb35cb7cf104fe46, State: Initialized, Role: FOLLOWER
I20260630 12:37:04.517889  9213 consensus_queue.cc:260] T 00000000000000000000000000000000 P 62cc614b2fcc4e1dbb35cb7cf104fe46 [NON_LEADER]: Queue going to NON_LEADER mode. State: All replicated index: 0, Majority replicated index: 0, Committed index: 0, Last appended: 0.0, Last appended by leader: 0, Current term: 0, Majority size: -1, State: 0, Mode: NON_LEADER, active raft config: opid_index: -1 OBSOLETE_local: true peers { permanent_uuid: "62cc614b2fcc4e1dbb35cb7cf104fe46" member_type: VOTER }
I20260630 12:37:04.518374  9213 raft_consensus.cc:399] T 00000000000000000000000000000000 P 62cc614b2fcc4e1dbb35cb7cf104fe46 [term 0 FOLLOWER]: Only one voter in the Raft config. Triggering election immediately
I20260630 12:37:04.518600  9213 raft_consensus.cc:493] T 00000000000000000000000000000000 P 62cc614b2fcc4e1dbb35cb7cf104fe46 [term 0 FOLLOWER]: Starting leader election (initial election of a single-replica configuration)
I20260630 12:37:04.518924  9213 raft_consensus.cc:3060] T 00000000000000000000000000000000 P 62cc614b2fcc4e1dbb35cb7cf104fe46 [term 0 FOLLOWER]: Advancing to term 1
I20260630 12:37:04.524266  9213 raft_consensus.cc:515] T 00000000000000000000000000000000 P 62cc614b2fcc4e1dbb35cb7cf104fe46 [term 1 FOLLOWER]: Starting leader election with config: opid_index: -1 OBSOLETE_local: true peers { permanent_uuid: "62cc614b2fcc4e1dbb35cb7cf104fe46" member_type: VOTER }
I20260630 12:37:04.524850  9213 leader_election.cc:304] T 00000000000000000000000000000000 P 62cc614b2fcc4e1dbb35cb7cf104fe46 [CANDIDATE]: Term 1 election: Election decided. Result: candidate won. Election summary: received 1 responses out of 1 voters: 1 yes votes; 0 no votes. yes voters: 62cc614b2fcc4e1dbb35cb7cf104fe46; no voters: 
I20260630 12:37:04.526081  9213 leader_election.cc:290] T 00000000000000000000000000000000 P 62cc614b2fcc4e1dbb35cb7cf104fe46 [CANDIDATE]: Term 1 election: Requested vote from peers 
I20260630 12:37:04.526449  9216 raft_consensus.cc:2804] T 00000000000000000000000000000000 P 62cc614b2fcc4e1dbb35cb7cf104fe46 [term 1 FOLLOWER]: Leader election won for term 1
I20260630 12:37:04.527868  9216 raft_consensus.cc:697] T 00000000000000000000000000000000 P 62cc614b2fcc4e1dbb35cb7cf104fe46 [term 1 LEADER]: Becoming Leader. State: Replica: 62cc614b2fcc4e1dbb35cb7cf104fe46, State: Running, Role: LEADER
I20260630 12:37:04.528607  9216 consensus_queue.cc:237] T 00000000000000000000000000000000 P 62cc614b2fcc4e1dbb35cb7cf104fe46 [LEADER]: Queue going to LEADER mode. State: All replicated index: 0, Majority replicated index: 0, Committed index: 0, Last appended: 0.0, Last appended by leader: 0, Current term: 1, Majority size: 1, State: 0, Mode: LEADER, active raft config: opid_index: -1 OBSOLETE_local: true peers { permanent_uuid: "62cc614b2fcc4e1dbb35cb7cf104fe46" member_type: VOTER }
I20260630 12:37:04.529685  9213 sys_catalog.cc:565] T 00000000000000000000000000000000 P 62cc614b2fcc4e1dbb35cb7cf104fe46 [sys.catalog]: configured and running, proceeding with master startup.
I20260630 12:37:04.531961  9217 sys_catalog.cc:455] T 00000000000000000000000000000000 P 62cc614b2fcc4e1dbb35cb7cf104fe46 [sys.catalog]: SysCatalogTable state changed. Reason: RaftConsensus started. Latest consensus state: current_term: 1 leader_uuid: "62cc614b2fcc4e1dbb35cb7cf104fe46" committed_config { opid_index: -1 OBSOLETE_local: true peers { permanent_uuid: "62cc614b2fcc4e1dbb35cb7cf104fe46" member_type: VOTER } }
I20260630 12:37:04.531884  9218 sys_catalog.cc:455] T 00000000000000000000000000000000 P 62cc614b2fcc4e1dbb35cb7cf104fe46 [sys.catalog]: SysCatalogTable state changed. Reason: New leader 62cc614b2fcc4e1dbb35cb7cf104fe46. Latest consensus state: current_term: 1 leader_uuid: "62cc614b2fcc4e1dbb35cb7cf104fe46" committed_config { opid_index: -1 OBSOLETE_local: true peers { permanent_uuid: "62cc614b2fcc4e1dbb35cb7cf104fe46" member_type: VOTER } }
I20260630 12:37:04.532621  9217 sys_catalog.cc:458] T 00000000000000000000000000000000 P 62cc614b2fcc4e1dbb35cb7cf104fe46 [sys.catalog]: This master's current role is: LEADER
I20260630 12:37:04.532707  9218 sys_catalog.cc:458] T 00000000000000000000000000000000 P 62cc614b2fcc4e1dbb35cb7cf104fe46 [sys.catalog]: This master's current role is: LEADER
I20260630 12:37:04.537416  9221 catalog_manager.cc:1511] Loading table and tablet metadata into memory...
I20260630 12:37:04.543620  9221 catalog_manager.cc:1520] Initializing Kudu cluster ID...
I20260630 12:37:04.545311  4761 internal_mini_cluster.cc:184] Waiting to initialize catalog manager on master 0
I20260630 12:37:04.553829  9221 catalog_manager.cc:1383] Generated new cluster ID: 712d732f61974399b8ed81af39590375
I20260630 12:37:04.554127  9221 catalog_manager.cc:1531] Initializing Kudu internal certificate authority...
I20260630 12:37:04.571902  9221 catalog_manager.cc:1406] Generated new certificate authority record
I20260630 12:37:04.573267  9221 catalog_manager.cc:1540] Loading token signing keys...
I20260630 12:37:04.595695  9221 catalog_manager.cc:6070] T 00000000000000000000000000000000 P 62cc614b2fcc4e1dbb35cb7cf104fe46: Generated new TSK 0
I20260630 12:37:04.596429  9221 catalog_manager.cc:1550] Initializing in-progress tserver states...
I20260630 12:37:04.612329  4761 file_cache.cc:492] Constructed file cache file cache with capacity 419430
W20260630 12:37:04.618768  9234 instance_detector.cc:116] could not retrieve AWS instance metadata: Network error: curl error: HTTP response code said error: The requested URL returned error: 404
W20260630 12:37:04.619971  9235 instance_detector.cc:116] could not retrieve Azure instance metadata: Network error: curl error: HTTP response code said error: The requested URL returned error: 404
W20260630 12:37:04.621836  9237 instance_detector.cc:116] could not retrieve OpenStack instance metadata: Network error: curl error: HTTP response code said error: The requested URL returned error: 404
I20260630 12:37:04.623317  4761 server_base.cc:1061] running on GCE node
I20260630 12:37:04.624296  4761 hybrid_clock.cc:584] initializing the hybrid clock with 'system_unsync' time source
W20260630 12:37:04.624478  4761 system_unsync_time.cc:38] NTP support is disabled. Clock error bounds will not be accurate. This configuration is not suitable for distributed clusters.
I20260630 12:37:04.624709  4761 hybrid_clock.cc:648] HybridClock initialized: now 1782823024624688 us; error 0 us; skew 500 ppm
I20260630 12:37:04.625262  4761 server_base.cc:861] Flag tcmalloc_max_total_thread_cache_bytes is not working since tcmalloc is not enabled.
I20260630 12:37:04.627697  4761 webserver.cc:533] Webserver started at http://127.4.166.65:32783/ using document root <none> and password file <none>
I20260630 12:37:04.628248  4761 fs_manager.cc:362] Metadata directory not provided
I20260630 12:37:04.628449  4761 fs_manager.cc:368] Using write-ahead log directory (fs_wal_dir) as metadata directory
I20260630 12:37:04.628739  4761 server_base.cc:909] This appears to be a new deployment of Kudu; creating new FS layout
I20260630 12:37:04.629994  4761 fs_manager.cc:1068] Generated new instance metadata in path /tmp/dist-test-taskdthLK5/test-tmp/auto_rebalancer-test.0.AutoRebalancerTest.TestMaxMovesPerServer.1782822897795335-4761-0/minicluster-data/ts-0-root/instance:
uuid: "c3c7cd1c756d4cf297af64a34d97a727"
format_stamp: "Formatted at 2026-06-30 12:37:04 on dist-test-slave-69xz"
I20260630 12:37:04.634776  4761 fs_manager.cc:696] Time spent creating directory manager: real 0.004s	user 0.004s	sys 0.000s
I20260630 12:37:04.638139  9242 log_block_manager.cc:4031] Time spent loading block containers with low live blocks: real 0.000s	user 0.000s	sys 0.000s
I20260630 12:37:04.639047  4761 fs_manager.cc:730] Time spent opening block manager: real 0.002s	user 0.002s	sys 0.002s
I20260630 12:37:04.639335  4761 fs_manager.cc:647] Opened local filesystem: /tmp/dist-test-taskdthLK5/test-tmp/auto_rebalancer-test.0.AutoRebalancerTest.TestMaxMovesPerServer.1782822897795335-4761-0/minicluster-data/ts-0-root
uuid: "c3c7cd1c756d4cf297af64a34d97a727"
format_stamp: "Formatted at 2026-06-30 12:37:04 on dist-test-slave-69xz"
I20260630 12:37:04.639642  4761 fs_report.cc:389] FS layout report
--------------------
wal directory: /tmp/dist-test-taskdthLK5/test-tmp/auto_rebalancer-test.0.AutoRebalancerTest.TestMaxMovesPerServer.1782822897795335-4761-0/minicluster-data/ts-0-root
metadata directory: /tmp/dist-test-taskdthLK5/test-tmp/auto_rebalancer-test.0.AutoRebalancerTest.TestMaxMovesPerServer.1782822897795335-4761-0/minicluster-data/ts-0-root
1 data directories: /tmp/dist-test-taskdthLK5/test-tmp/auto_rebalancer-test.0.AutoRebalancerTest.TestMaxMovesPerServer.1782822897795335-4761-0/minicluster-data/ts-0-root/data
Total live blocks: 0
Total live bytes: 0
Total live bytes (after alignment): 0
Total number of LBM containers: 0 (0 full)
Did not check for missing blocks
Did not check for orphaned blocks
Total full LBM containers with extra space: 0 (0 repaired)
Total full LBM container extra space in bytes: 0 (0 repaired)
Total incomplete LBM containers: 0 (0 repaired)
Total LBM partial records: 0 (0 repaired)
Total corrupted LBM metadata records in RocksDB: 0 (0 repaired)
I20260630 12:37:04.653396  4761 rpc_server.cc:225] running with OpenSSL 1.1.1  11 Sep 2018
I20260630 12:37:04.654817  4761 kserver.cc:163] Server-wide thread pool size limit: 3276
I20260630 12:37:04.656427  4761 txn_system_client.cc:432] TxnSystemClient initialization is disabled...
I20260630 12:37:04.658987  4761 ts_tablet_manager.cc:585] Loaded tablet metadata (0 total tablets, 0 live tablets)
I20260630 12:37:04.659222  4761 ts_tablet_manager.cc:531] Time spent load tablet metadata: real 0.000s	user 0.000s	sys 0.000s
I20260630 12:37:04.659554  4761 ts_tablet_manager.cc:616] Registered 0 tablets
I20260630 12:37:04.659807  4761 ts_tablet_manager.cc:595] Time spent register tablets: real 0.000s	user 0.000s	sys 0.000s
I20260630 12:37:04.704991  4761 rpc_server.cc:307] RPC server started. Bound to: 127.4.166.65:40985
I20260630 12:37:04.705118  9304 acceptor_pool.cc:272] collecting diagnostics on the listening RPC socket 127.4.166.65:40985 every 8 connection(s)
I20260630 12:37:04.710742  4761 file_cache.cc:492] Constructed file cache file cache with capacity 419430
W20260630 12:37:04.719496  9309 instance_detector.cc:116] could not retrieve AWS instance metadata: Network error: curl error: HTTP response code said error: The requested URL returned error: 404
W20260630 12:37:04.721571  9310 instance_detector.cc:116] could not retrieve Azure instance metadata: Network error: curl error: HTTP response code said error: The requested URL returned error: 404
W20260630 12:37:04.724370  9312 instance_detector.cc:116] could not retrieve OpenStack instance metadata: Network error: curl error: HTTP response code said error: The requested URL returned error: 404
I20260630 12:37:04.725204  4761 server_base.cc:1061] running on GCE node
I20260630 12:37:04.726272  4761 hybrid_clock.cc:584] initializing the hybrid clock with 'system_unsync' time source
W20260630 12:37:04.726498  4761 system_unsync_time.cc:38] NTP support is disabled. Clock error bounds will not be accurate. This configuration is not suitable for distributed clusters.
I20260630 12:37:04.726732  4761 hybrid_clock.cc:648] HybridClock initialized: now 1782823024726710 us; error 0 us; skew 500 ppm
I20260630 12:37:04.727360  4761 server_base.cc:861] Flag tcmalloc_max_total_thread_cache_bytes is not working since tcmalloc is not enabled.
I20260630 12:37:04.730736  4761 webserver.cc:533] Webserver started at http://127.4.166.66:37175/ using document root <none> and password file <none>
I20260630 12:37:04.731331  4761 fs_manager.cc:362] Metadata directory not provided
I20260630 12:37:04.731568  4761 fs_manager.cc:368] Using write-ahead log directory (fs_wal_dir) as metadata directory
I20260630 12:37:04.731877  9305 heartbeater.cc:344] Connected to a master server at 127.4.166.126:40837
I20260630 12:37:04.731987  4761 server_base.cc:909] This appears to be a new deployment of Kudu; creating new FS layout
I20260630 12:37:04.732229  9305 heartbeater.cc:461] Registering TS with master...
I20260630 12:37:04.732967  9305 heartbeater.cc:507] Master 127.4.166.126:40837 requested a full tablet report, sending...
I20260630 12:37:04.733680  4761 fs_manager.cc:1068] Generated new instance metadata in path /tmp/dist-test-taskdthLK5/test-tmp/auto_rebalancer-test.0.AutoRebalancerTest.TestMaxMovesPerServer.1782822897795335-4761-0/minicluster-data/ts-1-root/instance:
uuid: "a1eb9d3acb214ed0a55b1faedd564c50"
format_stamp: "Formatted at 2026-06-30 12:37:04 on dist-test-slave-69xz"
I20260630 12:37:04.735252  9178 ts_manager.cc:194] Registered new tserver with Master: c3c7cd1c756d4cf297af64a34d97a727 (127.4.166.65:40985)
I20260630 12:37:04.737182  9178 master_service.cc:502] Signed X509 certificate for tserver {username='slave'} at 127.0.0.1:49140
I20260630 12:37:04.739387  4761 fs_manager.cc:696] Time spent creating directory manager: real 0.005s	user 0.005s	sys 0.000s
I20260630 12:37:04.743827  9317 log_block_manager.cc:4031] Time spent loading block containers with low live blocks: real 0.000s	user 0.000s	sys 0.000s
I20260630 12:37:04.744706  4761 fs_manager.cc:730] Time spent opening block manager: real 0.003s	user 0.002s	sys 0.000s
I20260630 12:37:04.745023  4761 fs_manager.cc:647] Opened local filesystem: /tmp/dist-test-taskdthLK5/test-tmp/auto_rebalancer-test.0.AutoRebalancerTest.TestMaxMovesPerServer.1782822897795335-4761-0/minicluster-data/ts-1-root
uuid: "a1eb9d3acb214ed0a55b1faedd564c50"
format_stamp: "Formatted at 2026-06-30 12:37:04 on dist-test-slave-69xz"
I20260630 12:37:04.745328  4761 fs_report.cc:389] FS layout report
--------------------
wal directory: /tmp/dist-test-taskdthLK5/test-tmp/auto_rebalancer-test.0.AutoRebalancerTest.TestMaxMovesPerServer.1782822897795335-4761-0/minicluster-data/ts-1-root
metadata directory: /tmp/dist-test-taskdthLK5/test-tmp/auto_rebalancer-test.0.AutoRebalancerTest.TestMaxMovesPerServer.1782822897795335-4761-0/minicluster-data/ts-1-root
1 data directories: /tmp/dist-test-taskdthLK5/test-tmp/auto_rebalancer-test.0.AutoRebalancerTest.TestMaxMovesPerServer.1782822897795335-4761-0/minicluster-data/ts-1-root/data
Total live blocks: 0
Total live bytes: 0
Total live bytes (after alignment): 0
Total number of LBM containers: 0 (0 full)
Did not check for missing blocks
Did not check for orphaned blocks
Total full LBM containers with extra space: 0 (0 repaired)
Total full LBM container extra space in bytes: 0 (0 repaired)
Total incomplete LBM containers: 0 (0 repaired)
Total LBM partial records: 0 (0 repaired)
Total corrupted LBM metadata records in RocksDB: 0 (0 repaired)
I20260630 12:37:04.757232  4761 rpc_server.cc:225] running with OpenSSL 1.1.1  11 Sep 2018
I20260630 12:37:04.758574  4761 kserver.cc:163] Server-wide thread pool size limit: 3276
I20260630 12:37:04.760128  4761 txn_system_client.cc:432] TxnSystemClient initialization is disabled...
I20260630 12:37:04.762486  4761 ts_tablet_manager.cc:585] Loaded tablet metadata (0 total tablets, 0 live tablets)
I20260630 12:37:04.762665  4761 ts_tablet_manager.cc:531] Time spent load tablet metadata: real 0.000s	user 0.000s	sys 0.000s
I20260630 12:37:04.762974  4761 ts_tablet_manager.cc:616] Registered 0 tablets
I20260630 12:37:04.763139  4761 ts_tablet_manager.cc:595] Time spent register tablets: real 0.000s	user 0.000s	sys 0.000s
I20260630 12:37:04.807946  4761 rpc_server.cc:307] RPC server started. Bound to: 127.4.166.66:43527
I20260630 12:37:04.808061  9379 acceptor_pool.cc:272] collecting diagnostics on the listening RPC socket 127.4.166.66:43527 every 8 connection(s)
I20260630 12:37:04.813310  4761 file_cache.cc:492] Constructed file cache file cache with capacity 419430
W20260630 12:37:04.820317  9383 instance_detector.cc:116] could not retrieve AWS instance metadata: Network error: curl error: HTTP response code said error: The requested URL returned error: 404
W20260630 12:37:04.821491  9384 instance_detector.cc:116] could not retrieve Azure instance metadata: Network error: curl error: HTTP response code said error: The requested URL returned error: 404
W20260630 12:37:04.824318  9386 instance_detector.cc:116] could not retrieve OpenStack instance metadata: Network error: curl error: HTTP response code said error: The requested URL returned error: 404
I20260630 12:37:04.824613  4761 server_base.cc:1061] running on GCE node
I20260630 12:37:04.825774  4761 hybrid_clock.cc:584] initializing the hybrid clock with 'system_unsync' time source
W20260630 12:37:04.826103  4761 system_unsync_time.cc:38] NTP support is disabled. Clock error bounds will not be accurate. This configuration is not suitable for distributed clusters.
I20260630 12:37:04.826334  9380 heartbeater.cc:344] Connected to a master server at 127.4.166.126:40837
I20260630 12:37:04.826335  4761 hybrid_clock.cc:648] HybridClock initialized: now 1782823024826310 us; error 0 us; skew 500 ppm
I20260630 12:37:04.826887  9380 heartbeater.cc:461] Registering TS with master...
I20260630 12:37:04.827251  4761 server_base.cc:861] Flag tcmalloc_max_total_thread_cache_bytes is not working since tcmalloc is not enabled.
I20260630 12:37:04.827790  9380 heartbeater.cc:507] Master 127.4.166.126:40837 requested a full tablet report, sending...
I20260630 12:37:04.830073  9178 ts_manager.cc:194] Registered new tserver with Master: a1eb9d3acb214ed0a55b1faedd564c50 (127.4.166.66:43527)
I20260630 12:37:04.830948  4761 webserver.cc:533] Webserver started at http://127.4.166.67:44055/ using document root <none> and password file <none>
I20260630 12:37:04.831491  4761 fs_manager.cc:362] Metadata directory not provided
I20260630 12:37:04.831692  4761 fs_manager.cc:368] Using write-ahead log directory (fs_wal_dir) as metadata directory
I20260630 12:37:04.831857  9178 master_service.cc:502] Signed X509 certificate for tserver {username='slave'} at 127.0.0.1:49146
I20260630 12:37:04.831998  4761 server_base.cc:909] This appears to be a new deployment of Kudu; creating new FS layout
I20260630 12:37:04.833573  4761 fs_manager.cc:1068] Generated new instance metadata in path /tmp/dist-test-taskdthLK5/test-tmp/auto_rebalancer-test.0.AutoRebalancerTest.TestMaxMovesPerServer.1782822897795335-4761-0/minicluster-data/ts-2-root/instance:
uuid: "56933ac0615244fb9b56bcfd80829d36"
format_stamp: "Formatted at 2026-06-30 12:37:04 on dist-test-slave-69xz"
I20260630 12:37:04.838362  4761 fs_manager.cc:696] Time spent creating directory manager: real 0.004s	user 0.004s	sys 0.000s
I20260630 12:37:04.842255  9391 log_block_manager.cc:4031] Time spent loading block containers with low live blocks: real 0.000s	user 0.000s	sys 0.000s
I20260630 12:37:04.843132  4761 fs_manager.cc:730] Time spent opening block manager: real 0.003s	user 0.002s	sys 0.002s
I20260630 12:37:04.843458  4761 fs_manager.cc:647] Opened local filesystem: /tmp/dist-test-taskdthLK5/test-tmp/auto_rebalancer-test.0.AutoRebalancerTest.TestMaxMovesPerServer.1782822897795335-4761-0/minicluster-data/ts-2-root
uuid: "56933ac0615244fb9b56bcfd80829d36"
format_stamp: "Formatted at 2026-06-30 12:37:04 on dist-test-slave-69xz"
I20260630 12:37:04.843784  4761 fs_report.cc:389] FS layout report
--------------------
wal directory: /tmp/dist-test-taskdthLK5/test-tmp/auto_rebalancer-test.0.AutoRebalancerTest.TestMaxMovesPerServer.1782822897795335-4761-0/minicluster-data/ts-2-root
metadata directory: /tmp/dist-test-taskdthLK5/test-tmp/auto_rebalancer-test.0.AutoRebalancerTest.TestMaxMovesPerServer.1782822897795335-4761-0/minicluster-data/ts-2-root
1 data directories: /tmp/dist-test-taskdthLK5/test-tmp/auto_rebalancer-test.0.AutoRebalancerTest.TestMaxMovesPerServer.1782822897795335-4761-0/minicluster-data/ts-2-root/data
Total live blocks: 0
Total live bytes: 0
Total live bytes (after alignment): 0
Total number of LBM containers: 0 (0 full)
Did not check for missing blocks
Did not check for orphaned blocks
Total full LBM containers with extra space: 0 (0 repaired)
Total full LBM container extra space in bytes: 0 (0 repaired)
Total incomplete LBM containers: 0 (0 repaired)
Total LBM partial records: 0 (0 repaired)
Total corrupted LBM metadata records in RocksDB: 0 (0 repaired)
I20260630 12:37:04.869277  4761 rpc_server.cc:225] running with OpenSSL 1.1.1  11 Sep 2018
I20260630 12:37:04.871281  4761 kserver.cc:163] Server-wide thread pool size limit: 3276
I20260630 12:37:04.873615  4761 txn_system_client.cc:432] TxnSystemClient initialization is disabled...
I20260630 12:37:04.876629  4761 ts_tablet_manager.cc:585] Loaded tablet metadata (0 total tablets, 0 live tablets)
I20260630 12:37:04.876942  4761 ts_tablet_manager.cc:531] Time spent load tablet metadata: real 0.000s	user 0.000s	sys 0.000s
I20260630 12:37:04.877277  4761 ts_tablet_manager.cc:616] Registered 0 tablets
I20260630 12:37:04.877542  4761 ts_tablet_manager.cc:595] Time spent register tablets: real 0.000s	user 0.000s	sys 0.000s
I20260630 12:37:04.924736  4761 rpc_server.cc:307] RPC server started. Bound to: 127.4.166.67:44049
I20260630 12:37:04.924829  9453 acceptor_pool.cc:272] collecting diagnostics on the listening RPC socket 127.4.166.67:44049 every 8 connection(s)
I20260630 12:37:04.939942  9454 heartbeater.cc:344] Connected to a master server at 127.4.166.126:40837
I20260630 12:37:04.940414  9454 heartbeater.cc:461] Registering TS with master...
I20260630 12:37:04.941313  9454 heartbeater.cc:507] Master 127.4.166.126:40837 requested a full tablet report, sending...
I20260630 12:37:04.943585  9178 ts_manager.cc:194] Registered new tserver with Master: 56933ac0615244fb9b56bcfd80829d36 (127.4.166.67:44049)
I20260630 12:37:04.944113  4761 internal_mini_cluster.cc:371] 3 TS(s) registered with all masters after 0.015733464s
I20260630 12:37:04.945503  9178 master_service.cc:502] Signed X509 certificate for tserver {username='slave'} at 127.0.0.1:49158
I20260630 12:37:05.740626  9305 heartbeater.cc:499] Master 127.4.166.126:40837 was elected leader, sending a full tablet report...
I20260630 12:37:05.834573  9380 heartbeater.cc:499] Master 127.4.166.126:40837 was elected leader, sending a full tablet report...
I20260630 12:37:05.948508  9454 heartbeater.cc:499] Master 127.4.166.126:40837 was elected leader, sending a full tablet report...
I20260630 12:37:06.006392  9178 catalog_manager.cc:2283] Servicing CreateTable request from {username='slave'} at 127.0.0.1:49172:
name: "test-workload"
schema {
  columns {
    name: "key"
    type: INT32
    is_key: true
    is_nullable: false
    encoding: AUTO_ENCODING
    compression: DEFAULT_COMPRESSION
    cfile_block_size: 0
    immutable: false
  }
  columns {
    name: "int_val"
    type: INT32
    is_key: false
    is_nullable: false
    encoding: AUTO_ENCODING
    compression: DEFAULT_COMPRESSION
    cfile_block_size: 0
    immutable: false
  }
  columns {
    name: "string_val"
    type: STRING
    is_key: false
    is_nullable: true
    encoding: AUTO_ENCODING
    compression: DEFAULT_COMPRESSION
    cfile_block_size: 0
    immutable: false
  }
}
num_replicas: 3
split_rows_range_bounds {
  rows: "\004\001\000\252\252\252\n\004\001\000TUU\025\004\001\000\376\377\377\037\004\001\000\250\252\252*\004\001\000RUU5\004\001\000\374\377\377?\004\001\000\246\252\252J\004\001\000PUUU\004\001\000\372\377\377_\004\001\000\244\252\252j\004\001\000NUUu""\004\001\000\252\252\252\n\004\001\000TUU\025\004\001\000\376\377\377\037\004\001\000\250\252\252*\004\001\000RUU5\004\001\000\374\377\377?\004\001\000\246\252\252J\004\001\000PUUU\004\001\000\372\377\377_\004\001\000\244\252\252j\004\001\000NUUu"
  indirect_data: """"
}
partition_schema {
  range_schema {
    columns {
      name: "key"
    }
  }
}
W20260630 12:37:06.009764  9178 catalog_manager.cc:7077] The number of live tablet servers is not enough to re-replicate a tablet replica of the newly created table test-workload in case of a server failure: 4 tablet servers would be needed, 3 are available. Consider bringing up more tablet servers.
I20260630 12:37:06.092298  9345 tablet_service.cc:1511] Processing CreateTablet for tablet 3ad45bb4c927486aa1fcde4ec1d197e3 (DEFAULT_TABLE table=test-workload [id=e96e2d1e394c4717ad5fd37f1822e45b]), partition=RANGE (key) PARTITION VALUES < 178956970
I20260630 12:37:06.093681  9344 tablet_service.cc:1511] Processing CreateTablet for tablet 58701e0728cc462e904994595ff5566e (DEFAULT_TABLE table=test-workload [id=e96e2d1e394c4717ad5fd37f1822e45b]), partition=RANGE (key) PARTITION 178956970 <= VALUES < 357913940
I20260630 12:37:06.094341  9345 data_dirs.cc:400] Could only allocate 1 dirs of requested 3 for tablet 3ad45bb4c927486aa1fcde4ec1d197e3. 1 dirs total, 0 dirs full, 0 dirs failed
I20260630 12:37:06.095248  9344 data_dirs.cc:400] Could only allocate 1 dirs of requested 3 for tablet 58701e0728cc462e904994595ff5566e. 1 dirs total, 0 dirs full, 0 dirs failed
I20260630 12:37:06.104280  9343 tablet_service.cc:1511] Processing CreateTablet for tablet 9934194a1d024b14b3bd3a92f50664eb (DEFAULT_TABLE table=test-workload [id=e96e2d1e394c4717ad5fd37f1822e45b]), partition=RANGE (key) PARTITION 357913940 <= VALUES < 536870910
I20260630 12:37:06.106735  9342 tablet_service.cc:1511] Processing CreateTablet for tablet 633ce203995e475390bdf3d056330653 (DEFAULT_TABLE table=test-workload [id=e96e2d1e394c4717ad5fd37f1822e45b]), partition=RANGE (key) PARTITION 536870910 <= VALUES < 715827880
I20260630 12:37:06.108240  9342 data_dirs.cc:400] Could only allocate 1 dirs of requested 3 for tablet 633ce203995e475390bdf3d056330653. 1 dirs total, 0 dirs full, 0 dirs failed
I20260630 12:37:06.110602  9270 tablet_service.cc:1511] Processing CreateTablet for tablet 3ad45bb4c927486aa1fcde4ec1d197e3 (DEFAULT_TABLE table=test-workload [id=e96e2d1e394c4717ad5fd37f1822e45b]), partition=RANGE (key) PARTITION VALUES < 178956970
I20260630 12:37:06.111385  9341 tablet_service.cc:1511] Processing CreateTablet for tablet 36e7fc53cbd3442bb889c7a3e2187f21 (DEFAULT_TABLE table=test-workload [id=e96e2d1e394c4717ad5fd37f1822e45b]), partition=RANGE (key) PARTITION 715827880 <= VALUES < 894784850
I20260630 12:37:06.112043  9270 data_dirs.cc:400] Could only allocate 1 dirs of requested 3 for tablet 3ad45bb4c927486aa1fcde4ec1d197e3. 1 dirs total, 0 dirs full, 0 dirs failed
I20260630 12:37:06.112874  9341 data_dirs.cc:400] Could only allocate 1 dirs of requested 3 for tablet 36e7fc53cbd3442bb889c7a3e2187f21. 1 dirs total, 0 dirs full, 0 dirs failed
I20260630 12:37:06.113397  9419 tablet_service.cc:1511] Processing CreateTablet for tablet 3ad45bb4c927486aa1fcde4ec1d197e3 (DEFAULT_TABLE table=test-workload [id=e96e2d1e394c4717ad5fd37f1822e45b]), partition=RANGE (key) PARTITION VALUES < 178956970
I20260630 12:37:06.114041  9343 data_dirs.cc:400] Could only allocate 1 dirs of requested 3 for tablet 9934194a1d024b14b3bd3a92f50664eb. 1 dirs total, 0 dirs full, 0 dirs failed
I20260630 12:37:06.114742  9419 data_dirs.cc:400] Could only allocate 1 dirs of requested 3 for tablet 3ad45bb4c927486aa1fcde4ec1d197e3. 1 dirs total, 0 dirs full, 0 dirs failed
I20260630 12:37:06.117883  9418 tablet_service.cc:1511] Processing CreateTablet for tablet 58701e0728cc462e904994595ff5566e (DEFAULT_TABLE table=test-workload [id=e96e2d1e394c4717ad5fd37f1822e45b]), partition=RANGE (key) PARTITION 178956970 <= VALUES < 357913940
I20260630 12:37:06.119251  9418 data_dirs.cc:400] Could only allocate 1 dirs of requested 3 for tablet 58701e0728cc462e904994595ff5566e. 1 dirs total, 0 dirs full, 0 dirs failed
I20260630 12:37:06.119349  9269 tablet_service.cc:1511] Processing CreateTablet for tablet 58701e0728cc462e904994595ff5566e (DEFAULT_TABLE table=test-workload [id=e96e2d1e394c4717ad5fd37f1822e45b]), partition=RANGE (key) PARTITION 178956970 <= VALUES < 357913940
I20260630 12:37:06.122794  9417 tablet_service.cc:1511] Processing CreateTablet for tablet 9934194a1d024b14b3bd3a92f50664eb (DEFAULT_TABLE table=test-workload [id=e96e2d1e394c4717ad5fd37f1822e45b]), partition=RANGE (key) PARTITION 357913940 <= VALUES < 536870910
I20260630 12:37:06.124230  9417 data_dirs.cc:400] Could only allocate 1 dirs of requested 3 for tablet 9934194a1d024b14b3bd3a92f50664eb. 1 dirs total, 0 dirs full, 0 dirs failed
I20260630 12:37:06.127341  9416 tablet_service.cc:1511] Processing CreateTablet for tablet 633ce203995e475390bdf3d056330653 (DEFAULT_TABLE table=test-workload [id=e96e2d1e394c4717ad5fd37f1822e45b]), partition=RANGE (key) PARTITION 536870910 <= VALUES < 715827880
I20260630 12:37:06.129233  9416 data_dirs.cc:400] Could only allocate 1 dirs of requested 3 for tablet 633ce203995e475390bdf3d056330653. 1 dirs total, 0 dirs full, 0 dirs failed
I20260630 12:37:06.129731  9269 data_dirs.cc:400] Could only allocate 1 dirs of requested 3 for tablet 58701e0728cc462e904994595ff5566e. 1 dirs total, 0 dirs full, 0 dirs failed
I20260630 12:37:06.131229  9415 tablet_service.cc:1511] Processing CreateTablet for tablet 36e7fc53cbd3442bb889c7a3e2187f21 (DEFAULT_TABLE table=test-workload [id=e96e2d1e394c4717ad5fd37f1822e45b]), partition=RANGE (key) PARTITION 715827880 <= VALUES < 894784850
I20260630 12:37:06.139256  9415 data_dirs.cc:400] Could only allocate 1 dirs of requested 3 for tablet 36e7fc53cbd3442bb889c7a3e2187f21. 1 dirs total, 0 dirs full, 0 dirs failed
I20260630 12:37:06.140221  9268 tablet_service.cc:1511] Processing CreateTablet for tablet 9934194a1d024b14b3bd3a92f50664eb (DEFAULT_TABLE table=test-workload [id=e96e2d1e394c4717ad5fd37f1822e45b]), partition=RANGE (key) PARTITION 357913940 <= VALUES < 536870910
I20260630 12:37:06.141860  9268 data_dirs.cc:400] Could only allocate 1 dirs of requested 3 for tablet 9934194a1d024b14b3bd3a92f50664eb. 1 dirs total, 0 dirs full, 0 dirs failed
I20260630 12:37:06.148981  9267 tablet_service.cc:1511] Processing CreateTablet for tablet 633ce203995e475390bdf3d056330653 (DEFAULT_TABLE table=test-workload [id=e96e2d1e394c4717ad5fd37f1822e45b]), partition=RANGE (key) PARTITION 536870910 <= VALUES < 715827880
I20260630 12:37:06.150548  9267 data_dirs.cc:400] Could only allocate 1 dirs of requested 3 for tablet 633ce203995e475390bdf3d056330653. 1 dirs total, 0 dirs full, 0 dirs failed
I20260630 12:37:06.159650  9266 tablet_service.cc:1511] Processing CreateTablet for tablet 36e7fc53cbd3442bb889c7a3e2187f21 (DEFAULT_TABLE table=test-workload [id=e96e2d1e394c4717ad5fd37f1822e45b]), partition=RANGE (key) PARTITION 715827880 <= VALUES < 894784850
I20260630 12:37:06.161430  9266 data_dirs.cc:400] Could only allocate 1 dirs of requested 3 for tablet 36e7fc53cbd3442bb889c7a3e2187f21. 1 dirs total, 0 dirs full, 0 dirs failed
I20260630 12:37:06.177199  9474 tablet_bootstrap.cc:492] T 3ad45bb4c927486aa1fcde4ec1d197e3 P a1eb9d3acb214ed0a55b1faedd564c50: Bootstrap starting.
I20260630 12:37:06.191969  9265 tablet_service.cc:1511] Processing CreateTablet for tablet b0373a1d24ec4d1c8b8e6e99c094b174 (DEFAULT_TABLE table=test-workload [id=e96e2d1e394c4717ad5fd37f1822e45b]), partition=RANGE (key) PARTITION 894784850 <= VALUES < 1073741820
I20260630 12:37:06.193085  9474 tablet_bootstrap.cc:654] T 3ad45bb4c927486aa1fcde4ec1d197e3 P a1eb9d3acb214ed0a55b1faedd564c50: Neither blocks nor log segments found. Creating new log.
I20260630 12:37:06.192013  9414 tablet_service.cc:1511] Processing CreateTablet for tablet b0373a1d24ec4d1c8b8e6e99c094b174 (DEFAULT_TABLE table=test-workload [id=e96e2d1e394c4717ad5fd37f1822e45b]), partition=RANGE (key) PARTITION 894784850 <= VALUES < 1073741820
I20260630 12:37:06.195137  9414 data_dirs.cc:400] Could only allocate 1 dirs of requested 3 for tablet b0373a1d24ec4d1c8b8e6e99c094b174. 1 dirs total, 0 dirs full, 0 dirs failed
I20260630 12:37:06.195559  9345 tablet_service.cc:1511] Processing CreateTablet for tablet b0373a1d24ec4d1c8b8e6e99c094b174 (DEFAULT_TABLE table=test-workload [id=e96e2d1e394c4717ad5fd37f1822e45b]), partition=RANGE (key) PARTITION 894784850 <= VALUES < 1073741820
I20260630 12:37:06.196415  9265 data_dirs.cc:400] Could only allocate 1 dirs of requested 3 for tablet b0373a1d24ec4d1c8b8e6e99c094b174. 1 dirs total, 0 dirs full, 0 dirs failed
I20260630 12:37:06.197014  9345 data_dirs.cc:400] Could only allocate 1 dirs of requested 3 for tablet b0373a1d24ec4d1c8b8e6e99c094b174. 1 dirs total, 0 dirs full, 0 dirs failed
I20260630 12:37:06.217815  9413 tablet_service.cc:1511] Processing CreateTablet for tablet 48040296ad604f08be18d4591765a86b (DEFAULT_TABLE table=test-workload [id=e96e2d1e394c4717ad5fd37f1822e45b]), partition=RANGE (key) PARTITION 1073741820 <= VALUES < 1252698790
I20260630 12:37:06.223786  9344 tablet_service.cc:1511] Processing CreateTablet for tablet 48040296ad604f08be18d4591765a86b (DEFAULT_TABLE table=test-workload [id=e96e2d1e394c4717ad5fd37f1822e45b]), partition=RANGE (key) PARTITION 1073741820 <= VALUES < 1252698790
I20260630 12:37:06.223878  9264 tablet_service.cc:1511] Processing CreateTablet for tablet 48040296ad604f08be18d4591765a86b (DEFAULT_TABLE table=test-workload [id=e96e2d1e394c4717ad5fd37f1822e45b]), partition=RANGE (key) PARTITION 1073741820 <= VALUES < 1252698790
I20260630 12:37:06.225505  9344 data_dirs.cc:400] Could only allocate 1 dirs of requested 3 for tablet 48040296ad604f08be18d4591765a86b. 1 dirs total, 0 dirs full, 0 dirs failed
I20260630 12:37:06.225649  9264 data_dirs.cc:400] Could only allocate 1 dirs of requested 3 for tablet 48040296ad604f08be18d4591765a86b. 1 dirs total, 0 dirs full, 0 dirs failed
I20260630 12:37:06.228992  9263 tablet_service.cc:1511] Processing CreateTablet for tablet e1b94fdd3c8741c6903286a259d2b839 (DEFAULT_TABLE table=test-workload [id=e96e2d1e394c4717ad5fd37f1822e45b]), partition=RANGE (key) PARTITION 1252698790 <= VALUES < 1431655760
