I20260630 12:37:03.405743  5720 raft_consensus.cc:2468] T 61c8f95f514645aaa0b914935af3d4b9 P d8874694f60f4c158d9112b56b1af2aa [term 1 FOLLOWER]: Leader election vote request: Granting yes vote for candidate 6cc86a6329a04776819e2891121f57b8 in term 1.
I20260630 12:37:03.405648  5769 raft_consensus.cc:740] T be03226c03f74b79bdb49ac1adc8d728 P 6cc86a6329a04776819e2891121f57b8 [term 0 FOLLOWER]: Becoming Follower/Learner. State: Replica: 6cc86a6329a04776819e2891121f57b8, State: Initialized, Role: FOLLOWER
I20260630 12:37:03.405620  5468 catalog_manager.cc:5697] T 830a35a8ff2d45e1b7671bb0e28496d8 P 6cc86a6329a04776819e2891121f57b8 reported cstate change: term changed from 0 to 1, leader changed from <none> to 6cc86a6329a04776819e2891121f57b8 (127.1.4.194). New cstate: current_term: 1 leader_uuid: "6cc86a6329a04776819e2891121f57b8" committed_config { opid_index: -1 OBSOLETE_local: false peers { permanent_uuid: "a985a6760c624646b0a253e78487d379" member_type: VOTER last_known_addr { host: "127.1.4.193" port: 43217 } health_report { overall_health: UNKNOWN } } peers { permanent_uuid: "6cc86a6329a04776819e2891121f57b8" member_type: VOTER last_known_addr { host: "127.1.4.194" port: 37141 } health_report { overall_health: HEALTHY } } peers { permanent_uuid: "d8874694f60f4c158d9112b56b1af2aa" member_type: VOTER last_known_addr { host: "127.1.4.195" port: 36387 } health_report { overall_health: UNKNOWN } } }
I20260630 12:37:03.407127  5612 leader_election.cc:304] T 61c8f95f514645aaa0b914935af3d4b9 P 6cc86a6329a04776819e2891121f57b8 [CANDIDATE]: Term 1 election: Election decided. Result: candidate won. Election summary: received 3 responses out of 3 voters: 2 yes votes; 1 no votes. yes voters: 6cc86a6329a04776819e2891121f57b8, d8874694f60f4c158d9112b56b1af2aa; no voters: a985a6760c624646b0a253e78487d379
I20260630 12:37:03.408526  5775 raft_consensus.cc:2804] T 61c8f95f514645aaa0b914935af3d4b9 P 6cc86a6329a04776819e2891121f57b8 [term 1 FOLLOWER]: Leader election won for term 1
I20260630 12:37:03.408793  5768 tablet_bootstrap.cc:492] T be03226c03f74b79bdb49ac1adc8d728 P a985a6760c624646b0a253e78487d379: No bootstrap required, opened a new log
I20260630 12:37:03.409363  5768 ts_tablet_manager.cc:1403] T be03226c03f74b79bdb49ac1adc8d728 P a985a6760c624646b0a253e78487d379: Time spent bootstrapping tablet: real 0.102s	user 0.009s	sys 0.002s
I20260630 12:37:03.409699  5571 raft_consensus.cc:2468] T fc20a829496e47718c39e855b03e7463 P a985a6760c624646b0a253e78487d379 [term 1 FOLLOWER]: Leader election vote request: Granting yes vote for candidate d8874694f60f4c158d9112b56b1af2aa in term 1.
I20260630 12:37:03.410094  5775 raft_consensus.cc:697] T 61c8f95f514645aaa0b914935af3d4b9 P 6cc86a6329a04776819e2891121f57b8 [term 1 LEADER]: Becoming Leader. State: Replica: 6cc86a6329a04776819e2891121f57b8, State: Running, Role: LEADER
I20260630 12:37:03.410759  5687 leader_election.cc:304] T fc20a829496e47718c39e855b03e7463 P d8874694f60f4c158d9112b56b1af2aa [CANDIDATE]: Term 1 election: Election decided. Result: candidate won. Election summary: received 3 responses out of 3 voters: 2 yes votes; 1 no votes. yes voters: a985a6760c624646b0a253e78487d379, d8874694f60f4c158d9112b56b1af2aa; no voters: 6cc86a6329a04776819e2891121f57b8
I20260630 12:37:03.412177  5768 raft_consensus.cc:359] T be03226c03f74b79bdb49ac1adc8d728 P a985a6760c624646b0a253e78487d379 [term 0 FOLLOWER]: Replica starting. Triggering 0 pending ops. Active config: opid_index: -1 OBSOLETE_local: false peers { permanent_uuid: "a985a6760c624646b0a253e78487d379" member_type: VOTER last_known_addr { host: "127.1.4.193" port: 43217 } } peers { permanent_uuid: "6cc86a6329a04776819e2891121f57b8" member_type: VOTER last_known_addr { host: "127.1.4.194" port: 37141 } } peers { permanent_uuid: "d8874694f60f4c158d9112b56b1af2aa" member_type: VOTER last_known_addr { host: "127.1.4.195" port: 36387 } }
I20260630 12:37:03.413028  5768 raft_consensus.cc:385] T be03226c03f74b79bdb49ac1adc8d728 P a985a6760c624646b0a253e78487d379 [term 0 FOLLOWER]: Consensus starting up: Expiring failure detector timer to make a prompt election more likely
I20260630 12:37:03.413208  5769 consensus_queue.cc:260] T be03226c03f74b79bdb49ac1adc8d728 P 6cc86a6329a04776819e2891121f57b8 [NON_LEADER]: Queue going to NON_LEADER mode. State: All replicated index: 0, Majority replicated index: 0, Committed index: 0, Last appended: 0.0, Last appended by leader: 0, Current term: 0, Majority size: -1, State: 0, Mode: NON_LEADER, active raft config: opid_index: -1 OBSOLETE_local: false peers { permanent_uuid: "a985a6760c624646b0a253e78487d379" member_type: VOTER last_known_addr { host: "127.1.4.193" port: 43217 } } peers { permanent_uuid: "6cc86a6329a04776819e2891121f57b8" member_type: VOTER last_known_addr { host: "127.1.4.194" port: 37141 } } peers { permanent_uuid: "d8874694f60f4c158d9112b56b1af2aa" member_type: VOTER last_known_addr { host: "127.1.4.195" port: 36387 } }
I20260630 12:37:03.413391  5768 raft_consensus.cc:740] T be03226c03f74b79bdb49ac1adc8d728 P a985a6760c624646b0a253e78487d379 [term 0 FOLLOWER]: Becoming Follower/Learner. State: Replica: a985a6760c624646b0a253e78487d379, State: Initialized, Role: FOLLOWER
I20260630 12:37:03.415426  5768 consensus_queue.cc:260] T be03226c03f74b79bdb49ac1adc8d728 P a985a6760c624646b0a253e78487d379 [NON_LEADER]: Queue going to NON_LEADER mode. State: All replicated index: 0, Majority replicated index: 0, Committed index: 0, Last appended: 0.0, Last appended by leader: 0, Current term: 0, Majority size: -1, State: 0, Mode: NON_LEADER, active raft config: opid_index: -1 OBSOLETE_local: false peers { permanent_uuid: "a985a6760c624646b0a253e78487d379" member_type: VOTER last_known_addr { host: "127.1.4.193" port: 43217 } } peers { permanent_uuid: "6cc86a6329a04776819e2891121f57b8" member_type: VOTER last_known_addr { host: "127.1.4.194" port: 37141 } } peers { permanent_uuid: "d8874694f60f4c158d9112b56b1af2aa" member_type: VOTER last_known_addr { host: "127.1.4.195" port: 36387 } }
I20260630 12:37:03.405893  5819 raft_consensus.cc:2749] T f61890b223da4eb99645ca3995dbbfb4 P 6cc86a6329a04776819e2891121f57b8 [term 1 FOLLOWER]: Leader pre-election lost for term 1. Reason: could not achieve majority
I20260630 12:37:03.419472  5768 ts_tablet_manager.cc:1434] T be03226c03f74b79bdb49ac1adc8d728 P a985a6760c624646b0a253e78487d379: Time spent starting tablet: real 0.010s	user 0.007s	sys 0.000s
I20260630 12:37:03.421190  5768 tablet_bootstrap.cc:492] T 534338650c394b55aad07dd96951b109 P a985a6760c624646b0a253e78487d379: Bootstrap starting.
I20260630 12:37:03.417744  5817 raft_consensus.cc:2804] T fc20a829496e47718c39e855b03e7463 P d8874694f60f4c158d9112b56b1af2aa [term 1 FOLLOWER]: Leader election won for term 1
I20260630 12:37:03.433162  5817 raft_consensus.cc:697] T fc20a829496e47718c39e855b03e7463 P d8874694f60f4c158d9112b56b1af2aa [term 1 LEADER]: Becoming Leader. State: Replica: d8874694f60f4c158d9112b56b1af2aa, State: Running, Role: LEADER
I20260630 12:37:03.426507  5720 raft_consensus.cc:3060] T 6d68118fe16943df885396b0a23d3d0c P d8874694f60f4c158d9112b56b1af2aa [term 0 FOLLOWER]: Advancing to term 1
I20260630 12:37:03.434206  5817 consensus_queue.cc:237] T fc20a829496e47718c39e855b03e7463 P d8874694f60f4c158d9112b56b1af2aa [LEADER]: Queue going to LEADER mode. State: All replicated index: 0, Majority replicated index: 0, Committed index: 0, Last appended: 0.0, Last appended by leader: 0, Current term: 1, Majority size: 2, State: 0, Mode: LEADER, active raft config: opid_index: -1 OBSOLETE_local: false peers { permanent_uuid: "a985a6760c624646b0a253e78487d379" member_type: VOTER last_known_addr { host: "127.1.4.193" port: 43217 } } peers { permanent_uuid: "6cc86a6329a04776819e2891121f57b8" member_type: VOTER last_known_addr { host: "127.1.4.194" port: 37141 } } peers { permanent_uuid: "d8874694f60f4c158d9112b56b1af2aa" member_type: VOTER last_known_addr { host: "127.1.4.195" port: 36387 } }
I20260630 12:37:03.428783  5775 consensus_queue.cc:237] T 61c8f95f514645aaa0b914935af3d4b9 P 6cc86a6329a04776819e2891121f57b8 [LEADER]: Queue going to LEADER mode. State: All replicated index: 0, Majority replicated index: 0, Committed index: 0, Last appended: 0.0, Last appended by leader: 0, Current term: 1, Majority size: 2, State: 0, Mode: LEADER, active raft config: opid_index: -1 OBSOLETE_local: false peers { permanent_uuid: "a985a6760c624646b0a253e78487d379" member_type: VOTER last_known_addr { host: "127.1.4.193" port: 43217 } } peers { permanent_uuid: "6cc86a6329a04776819e2891121f57b8" member_type: VOTER last_known_addr { host: "127.1.4.194" port: 37141 } } peers { permanent_uuid: "d8874694f60f4c158d9112b56b1af2aa" member_type: VOTER last_known_addr { host: "127.1.4.195" port: 36387 } }
I20260630 12:37:03.430675  5769 ts_tablet_manager.cc:1434] T be03226c03f74b79bdb49ac1adc8d728 P 6cc86a6329a04776819e2891121f57b8: Time spent starting tablet: real 0.032s	user 0.007s	sys 0.000s
I20260630 12:37:03.439363  5769 tablet_bootstrap.cc:492] T fc20a829496e47718c39e855b03e7463 P 6cc86a6329a04776819e2891121f57b8: Bootstrap starting.
I20260630 12:37:03.431214  5824 raft_consensus.cc:515] T 365084be3ce546888a27480660beb00a P a985a6760c624646b0a253e78487d379 [term 1 FOLLOWER]: Starting leader election with config: opid_index: -1 OBSOLETE_local: false peers { permanent_uuid: "a985a6760c624646b0a253e78487d379" member_type: VOTER last_known_addr { host: "127.1.4.193" port: 43217 } } peers { permanent_uuid: "6cc86a6329a04776819e2891121f57b8" member_type: VOTER last_known_addr { host: "127.1.4.194" port: 37141 } } peers { permanent_uuid: "d8874694f60f4c158d9112b56b1af2aa" member_type: VOTER last_known_addr { host: "127.1.4.195" port: 36387 } }
I20260630 12:37:03.444558  5768 tablet_bootstrap.cc:654] T 534338650c394b55aad07dd96951b109 P a985a6760c624646b0a253e78487d379: Neither blocks nor log segments found. Creating new log.
I20260630 12:37:03.446784  5648 tablet_service.cc:1917] Received RequestConsensusVote() RPC: tablet_id: "365084be3ce546888a27480660beb00a" candidate_uuid: "a985a6760c624646b0a253e78487d379" candidate_term: 1 candidate_status { last_received { term: 0 index: 0 } } ignore_live_leader: false dest_uuid: "6cc86a6329a04776819e2891121f57b8"
I20260630 12:37:03.447551  5648 raft_consensus.cc:3060] T 365084be3ce546888a27480660beb00a P 6cc86a6329a04776819e2891121f57b8 [term 0 FOLLOWER]: Advancing to term 1
I20260630 12:37:03.467408  5769 tablet_bootstrap.cc:654] T fc20a829496e47718c39e855b03e7463 P 6cc86a6329a04776819e2891121f57b8: Neither blocks nor log segments found. Creating new log.
I20260630 12:37:03.474753  5770 tablet_bootstrap.cc:492] T be03226c03f74b79bdb49ac1adc8d728 P d8874694f60f4c158d9112b56b1af2aa: No bootstrap required, opened a new log
I20260630 12:37:03.475425  5770 ts_tablet_manager.cc:1403] T be03226c03f74b79bdb49ac1adc8d728 P d8874694f60f4c158d9112b56b1af2aa: Time spent bootstrapping tablet: real 0.225s	user 0.012s	sys 0.013s
I20260630 12:37:03.476171  5721 tablet_service.cc:1917] Received RequestConsensusVote() RPC: tablet_id: "365084be3ce546888a27480660beb00a" candidate_uuid: "a985a6760c624646b0a253e78487d379" candidate_term: 1 candidate_status { last_received { term: 0 index: 0 } } ignore_live_leader: false dest_uuid: "d8874694f60f4c158d9112b56b1af2aa"
I20260630 12:37:03.477022  5721 raft_consensus.cc:3060] T 365084be3ce546888a27480660beb00a P d8874694f60f4c158d9112b56b1af2aa [term 0 FOLLOWER]: Advancing to term 1
I20260630 12:37:03.480849  5770 raft_consensus.cc:359] T be03226c03f74b79bdb49ac1adc8d728 P d8874694f60f4c158d9112b56b1af2aa [term 0 FOLLOWER]: Replica starting. Triggering 0 pending ops. Active config: opid_index: -1 OBSOLETE_local: false peers { permanent_uuid: "a985a6760c624646b0a253e78487d379" member_type: VOTER last_known_addr { host: "127.1.4.193" port: 43217 } } peers { permanent_uuid: "6cc86a6329a04776819e2891121f57b8" member_type: VOTER last_known_addr { host: "127.1.4.194" port: 37141 } } peers { permanent_uuid: "d8874694f60f4c158d9112b56b1af2aa" member_type: VOTER last_known_addr { host: "127.1.4.195" port: 36387 } }
I20260630 12:37:03.481812  5770 raft_consensus.cc:385] T be03226c03f74b79bdb49ac1adc8d728 P d8874694f60f4c158d9112b56b1af2aa [term 0 FOLLOWER]: Consensus starting up: Expiring failure detector timer to make a prompt election more likely
I20260630 12:37:03.482142  5770 raft_consensus.cc:740] T be03226c03f74b79bdb49ac1adc8d728 P d8874694f60f4c158d9112b56b1af2aa [term 0 FOLLOWER]: Becoming Follower/Learner. State: Replica: d8874694f60f4c158d9112b56b1af2aa, State: Initialized, Role: FOLLOWER
I20260630 12:37:03.482936  5819 consensus_queue.cc:1048] T 6d68118fe16943df885396b0a23d3d0c P 6cc86a6329a04776819e2891121f57b8 [LEADER]: Connected to new peer: Peer: permanent_uuid: "a985a6760c624646b0a253e78487d379" member_type: VOTER last_known_addr { host: "127.1.4.193" port: 43217 }, Status: LMP_MISMATCH, Last received: 0.0, Next index: 1, Last known committed idx: 0, Time since last communication: 0.001s
I20260630 12:37:03.487166  5824 leader_election.cc:290] T 365084be3ce546888a27480660beb00a P a985a6760c624646b0a253e78487d379 [CANDIDATE]: Term 1 election: Requested vote from peers 6cc86a6329a04776819e2891121f57b8 (127.1.4.194:37141), d8874694f60f4c158d9112b56b1af2aa (127.1.4.195:36387)
I20260630 12:37:03.489007  5819 consensus_queue.cc:1048] T 6d68118fe16943df885396b0a23d3d0c P 6cc86a6329a04776819e2891121f57b8 [LEADER]: Connected to new peer: Peer: permanent_uuid: "d8874694f60f4c158d9112b56b1af2aa" member_type: VOTER last_known_addr { host: "127.1.4.195" port: 36387 }, Status: LMP_MISMATCH, Last received: 0.0, Next index: 1, Last known committed idx: 0, Time since last communication: 0.000s
I20260630 12:37:03.490419  5648 raft_consensus.cc:2468] T 365084be3ce546888a27480660beb00a P 6cc86a6329a04776819e2891121f57b8 [term 1 FOLLOWER]: Leader election vote request: Granting yes vote for candidate a985a6760c624646b0a253e78487d379 in term 1.
I20260630 12:37:03.483084  5770 consensus_queue.cc:260] T be03226c03f74b79bdb49ac1adc8d728 P d8874694f60f4c158d9112b56b1af2aa [NON_LEADER]: Queue going to NON_LEADER mode. State: All replicated index: 0, Majority replicated index: 0, Committed index: 0, Last appended: 0.0, Last appended by leader: 0, Current term: 0, Majority size: -1, State: 0, Mode: NON_LEADER, active raft config: opid_index: -1 OBSOLETE_local: false peers { permanent_uuid: "a985a6760c624646b0a253e78487d379" member_type: VOTER last_known_addr { host: "127.1.4.193" port: 43217 } } peers { permanent_uuid: "6cc86a6329a04776819e2891121f57b8" member_type: VOTER last_known_addr { host: "127.1.4.194" port: 37141 } } peers { permanent_uuid: "d8874694f60f4c158d9112b56b1af2aa" member_type: VOTER last_known_addr { host: "127.1.4.195" port: 36387 } }
I20260630 12:37:03.494639  5539 leader_election.cc:304] T 365084be3ce546888a27480660beb00a P a985a6760c624646b0a253e78487d379 [CANDIDATE]: Term 1 election: Election decided. Result: candidate won. Election summary: received 2 responses out of 3 voters: 2 yes votes; 0 no votes. yes voters: 6cc86a6329a04776819e2891121f57b8, a985a6760c624646b0a253e78487d379; no voters: 
I20260630 12:37:03.501785  5824 raft_consensus.cc:2804] T 365084be3ce546888a27480660beb00a P a985a6760c624646b0a253e78487d379 [term 1 FOLLOWER]: Leader election won for term 1
I20260630 12:37:03.503150  5770 ts_tablet_manager.cc:1434] T be03226c03f74b79bdb49ac1adc8d728 P d8874694f60f4c158d9112b56b1af2aa: Time spent starting tablet: real 0.027s	user 0.010s	sys 0.000s
I20260630 12:37:03.504158  5770 tablet_bootstrap.cc:492] T 8fb2575a463d4817a96555eb2d6d3be7 P d8874694f60f4c158d9112b56b1af2aa: Bootstrap starting.
I20260630 12:37:03.507025  5468 catalog_manager.cc:5697] T 29a36f96c763481eb2e4f12944a864c7 P d8874694f60f4c158d9112b56b1af2aa reported cstate change: term changed from 0 to 1, leader changed from <none> to d8874694f60f4c158d9112b56b1af2aa (127.1.4.195). New cstate: current_term: 1 leader_uuid: "d8874694f60f4c158d9112b56b1af2aa" committed_config { opid_index: -1 OBSOLETE_local: false peers { permanent_uuid: "a985a6760c624646b0a253e78487d379" member_type: VOTER last_known_addr { host: "127.1.4.193" port: 43217 } health_report { overall_health: UNKNOWN } } peers { permanent_uuid: "6cc86a6329a04776819e2891121f57b8" member_type: VOTER last_known_addr { host: "127.1.4.194" port: 37141 } health_report { overall_health: UNKNOWN } } peers { permanent_uuid: "d8874694f60f4c158d9112b56b1af2aa" member_type: VOTER last_known_addr { host: "127.1.4.195" port: 36387 } health_report { overall_health: HEALTHY } } }
I20260630 12:37:03.509774  5770 tablet_bootstrap.cc:654] T 8fb2575a463d4817a96555eb2d6d3be7 P d8874694f60f4c158d9112b56b1af2aa: Neither blocks nor log segments found. Creating new log.
I20260630 12:37:03.510655  5471 catalog_manager.cc:5697] T 44c1819b7ba941d3bdacff8cd5f6d3fc P 6cc86a6329a04776819e2891121f57b8 reported cstate change: term changed from 0 to 1, leader changed from <none> to 6cc86a6329a04776819e2891121f57b8 (127.1.4.194). New cstate: current_term: 1 leader_uuid: "6cc86a6329a04776819e2891121f57b8" committed_config { opid_index: -1 OBSOLETE_local: false peers { permanent_uuid: "a985a6760c624646b0a253e78487d379" member_type: VOTER last_known_addr { host: "127.1.4.193" port: 43217 } health_report { overall_health: UNKNOWN } } peers { permanent_uuid: "6cc86a6329a04776819e2891121f57b8" member_type: VOTER last_known_addr { host: "127.1.4.194" port: 37141 } health_report { overall_health: HEALTHY } } peers { permanent_uuid: "d8874694f60f4c158d9112b56b1af2aa" member_type: VOTER last_known_addr { host: "127.1.4.195" port: 36387 } health_report { overall_health: UNKNOWN } } }
I20260630 12:37:03.512702  5471 catalog_manager.cc:5697] T 534338650c394b55aad07dd96951b109 P 6cc86a6329a04776819e2891121f57b8 reported cstate change: term changed from 0 to 1, leader changed from <none> to 6cc86a6329a04776819e2891121f57b8 (127.1.4.194). New cstate: current_term: 1 leader_uuid: "6cc86a6329a04776819e2891121f57b8" committed_config { opid_index: -1 OBSOLETE_local: false peers { permanent_uuid: "a985a6760c624646b0a253e78487d379" member_type: VOTER last_known_addr { host: "127.1.4.193" port: 43217 } health_report { overall_health: UNKNOWN } } peers { permanent_uuid: "6cc86a6329a04776819e2891121f57b8" member_type: VOTER last_known_addr { host: "127.1.4.194" port: 37141 } health_report { overall_health: HEALTHY } } peers { permanent_uuid: "d8874694f60f4c158d9112b56b1af2aa" member_type: VOTER last_known_addr { host: "127.1.4.195" port: 36387 } health_report { overall_health: UNKNOWN } } }
I20260630 12:37:03.517629  5471 catalog_manager.cc:5697] T 61c8f95f514645aaa0b914935af3d4b9 P 6cc86a6329a04776819e2891121f57b8 reported cstate change: term changed from 0 to 1, leader changed from <none> to 6cc86a6329a04776819e2891121f57b8 (127.1.4.194). New cstate: current_term: 1 leader_uuid: "6cc86a6329a04776819e2891121f57b8" committed_config { opid_index: -1 OBSOLETE_local: false peers { permanent_uuid: "a985a6760c624646b0a253e78487d379" member_type: VOTER last_known_addr { host: "127.1.4.193" port: 43217 } health_report { overall_health: UNKNOWN } } peers { permanent_uuid: "6cc86a6329a04776819e2891121f57b8" member_type: VOTER last_known_addr { host: "127.1.4.194" port: 37141 } health_report { overall_health: HEALTHY } } peers { permanent_uuid: "d8874694f60f4c158d9112b56b1af2aa" member_type: VOTER last_known_addr { host: "127.1.4.195" port: 36387 } health_report { overall_health: UNKNOWN } } }
I20260630 12:37:03.513000  5824 raft_consensus.cc:697] T 365084be3ce546888a27480660beb00a P a985a6760c624646b0a253e78487d379 [term 1 LEADER]: Becoming Leader. State: Replica: a985a6760c624646b0a253e78487d379, State: Running, Role: LEADER
I20260630 12:37:03.545704  5768 tablet_bootstrap.cc:492] T 534338650c394b55aad07dd96951b109 P a985a6760c624646b0a253e78487d379: No bootstrap required, opened a new log
I20260630 12:37:03.546382  5768 ts_tablet_manager.cc:1403] T 534338650c394b55aad07dd96951b109 P a985a6760c624646b0a253e78487d379: Time spent bootstrapping tablet: real 0.126s	user 0.013s	sys 0.025s
I20260630 12:37:03.549989  5768 raft_consensus.cc:359] T 534338650c394b55aad07dd96951b109 P a985a6760c624646b0a253e78487d379 [term 0 FOLLOWER]: Replica starting. Triggering 0 pending ops. Active config: opid_index: -1 OBSOLETE_local: false peers { permanent_uuid: "a985a6760c624646b0a253e78487d379" member_type: VOTER last_known_addr { host: "127.1.4.193" port: 43217 } } peers { permanent_uuid: "6cc86a6329a04776819e2891121f57b8" member_type: VOTER last_known_addr { host: "127.1.4.194" port: 37141 } } peers { permanent_uuid: "d8874694f60f4c158d9112b56b1af2aa" member_type: VOTER last_known_addr { host: "127.1.4.195" port: 36387 } }
I20260630 12:37:03.550885  5768 raft_consensus.cc:385] T 534338650c394b55aad07dd96951b109 P a985a6760c624646b0a253e78487d379 [term 0 FOLLOWER]: Consensus starting up: Expiring failure detector timer to make a prompt election more likely
I20260630 12:37:03.551216  5768 raft_consensus.cc:740] T 534338650c394b55aad07dd96951b109 P a985a6760c624646b0a253e78487d379 [term 0 FOLLOWER]: Becoming Follower/Learner. State: Replica: a985a6760c624646b0a253e78487d379, State: Initialized, Role: FOLLOWER
I20260630 12:37:03.552099  5768 consensus_queue.cc:260] T 534338650c394b55aad07dd96951b109 P a985a6760c624646b0a253e78487d379 [NON_LEADER]: Queue going to NON_LEADER mode. State: All replicated index: 0, Majority replicated index: 0, Committed index: 0, Last appended: 0.0, Last appended by leader: 0, Current term: 0, Majority size: -1, State: 0, Mode: NON_LEADER, active raft config: opid_index: -1 OBSOLETE_local: false peers { permanent_uuid: "a985a6760c624646b0a253e78487d379" member_type: VOTER last_known_addr { host: "127.1.4.193" port: 43217 } } peers { permanent_uuid: "6cc86a6329a04776819e2891121f57b8" member_type: VOTER last_known_addr { host: "127.1.4.194" port: 37141 } } peers { permanent_uuid: "d8874694f60f4c158d9112b56b1af2aa" member_type: VOTER last_known_addr { host: "127.1.4.195" port: 36387 } }
I20260630 12:37:03.555827  5768 ts_tablet_manager.cc:1434] T 534338650c394b55aad07dd96951b109 P a985a6760c624646b0a253e78487d379: Time spent starting tablet: real 0.009s	user 0.005s	sys 0.003s
I20260630 12:37:03.556950  5768 tablet_bootstrap.cc:492] T f61890b223da4eb99645ca3995dbbfb4 P a985a6760c624646b0a253e78487d379: Bootstrap starting.
I20260630 12:37:03.558656  5770 tablet_bootstrap.cc:492] T 8fb2575a463d4817a96555eb2d6d3be7 P d8874694f60f4c158d9112b56b1af2aa: No bootstrap required, opened a new log
I20260630 12:37:03.559130  5770 ts_tablet_manager.cc:1403] T 8fb2575a463d4817a96555eb2d6d3be7 P d8874694f60f4c158d9112b56b1af2aa: Time spent bootstrapping tablet: real 0.055s	user 0.027s	sys 0.019s
I20260630 12:37:03.560870  5721 raft_consensus.cc:2468] T 365084be3ce546888a27480660beb00a P d8874694f60f4c158d9112b56b1af2aa [term 1 FOLLOWER]: Leader election vote request: Granting yes vote for candidate a985a6760c624646b0a253e78487d379 in term 1.
I20260630 12:37:03.561151  5824 consensus_queue.cc:237] T 365084be3ce546888a27480660beb00a P a985a6760c624646b0a253e78487d379 [LEADER]: Queue going to LEADER mode. State: All replicated index: 0, Majority replicated index: 0, Committed index: 0, Last appended: 0.0, Last appended by leader: 0, Current term: 1, Majority size: 2, State: 0, Mode: LEADER, active raft config: opid_index: -1 OBSOLETE_local: false peers { permanent_uuid: "a985a6760c624646b0a253e78487d379" member_type: VOTER last_known_addr { host: "127.1.4.193" port: 43217 } } peers { permanent_uuid: "6cc86a6329a04776819e2891121f57b8" member_type: VOTER last_known_addr { host: "127.1.4.194" port: 37141 } } peers { permanent_uuid: "d8874694f60f4c158d9112b56b1af2aa" member_type: VOTER last_known_addr { host: "127.1.4.195" port: 36387 } }
I20260630 12:37:03.568526  5768 tablet_bootstrap.cc:654] T f61890b223da4eb99645ca3995dbbfb4 P a985a6760c624646b0a253e78487d379: Neither blocks nor log segments found. Creating new log.
I20260630 12:37:03.563766  5770 raft_consensus.cc:359] T 8fb2575a463d4817a96555eb2d6d3be7 P d8874694f60f4c158d9112b56b1af2aa [term 0 FOLLOWER]: Replica starting. Triggering 0 pending ops. Active config: opid_index: -1 OBSOLETE_local: false peers { permanent_uuid: "a985a6760c624646b0a253e78487d379" member_type: VOTER last_known_addr { host: "127.1.4.193" port: 43217 } } peers { permanent_uuid: "6cc86a6329a04776819e2891121f57b8" member_type: VOTER last_known_addr { host: "127.1.4.194" port: 37141 } } peers { permanent_uuid: "d8874694f60f4c158d9112b56b1af2aa" member_type: VOTER last_known_addr { host: "127.1.4.195" port: 36387 } }
I20260630 12:37:03.571208  5770 raft_consensus.cc:385] T 8fb2575a463d4817a96555eb2d6d3be7 P d8874694f60f4c158d9112b56b1af2aa [term 0 FOLLOWER]: Consensus starting up: Expiring failure detector timer to make a prompt election more likely
I20260630 12:37:03.571664  5770 raft_consensus.cc:740] T 8fb2575a463d4817a96555eb2d6d3be7 P d8874694f60f4c158d9112b56b1af2aa [term 0 FOLLOWER]: Becoming Follower/Learner. State: Replica: d8874694f60f4c158d9112b56b1af2aa, State: Initialized, Role: FOLLOWER
I20260630 12:37:03.572918  5770 consensus_queue.cc:260] T 8fb2575a463d4817a96555eb2d6d3be7 P d8874694f60f4c158d9112b56b1af2aa [NON_LEADER]: Queue going to NON_LEADER mode. State: All replicated index: 0, Majority replicated index: 0, Committed index: 0, Last appended: 0.0, Last appended by leader: 0, Current term: 0, Majority size: -1, State: 0, Mode: NON_LEADER, active raft config: opid_index: -1 OBSOLETE_local: false peers { permanent_uuid: "a985a6760c624646b0a253e78487d379" member_type: VOTER last_known_addr { host: "127.1.4.193" port: 43217 } } peers { permanent_uuid: "6cc86a6329a04776819e2891121f57b8" member_type: VOTER last_known_addr { host: "127.1.4.194" port: 37141 } } peers { permanent_uuid: "d8874694f60f4c158d9112b56b1af2aa" member_type: VOTER last_known_addr { host: "127.1.4.195" port: 36387 } }
I20260630 12:37:03.576102  5770 ts_tablet_manager.cc:1434] T 8fb2575a463d4817a96555eb2d6d3be7 P d8874694f60f4c158d9112b56b1af2aa: Time spent starting tablet: real 0.017s	user 0.007s	sys 0.001s
I20260630 12:37:03.582801  5769 tablet_bootstrap.cc:492] T fc20a829496e47718c39e855b03e7463 P 6cc86a6329a04776819e2891121f57b8: No bootstrap required, opened a new log
I20260630 12:37:03.583438  5769 ts_tablet_manager.cc:1403] T fc20a829496e47718c39e855b03e7463 P 6cc86a6329a04776819e2891121f57b8: Time spent bootstrapping tablet: real 0.144s	user 0.013s	sys 0.008s
I20260630 12:37:03.589229  5768 tablet_bootstrap.cc:492] T f61890b223da4eb99645ca3995dbbfb4 P a985a6760c624646b0a253e78487d379: No bootstrap required, opened a new log
I20260630 12:37:03.589785  5768 ts_tablet_manager.cc:1403] T f61890b223da4eb99645ca3995dbbfb4 P a985a6760c624646b0a253e78487d379: Time spent bootstrapping tablet: real 0.033s	user 0.008s	sys 0.009s
I20260630 12:37:03.580634  5469 catalog_manager.cc:5697] T f61890b223da4eb99645ca3995dbbfb4 P d8874694f60f4c158d9112b56b1af2aa reported cstate change: term changed from 0 to 1, leader changed from <none> to d8874694f60f4c158d9112b56b1af2aa (127.1.4.195). New cstate: current_term: 1 leader_uuid: "d8874694f60f4c158d9112b56b1af2aa" committed_config { opid_index: -1 OBSOLETE_local: false peers { permanent_uuid: "a985a6760c624646b0a253e78487d379" member_type: VOTER last_known_addr { host: "127.1.4.193" port: 43217 } health_report { overall_health: UNKNOWN } } peers { permanent_uuid: "6cc86a6329a04776819e2891121f57b8" member_type: VOTER last_known_addr { host: "127.1.4.194" port: 37141 } health_report { overall_health: UNKNOWN } } peers { permanent_uuid: "d8874694f60f4c158d9112b56b1af2aa" member_type: VOTER last_known_addr { host: "127.1.4.195" port: 36387 } health_report { overall_health: HEALTHY } } }
I20260630 12:37:03.594776  5769 raft_consensus.cc:359] T fc20a829496e47718c39e855b03e7463 P 6cc86a6329a04776819e2891121f57b8 [term 0 FOLLOWER]: Replica starting. Triggering 0 pending ops. Active config: opid_index: -1 OBSOLETE_local: false peers { permanent_uuid: "a985a6760c624646b0a253e78487d379" member_type: VOTER last_known_addr { host: "127.1.4.193" port: 43217 } } peers { permanent_uuid: "6cc86a6329a04776819e2891121f57b8" member_type: VOTER last_known_addr { host: "127.1.4.194" port: 37141 } } peers { permanent_uuid: "d8874694f60f4c158d9112b56b1af2aa" member_type: VOTER last_known_addr { host: "127.1.4.195" port: 36387 } }
I20260630 12:37:03.595252  5768 raft_consensus.cc:359] T f61890b223da4eb99645ca3995dbbfb4 P a985a6760c624646b0a253e78487d379 [term 0 FOLLOWER]: Replica starting. Triggering 0 pending ops. Active config: opid_index: -1 OBSOLETE_local: false peers { permanent_uuid: "a985a6760c624646b0a253e78487d379" member_type: VOTER last_known_addr { host: "127.1.4.193" port: 43217 } } peers { permanent_uuid: "6cc86a6329a04776819e2891121f57b8" member_type: VOTER last_known_addr { host: "127.1.4.194" port: 37141 } } peers { permanent_uuid: "d8874694f60f4c158d9112b56b1af2aa" member_type: VOTER last_known_addr { host: "127.1.4.195" port: 36387 } }
I20260630 12:37:03.592558  5469 catalog_manager.cc:5697] T fc20a829496e47718c39e855b03e7463 P d8874694f60f4c158d9112b56b1af2aa reported cstate change: term changed from 0 to 1, leader changed from <none> to d8874694f60f4c158d9112b56b1af2aa (127.1.4.195). New cstate: current_term: 1 leader_uuid: "d8874694f60f4c158d9112b56b1af2aa" committed_config { opid_index: -1 OBSOLETE_local: false peers { permanent_uuid: "a985a6760c624646b0a253e78487d379" member_type: VOTER last_known_addr { host: "127.1.4.193" port: 43217 } health_report { overall_health: UNKNOWN } } peers { permanent_uuid: "6cc86a6329a04776819e2891121f57b8" member_type: VOTER last_known_addr { host: "127.1.4.194" port: 37141 } health_report { overall_health: UNKNOWN } } peers { permanent_uuid: "d8874694f60f4c158d9112b56b1af2aa" member_type: VOTER last_known_addr { host: "127.1.4.195" port: 36387 } health_report { overall_health: HEALTHY } } }
I20260630 12:37:03.595817  5769 raft_consensus.cc:385] T fc20a829496e47718c39e855b03e7463 P 6cc86a6329a04776819e2891121f57b8 [term 0 FOLLOWER]: Consensus starting up: Expiring failure detector timer to make a prompt election more likely
I20260630 12:37:03.595953  5768 raft_consensus.cc:385] T f61890b223da4eb99645ca3995dbbfb4 P a985a6760c624646b0a253e78487d379 [term 0 FOLLOWER]: Consensus starting up: Expiring failure detector timer to make a prompt election more likely
I20260630 12:37:03.596326  5769 raft_consensus.cc:740] T fc20a829496e47718c39e855b03e7463 P 6cc86a6329a04776819e2891121f57b8 [term 0 FOLLOWER]: Becoming Follower/Learner. State: Replica: 6cc86a6329a04776819e2891121f57b8, State: Initialized, Role: FOLLOWER
I20260630 12:37:03.596388  5768 raft_consensus.cc:740] T f61890b223da4eb99645ca3995dbbfb4 P a985a6760c624646b0a253e78487d379 [term 0 FOLLOWER]: Becoming Follower/Learner. State: Replica: a985a6760c624646b0a253e78487d379, State: Initialized, Role: FOLLOWER
I20260630 12:37:03.597450  5768 consensus_queue.cc:260] T f61890b223da4eb99645ca3995dbbfb4 P a985a6760c624646b0a253e78487d379 [NON_LEADER]: Queue going to NON_LEADER mode. State: All replicated index: 0, Majority replicated index: 0, Committed index: 0, Last appended: 0.0, Last appended by leader: 0, Current term: 0, Majority size: -1, State: 0, Mode: NON_LEADER, active raft config: opid_index: -1 OBSOLETE_local: false peers { permanent_uuid: "a985a6760c624646b0a253e78487d379" member_type: VOTER last_known_addr { host: "127.1.4.193" port: 43217 } } peers { permanent_uuid: "6cc86a6329a04776819e2891121f57b8" member_type: VOTER last_known_addr { host: "127.1.4.194" port: 37141 } } peers { permanent_uuid: "d8874694f60f4c158d9112b56b1af2aa" member_type: VOTER last_known_addr { host: "127.1.4.195" port: 36387 } }
I20260630 12:37:03.597627  5769 consensus_queue.cc:260] T fc20a829496e47718c39e855b03e7463 P 6cc86a6329a04776819e2891121f57b8 [NON_LEADER]: Queue going to NON_LEADER mode. State: All replicated index: 0, Majority replicated index: 0, Committed index: 0, Last appended: 0.0, Last appended by leader: 0, Current term: 0, Majority size: -1, State: 0, Mode: NON_LEADER, active raft config: opid_index: -1 OBSOLETE_local: false peers { permanent_uuid: "a985a6760c624646b0a253e78487d379" member_type: VOTER last_known_addr { host: "127.1.4.193" port: 43217 } } peers { permanent_uuid: "6cc86a6329a04776819e2891121f57b8" member_type: VOTER last_known_addr { host: "127.1.4.194" port: 37141 } } peers { permanent_uuid: "d8874694f60f4c158d9112b56b1af2aa" member_type: VOTER last_known_addr { host: "127.1.4.195" port: 36387 } }
I20260630 12:37:03.599898  5768 ts_tablet_manager.cc:1434] T f61890b223da4eb99645ca3995dbbfb4 P a985a6760c624646b0a253e78487d379: Time spent starting tablet: real 0.010s	user 0.006s	sys 0.001s
I20260630 12:37:03.600873  5768 tablet_bootstrap.cc:492] T 29a36f96c763481eb2e4f12944a864c7 P a985a6760c624646b0a253e78487d379: Bootstrap starting.
I20260630 12:37:03.600757  5769 ts_tablet_manager.cc:1434] T fc20a829496e47718c39e855b03e7463 P 6cc86a6329a04776819e2891121f57b8: Time spent starting tablet: real 0.017s	user 0.008s	sys 0.002s
I20260630 12:37:03.602339  5769 tablet_bootstrap.cc:492] T 8fb2575a463d4817a96555eb2d6d3be7 P 6cc86a6329a04776819e2891121f57b8: Bootstrap starting.
I20260630 12:37:03.607002  5768 tablet_bootstrap.cc:654] T 29a36f96c763481eb2e4f12944a864c7 P a985a6760c624646b0a253e78487d379: Neither blocks nor log segments found. Creating new log.
I20260630 12:37:03.609624  5769 tablet_bootstrap.cc:654] T 8fb2575a463d4817a96555eb2d6d3be7 P 6cc86a6329a04776819e2891121f57b8: Neither blocks nor log segments found. Creating new log.
I20260630 12:37:03.610096  5470 catalog_manager.cc:5697] T 365084be3ce546888a27480660beb00a P a985a6760c624646b0a253e78487d379 reported cstate change: term changed from 0 to 1, leader changed from <none> to a985a6760c624646b0a253e78487d379 (127.1.4.193). New cstate: current_term: 1 leader_uuid: "a985a6760c624646b0a253e78487d379" committed_config { opid_index: -1 OBSOLETE_local: false peers { permanent_uuid: "a985a6760c624646b0a253e78487d379" member_type: VOTER last_known_addr { host: "127.1.4.193" port: 43217 } health_report { overall_health: HEALTHY } } peers { permanent_uuid: "6cc86a6329a04776819e2891121f57b8" member_type: VOTER last_known_addr { host: "127.1.4.194" port: 37141 } health_report { overall_health: UNKNOWN } } peers { permanent_uuid: "d8874694f60f4c158d9112b56b1af2aa" member_type: VOTER last_known_addr { host: "127.1.4.195" port: 36387 } health_report { overall_health: UNKNOWN } } }
I20260630 12:37:03.618018  5768 tablet_bootstrap.cc:492] T 29a36f96c763481eb2e4f12944a864c7 P a985a6760c624646b0a253e78487d379: No bootstrap required, opened a new log
I20260630 12:37:03.618521  5768 ts_tablet_manager.cc:1403] T 29a36f96c763481eb2e4f12944a864c7 P a985a6760c624646b0a253e78487d379: Time spent bootstrapping tablet: real 0.018s	user 0.008s	sys 0.008s
I20260630 12:37:03.621055  5768 raft_consensus.cc:359] T 29a36f96c763481eb2e4f12944a864c7 P a985a6760c624646b0a253e78487d379 [term 0 FOLLOWER]: Replica starting. Triggering 0 pending ops. Active config: opid_index: -1 OBSOLETE_local: false peers { permanent_uuid: "a985a6760c624646b0a253e78487d379" member_type: VOTER last_known_addr { host: "127.1.4.193" port: 43217 } } peers { permanent_uuid: "6cc86a6329a04776819e2891121f57b8" member_type: VOTER last_known_addr { host: "127.1.4.194" port: 37141 } } peers { permanent_uuid: "d8874694f60f4c158d9112b56b1af2aa" member_type: VOTER last_known_addr { host: "127.1.4.195" port: 36387 } }
I20260630 12:37:03.621686  5768 raft_consensus.cc:385] T 29a36f96c763481eb2e4f12944a864c7 P a985a6760c624646b0a253e78487d379 [term 0 FOLLOWER]: Consensus starting up: Expiring failure detector timer to make a prompt election more likely
I20260630 12:37:03.621968  5768 raft_consensus.cc:740] T 29a36f96c763481eb2e4f12944a864c7 P a985a6760c624646b0a253e78487d379 [term 0 FOLLOWER]: Becoming Follower/Learner. State: Replica: a985a6760c624646b0a253e78487d379, State: Initialized, Role: FOLLOWER
I20260630 12:37:03.622803  5768 consensus_queue.cc:260] T 29a36f96c763481eb2e4f12944a864c7 P a985a6760c624646b0a253e78487d379 [NON_LEADER]: Queue going to NON_LEADER mode. State: All replicated index: 0, Majority replicated index: 0, Committed index: 0, Last appended: 0.0, Last appended by leader: 0, Current term: 0, Majority size: -1, State: 0, Mode: NON_LEADER, active raft config: opid_index: -1 OBSOLETE_local: false peers { permanent_uuid: "a985a6760c624646b0a253e78487d379" member_type: VOTER last_known_addr { host: "127.1.4.193" port: 43217 } } peers { permanent_uuid: "6cc86a6329a04776819e2891121f57b8" member_type: VOTER last_known_addr { host: "127.1.4.194" port: 37141 } } peers { permanent_uuid: "d8874694f60f4c158d9112b56b1af2aa" member_type: VOTER last_known_addr { host: "127.1.4.195" port: 36387 } }
I20260630 12:37:03.626067  5768 ts_tablet_manager.cc:1434] T 29a36f96c763481eb2e4f12944a864c7 P a985a6760c624646b0a253e78487d379: Time spent starting tablet: real 0.007s	user 0.005s	sys 0.002s
I20260630 12:37:03.626573  5769 tablet_bootstrap.cc:492] T 8fb2575a463d4817a96555eb2d6d3be7 P 6cc86a6329a04776819e2891121f57b8: No bootstrap required, opened a new log
I20260630 12:37:03.627218  5769 ts_tablet_manager.cc:1403] T 8fb2575a463d4817a96555eb2d6d3be7 P 6cc86a6329a04776819e2891121f57b8: Time spent bootstrapping tablet: real 0.025s	user 0.017s	sys 0.006s
I20260630 12:37:03.630679  5769 raft_consensus.cc:359] T 8fb2575a463d4817a96555eb2d6d3be7 P 6cc86a6329a04776819e2891121f57b8 [term 0 FOLLOWER]: Replica starting. Triggering 0 pending ops. Active config: opid_index: -1 OBSOLETE_local: false peers { permanent_uuid: "a985a6760c624646b0a253e78487d379" member_type: VOTER last_known_addr { host: "127.1.4.193" port: 43217 } } peers { permanent_uuid: "6cc86a6329a04776819e2891121f57b8" member_type: VOTER last_known_addr { host: "127.1.4.194" port: 37141 } } peers { permanent_uuid: "d8874694f60f4c158d9112b56b1af2aa" member_type: VOTER last_known_addr { host: "127.1.4.195" port: 36387 } }
I20260630 12:37:03.631559  5769 raft_consensus.cc:385] T 8fb2575a463d4817a96555eb2d6d3be7 P 6cc86a6329a04776819e2891121f57b8 [term 0 FOLLOWER]: Consensus starting up: Expiring failure detector timer to make a prompt election more likely
I20260630 12:37:03.631906  5769 raft_consensus.cc:740] T 8fb2575a463d4817a96555eb2d6d3be7 P 6cc86a6329a04776819e2891121f57b8 [term 0 FOLLOWER]: Becoming Follower/Learner. State: Replica: 6cc86a6329a04776819e2891121f57b8, State: Initialized, Role: FOLLOWER
I20260630 12:37:03.632932  5769 consensus_queue.cc:260] T 8fb2575a463d4817a96555eb2d6d3be7 P 6cc86a6329a04776819e2891121f57b8 [NON_LEADER]: Queue going to NON_LEADER mode. State: All replicated index: 0, Majority replicated index: 0, Committed index: 0, Last appended: 0.0, Last appended by leader: 0, Current term: 0, Majority size: -1, State: 0, Mode: NON_LEADER, active raft config: opid_index: -1 OBSOLETE_local: false peers { permanent_uuid: "a985a6760c624646b0a253e78487d379" member_type: VOTER last_known_addr { host: "127.1.4.193" port: 43217 } } peers { permanent_uuid: "6cc86a6329a04776819e2891121f57b8" member_type: VOTER last_known_addr { host: "127.1.4.194" port: 37141 } } peers { permanent_uuid: "d8874694f60f4c158d9112b56b1af2aa" member_type: VOTER last_known_addr { host: "127.1.4.195" port: 36387 } }
I20260630 12:37:03.637532  5769 ts_tablet_manager.cc:1434] T 8fb2575a463d4817a96555eb2d6d3be7 P 6cc86a6329a04776819e2891121f57b8: Time spent starting tablet: real 0.010s	user 0.007s	sys 0.002s
I20260630 12:37:03.684713  5817 raft_consensus.cc:493] T be03226c03f74b79bdb49ac1adc8d728 P d8874694f60f4c158d9112b56b1af2aa [term 0 FOLLOWER]: Starting pre-election (no leader contacted us within the election timeout)
I20260630 12:37:03.685369  5817 raft_consensus.cc:515] T be03226c03f74b79bdb49ac1adc8d728 P d8874694f60f4c158d9112b56b1af2aa [term 0 FOLLOWER]: Starting pre-election with config: opid_index: -1 OBSOLETE_local: false peers { permanent_uuid: "a985a6760c624646b0a253e78487d379" member_type: VOTER last_known_addr { host: "127.1.4.193" port: 43217 } } peers { permanent_uuid: "6cc86a6329a04776819e2891121f57b8" member_type: VOTER last_known_addr { host: "127.1.4.194" port: 37141 } } peers { permanent_uuid: "d8874694f60f4c158d9112b56b1af2aa" member_type: VOTER last_known_addr { host: "127.1.4.195" port: 36387 } }
I20260630 12:37:03.687048  5817 leader_election.cc:290] T be03226c03f74b79bdb49ac1adc8d728 P d8874694f60f4c158d9112b56b1af2aa [CANDIDATE]: Term 1 pre-election: Requested pre-vote from peers a985a6760c624646b0a253e78487d379 (127.1.4.193:43217), 6cc86a6329a04776819e2891121f57b8 (127.1.4.194:37141)
I20260630 12:37:03.688084  5571 tablet_service.cc:1917] Received RequestConsensusVote() RPC: tablet_id: "be03226c03f74b79bdb49ac1adc8d728" candidate_uuid: "d8874694f60f4c158d9112b56b1af2aa" candidate_term: 1 candidate_status { last_received { term: 0 index: 0 } } ignore_live_leader: false dest_uuid: "a985a6760c624646b0a253e78487d379" is_pre_election: true
I20260630 12:37:03.688316  5648 tablet_service.cc:1917] Received RequestConsensusVote() RPC: tablet_id: "be03226c03f74b79bdb49ac1adc8d728" candidate_uuid: "d8874694f60f4c158d9112b56b1af2aa" candidate_term: 1 candidate_status { last_received { term: 0 index: 0 } } ignore_live_leader: false dest_uuid: "6cc86a6329a04776819e2891121f57b8" is_pre_election: true
I20260630 12:37:03.688688  5571 raft_consensus.cc:2468] T be03226c03f74b79bdb49ac1adc8d728 P a985a6760c624646b0a253e78487d379 [term 0 FOLLOWER]: Leader pre-election vote request: Granting yes vote for candidate d8874694f60f4c158d9112b56b1af2aa in term 0.
I20260630 12:37:03.688977  5648 raft_consensus.cc:2468] T be03226c03f74b79bdb49ac1adc8d728 P 6cc86a6329a04776819e2891121f57b8 [term 0 FOLLOWER]: Leader pre-election vote request: Granting yes vote for candidate d8874694f60f4c158d9112b56b1af2aa in term 0.
I20260630 12:37:03.689687  5687 leader_election.cc:304] T be03226c03f74b79bdb49ac1adc8d728 P d8874694f60f4c158d9112b56b1af2aa [CANDIDATE]: Term 1 pre-election: Election decided. Result: candidate won. Election summary: received 2 responses out of 3 voters: 2 yes votes; 0 no votes. yes voters: a985a6760c624646b0a253e78487d379, d8874694f60f4c158d9112b56b1af2aa; no voters: 
I20260630 12:37:03.690450  5817 raft_consensus.cc:2804] T be03226c03f74b79bdb49ac1adc8d728 P d8874694f60f4c158d9112b56b1af2aa [term 0 FOLLOWER]: Leader pre-election won for term 1
I20260630 12:37:03.690796  5817 raft_consensus.cc:493] T be03226c03f74b79bdb49ac1adc8d728 P d8874694f60f4c158d9112b56b1af2aa [term 0 FOLLOWER]: Starting leader election (no leader contacted us within the election timeout)
I20260630 12:37:03.691025  5817 raft_consensus.cc:3060] T be03226c03f74b79bdb49ac1adc8d728 P d8874694f60f4c158d9112b56b1af2aa [term 0 FOLLOWER]: Advancing to term 1
I20260630 12:37:03.695513  5775 consensus_queue.cc:1048] T 830a35a8ff2d45e1b7671bb0e28496d8 P 6cc86a6329a04776819e2891121f57b8 [LEADER]: Connected to new peer: Peer: permanent_uuid: "a985a6760c624646b0a253e78487d379" member_type: VOTER last_known_addr { host: "127.1.4.193" port: 43217 }, Status: LMP_MISMATCH, Last received: 0.0, Next index: 1, Last known committed idx: 0, Time since last communication: 0.000s
I20260630 12:37:03.696763  5817 raft_consensus.cc:515] T be03226c03f74b79bdb49ac1adc8d728 P d8874694f60f4c158d9112b56b1af2aa [term 1 FOLLOWER]: Starting leader election with config: opid_index: -1 OBSOLETE_local: false peers { permanent_uuid: "a985a6760c624646b0a253e78487d379" member_type: VOTER last_known_addr { host: "127.1.4.193" port: 43217 } } peers { permanent_uuid: "6cc86a6329a04776819e2891121f57b8" member_type: VOTER last_known_addr { host: "127.1.4.194" port: 37141 } } peers { permanent_uuid: "d8874694f60f4c158d9112b56b1af2aa" member_type: VOTER last_known_addr { host: "127.1.4.195" port: 36387 } }
I20260630 12:37:03.698819  5817 leader_election.cc:290] T be03226c03f74b79bdb49ac1adc8d728 P d8874694f60f4c158d9112b56b1af2aa [CANDIDATE]: Term 1 election: Requested vote from peers a985a6760c624646b0a253e78487d379 (127.1.4.193:43217), 6cc86a6329a04776819e2891121f57b8 (127.1.4.194:37141)
I20260630 12:37:03.699462  5573 tablet_service.cc:1917] Received RequestConsensusVote() RPC: tablet_id: "be03226c03f74b79bdb49ac1adc8d728" candidate_uuid: "d8874694f60f4c158d9112b56b1af2aa" candidate_term: 1 candidate_status { last_received { term: 0 index: 0 } } ignore_live_leader: false dest_uuid: "a985a6760c624646b0a253e78487d379"
I20260630 12:37:03.700073  5573 raft_consensus.cc:3060] T be03226c03f74b79bdb49ac1adc8d728 P a985a6760c624646b0a253e78487d379 [term 0 FOLLOWER]: Advancing to term 1
I20260630 12:37:03.700414  5648 tablet_service.cc:1917] Received RequestConsensusVote() RPC: tablet_id: "be03226c03f74b79bdb49ac1adc8d728" candidate_uuid: "d8874694f60f4c158d9112b56b1af2aa" candidate_term: 1 candidate_status { last_received { term: 0 index: 0 } } ignore_live_leader: false dest_uuid: "6cc86a6329a04776819e2891121f57b8"
I20260630 12:37:03.700923  5648 raft_consensus.cc:3060] T be03226c03f74b79bdb49ac1adc8d728 P 6cc86a6329a04776819e2891121f57b8 [term 0 FOLLOWER]: Advancing to term 1
I20260630 12:37:03.708755  5573 raft_consensus.cc:2468] T be03226c03f74b79bdb49ac1adc8d728 P a985a6760c624646b0a253e78487d379 [term 1 FOLLOWER]: Leader election vote request: Granting yes vote for candidate d8874694f60f4c158d9112b56b1af2aa in term 1.
I20260630 12:37:03.710340  5687 leader_election.cc:304] T be03226c03f74b79bdb49ac1adc8d728 P d8874694f60f4c158d9112b56b1af2aa [CANDIDATE]: Term 1 election: Election decided. Result: candidate won. Election summary: received 2 responses out of 3 voters: 2 yes votes; 0 no votes. yes voters: a985a6760c624646b0a253e78487d379, d8874694f60f4c158d9112b56b1af2aa; no voters: 
I20260630 12:37:03.710726  5796 consensus_queue.cc:1048] T 830a35a8ff2d45e1b7671bb0e28496d8 P 6cc86a6329a04776819e2891121f57b8 [LEADER]: Connected to new peer: Peer: permanent_uuid: "d8874694f60f4c158d9112b56b1af2aa" member_type: VOTER last_known_addr { host: "127.1.4.195" port: 36387 }, Status: LMP_MISMATCH, Last received: 0.0, Next index: 1, Last known committed idx: 0, Time since last communication: 0.001s
I20260630 12:37:03.711155  5817 raft_consensus.cc:2804] T be03226c03f74b79bdb49ac1adc8d728 P d8874694f60f4c158d9112b56b1af2aa [term 1 FOLLOWER]: Leader election won for term 1
I20260630 12:37:03.711611  5817 raft_consensus.cc:697] T be03226c03f74b79bdb49ac1adc8d728 P d8874694f60f4c158d9112b56b1af2aa [term 1 LEADER]: Becoming Leader. State: Replica: d8874694f60f4c158d9112b56b1af2aa, State: Running, Role: LEADER
I20260630 12:37:03.712423  5817 consensus_queue.cc:237] T be03226c03f74b79bdb49ac1adc8d728 P d8874694f60f4c158d9112b56b1af2aa [LEADER]: Queue going to LEADER mode. State: All replicated index: 0, Majority replicated index: 0, Committed index: 0, Last appended: 0.0, Last appended by leader: 0, Current term: 1, Majority size: 2, State: 0, Mode: LEADER, active raft config: opid_index: -1 OBSOLETE_local: false peers { permanent_uuid: "a985a6760c624646b0a253e78487d379" member_type: VOTER last_known_addr { host: "127.1.4.193" port: 43217 } } peers { permanent_uuid: "6cc86a6329a04776819e2891121f57b8" member_type: VOTER last_known_addr { host: "127.1.4.194" port: 37141 } } peers { permanent_uuid: "d8874694f60f4c158d9112b56b1af2aa" member_type: VOTER last_known_addr { host: "127.1.4.195" port: 36387 } }
I20260630 12:37:03.715667  5571 raft_consensus.cc:3060] T 534338650c394b55aad07dd96951b109 P a985a6760c624646b0a253e78487d379 [term 0 FOLLOWER]: Advancing to term 1
I20260630 12:37:03.711630  5648 raft_consensus.cc:2468] T be03226c03f74b79bdb49ac1adc8d728 P 6cc86a6329a04776819e2891121f57b8 [term 1 FOLLOWER]: Leader election vote request: Granting yes vote for candidate d8874694f60f4c158d9112b56b1af2aa in term 1.
I20260630 12:37:03.725528  5796 consensus_queue.cc:1048] T 534338650c394b55aad07dd96951b109 P 6cc86a6329a04776819e2891121f57b8 [LEADER]: Connected to new peer: Peer: permanent_uuid: "a985a6760c624646b0a253e78487d379" member_type: VOTER last_known_addr { host: "127.1.4.193" port: 43217 }, Status: LMP_MISMATCH, Last received: 0.0, Next index: 1, Last known committed idx: 0, Time since last communication: 0.000s
I20260630 12:37:03.729591  5468 catalog_manager.cc:5697] T be03226c03f74b79bdb49ac1adc8d728 P d8874694f60f4c158d9112b56b1af2aa reported cstate change: term changed from 0 to 1, leader changed from <none> to d8874694f60f4c158d9112b56b1af2aa (127.1.4.195). New cstate: current_term: 1 leader_uuid: "d8874694f60f4c158d9112b56b1af2aa" committed_config { opid_index: -1 OBSOLETE_local: false peers { permanent_uuid: "a985a6760c624646b0a253e78487d379" member_type: VOTER last_known_addr { host: "127.1.4.193" port: 43217 } health_report { overall_health: UNKNOWN } } peers { permanent_uuid: "6cc86a6329a04776819e2891121f57b8" member_type: VOTER last_known_addr { host: "127.1.4.194" port: 37141 } health_report { overall_health: UNKNOWN } } peers { permanent_uuid: "d8874694f60f4c158d9112b56b1af2aa" member_type: VOTER last_known_addr { host: "127.1.4.195" port: 36387 } health_report { overall_health: HEALTHY } } }
I20260630 12:37:03.740634  5819 consensus_queue.cc:1048] T 44c1819b7ba941d3bdacff8cd5f6d3fc P 6cc86a6329a04776819e2891121f57b8 [LEADER]: Connected to new peer: Peer: permanent_uuid: "d8874694f60f4c158d9112b56b1af2aa" member_type: VOTER last_known_addr { host: "127.1.4.195" port: 36387 }, Status: LMP_MISMATCH, Last received: 0.0, Next index: 1, Last known committed idx: 0, Time since last communication: 0.001s
I20260630 12:37:03.745792  5819 consensus_queue.cc:1048] T 534338650c394b55aad07dd96951b109 P 6cc86a6329a04776819e2891121f57b8 [LEADER]: Connected to new peer: Peer: permanent_uuid: "d8874694f60f4c158d9112b56b1af2aa" member_type: VOTER last_known_addr { host: "127.1.4.195" port: 36387 }, Status: LMP_MISMATCH, Last received: 0.0, Next index: 1, Last known committed idx: 0, Time since last communication: 0.000s
