I20260630 12:36:51.277036 20101 tablet_service.cc:1917] Received RequestConsensusVote() RPC: tablet_id: "dfaaf0d980b5460a98f419e8432cdecb" candidate_uuid: "a78776e466864b99b52e9705339ad0e1" candidate_term: 1 candidate_status { last_received { term: 0 index: 0 } } ignore_live_leader: false dest_uuid: "40ad3d912af34e90a87378f34f76bffe" is_pre_election: true
W20260630 12:36:51.291764 19917 leader_election.cc:343] T dfaaf0d980b5460a98f419e8432cdecb P a78776e466864b99b52e9705339ad0e1 [CANDIDATE]: Term 1 pre-election: Tablet error from VoteRequest() call to peer 40ad3d912af34e90a87378f34f76bffe (127.15.24.195:33769): Illegal state: must be running to vote when last-logged opid is not known
I20260630 12:36:51.295198 19951 raft_consensus.cc:2468] T f67ca311a378447da88ba36cc0b03559 P a78776e466864b99b52e9705339ad0e1 [term 1 FOLLOWER]: Leader election vote request: Granting yes vote for candidate 40ad3d912af34e90a87378f34f76bffe in term 1.
I20260630 12:36:51.296370 20065 leader_election.cc:304] T f67ca311a378447da88ba36cc0b03559 P 40ad3d912af34e90a87378f34f76bffe [CANDIDATE]: Term 1 election: Election decided. Result: candidate won. Election summary: received 3 responses out of 3 voters: 2 yes votes; 1 no votes. yes voters: 40ad3d912af34e90a87378f34f76bffe, a78776e466864b99b52e9705339ad0e1; no voters: 3f85bd2f86e64370a885f74b54a74e9f
I20260630 12:36:51.297330 20027 raft_consensus.cc:2468] T dfaaf0d980b5460a98f419e8432cdecb P 3f85bd2f86e64370a885f74b54a74e9f [term 1 FOLLOWER]: Leader election vote request: Granting yes vote for candidate a78776e466864b99b52e9705339ad0e1 in term 1.
I20260630 12:36:51.298477 19918 leader_election.cc:304] T dfaaf0d980b5460a98f419e8432cdecb P a78776e466864b99b52e9705339ad0e1 [CANDIDATE]: Term 1 election: Election decided. Result: candidate won. Election summary: received 3 responses out of 3 voters: 2 yes votes; 1 no votes. yes voters: 3f85bd2f86e64370a885f74b54a74e9f, a78776e466864b99b52e9705339ad0e1; no voters: 40ad3d912af34e90a87378f34f76bffe
I20260630 12:36:51.299539 20158 raft_consensus.cc:2804] T dfaaf0d980b5460a98f419e8432cdecb P a78776e466864b99b52e9705339ad0e1 [term 1 FOLLOWER]: Leader election won for term 1
I20260630 12:36:51.301210 20150 raft_consensus.cc:2804] T f67ca311a378447da88ba36cc0b03559 P 40ad3d912af34e90a87378f34f76bffe [term 1 FOLLOWER]: Leader election won for term 1
I20260630 12:36:51.302019 20150 raft_consensus.cc:697] T f67ca311a378447da88ba36cc0b03559 P 40ad3d912af34e90a87378f34f76bffe [term 1 LEADER]: Becoming Leader. State: Replica: 40ad3d912af34e90a87378f34f76bffe, State: Running, Role: LEADER
I20260630 12:36:51.303082 20150 consensus_queue.cc:237] T f67ca311a378447da88ba36cc0b03559 P 40ad3d912af34e90a87378f34f76bffe [LEADER]: Queue going to LEADER mode. State: All replicated index: 0, Majority replicated index: 0, Committed index: 0, Last appended: 0.0, Last appended by leader: 0, Current term: 1, Majority size: 2, State: 0, Mode: LEADER, active raft config: opid_index: -1 OBSOLETE_local: false peers { permanent_uuid: "3f85bd2f86e64370a885f74b54a74e9f" member_type: VOTER last_known_addr { host: "127.15.24.194" port: 32843 } } peers { permanent_uuid: "40ad3d912af34e90a87378f34f76bffe" member_type: VOTER last_known_addr { host: "127.15.24.195" port: 33769 } } peers { permanent_uuid: "a78776e466864b99b52e9705339ad0e1" member_type: VOTER last_known_addr { host: "127.15.24.193" port: 35289 } }
I20260630 12:36:51.303823 20149 tablet_bootstrap.cc:492] T f67ca311a378447da88ba36cc0b03559 P 3f85bd2f86e64370a885f74b54a74e9f: No bootstrap required, opened a new log
I20260630 12:36:51.304385 20149 ts_tablet_manager.cc:1403] T f67ca311a378447da88ba36cc0b03559 P 3f85bd2f86e64370a885f74b54a74e9f: Time spent bootstrapping tablet: real 0.088s	user 0.011s	sys 0.004s
I20260630 12:36:51.306409 20146 tablet_bootstrap.cc:492] T dfaaf0d980b5460a98f419e8432cdecb P 40ad3d912af34e90a87378f34f76bffe: No bootstrap required, opened a new log
I20260630 12:36:51.310086 20146 ts_tablet_manager.cc:1403] T dfaaf0d980b5460a98f419e8432cdecb P 40ad3d912af34e90a87378f34f76bffe: Time spent bootstrapping tablet: real 0.133s	user 0.010s	sys 0.022s
I20260630 12:36:51.313120 20146 raft_consensus.cc:359] T dfaaf0d980b5460a98f419e8432cdecb P 40ad3d912af34e90a87378f34f76bffe [term 0 FOLLOWER]: Replica starting. Triggering 0 pending ops. Active config: opid_index: -1 OBSOLETE_local: false peers { permanent_uuid: "a78776e466864b99b52e9705339ad0e1" member_type: VOTER last_known_addr { host: "127.15.24.193" port: 35289 } } peers { permanent_uuid: "3f85bd2f86e64370a885f74b54a74e9f" member_type: VOTER last_known_addr { host: "127.15.24.194" port: 32843 } } peers { permanent_uuid: "40ad3d912af34e90a87378f34f76bffe" member_type: VOTER last_known_addr { host: "127.15.24.195" port: 33769 } }
I20260630 12:36:51.309254 20147 tablet_bootstrap.cc:492] T 6800fbf6178240fbbcb6080903c7c751 P a78776e466864b99b52e9705339ad0e1: No bootstrap required, opened a new log
I20260630 12:36:51.316320 20147 ts_tablet_manager.cc:1403] T 6800fbf6178240fbbcb6080903c7c751 P a78776e466864b99b52e9705339ad0e1: Time spent bootstrapping tablet: real 0.053s	user 0.010s	sys 0.003s
I20260630 12:36:51.314164 20192 raft_consensus.cc:697] T 3251a619754643709eba0cbb0a642dd2 P 3f85bd2f86e64370a885f74b54a74e9f [term 1 LEADER]: Becoming Leader. State: Replica: 3f85bd2f86e64370a885f74b54a74e9f, State: Running, Role: LEADER
I20260630 12:36:51.307281 20149 raft_consensus.cc:359] T f67ca311a378447da88ba36cc0b03559 P 3f85bd2f86e64370a885f74b54a74e9f [term 0 FOLLOWER]: Replica starting. Triggering 0 pending ops. Active config: opid_index: -1 OBSOLETE_local: false peers { permanent_uuid: "3f85bd2f86e64370a885f74b54a74e9f" member_type: VOTER last_known_addr { host: "127.15.24.194" port: 32843 } } peers { permanent_uuid: "40ad3d912af34e90a87378f34f76bffe" member_type: VOTER last_known_addr { host: "127.15.24.195" port: 33769 } } peers { permanent_uuid: "a78776e466864b99b52e9705339ad0e1" member_type: VOTER last_known_addr { host: "127.15.24.193" port: 35289 } }
I20260630 12:36:51.318588 20192 consensus_queue.cc:237] T 3251a619754643709eba0cbb0a642dd2 P 3f85bd2f86e64370a885f74b54a74e9f [LEADER]: Queue going to LEADER mode. State: All replicated index: 0, Majority replicated index: 0, Committed index: 0, Last appended: 0.0, Last appended by leader: 0, Current term: 1, Majority size: 2, State: 0, Mode: LEADER, active raft config: opid_index: -1 OBSOLETE_local: false peers { permanent_uuid: "a78776e466864b99b52e9705339ad0e1" member_type: VOTER last_known_addr { host: "127.15.24.193" port: 35289 } } peers { permanent_uuid: "3f85bd2f86e64370a885f74b54a74e9f" member_type: VOTER last_known_addr { host: "127.15.24.194" port: 32843 } } peers { permanent_uuid: "40ad3d912af34e90a87378f34f76bffe" member_type: VOTER last_known_addr { host: "127.15.24.195" port: 33769 } }
I20260630 12:36:51.319413 20149 raft_consensus.cc:385] T f67ca311a378447da88ba36cc0b03559 P 3f85bd2f86e64370a885f74b54a74e9f [term 0 FOLLOWER]: Consensus starting up: Expiring failure detector timer to make a prompt election more likely
I20260630 12:36:51.319859 20149 raft_consensus.cc:740] T f67ca311a378447da88ba36cc0b03559 P 3f85bd2f86e64370a885f74b54a74e9f [term 0 FOLLOWER]: Becoming Follower/Learner. State: Replica: 3f85bd2f86e64370a885f74b54a74e9f, State: Initialized, Role: FOLLOWER
I20260630 12:36:51.319341 20147 raft_consensus.cc:359] T 6800fbf6178240fbbcb6080903c7c751 P a78776e466864b99b52e9705339ad0e1 [term 0 FOLLOWER]: Replica starting. Triggering 0 pending ops. Active config: opid_index: -1 OBSOLETE_local: false peers { permanent_uuid: "a78776e466864b99b52e9705339ad0e1" member_type: VOTER last_known_addr { host: "127.15.24.193" port: 35289 } } peers { permanent_uuid: "3f85bd2f86e64370a885f74b54a74e9f" member_type: VOTER last_known_addr { host: "127.15.24.194" port: 32843 } } peers { permanent_uuid: "40ad3d912af34e90a87378f34f76bffe" member_type: VOTER last_known_addr { host: "127.15.24.195" port: 33769 } }
I20260630 12:36:51.320338 20146 raft_consensus.cc:385] T dfaaf0d980b5460a98f419e8432cdecb P 40ad3d912af34e90a87378f34f76bffe [term 0 FOLLOWER]: Consensus starting up: Expiring failure detector timer to make a prompt election more likely
I20260630 12:36:51.320394 20147 raft_consensus.cc:385] T 6800fbf6178240fbbcb6080903c7c751 P a78776e466864b99b52e9705339ad0e1 [term 0 FOLLOWER]: Consensus starting up: Expiring failure detector timer to make a prompt election more likely
I20260630 12:36:51.320804 20146 raft_consensus.cc:740] T dfaaf0d980b5460a98f419e8432cdecb P 40ad3d912af34e90a87378f34f76bffe [term 0 FOLLOWER]: Becoming Follower/Learner. State: Replica: 40ad3d912af34e90a87378f34f76bffe, State: Initialized, Role: FOLLOWER
I20260630 12:36:51.321026 20147 raft_consensus.cc:740] T 6800fbf6178240fbbcb6080903c7c751 P a78776e466864b99b52e9705339ad0e1 [term 0 FOLLOWER]: Becoming Follower/Learner. State: Replica: a78776e466864b99b52e9705339ad0e1, State: Initialized, Role: FOLLOWER
I20260630 12:36:51.321844 20146 consensus_queue.cc:260] T dfaaf0d980b5460a98f419e8432cdecb P 40ad3d912af34e90a87378f34f76bffe [NON_LEADER]: Queue going to NON_LEADER mode. State: All replicated index: 0, Majority replicated index: 0, Committed index: 0, Last appended: 0.0, Last appended by leader: 0, Current term: 0, Majority size: -1, State: 0, Mode: NON_LEADER, active raft config: opid_index: -1 OBSOLETE_local: false peers { permanent_uuid: "a78776e466864b99b52e9705339ad0e1" member_type: VOTER last_known_addr { host: "127.15.24.193" port: 35289 } } peers { permanent_uuid: "3f85bd2f86e64370a885f74b54a74e9f" member_type: VOTER last_known_addr { host: "127.15.24.194" port: 32843 } } peers { permanent_uuid: "40ad3d912af34e90a87378f34f76bffe" member_type: VOTER last_known_addr { host: "127.15.24.195" port: 33769 } }
I20260630 12:36:51.322613 20185 raft_consensus.cc:493] T f0ccdd8192f2464b8f058d01c3b54faf P 40ad3d912af34e90a87378f34f76bffe [term 0 FOLLOWER]: Starting pre-election (no leader contacted us within the election timeout)
I20260630 12:36:51.323166 20185 raft_consensus.cc:515] T f0ccdd8192f2464b8f058d01c3b54faf P 40ad3d912af34e90a87378f34f76bffe [term 0 FOLLOWER]: Starting pre-election with config: opid_index: -1 OBSOLETE_local: false peers { permanent_uuid: "a78776e466864b99b52e9705339ad0e1" member_type: VOTER last_known_addr { host: "127.15.24.193" port: 35289 } } peers { permanent_uuid: "3f85bd2f86e64370a885f74b54a74e9f" member_type: VOTER last_known_addr { host: "127.15.24.194" port: 32843 } } peers { permanent_uuid: "40ad3d912af34e90a87378f34f76bffe" member_type: VOTER last_known_addr { host: "127.15.24.195" port: 33769 } }
I20260630 12:36:51.324703 20146 ts_tablet_manager.cc:1434] T dfaaf0d980b5460a98f419e8432cdecb P 40ad3d912af34e90a87378f34f76bffe: Time spent starting tablet: real 0.014s	user 0.005s	sys 0.000s
I20260630 12:36:51.325914 20146 tablet_bootstrap.cc:492] T af215d94dc574188aa9fe643c65ffe5c P 40ad3d912af34e90a87378f34f76bffe: Bootstrap starting.
I20260630 12:36:51.327358 20027 tablet_service.cc:1917] Received RequestConsensusVote() RPC: tablet_id: "f0ccdd8192f2464b8f058d01c3b54faf" candidate_uuid: "40ad3d912af34e90a87378f34f76bffe" candidate_term: 1 candidate_status { last_received { term: 0 index: 0 } } ignore_live_leader: false dest_uuid: "3f85bd2f86e64370a885f74b54a74e9f" is_pre_election: true
W20260630 12:36:51.328900 20067 leader_election.cc:343] T f0ccdd8192f2464b8f058d01c3b54faf P 40ad3d912af34e90a87378f34f76bffe [CANDIDATE]: Term 1 pre-election: Tablet error from VoteRequest() call to peer 3f85bd2f86e64370a885f74b54a74e9f (127.15.24.194:32843): Illegal state: must be running to vote when last-logged opid is not known
I20260630 12:36:51.325513 20185 leader_election.cc:290] T f0ccdd8192f2464b8f058d01c3b54faf P 40ad3d912af34e90a87378f34f76bffe [CANDIDATE]: Term 1 pre-election: Requested pre-vote from peers a78776e466864b99b52e9705339ad0e1 (127.15.24.193:35289), 3f85bd2f86e64370a885f74b54a74e9f (127.15.24.194:32843)
I20260630 12:36:51.329931 20158 raft_consensus.cc:697] T dfaaf0d980b5460a98f419e8432cdecb P a78776e466864b99b52e9705339ad0e1 [term 1 LEADER]: Becoming Leader. State: Replica: a78776e466864b99b52e9705339ad0e1, State: Running, Role: LEADER
I20260630 12:36:51.330979 19951 tablet_service.cc:1917] Received RequestConsensusVote() RPC: tablet_id: "f0ccdd8192f2464b8f058d01c3b54faf" candidate_uuid: "40ad3d912af34e90a87378f34f76bffe" candidate_term: 1 candidate_status { last_received { term: 0 index: 0 } } ignore_live_leader: false dest_uuid: "a78776e466864b99b52e9705339ad0e1" is_pre_election: true
I20260630 12:36:51.330797 20158 consensus_queue.cc:237] T dfaaf0d980b5460a98f419e8432cdecb P a78776e466864b99b52e9705339ad0e1 [LEADER]: Queue going to LEADER mode. State: All replicated index: 0, Majority replicated index: 0, Committed index: 0, Last appended: 0.0, Last appended by leader: 0, Current term: 1, Majority size: 2, State: 0, Mode: LEADER, active raft config: opid_index: -1 OBSOLETE_local: false peers { permanent_uuid: "a78776e466864b99b52e9705339ad0e1" member_type: VOTER last_known_addr { host: "127.15.24.193" port: 35289 } } peers { permanent_uuid: "3f85bd2f86e64370a885f74b54a74e9f" member_type: VOTER last_known_addr { host: "127.15.24.194" port: 32843 } } peers { permanent_uuid: "40ad3d912af34e90a87378f34f76bffe" member_type: VOTER last_known_addr { host: "127.15.24.195" port: 33769 } }
W20260630 12:36:51.332301 20065 leader_election.cc:343] T f0ccdd8192f2464b8f058d01c3b54faf P 40ad3d912af34e90a87378f34f76bffe [CANDIDATE]: Term 1 pre-election: Tablet error from VoteRequest() call to peer a78776e466864b99b52e9705339ad0e1 (127.15.24.193:35289): Illegal state: must be running to vote when last-logged opid is not known
I20260630 12:36:51.332756 20146 tablet_bootstrap.cc:654] T af215d94dc574188aa9fe643c65ffe5c P 40ad3d912af34e90a87378f34f76bffe: Neither blocks nor log segments found. Creating new log.
I20260630 12:36:51.332710 20065 leader_election.cc:304] T f0ccdd8192f2464b8f058d01c3b54faf P 40ad3d912af34e90a87378f34f76bffe [CANDIDATE]: Term 1 pre-election: Election decided. Result: candidate lost. Election summary: received 3 responses out of 3 voters: 1 yes votes; 2 no votes. yes voters: 40ad3d912af34e90a87378f34f76bffe; no voters: 3f85bd2f86e64370a885f74b54a74e9f, a78776e466864b99b52e9705339ad0e1
I20260630 12:36:51.333793 20185 raft_consensus.cc:2749] T f0ccdd8192f2464b8f058d01c3b54faf P 40ad3d912af34e90a87378f34f76bffe [term 0 FOLLOWER]: Leader pre-election lost for term 1. Reason: could not achieve majority
I20260630 12:36:51.334498 20147 consensus_queue.cc:260] T 6800fbf6178240fbbcb6080903c7c751 P a78776e466864b99b52e9705339ad0e1 [NON_LEADER]: Queue going to NON_LEADER mode. State: All replicated index: 0, Majority replicated index: 0, Committed index: 0, Last appended: 0.0, Last appended by leader: 0, Current term: 0, Majority size: -1, State: 0, Mode: NON_LEADER, active raft config: opid_index: -1 OBSOLETE_local: false peers { permanent_uuid: "a78776e466864b99b52e9705339ad0e1" member_type: VOTER last_known_addr { host: "127.15.24.193" port: 35289 } } peers { permanent_uuid: "3f85bd2f86e64370a885f74b54a74e9f" member_type: VOTER last_known_addr { host: "127.15.24.194" port: 32843 } } peers { permanent_uuid: "40ad3d912af34e90a87378f34f76bffe" member_type: VOTER last_known_addr { host: "127.15.24.195" port: 33769 } }
I20260630 12:36:51.337282 20147 ts_tablet_manager.cc:1434] T 6800fbf6178240fbbcb6080903c7c751 P a78776e466864b99b52e9705339ad0e1: Time spent starting tablet: real 0.021s	user 0.006s	sys 0.000s
I20260630 12:36:51.338385 20147 tablet_bootstrap.cc:492] T af4900eba3e64424a8e8014cc03833af P a78776e466864b99b52e9705339ad0e1: Bootstrap starting.
I20260630 12:36:51.339920 20200 raft_consensus.cc:493] T dff0fcfa716f4a68b7931a56d9785f18 P a78776e466864b99b52e9705339ad0e1 [term 0 FOLLOWER]: Starting pre-election (no leader contacted us within the election timeout)
I20260630 12:36:51.340440 20200 raft_consensus.cc:515] T dff0fcfa716f4a68b7931a56d9785f18 P a78776e466864b99b52e9705339ad0e1 [term 0 FOLLOWER]: Starting pre-election with config: opid_index: -1 OBSOLETE_local: false peers { permanent_uuid: "a78776e466864b99b52e9705339ad0e1" member_type: VOTER last_known_addr { host: "127.15.24.193" port: 35289 } } peers { permanent_uuid: "3f85bd2f86e64370a885f74b54a74e9f" member_type: VOTER last_known_addr { host: "127.15.24.194" port: 32843 } } peers { permanent_uuid: "40ad3d912af34e90a87378f34f76bffe" member_type: VOTER last_known_addr { host: "127.15.24.195" port: 33769 } }
I20260630 12:36:51.343509 20027 tablet_service.cc:1917] Received RequestConsensusVote() RPC: tablet_id: "dff0fcfa716f4a68b7931a56d9785f18" candidate_uuid: "a78776e466864b99b52e9705339ad0e1" candidate_term: 1 candidate_status { last_received { term: 0 index: 0 } } ignore_live_leader: false dest_uuid: "3f85bd2f86e64370a885f74b54a74e9f" is_pre_election: true
I20260630 12:36:51.344101 20027 raft_consensus.cc:2468] T dff0fcfa716f4a68b7931a56d9785f18 P 3f85bd2f86e64370a885f74b54a74e9f [term 0 FOLLOWER]: Leader pre-election vote request: Granting yes vote for candidate a78776e466864b99b52e9705339ad0e1 in term 0.
I20260630 12:36:51.345845 19918 leader_election.cc:304] T dff0fcfa716f4a68b7931a56d9785f18 P a78776e466864b99b52e9705339ad0e1 [CANDIDATE]: Term 1 pre-election: Election decided. Result: candidate won. Election summary: received 2 responses out of 3 voters: 2 yes votes; 0 no votes. yes voters: 3f85bd2f86e64370a885f74b54a74e9f, a78776e466864b99b52e9705339ad0e1; no voters: 
I20260630 12:36:51.348206 20147 tablet_bootstrap.cc:654] T af4900eba3e64424a8e8014cc03833af P a78776e466864b99b52e9705339ad0e1: Neither blocks nor log segments found. Creating new log.
I20260630 12:36:51.339944 20149 consensus_queue.cc:260] T f67ca311a378447da88ba36cc0b03559 P 3f85bd2f86e64370a885f74b54a74e9f [NON_LEADER]: Queue going to NON_LEADER mode. State: All replicated index: 0, Majority replicated index: 0, Committed index: 0, Last appended: 0.0, Last appended by leader: 0, Current term: 0, Majority size: -1, State: 0, Mode: NON_LEADER, active raft config: opid_index: -1 OBSOLETE_local: false peers { permanent_uuid: "3f85bd2f86e64370a885f74b54a74e9f" member_type: VOTER last_known_addr { host: "127.15.24.194" port: 32843 } } peers { permanent_uuid: "40ad3d912af34e90a87378f34f76bffe" member_type: VOTER last_known_addr { host: "127.15.24.195" port: 33769 } } peers { permanent_uuid: "a78776e466864b99b52e9705339ad0e1" member_type: VOTER last_known_addr { host: "127.15.24.193" port: 35289 } }
I20260630 12:36:51.349453 20208 raft_consensus.cc:2804] T dff0fcfa716f4a68b7931a56d9785f18 P a78776e466864b99b52e9705339ad0e1 [term 0 FOLLOWER]: Leader pre-election won for term 1
I20260630 12:36:51.357995 20208 raft_consensus.cc:493] T dff0fcfa716f4a68b7931a56d9785f18 P a78776e466864b99b52e9705339ad0e1 [term 0 FOLLOWER]: Starting leader election (no leader contacted us within the election timeout)
I20260630 12:36:51.358255 20101 tablet_service.cc:1917] Received RequestConsensusVote() RPC: tablet_id: "dff0fcfa716f4a68b7931a56d9785f18" candidate_uuid: "a78776e466864b99b52e9705339ad0e1" candidate_term: 1 candidate_status { last_received { term: 0 index: 0 } } ignore_live_leader: false dest_uuid: "40ad3d912af34e90a87378f34f76bffe" is_pre_election: true
I20260630 12:36:51.358621 20208 raft_consensus.cc:3060] T dff0fcfa716f4a68b7931a56d9785f18 P a78776e466864b99b52e9705339ad0e1 [term 0 FOLLOWER]: Advancing to term 1
W20260630 12:36:51.359715 19917 leader_election.cc:343] T dff0fcfa716f4a68b7931a56d9785f18 P a78776e466864b99b52e9705339ad0e1 [CANDIDATE]: Term 1 pre-election: Tablet error from VoteRequest() call to peer 40ad3d912af34e90a87378f34f76bffe (127.15.24.195:33769): Illegal state: must be running to vote when last-logged opid is not known
I20260630 12:36:51.364323 20147 tablet_bootstrap.cc:492] T af4900eba3e64424a8e8014cc03833af P a78776e466864b99b52e9705339ad0e1: No bootstrap required, opened a new log
I20260630 12:36:51.364809 20147 ts_tablet_manager.cc:1403] T af4900eba3e64424a8e8014cc03833af P a78776e466864b99b52e9705339ad0e1: Time spent bootstrapping tablet: real 0.027s	user 0.010s	sys 0.007s
I20260630 12:36:51.357169 20200 leader_election.cc:290] T dff0fcfa716f4a68b7931a56d9785f18 P a78776e466864b99b52e9705339ad0e1 [CANDIDATE]: Term 1 pre-election: Requested pre-vote from peers 3f85bd2f86e64370a885f74b54a74e9f (127.15.24.194:32843), 40ad3d912af34e90a87378f34f76bffe (127.15.24.195:33769)
I20260630 12:36:51.351344 20149 ts_tablet_manager.cc:1434] T f67ca311a378447da88ba36cc0b03559 P 3f85bd2f86e64370a885f74b54a74e9f: Time spent starting tablet: real 0.047s	user 0.005s	sys 0.000s
I20260630 12:36:51.368156 20146 tablet_bootstrap.cc:492] T af215d94dc574188aa9fe643c65ffe5c P 40ad3d912af34e90a87378f34f76bffe: No bootstrap required, opened a new log
I20260630 12:36:51.368603 20146 ts_tablet_manager.cc:1403] T af215d94dc574188aa9fe643c65ffe5c P 40ad3d912af34e90a87378f34f76bffe: Time spent bootstrapping tablet: real 0.043s	user 0.015s	sys 0.015s
I20260630 12:36:51.368818 19847 catalog_manager.cc:5697] T 36adf9aa00a548abb1619ff0bca1c59b P 3f85bd2f86e64370a885f74b54a74e9f reported cstate change: term changed from 0 to 1, leader changed from <none> to 3f85bd2f86e64370a885f74b54a74e9f (127.15.24.194). New cstate: current_term: 1 leader_uuid: "3f85bd2f86e64370a885f74b54a74e9f" committed_config { opid_index: -1 OBSOLETE_local: false peers { permanent_uuid: "a78776e466864b99b52e9705339ad0e1" member_type: VOTER last_known_addr { host: "127.15.24.193" port: 35289 } health_report { overall_health: UNKNOWN } } peers { permanent_uuid: "3f85bd2f86e64370a885f74b54a74e9f" member_type: VOTER last_known_addr { host: "127.15.24.194" port: 32843 } health_report { overall_health: HEALTHY } } peers { permanent_uuid: "40ad3d912af34e90a87378f34f76bffe" member_type: VOTER last_known_addr { host: "127.15.24.195" port: 33769 } health_report { overall_health: UNKNOWN } } }
I20260630 12:36:51.371304 20146 raft_consensus.cc:359] T af215d94dc574188aa9fe643c65ffe5c P 40ad3d912af34e90a87378f34f76bffe [term 0 FOLLOWER]: Replica starting. Triggering 0 pending ops. Active config: opid_index: -1 OBSOLETE_local: false peers { permanent_uuid: "a78776e466864b99b52e9705339ad0e1" member_type: VOTER last_known_addr { host: "127.15.24.193" port: 35289 } } peers { permanent_uuid: "3f85bd2f86e64370a885f74b54a74e9f" member_type: VOTER last_known_addr { host: "127.15.24.194" port: 32843 } } peers { permanent_uuid: "40ad3d912af34e90a87378f34f76bffe" member_type: VOTER last_known_addr { host: "127.15.24.195" port: 33769 } }
I20260630 12:36:51.371014 19849 catalog_manager.cc:5697] T dfaaf0d980b5460a98f419e8432cdecb P a78776e466864b99b52e9705339ad0e1 reported cstate change: term changed from 0 to 1, leader changed from <none> to a78776e466864b99b52e9705339ad0e1 (127.15.24.193). New cstate: current_term: 1 leader_uuid: "a78776e466864b99b52e9705339ad0e1" committed_config { opid_index: -1 OBSOLETE_local: false peers { permanent_uuid: "a78776e466864b99b52e9705339ad0e1" member_type: VOTER last_known_addr { host: "127.15.24.193" port: 35289 } health_report { overall_health: HEALTHY } } peers { permanent_uuid: "3f85bd2f86e64370a885f74b54a74e9f" member_type: VOTER last_known_addr { host: "127.15.24.194" port: 32843 } health_report { overall_health: UNKNOWN } } peers { permanent_uuid: "40ad3d912af34e90a87378f34f76bffe" member_type: VOTER last_known_addr { host: "127.15.24.195" port: 33769 } health_report { overall_health: UNKNOWN } } }
I20260630 12:36:51.372004 20146 raft_consensus.cc:385] T af215d94dc574188aa9fe643c65ffe5c P 40ad3d912af34e90a87378f34f76bffe [term 0 FOLLOWER]: Consensus starting up: Expiring failure detector timer to make a prompt election more likely
I20260630 12:36:51.372364 20146 raft_consensus.cc:740] T af215d94dc574188aa9fe643c65ffe5c P 40ad3d912af34e90a87378f34f76bffe [term 0 FOLLOWER]: Becoming Follower/Learner. State: Replica: 40ad3d912af34e90a87378f34f76bffe, State: Initialized, Role: FOLLOWER
I20260630 12:36:51.373054 20146 consensus_queue.cc:260] T af215d94dc574188aa9fe643c65ffe5c P 40ad3d912af34e90a87378f34f76bffe [NON_LEADER]: Queue going to NON_LEADER mode. State: All replicated index: 0, Majority replicated index: 0, Committed index: 0, Last appended: 0.0, Last appended by leader: 0, Current term: 0, Majority size: -1, State: 0, Mode: NON_LEADER, active raft config: opid_index: -1 OBSOLETE_local: false peers { permanent_uuid: "a78776e466864b99b52e9705339ad0e1" member_type: VOTER last_known_addr { host: "127.15.24.193" port: 35289 } } peers { permanent_uuid: "3f85bd2f86e64370a885f74b54a74e9f" member_type: VOTER last_known_addr { host: "127.15.24.194" port: 32843 } } peers { permanent_uuid: "40ad3d912af34e90a87378f34f76bffe" member_type: VOTER last_known_addr { host: "127.15.24.195" port: 33769 } }
I20260630 12:36:51.375034 20146 ts_tablet_manager.cc:1434] T af215d94dc574188aa9fe643c65ffe5c P 40ad3d912af34e90a87378f34f76bffe: Time spent starting tablet: real 0.006s	user 0.003s	sys 0.003s
I20260630 12:36:51.375102 20147 raft_consensus.cc:359] T af4900eba3e64424a8e8014cc03833af P a78776e466864b99b52e9705339ad0e1 [term 0 FOLLOWER]: Replica starting. Triggering 0 pending ops. Active config: opid_index: -1 OBSOLETE_local: false peers { permanent_uuid: "a78776e466864b99b52e9705339ad0e1" member_type: VOTER last_known_addr { host: "127.15.24.193" port: 35289 } } peers { permanent_uuid: "3f85bd2f86e64370a885f74b54a74e9f" member_type: VOTER last_known_addr { host: "127.15.24.194" port: 32843 } } peers { permanent_uuid: "40ad3d912af34e90a87378f34f76bffe" member_type: VOTER last_known_addr { host: "127.15.24.195" port: 33769 } }
I20260630 12:36:51.375770 20147 raft_consensus.cc:385] T af4900eba3e64424a8e8014cc03833af P a78776e466864b99b52e9705339ad0e1 [term 0 FOLLOWER]: Consensus starting up: Expiring failure detector timer to make a prompt election more likely
I20260630 12:36:51.375924 20146 tablet_bootstrap.cc:492] T 3251a619754643709eba0cbb0a642dd2 P 40ad3d912af34e90a87378f34f76bffe: Bootstrap starting.
I20260630 12:36:51.375991 20147 raft_consensus.cc:740] T af4900eba3e64424a8e8014cc03833af P a78776e466864b99b52e9705339ad0e1 [term 0 FOLLOWER]: Becoming Follower/Learner. State: Replica: a78776e466864b99b52e9705339ad0e1, State: Initialized, Role: FOLLOWER
I20260630 12:36:51.376705 20149 tablet_bootstrap.cc:492] T f0ccdd8192f2464b8f058d01c3b54faf P 3f85bd2f86e64370a885f74b54a74e9f: Bootstrap starting.
I20260630 12:36:51.376819 20147 consensus_queue.cc:260] T af4900eba3e64424a8e8014cc03833af P a78776e466864b99b52e9705339ad0e1 [NON_LEADER]: Queue going to NON_LEADER mode. State: All replicated index: 0, Majority replicated index: 0, Committed index: 0, Last appended: 0.0, Last appended by leader: 0, Current term: 0, Majority size: -1, State: 0, Mode: NON_LEADER, active raft config: opid_index: -1 OBSOLETE_local: false peers { permanent_uuid: "a78776e466864b99b52e9705339ad0e1" member_type: VOTER last_known_addr { host: "127.15.24.193" port: 35289 } } peers { permanent_uuid: "3f85bd2f86e64370a885f74b54a74e9f" member_type: VOTER last_known_addr { host: "127.15.24.194" port: 32843 } } peers { permanent_uuid: "40ad3d912af34e90a87378f34f76bffe" member_type: VOTER last_known_addr { host: "127.15.24.195" port: 33769 } }
I20260630 12:36:51.378461 20147 ts_tablet_manager.cc:1434] T af4900eba3e64424a8e8014cc03833af P a78776e466864b99b52e9705339ad0e1: Time spent starting tablet: real 0.013s	user 0.002s	sys 0.002s
I20260630 12:36:51.379169 20147 tablet_bootstrap.cc:492] T 36adf9aa00a548abb1619ff0bca1c59b P a78776e466864b99b52e9705339ad0e1: Bootstrap starting.
I20260630 12:36:51.382083 20146 tablet_bootstrap.cc:654] T 3251a619754643709eba0cbb0a642dd2 P 40ad3d912af34e90a87378f34f76bffe: Neither blocks nor log segments found. Creating new log.
I20260630 12:36:51.383044 20147 tablet_bootstrap.cc:654] T 36adf9aa00a548abb1619ff0bca1c59b P a78776e466864b99b52e9705339ad0e1: Neither blocks nor log segments found. Creating new log.
I20260630 12:36:51.384044 20149 tablet_bootstrap.cc:654] T f0ccdd8192f2464b8f058d01c3b54faf P 3f85bd2f86e64370a885f74b54a74e9f: Neither blocks nor log segments found. Creating new log.
I20260630 12:36:51.393428 20146 tablet_bootstrap.cc:492] T 3251a619754643709eba0cbb0a642dd2 P 40ad3d912af34e90a87378f34f76bffe: No bootstrap required, opened a new log
I20260630 12:36:51.394110 20146 ts_tablet_manager.cc:1403] T 3251a619754643709eba0cbb0a642dd2 P 40ad3d912af34e90a87378f34f76bffe: Time spent bootstrapping tablet: real 0.018s	user 0.008s	sys 0.009s
I20260630 12:36:51.396831 20146 raft_consensus.cc:359] T 3251a619754643709eba0cbb0a642dd2 P 40ad3d912af34e90a87378f34f76bffe [term 0 FOLLOWER]: Replica starting. Triggering 0 pending ops. Active config: opid_index: -1 OBSOLETE_local: false peers { permanent_uuid: "a78776e466864b99b52e9705339ad0e1" member_type: VOTER last_known_addr { host: "127.15.24.193" port: 35289 } } peers { permanent_uuid: "3f85bd2f86e64370a885f74b54a74e9f" member_type: VOTER last_known_addr { host: "127.15.24.194" port: 32843 } } peers { permanent_uuid: "40ad3d912af34e90a87378f34f76bffe" member_type: VOTER last_known_addr { host: "127.15.24.195" port: 33769 } }
I20260630 12:36:51.393353 20208 raft_consensus.cc:515] T dff0fcfa716f4a68b7931a56d9785f18 P a78776e466864b99b52e9705339ad0e1 [term 1 FOLLOWER]: Starting leader election with config: opid_index: -1 OBSOLETE_local: false peers { permanent_uuid: "a78776e466864b99b52e9705339ad0e1" member_type: VOTER last_known_addr { host: "127.15.24.193" port: 35289 } } peers { permanent_uuid: "3f85bd2f86e64370a885f74b54a74e9f" member_type: VOTER last_known_addr { host: "127.15.24.194" port: 32843 } } peers { permanent_uuid: "40ad3d912af34e90a87378f34f76bffe" member_type: VOTER last_known_addr { host: "127.15.24.195" port: 33769 } }
I20260630 12:36:51.397086 19847 catalog_manager.cc:5697] T 3251a619754643709eba0cbb0a642dd2 P 3f85bd2f86e64370a885f74b54a74e9f reported cstate change: term changed from 0 to 1, leader changed from <none> to 3f85bd2f86e64370a885f74b54a74e9f (127.15.24.194). New cstate: current_term: 1 leader_uuid: "3f85bd2f86e64370a885f74b54a74e9f" committed_config { opid_index: -1 OBSOLETE_local: false peers { permanent_uuid: "a78776e466864b99b52e9705339ad0e1" member_type: VOTER last_known_addr { host: "127.15.24.193" port: 35289 } health_report { overall_health: UNKNOWN } } peers { permanent_uuid: "3f85bd2f86e64370a885f74b54a74e9f" member_type: VOTER last_known_addr { host: "127.15.24.194" port: 32843 } health_report { overall_health: HEALTHY } } peers { permanent_uuid: "40ad3d912af34e90a87378f34f76bffe" member_type: VOTER last_known_addr { host: "127.15.24.195" port: 33769 } health_report { overall_health: UNKNOWN } } }
I20260630 12:36:51.399709 20027 tablet_service.cc:1917] Received RequestConsensusVote() RPC: tablet_id: "dff0fcfa716f4a68b7931a56d9785f18" candidate_uuid: "a78776e466864b99b52e9705339ad0e1" candidate_term: 1 candidate_status { last_received { term: 0 index: 0 } } ignore_live_leader: false dest_uuid: "3f85bd2f86e64370a885f74b54a74e9f"
I20260630 12:36:51.400305 20027 raft_consensus.cc:3060] T dff0fcfa716f4a68b7931a56d9785f18 P 3f85bd2f86e64370a885f74b54a74e9f [term 0 FOLLOWER]: Advancing to term 1
I20260630 12:36:51.400599 20101 tablet_service.cc:1917] Received RequestConsensusVote() RPC: tablet_id: "dff0fcfa716f4a68b7931a56d9785f18" candidate_uuid: "a78776e466864b99b52e9705339ad0e1" candidate_term: 1 candidate_status { last_received { term: 0 index: 0 } } ignore_live_leader: false dest_uuid: "40ad3d912af34e90a87378f34f76bffe"
W20260630 12:36:51.401978 19917 leader_election.cc:343] T dff0fcfa716f4a68b7931a56d9785f18 P a78776e466864b99b52e9705339ad0e1 [CANDIDATE]: Term 1 election: Tablet error from VoteRequest() call to peer 40ad3d912af34e90a87378f34f76bffe (127.15.24.195:33769): Illegal state: must be running to vote when last-logged opid is not known
I20260630 12:36:51.402496 20208 leader_election.cc:290] T dff0fcfa716f4a68b7931a56d9785f18 P a78776e466864b99b52e9705339ad0e1 [CANDIDATE]: Term 1 election: Requested vote from peers 3f85bd2f86e64370a885f74b54a74e9f (127.15.24.194:32843), 40ad3d912af34e90a87378f34f76bffe (127.15.24.195:33769)
I20260630 12:36:51.403023 20146 raft_consensus.cc:385] T 3251a619754643709eba0cbb0a642dd2 P 40ad3d912af34e90a87378f34f76bffe [term 0 FOLLOWER]: Consensus starting up: Expiring failure detector timer to make a prompt election more likely
I20260630 12:36:51.403288 20146 raft_consensus.cc:740] T 3251a619754643709eba0cbb0a642dd2 P 40ad3d912af34e90a87378f34f76bffe [term 0 FOLLOWER]: Becoming Follower/Learner. State: Replica: 40ad3d912af34e90a87378f34f76bffe, State: Initialized, Role: FOLLOWER
I20260630 12:36:51.403986 20146 consensus_queue.cc:260] T 3251a619754643709eba0cbb0a642dd2 P 40ad3d912af34e90a87378f34f76bffe [NON_LEADER]: Queue going to NON_LEADER mode. State: All replicated index: 0, Majority replicated index: 0, Committed index: 0, Last appended: 0.0, Last appended by leader: 0, Current term: 0, Majority size: -1, State: 0, Mode: NON_LEADER, active raft config: opid_index: -1 OBSOLETE_local: false peers { permanent_uuid: "a78776e466864b99b52e9705339ad0e1" member_type: VOTER last_known_addr { host: "127.15.24.193" port: 35289 } } peers { permanent_uuid: "3f85bd2f86e64370a885f74b54a74e9f" member_type: VOTER last_known_addr { host: "127.15.24.194" port: 32843 } } peers { permanent_uuid: "40ad3d912af34e90a87378f34f76bffe" member_type: VOTER last_known_addr { host: "127.15.24.195" port: 33769 } }
I20260630 12:36:51.406141 20146 ts_tablet_manager.cc:1434] T 3251a619754643709eba0cbb0a642dd2 P 40ad3d912af34e90a87378f34f76bffe: Time spent starting tablet: real 0.012s	user 0.002s	sys 0.004s
I20260630 12:36:51.407068 20146 tablet_bootstrap.cc:492] T 3b45f9599df94915b4f17f2da6d73da0 P 40ad3d912af34e90a87378f34f76bffe: Bootstrap starting.
I20260630 12:36:51.408179 20027 raft_consensus.cc:2468] T dff0fcfa716f4a68b7931a56d9785f18 P 3f85bd2f86e64370a885f74b54a74e9f [term 1 FOLLOWER]: Leader election vote request: Granting yes vote for candidate a78776e466864b99b52e9705339ad0e1 in term 1.
I20260630 12:36:51.410079 19918 leader_election.cc:304] T dff0fcfa716f4a68b7931a56d9785f18 P a78776e466864b99b52e9705339ad0e1 [CANDIDATE]: Term 1 election: Election decided. Result: candidate won. Election summary: received 3 responses out of 3 voters: 2 yes votes; 1 no votes. yes voters: 3f85bd2f86e64370a885f74b54a74e9f, a78776e466864b99b52e9705339ad0e1; no voters: 40ad3d912af34e90a87378f34f76bffe
I20260630 12:36:51.411247 20208 raft_consensus.cc:2804] T dff0fcfa716f4a68b7931a56d9785f18 P a78776e466864b99b52e9705339ad0e1 [term 1 FOLLOWER]: Leader election won for term 1
I20260630 12:36:51.411695 20208 raft_consensus.cc:697] T dff0fcfa716f4a68b7931a56d9785f18 P a78776e466864b99b52e9705339ad0e1 [term 1 LEADER]: Becoming Leader. State: Replica: a78776e466864b99b52e9705339ad0e1, State: Running, Role: LEADER
I20260630 12:36:51.412750 20146 tablet_bootstrap.cc:654] T 3b45f9599df94915b4f17f2da6d73da0 P 40ad3d912af34e90a87378f34f76bffe: Neither blocks nor log segments found. Creating new log.
I20260630 12:36:51.412405 20208 consensus_queue.cc:237] T dff0fcfa716f4a68b7931a56d9785f18 P a78776e466864b99b52e9705339ad0e1 [LEADER]: Queue going to LEADER mode. State: All replicated index: 0, Majority replicated index: 0, Committed index: 0, Last appended: 0.0, Last appended by leader: 0, Current term: 1, Majority size: 2, State: 0, Mode: LEADER, active raft config: opid_index: -1 OBSOLETE_local: false peers { permanent_uuid: "a78776e466864b99b52e9705339ad0e1" member_type: VOTER last_known_addr { host: "127.15.24.193" port: 35289 } } peers { permanent_uuid: "3f85bd2f86e64370a885f74b54a74e9f" member_type: VOTER last_known_addr { host: "127.15.24.194" port: 32843 } } peers { permanent_uuid: "40ad3d912af34e90a87378f34f76bffe" member_type: VOTER last_known_addr { host: "127.15.24.195" port: 33769 } }
I20260630 12:36:51.406903 19847 catalog_manager.cc:5697] T 3107b7cbedac437c893b04c3f8d12531 P 3f85bd2f86e64370a885f74b54a74e9f reported cstate change: term changed from 0 to 1, leader changed from <none> to 3f85bd2f86e64370a885f74b54a74e9f (127.15.24.194). New cstate: current_term: 1 leader_uuid: "3f85bd2f86e64370a885f74b54a74e9f" committed_config { opid_index: -1 OBSOLETE_local: false peers { permanent_uuid: "a78776e466864b99b52e9705339ad0e1" member_type: VOTER last_known_addr { host: "127.15.24.193" port: 35289 } health_report { overall_health: UNKNOWN } } peers { permanent_uuid: "3f85bd2f86e64370a885f74b54a74e9f" member_type: VOTER last_known_addr { host: "127.15.24.194" port: 32843 } health_report { overall_health: HEALTHY } } peers { permanent_uuid: "40ad3d912af34e90a87378f34f76bffe" member_type: VOTER last_known_addr { host: "127.15.24.195" port: 33769 } health_report { overall_health: UNKNOWN } } }
I20260630 12:36:51.427136 20149 tablet_bootstrap.cc:492] T f0ccdd8192f2464b8f058d01c3b54faf P 3f85bd2f86e64370a885f74b54a74e9f: No bootstrap required, opened a new log
I20260630 12:36:51.427531 20149 ts_tablet_manager.cc:1403] T f0ccdd8192f2464b8f058d01c3b54faf P 3f85bd2f86e64370a885f74b54a74e9f: Time spent bootstrapping tablet: real 0.051s	user 0.012s	sys 0.000s
I20260630 12:36:51.429759 20149 raft_consensus.cc:359] T f0ccdd8192f2464b8f058d01c3b54faf P 3f85bd2f86e64370a885f74b54a74e9f [term 0 FOLLOWER]: Replica starting. Triggering 0 pending ops. Active config: opid_index: -1 OBSOLETE_local: false peers { permanent_uuid: "a78776e466864b99b52e9705339ad0e1" member_type: VOTER last_known_addr { host: "127.15.24.193" port: 35289 } } peers { permanent_uuid: "3f85bd2f86e64370a885f74b54a74e9f" member_type: VOTER last_known_addr { host: "127.15.24.194" port: 32843 } } peers { permanent_uuid: "40ad3d912af34e90a87378f34f76bffe" member_type: VOTER last_known_addr { host: "127.15.24.195" port: 33769 } }
I20260630 12:36:51.430394 20149 raft_consensus.cc:385] T f0ccdd8192f2464b8f058d01c3b54faf P 3f85bd2f86e64370a885f74b54a74e9f [term 0 FOLLOWER]: Consensus starting up: Expiring failure detector timer to make a prompt election more likely
I20260630 12:36:51.430651 20149 raft_consensus.cc:740] T f0ccdd8192f2464b8f058d01c3b54faf P 3f85bd2f86e64370a885f74b54a74e9f [term 0 FOLLOWER]: Becoming Follower/Learner. State: Replica: 3f85bd2f86e64370a885f74b54a74e9f, State: Initialized, Role: FOLLOWER
I20260630 12:36:51.431308 20149 consensus_queue.cc:260] T f0ccdd8192f2464b8f058d01c3b54faf P 3f85bd2f86e64370a885f74b54a74e9f [NON_LEADER]: Queue going to NON_LEADER mode. State: All replicated index: 0, Majority replicated index: 0, Committed index: 0, Last appended: 0.0, Last appended by leader: 0, Current term: 0, Majority size: -1, State: 0, Mode: NON_LEADER, active raft config: opid_index: -1 OBSOLETE_local: false peers { permanent_uuid: "a78776e466864b99b52e9705339ad0e1" member_type: VOTER last_known_addr { host: "127.15.24.193" port: 35289 } } peers { permanent_uuid: "3f85bd2f86e64370a885f74b54a74e9f" member_type: VOTER last_known_addr { host: "127.15.24.194" port: 32843 } } peers { permanent_uuid: "40ad3d912af34e90a87378f34f76bffe" member_type: VOTER last_known_addr { host: "127.15.24.195" port: 33769 } }
I20260630 12:36:51.433348 20149 ts_tablet_manager.cc:1434] T f0ccdd8192f2464b8f058d01c3b54faf P 3f85bd2f86e64370a885f74b54a74e9f: Time spent starting tablet: real 0.006s	user 0.000s	sys 0.004s
I20260630 12:36:51.434595 20147 tablet_bootstrap.cc:492] T 36adf9aa00a548abb1619ff0bca1c59b P a78776e466864b99b52e9705339ad0e1: No bootstrap required, opened a new log
I20260630 12:36:51.435163 20147 ts_tablet_manager.cc:1403] T 36adf9aa00a548abb1619ff0bca1c59b P a78776e466864b99b52e9705339ad0e1: Time spent bootstrapping tablet: real 0.056s	user 0.014s	sys 0.032s
I20260630 12:36:51.435433 20149 tablet_bootstrap.cc:492] T af215d94dc574188aa9fe643c65ffe5c P 3f85bd2f86e64370a885f74b54a74e9f: Bootstrap starting.
I20260630 12:36:51.438589 20146 tablet_bootstrap.cc:492] T 3b45f9599df94915b4f17f2da6d73da0 P 40ad3d912af34e90a87378f34f76bffe: No bootstrap required, opened a new log
I20260630 12:36:51.439056 20146 ts_tablet_manager.cc:1403] T 3b45f9599df94915b4f17f2da6d73da0 P 40ad3d912af34e90a87378f34f76bffe: Time spent bootstrapping tablet: real 0.032s	user 0.007s	sys 0.007s
I20260630 12:36:51.438964 20147 raft_consensus.cc:359] T 36adf9aa00a548abb1619ff0bca1c59b P a78776e466864b99b52e9705339ad0e1 [term 0 FOLLOWER]: Replica starting. Triggering 0 pending ops. Active config: opid_index: -1 OBSOLETE_local: false peers { permanent_uuid: "a78776e466864b99b52e9705339ad0e1" member_type: VOTER last_known_addr { host: "127.15.24.193" port: 35289 } } peers { permanent_uuid: "3f85bd2f86e64370a885f74b54a74e9f" member_type: VOTER last_known_addr { host: "127.15.24.194" port: 32843 } } peers { permanent_uuid: "40ad3d912af34e90a87378f34f76bffe" member_type: VOTER last_known_addr { host: "127.15.24.195" port: 33769 } }
I20260630 12:36:51.439666 20147 raft_consensus.cc:385] T 36adf9aa00a548abb1619ff0bca1c59b P a78776e466864b99b52e9705339ad0e1 [term 0 FOLLOWER]: Consensus starting up: Expiring failure detector timer to make a prompt election more likely
I20260630 12:36:51.439962 20147 raft_consensus.cc:740] T 36adf9aa00a548abb1619ff0bca1c59b P a78776e466864b99b52e9705339ad0e1 [term 0 FOLLOWER]: Becoming Follower/Learner. State: Replica: a78776e466864b99b52e9705339ad0e1, State: Initialized, Role: FOLLOWER
I20260630 12:36:51.440696 20147 consensus_queue.cc:260] T 36adf9aa00a548abb1619ff0bca1c59b P a78776e466864b99b52e9705339ad0e1 [NON_LEADER]: Queue going to NON_LEADER mode. State: All replicated index: 0, Majority replicated index: 0, Committed index: 0, Last appended: 0.0, Last appended by leader: 0, Current term: 0, Majority size: -1, State: 0, Mode: NON_LEADER, active raft config: opid_index: -1 OBSOLETE_local: false peers { permanent_uuid: "a78776e466864b99b52e9705339ad0e1" member_type: VOTER last_known_addr { host: "127.15.24.193" port: 35289 } } peers { permanent_uuid: "3f85bd2f86e64370a885f74b54a74e9f" member_type: VOTER last_known_addr { host: "127.15.24.194" port: 32843 } } peers { permanent_uuid: "40ad3d912af34e90a87378f34f76bffe" member_type: VOTER last_known_addr { host: "127.15.24.195" port: 33769 } }
I20260630 12:36:51.442025 20146 raft_consensus.cc:359] T 3b45f9599df94915b4f17f2da6d73da0 P 40ad3d912af34e90a87378f34f76bffe [term 0 FOLLOWER]: Replica starting. Triggering 0 pending ops. Active config: opid_index: -1 OBSOLETE_local: false peers { permanent_uuid: "a78776e466864b99b52e9705339ad0e1" member_type: VOTER last_known_addr { host: "127.15.24.193" port: 35289 } } peers { permanent_uuid: "3f85bd2f86e64370a885f74b54a74e9f" member_type: VOTER last_known_addr { host: "127.15.24.194" port: 32843 } } peers { permanent_uuid: "40ad3d912af34e90a87378f34f76bffe" member_type: VOTER last_known_addr { host: "127.15.24.195" port: 33769 } }
I20260630 12:36:51.442711 20146 raft_consensus.cc:385] T 3b45f9599df94915b4f17f2da6d73da0 P 40ad3d912af34e90a87378f34f76bffe [term 0 FOLLOWER]: Consensus starting up: Expiring failure detector timer to make a prompt election more likely
I20260630 12:36:51.442898 20147 ts_tablet_manager.cc:1434] T 36adf9aa00a548abb1619ff0bca1c59b P a78776e466864b99b52e9705339ad0e1: Time spent starting tablet: real 0.007s	user 0.005s	sys 0.000s
I20260630 12:36:51.443053 20146 raft_consensus.cc:740] T 3b45f9599df94915b4f17f2da6d73da0 P 40ad3d912af34e90a87378f34f76bffe [term 0 FOLLOWER]: Becoming Follower/Learner. State: Replica: 40ad3d912af34e90a87378f34f76bffe, State: Initialized, Role: FOLLOWER
I20260630 12:36:51.443830 20147 tablet_bootstrap.cc:492] T 3107b7cbedac437c893b04c3f8d12531 P a78776e466864b99b52e9705339ad0e1: Bootstrap starting.
I20260630 12:36:51.444051 20146 consensus_queue.cc:260] T 3b45f9599df94915b4f17f2da6d73da0 P 40ad3d912af34e90a87378f34f76bffe [NON_LEADER]: Queue going to NON_LEADER mode. State: All replicated index: 0, Majority replicated index: 0, Committed index: 0, Last appended: 0.0, Last appended by leader: 0, Current term: 0, Majority size: -1, State: 0, Mode: NON_LEADER, active raft config: opid_index: -1 OBSOLETE_local: false peers { permanent_uuid: "a78776e466864b99b52e9705339ad0e1" member_type: VOTER last_known_addr { host: "127.15.24.193" port: 35289 } } peers { permanent_uuid: "3f85bd2f86e64370a885f74b54a74e9f" member_type: VOTER last_known_addr { host: "127.15.24.194" port: 32843 } } peers { permanent_uuid: "40ad3d912af34e90a87378f34f76bffe" member_type: VOTER last_known_addr { host: "127.15.24.195" port: 33769 } }
I20260630 12:36:51.444401 19848 catalog_manager.cc:5697] T f67ca311a378447da88ba36cc0b03559 P 40ad3d912af34e90a87378f34f76bffe reported cstate change: term changed from 0 to 1, leader changed from <none> to 40ad3d912af34e90a87378f34f76bffe (127.15.24.195). New cstate: current_term: 1 leader_uuid: "40ad3d912af34e90a87378f34f76bffe" committed_config { opid_index: -1 OBSOLETE_local: false peers { permanent_uuid: "3f85bd2f86e64370a885f74b54a74e9f" member_type: VOTER last_known_addr { host: "127.15.24.194" port: 32843 } health_report { overall_health: UNKNOWN } } peers { permanent_uuid: "40ad3d912af34e90a87378f34f76bffe" member_type: VOTER last_known_addr { host: "127.15.24.195" port: 33769 } health_report { overall_health: HEALTHY } } peers { permanent_uuid: "a78776e466864b99b52e9705339ad0e1" member_type: VOTER last_known_addr { host: "127.15.24.193" port: 35289 } health_report { overall_health: UNKNOWN } } }
I20260630 12:36:51.446321 20146 ts_tablet_manager.cc:1434] T 3b45f9599df94915b4f17f2da6d73da0 P 40ad3d912af34e90a87378f34f76bffe: Time spent starting tablet: real 0.007s	user 0.006s	sys 0.000s
I20260630 12:36:51.447253 20146 tablet_bootstrap.cc:492] T dff0fcfa716f4a68b7931a56d9785f18 P 40ad3d912af34e90a87378f34f76bffe: Bootstrap starting.
I20260630 12:36:51.446437 19848 catalog_manager.cc:5697] T af4900eba3e64424a8e8014cc03833af P 40ad3d912af34e90a87378f34f76bffe reported cstate change: term changed from 0 to 1, leader changed from <none> to 40ad3d912af34e90a87378f34f76bffe (127.15.24.195). New cstate: current_term: 1 leader_uuid: "40ad3d912af34e90a87378f34f76bffe" committed_config { opid_index: -1 OBSOLETE_local: false peers { permanent_uuid: "a78776e466864b99b52e9705339ad0e1" member_type: VOTER last_known_addr { host: "127.15.24.193" port: 35289 } health_report { overall_health: UNKNOWN } } peers { permanent_uuid: "3f85bd2f86e64370a885f74b54a74e9f" member_type: VOTER last_known_addr { host: "127.15.24.194" port: 32843 } health_report { overall_health: UNKNOWN } } peers { permanent_uuid: "40ad3d912af34e90a87378f34f76bffe" member_type: VOTER last_known_addr { host: "127.15.24.195" port: 33769 } health_report { overall_health: HEALTHY } } }
I20260630 12:36:51.448817 20208 raft_consensus.cc:493] T 36adf9aa00a548abb1619ff0bca1c59b P a78776e466864b99b52e9705339ad0e1 [term 0 FOLLOWER]: Starting pre-election (no leader contacted us within the election timeout)
I20260630 12:36:51.449267 20208 raft_consensus.cc:515] T 36adf9aa00a548abb1619ff0bca1c59b P a78776e466864b99b52e9705339ad0e1 [term 0 FOLLOWER]: Starting pre-election with config: opid_index: -1 OBSOLETE_local: false peers { permanent_uuid: "a78776e466864b99b52e9705339ad0e1" member_type: VOTER last_known_addr { host: "127.15.24.193" port: 35289 } } peers { permanent_uuid: "3f85bd2f86e64370a885f74b54a74e9f" member_type: VOTER last_known_addr { host: "127.15.24.194" port: 32843 } } peers { permanent_uuid: "40ad3d912af34e90a87378f34f76bffe" member_type: VOTER last_known_addr { host: "127.15.24.195" port: 33769 } }
I20260630 12:36:51.451347 20208 leader_election.cc:290] T 36adf9aa00a548abb1619ff0bca1c59b P a78776e466864b99b52e9705339ad0e1 [CANDIDATE]: Term 1 pre-election: Requested pre-vote from peers 3f85bd2f86e64370a885f74b54a74e9f (127.15.24.194:32843), 40ad3d912af34e90a87378f34f76bffe (127.15.24.195:33769)
I20260630 12:36:51.453192 20147 tablet_bootstrap.cc:654] T 3107b7cbedac437c893b04c3f8d12531 P a78776e466864b99b52e9705339ad0e1: Neither blocks nor log segments found. Creating new log.
I20260630 12:36:51.453382 20146 tablet_bootstrap.cc:654] T dff0fcfa716f4a68b7931a56d9785f18 P 40ad3d912af34e90a87378f34f76bffe: Neither blocks nor log segments found. Creating new log.
I20260630 12:36:51.454161 20101 tablet_service.cc:1917] Received RequestConsensusVote() RPC: tablet_id: "36adf9aa00a548abb1619ff0bca1c59b" candidate_uuid: "a78776e466864b99b52e9705339ad0e1" candidate_term: 1 candidate_status { last_received { term: 0 index: 0 } } ignore_live_leader: false dest_uuid: "40ad3d912af34e90a87378f34f76bffe" is_pre_election: true
I20260630 12:36:51.454922 20101 raft_consensus.cc:2393] T 36adf9aa00a548abb1619ff0bca1c59b P 40ad3d912af34e90a87378f34f76bffe [term 1 FOLLOWER]: Leader pre-election vote request: Denying vote to candidate a78776e466864b99b52e9705339ad0e1 in current term 1: Already voted for candidate 3f85bd2f86e64370a885f74b54a74e9f in this term.
I20260630 12:36:51.459452 20027 tablet_service.cc:1917] Received RequestConsensusVote() RPC: tablet_id: "36adf9aa00a548abb1619ff0bca1c59b" candidate_uuid: "a78776e466864b99b52e9705339ad0e1" candidate_term: 1 candidate_status { last_received { term: 0 index: 0 } } ignore_live_leader: false dest_uuid: "3f85bd2f86e64370a885f74b54a74e9f" is_pre_election: true
I20260630 12:36:51.460983 19918 leader_election.cc:304] T 36adf9aa00a548abb1619ff0bca1c59b P a78776e466864b99b52e9705339ad0e1 [CANDIDATE]: Term 1 pre-election: Election decided. Result: candidate lost. Election summary: received 3 responses out of 3 voters: 1 yes votes; 2 no votes. yes voters: a78776e466864b99b52e9705339ad0e1; no voters: 3f85bd2f86e64370a885f74b54a74e9f, 40ad3d912af34e90a87378f34f76bffe
I20260630 12:36:51.461710 20146 tablet_bootstrap.cc:492] T dff0fcfa716f4a68b7931a56d9785f18 P 40ad3d912af34e90a87378f34f76bffe: No bootstrap required, opened a new log
I20260630 12:36:51.462255 20146 ts_tablet_manager.cc:1403] T dff0fcfa716f4a68b7931a56d9785f18 P 40ad3d912af34e90a87378f34f76bffe: Time spent bootstrapping tablet: real 0.015s	user 0.013s	sys 0.000s
