I20260630 12:34:52.523629   889 file_cache.cc:492] Constructed file cache file cache with capacity 419430
W20260630 12:34:52.528043  1434 instance_detector.cc:116] could not retrieve AWS instance metadata: Network error: curl error: HTTP response code said error: The requested URL returned error: 404
W20260630 12:34:52.528707  1435 instance_detector.cc:116] could not retrieve Azure instance metadata: Network error: curl error: HTTP response code said error: The requested URL returned error: 404
I20260630 12:34:52.530102   889 server_base.cc:1061] running on GCE node
W20260630 12:34:52.530493  1437 instance_detector.cc:116] could not retrieve OpenStack instance metadata: Network error: curl error: HTTP response code said error: The requested URL returned error: 404
I20260630 12:34:52.531215   889 hybrid_clock.cc:584] initializing the hybrid clock with 'system_unsync' time source
W20260630 12:34:52.531401   889 system_unsync_time.cc:38] NTP support is disabled. Clock error bounds will not be accurate. This configuration is not suitable for distributed clusters.
I20260630 12:34:52.531546   889 hybrid_clock.cc:648] HybridClock initialized: now 1782822892531528 us; error 0 us; skew 500 ppm
I20260630 12:34:52.532196   889 server_base.cc:861] Flag tcmalloc_max_total_thread_cache_bytes is not working since tcmalloc is not enabled.
I20260630 12:34:52.535027   889 webserver.cc:533] Webserver started at http://127.0.222.126:37177/ using document root <none> and password file <none>
I20260630 12:34:52.535657   889 fs_manager.cc:362] Metadata directory not provided
I20260630 12:34:52.535861   889 fs_manager.cc:368] Using write-ahead log directory (fs_wal_dir) as metadata directory
I20260630 12:34:52.536154   889 server_base.cc:909] This appears to be a new deployment of Kudu; creating new FS layout
I20260630 12:34:52.537488   889 fs_manager.cc:1068] Generated new instance metadata in path /tmp/dist-test-taskIfS3AY/test-tmp/auto_rebalancer-test.0.AutoRebalancerTest.AutoRebalancingTurnOffAndOn.1782822885457800-889-0/minicluster-data/master-0-root/instance:
uuid: "699dacfd753541428f1272f32accf6d3"
format_stamp: "Formatted at 2026-06-30 12:34:52 on dist-test-slave-7dx9"
I20260630 12:34:52.543951   889 fs_manager.cc:696] Time spent creating directory manager: real 0.006s	user 0.007s	sys 0.002s
I20260630 12:34:52.547338  1442 log_block_manager.cc:4031] Time spent loading block containers with low live blocks: real 0.000s	user 0.000s	sys 0.000s
I20260630 12:34:52.548135   889 fs_manager.cc:730] Time spent opening block manager: real 0.002s	user 0.003s	sys 0.000s
I20260630 12:34:52.548388   889 fs_manager.cc:647] Opened local filesystem: /tmp/dist-test-taskIfS3AY/test-tmp/auto_rebalancer-test.0.AutoRebalancerTest.AutoRebalancingTurnOffAndOn.1782822885457800-889-0/minicluster-data/master-0-root
uuid: "699dacfd753541428f1272f32accf6d3"
format_stamp: "Formatted at 2026-06-30 12:34:52 on dist-test-slave-7dx9"
I20260630 12:34:52.548635   889 fs_report.cc:389] FS layout report
--------------------
wal directory: /tmp/dist-test-taskIfS3AY/test-tmp/auto_rebalancer-test.0.AutoRebalancerTest.AutoRebalancingTurnOffAndOn.1782822885457800-889-0/minicluster-data/master-0-root
metadata directory: /tmp/dist-test-taskIfS3AY/test-tmp/auto_rebalancer-test.0.AutoRebalancerTest.AutoRebalancingTurnOffAndOn.1782822885457800-889-0/minicluster-data/master-0-root
1 data directories: /tmp/dist-test-taskIfS3AY/test-tmp/auto_rebalancer-test.0.AutoRebalancerTest.AutoRebalancingTurnOffAndOn.1782822885457800-889-0/minicluster-data/master-0-root/data
Total live blocks: 0
Total live bytes: 0
Total live bytes (after alignment): 0
Total number of LBM containers: 0 (0 full)
Did not check for missing blocks
Did not check for orphaned blocks
Total full LBM containers with extra space: 0 (0 repaired)
Total full LBM container extra space in bytes: 0 (0 repaired)
Total incomplete LBM containers: 0 (0 repaired)
Total LBM partial records: 0 (0 repaired)
Total corrupted LBM metadata records in RocksDB: 0 (0 repaired)
I20260630 12:34:52.573606   889 rpc_server.cc:225] running with OpenSSL 1.1.1  11 Sep 2018
I20260630 12:34:52.574805   889 kserver.cc:163] Server-wide thread pool size limit: 3276
I20260630 12:34:52.614059   889 rpc_server.cc:307] RPC server started. Bound to: 127.0.222.126:34035
I20260630 12:34:52.614118  1493 acceptor_pool.cc:272] collecting diagnostics on the listening RPC socket 127.0.222.126:34035 every 8 connection(s)
I20260630 12:34:52.618891  1494 data_dirs.cc:400] Could only allocate 1 dirs of requested 3 for tablet 00000000000000000000000000000000. 1 dirs total, 0 dirs full, 0 dirs failed
I20260630 12:34:52.629778  1494 tablet_bootstrap.cc:492] T 00000000000000000000000000000000 P 699dacfd753541428f1272f32accf6d3: Bootstrap starting.
I20260630 12:34:52.635403  1494 tablet_bootstrap.cc:654] T 00000000000000000000000000000000 P 699dacfd753541428f1272f32accf6d3: Neither blocks nor log segments found. Creating new log.
I20260630 12:34:52.640543  1494 tablet_bootstrap.cc:492] T 00000000000000000000000000000000 P 699dacfd753541428f1272f32accf6d3: No bootstrap required, opened a new log
I20260630 12:34:52.643016  1494 raft_consensus.cc:359] T 00000000000000000000000000000000 P 699dacfd753541428f1272f32accf6d3 [term 0 FOLLOWER]: Replica starting. Triggering 0 pending ops. Active config: opid_index: -1 OBSOLETE_local: true peers { permanent_uuid: "699dacfd753541428f1272f32accf6d3" member_type: VOTER }
I20260630 12:34:52.643419  1494 raft_consensus.cc:385] T 00000000000000000000000000000000 P 699dacfd753541428f1272f32accf6d3 [term 0 FOLLOWER]: Consensus starting up: Expiring failure detector timer to make a prompt election more likely
I20260630 12:34:52.643659  1494 raft_consensus.cc:740] T 00000000000000000000000000000000 P 699dacfd753541428f1272f32accf6d3 [term 0 FOLLOWER]: Becoming Follower/Learner. State: Replica: 699dacfd753541428f1272f32accf6d3, State: Initialized, Role: FOLLOWER
I20260630 12:34:52.644198  1494 consensus_queue.cc:260] T 00000000000000000000000000000000 P 699dacfd753541428f1272f32accf6d3 [NON_LEADER]: Queue going to NON_LEADER mode. State: All replicated index: 0, Majority replicated index: 0, Committed index: 0, Last appended: 0.0, Last appended by leader: 0, Current term: 0, Majority size: -1, State: 0, Mode: NON_LEADER, active raft config: opid_index: -1 OBSOLETE_local: true peers { permanent_uuid: "699dacfd753541428f1272f32accf6d3" member_type: VOTER }
I20260630 12:34:52.644619  1494 raft_consensus.cc:399] T 00000000000000000000000000000000 P 699dacfd753541428f1272f32accf6d3 [term 0 FOLLOWER]: Only one voter in the Raft config. Triggering election immediately
I20260630 12:34:52.644821  1494 raft_consensus.cc:493] T 00000000000000000000000000000000 P 699dacfd753541428f1272f32accf6d3 [term 0 FOLLOWER]: Starting leader election (initial election of a single-replica configuration)
I20260630 12:34:52.645081  1494 raft_consensus.cc:3060] T 00000000000000000000000000000000 P 699dacfd753541428f1272f32accf6d3 [term 0 FOLLOWER]: Advancing to term 1
I20260630 12:34:52.649171  1494 raft_consensus.cc:515] T 00000000000000000000000000000000 P 699dacfd753541428f1272f32accf6d3 [term 1 FOLLOWER]: Starting leader election with config: opid_index: -1 OBSOLETE_local: true peers { permanent_uuid: "699dacfd753541428f1272f32accf6d3" member_type: VOTER }
I20260630 12:34:52.649689  1494 leader_election.cc:304] T 00000000000000000000000000000000 P 699dacfd753541428f1272f32accf6d3 [CANDIDATE]: Term 1 election: Election decided. Result: candidate won. Election summary: received 1 responses out of 1 voters: 1 yes votes; 0 no votes. yes voters: 699dacfd753541428f1272f32accf6d3; no voters: 
I20260630 12:34:52.650864  1494 leader_election.cc:290] T 00000000000000000000000000000000 P 699dacfd753541428f1272f32accf6d3 [CANDIDATE]: Term 1 election: Requested vote from peers 
I20260630 12:34:52.651211  1497 raft_consensus.cc:2804] T 00000000000000000000000000000000 P 699dacfd753541428f1272f32accf6d3 [term 1 FOLLOWER]: Leader election won for term 1
I20260630 12:34:52.652462  1497 raft_consensus.cc:697] T 00000000000000000000000000000000 P 699dacfd753541428f1272f32accf6d3 [term 1 LEADER]: Becoming Leader. State: Replica: 699dacfd753541428f1272f32accf6d3, State: Running, Role: LEADER
I20260630 12:34:52.653136  1497 consensus_queue.cc:237] T 00000000000000000000000000000000 P 699dacfd753541428f1272f32accf6d3 [LEADER]: Queue going to LEADER mode. State: All replicated index: 0, Majority replicated index: 0, Committed index: 0, Last appended: 0.0, Last appended by leader: 0, Current term: 1, Majority size: 1, State: 0, Mode: LEADER, active raft config: opid_index: -1 OBSOLETE_local: true peers { permanent_uuid: "699dacfd753541428f1272f32accf6d3" member_type: VOTER }
I20260630 12:34:52.653512  1494 sys_catalog.cc:565] T 00000000000000000000000000000000 P 699dacfd753541428f1272f32accf6d3 [sys.catalog]: configured and running, proceeding with master startup.
I20260630 12:34:52.656817  1498 sys_catalog.cc:455] T 00000000000000000000000000000000 P 699dacfd753541428f1272f32accf6d3 [sys.catalog]: SysCatalogTable state changed. Reason: RaftConsensus started. Latest consensus state: current_term: 1 leader_uuid: "699dacfd753541428f1272f32accf6d3" committed_config { opid_index: -1 OBSOLETE_local: true peers { permanent_uuid: "699dacfd753541428f1272f32accf6d3" member_type: VOTER } }
I20260630 12:34:52.657058  1499 sys_catalog.cc:455] T 00000000000000000000000000000000 P 699dacfd753541428f1272f32accf6d3 [sys.catalog]: SysCatalogTable state changed. Reason: New leader 699dacfd753541428f1272f32accf6d3. Latest consensus state: current_term: 1 leader_uuid: "699dacfd753541428f1272f32accf6d3" committed_config { opid_index: -1 OBSOLETE_local: true peers { permanent_uuid: "699dacfd753541428f1272f32accf6d3" member_type: VOTER } }
I20260630 12:34:52.658429  1498 sys_catalog.cc:458] T 00000000000000000000000000000000 P 699dacfd753541428f1272f32accf6d3 [sys.catalog]: This master's current role is: LEADER
I20260630 12:34:52.658516  1499 sys_catalog.cc:458] T 00000000000000000000000000000000 P 699dacfd753541428f1272f32accf6d3 [sys.catalog]: This master's current role is: LEADER
I20260630 12:34:52.662227  1504 catalog_manager.cc:1511] Loading table and tablet metadata into memory...
I20260630 12:34:52.669986  1504 catalog_manager.cc:1520] Initializing Kudu cluster ID...
I20260630 12:34:52.670935   889 internal_mini_cluster.cc:184] Waiting to initialize catalog manager on master 0
I20260630 12:34:52.681442  1504 catalog_manager.cc:1383] Generated new cluster ID: beeb8eb9653a44658dafacb54dde70c7
I20260630 12:34:52.681823  1504 catalog_manager.cc:1531] Initializing Kudu internal certificate authority...
I20260630 12:34:52.704520  1504 catalog_manager.cc:1406] Generated new certificate authority record
I20260630 12:34:52.705689  1504 catalog_manager.cc:1540] Loading token signing keys...
I20260630 12:34:52.719798  1504 catalog_manager.cc:6070] T 00000000000000000000000000000000 P 699dacfd753541428f1272f32accf6d3: Generated new TSK 0
I20260630 12:34:52.720427  1504 catalog_manager.cc:1550] Initializing in-progress tserver states...
I20260630 12:34:52.738420   889 file_cache.cc:492] Constructed file cache file cache with capacity 419430
W20260630 12:34:52.745007  1516 instance_detector.cc:116] could not retrieve Azure instance metadata: Network error: curl error: HTTP response code said error: The requested URL returned error: 404
W20260630 12:34:52.744993  1515 instance_detector.cc:116] could not retrieve AWS instance metadata: Network error: curl error: HTTP response code said error: The requested URL returned error: 404
W20260630 12:34:52.746608  1518 instance_detector.cc:116] could not retrieve OpenStack instance metadata: Network error: curl error: HTTP response code said error: The requested URL returned error: 404
I20260630 12:34:52.747290   889 server_base.cc:1061] running on GCE node
I20260630 12:34:52.748123   889 hybrid_clock.cc:584] initializing the hybrid clock with 'system_unsync' time source
W20260630 12:34:52.748313   889 system_unsync_time.cc:38] NTP support is disabled. Clock error bounds will not be accurate. This configuration is not suitable for distributed clusters.
I20260630 12:34:52.748488   889 hybrid_clock.cc:648] HybridClock initialized: now 1782822892748470 us; error 0 us; skew 500 ppm
I20260630 12:34:52.748986   889 server_base.cc:861] Flag tcmalloc_max_total_thread_cache_bytes is not working since tcmalloc is not enabled.
I20260630 12:34:52.751546   889 webserver.cc:533] Webserver started at http://127.0.222.65:36883/ using document root <none> and password file <none>
I20260630 12:34:52.751991   889 fs_manager.cc:362] Metadata directory not provided
I20260630 12:34:52.752153   889 fs_manager.cc:368] Using write-ahead log directory (fs_wal_dir) as metadata directory
I20260630 12:34:52.752388   889 server_base.cc:909] This appears to be a new deployment of Kudu; creating new FS layout
I20260630 12:34:52.753408   889 fs_manager.cc:1068] Generated new instance metadata in path /tmp/dist-test-taskIfS3AY/test-tmp/auto_rebalancer-test.0.AutoRebalancerTest.AutoRebalancingTurnOffAndOn.1782822885457800-889-0/minicluster-data/ts-0-root/instance:
uuid: "3b65fb1181a642b885f2f05a8c6bb371"
format_stamp: "Formatted at 2026-06-30 12:34:52 on dist-test-slave-7dx9"
I20260630 12:34:52.758701   889 fs_manager.cc:696] Time spent creating directory manager: real 0.005s	user 0.007s	sys 0.000s
I20260630 12:34:52.762225  1523 log_block_manager.cc:4031] Time spent loading block containers with low live blocks: real 0.000s	user 0.000s	sys 0.000s
I20260630 12:34:52.763250   889 fs_manager.cc:730] Time spent opening block manager: real 0.003s	user 0.003s	sys 0.000s
I20260630 12:34:52.763582   889 fs_manager.cc:647] Opened local filesystem: /tmp/dist-test-taskIfS3AY/test-tmp/auto_rebalancer-test.0.AutoRebalancerTest.AutoRebalancingTurnOffAndOn.1782822885457800-889-0/minicluster-data/ts-0-root
uuid: "3b65fb1181a642b885f2f05a8c6bb371"
format_stamp: "Formatted at 2026-06-30 12:34:52 on dist-test-slave-7dx9"
I20260630 12:34:52.763868   889 fs_report.cc:389] FS layout report
--------------------
wal directory: /tmp/dist-test-taskIfS3AY/test-tmp/auto_rebalancer-test.0.AutoRebalancerTest.AutoRebalancingTurnOffAndOn.1782822885457800-889-0/minicluster-data/ts-0-root
metadata directory: /tmp/dist-test-taskIfS3AY/test-tmp/auto_rebalancer-test.0.AutoRebalancerTest.AutoRebalancingTurnOffAndOn.1782822885457800-889-0/minicluster-data/ts-0-root
1 data directories: /tmp/dist-test-taskIfS3AY/test-tmp/auto_rebalancer-test.0.AutoRebalancerTest.AutoRebalancingTurnOffAndOn.1782822885457800-889-0/minicluster-data/ts-0-root/data
Total live blocks: 0
Total live bytes: 0
Total live bytes (after alignment): 0
Total number of LBM containers: 0 (0 full)
Did not check for missing blocks
Did not check for orphaned blocks
Total full LBM containers with extra space: 0 (0 repaired)
Total full LBM container extra space in bytes: 0 (0 repaired)
Total incomplete LBM containers: 0 (0 repaired)
Total LBM partial records: 0 (0 repaired)
Total corrupted LBM metadata records in RocksDB: 0 (0 repaired)
I20260630 12:34:52.787623   889 rpc_server.cc:225] running with OpenSSL 1.1.1  11 Sep 2018
I20260630 12:34:52.788641   889 kserver.cc:163] Server-wide thread pool size limit: 3276
I20260630 12:34:52.790033   889 txn_system_client.cc:432] TxnSystemClient initialization is disabled...
I20260630 12:34:52.792387   889 ts_tablet_manager.cc:585] Loaded tablet metadata (0 total tablets, 0 live tablets)
I20260630 12:34:52.792582   889 ts_tablet_manager.cc:531] Time spent load tablet metadata: real 0.000s	user 0.000s	sys 0.000s
I20260630 12:34:52.793040   889 ts_tablet_manager.cc:616] Registered 0 tablets
I20260630 12:34:52.793416   889 ts_tablet_manager.cc:595] Time spent register tablets: real 0.000s	user 0.000s	sys 0.000s
I20260630 12:34:52.836222   889 rpc_server.cc:307] RPC server started. Bound to: 127.0.222.65:40055
I20260630 12:34:52.836270  1585 acceptor_pool.cc:272] collecting diagnostics on the listening RPC socket 127.0.222.65:40055 every 8 connection(s)
I20260630 12:34:52.841425   889 file_cache.cc:492] Constructed file cache file cache with capacity 419430
W20260630 12:34:52.848074  1590 instance_detector.cc:116] could not retrieve AWS instance metadata: Network error: curl error: HTTP response code said error: The requested URL returned error: 404
W20260630 12:34:52.849721  1591 instance_detector.cc:116] could not retrieve Azure instance metadata: Network error: curl error: HTTP response code said error: The requested URL returned error: 404
W20260630 12:34:52.851004  1593 instance_detector.cc:116] could not retrieve OpenStack instance metadata: Network error: curl error: HTTP response code said error: The requested URL returned error: 404
I20260630 12:34:52.851962   889 server_base.cc:1061] running on GCE node
I20260630 12:34:52.853086   889 hybrid_clock.cc:584] initializing the hybrid clock with 'system_unsync' time source
W20260630 12:34:52.853397   889 system_unsync_time.cc:38] NTP support is disabled. Clock error bounds will not be accurate. This configuration is not suitable for distributed clusters.
I20260630 12:34:52.853585   889 hybrid_clock.cc:648] HybridClock initialized: now 1782822892853561 us; error 0 us; skew 500 ppm
I20260630 12:34:52.854238   889 server_base.cc:861] Flag tcmalloc_max_total_thread_cache_bytes is not working since tcmalloc is not enabled.
I20260630 12:34:52.857393   889 webserver.cc:533] Webserver started at http://127.0.222.66:40131/ using document root <none> and password file <none>
I20260630 12:34:52.858088   889 fs_manager.cc:362] Metadata directory not provided
I20260630 12:34:52.858366   889 fs_manager.cc:368] Using write-ahead log directory (fs_wal_dir) as metadata directory
I20260630 12:34:52.858973   889 server_base.cc:909] This appears to be a new deployment of Kudu; creating new FS layout
I20260630 12:34:52.859491  1586 heartbeater.cc:344] Connected to a master server at 127.0.222.126:34035
I20260630 12:34:52.859890  1586 heartbeater.cc:461] Registering TS with master...
I20260630 12:34:52.860157   889 fs_manager.cc:1068] Generated new instance metadata in path /tmp/dist-test-taskIfS3AY/test-tmp/auto_rebalancer-test.0.AutoRebalancerTest.AutoRebalancingTurnOffAndOn.1782822885457800-889-0/minicluster-data/ts-1-root/instance:
uuid: "daec24cfe22b470a897d04d42501b1d4"
format_stamp: "Formatted at 2026-06-30 12:34:52 on dist-test-slave-7dx9"
I20260630 12:34:52.860744  1586 heartbeater.cc:507] Master 127.0.222.126:34035 requested a full tablet report, sending...
I20260630 12:34:52.863125  1459 ts_manager.cc:194] Registered new tserver with Master: 3b65fb1181a642b885f2f05a8c6bb371 (127.0.222.65:40055)
I20260630 12:34:52.865108  1459 master_service.cc:502] Signed X509 certificate for tserver {username='slave'} at 127.0.0.1:42264
I20260630 12:34:52.865197   889 fs_manager.cc:696] Time spent creating directory manager: real 0.004s	user 0.005s	sys 0.001s
I20260630 12:34:52.869073  1598 log_block_manager.cc:4031] Time spent loading block containers with low live blocks: real 0.000s	user 0.000s	sys 0.000s
I20260630 12:34:52.869843   889 fs_manager.cc:730] Time spent opening block manager: real 0.002s	user 0.002s	sys 0.000s
I20260630 12:34:52.870112   889 fs_manager.cc:647] Opened local filesystem: /tmp/dist-test-taskIfS3AY/test-tmp/auto_rebalancer-test.0.AutoRebalancerTest.AutoRebalancingTurnOffAndOn.1782822885457800-889-0/minicluster-data/ts-1-root
uuid: "daec24cfe22b470a897d04d42501b1d4"
format_stamp: "Formatted at 2026-06-30 12:34:52 on dist-test-slave-7dx9"
I20260630 12:34:52.870344   889 fs_report.cc:389] FS layout report
--------------------
wal directory: /tmp/dist-test-taskIfS3AY/test-tmp/auto_rebalancer-test.0.AutoRebalancerTest.AutoRebalancingTurnOffAndOn.1782822885457800-889-0/minicluster-data/ts-1-root
metadata directory: /tmp/dist-test-taskIfS3AY/test-tmp/auto_rebalancer-test.0.AutoRebalancerTest.AutoRebalancingTurnOffAndOn.1782822885457800-889-0/minicluster-data/ts-1-root
1 data directories: /tmp/dist-test-taskIfS3AY/test-tmp/auto_rebalancer-test.0.AutoRebalancerTest.AutoRebalancingTurnOffAndOn.1782822885457800-889-0/minicluster-data/ts-1-root/data
Total live blocks: 0
Total live bytes: 0
Total live bytes (after alignment): 0
Total number of LBM containers: 0 (0 full)
Did not check for missing blocks
Did not check for orphaned blocks
Total full LBM containers with extra space: 0 (0 repaired)
Total full LBM container extra space in bytes: 0 (0 repaired)
Total incomplete LBM containers: 0 (0 repaired)
Total LBM partial records: 0 (0 repaired)
Total corrupted LBM metadata records in RocksDB: 0 (0 repaired)
I20260630 12:34:52.897284   889 rpc_server.cc:225] running with OpenSSL 1.1.1  11 Sep 2018
I20260630 12:34:52.898308   889 kserver.cc:163] Server-wide thread pool size limit: 3276
I20260630 12:34:52.899668   889 txn_system_client.cc:432] TxnSystemClient initialization is disabled...
I20260630 12:34:52.902599   889 ts_tablet_manager.cc:585] Loaded tablet metadata (0 total tablets, 0 live tablets)
I20260630 12:34:52.902850   889 ts_tablet_manager.cc:531] Time spent load tablet metadata: real 0.000s	user 0.000s	sys 0.000s
I20260630 12:34:52.903100   889 ts_tablet_manager.cc:616] Registered 0 tablets
I20260630 12:34:52.903262   889 ts_tablet_manager.cc:595] Time spent register tablets: real 0.000s	user 0.000s	sys 0.000s
I20260630 12:34:52.945072   889 rpc_server.cc:307] RPC server started. Bound to: 127.0.222.66:43817
I20260630 12:34:52.945152  1660 acceptor_pool.cc:272] collecting diagnostics on the listening RPC socket 127.0.222.66:43817 every 8 connection(s)
I20260630 12:34:52.949772   889 file_cache.cc:492] Constructed file cache file cache with capacity 419430
W20260630 12:34:52.956602  1664 instance_detector.cc:116] could not retrieve AWS instance metadata: Network error: curl error: HTTP response code said error: The requested URL returned error: 404
W20260630 12:34:52.962057  1665 instance_detector.cc:116] could not retrieve Azure instance metadata: Network error: curl error: HTTP response code said error: The requested URL returned error: 404
I20260630 12:34:52.962284  1661 heartbeater.cc:344] Connected to a master server at 127.0.222.126:34035
I20260630 12:34:52.962778   889 server_base.cc:1061] running on GCE node
W20260630 12:34:52.962831  1667 instance_detector.cc:116] could not retrieve OpenStack instance metadata: Network error: curl error: HTTP response code said error: The requested URL returned error: 404
I20260630 12:34:52.963153  1661 heartbeater.cc:461] Registering TS with master...
I20260630 12:34:52.964361   889 hybrid_clock.cc:584] initializing the hybrid clock with 'system_unsync' time source
I20260630 12:34:52.964394  1661 heartbeater.cc:507] Master 127.0.222.126:34035 requested a full tablet report, sending...
W20260630 12:34:52.964879   889 system_unsync_time.cc:38] NTP support is disabled. Clock error bounds will not be accurate. This configuration is not suitable for distributed clusters.
I20260630 12:34:52.965124   889 hybrid_clock.cc:648] HybridClock initialized: now 1782822892965105 us; error 0 us; skew 500 ppm
I20260630 12:34:52.965775   889 server_base.cc:861] Flag tcmalloc_max_total_thread_cache_bytes is not working since tcmalloc is not enabled.
I20260630 12:34:52.966791  1459 ts_manager.cc:194] Registered new tserver with Master: daec24cfe22b470a897d04d42501b1d4 (127.0.222.66:43817)
I20260630 12:34:52.968477  1459 master_service.cc:502] Signed X509 certificate for tserver {username='slave'} at 127.0.0.1:42266
I20260630 12:34:52.968693   889 webserver.cc:533] Webserver started at http://127.0.222.67:32815/ using document root <none> and password file <none>
I20260630 12:34:52.969274   889 fs_manager.cc:362] Metadata directory not provided
I20260630 12:34:52.969456   889 fs_manager.cc:368] Using write-ahead log directory (fs_wal_dir) as metadata directory
I20260630 12:34:52.969732   889 server_base.cc:909] This appears to be a new deployment of Kudu; creating new FS layout
I20260630 12:34:52.971112   889 fs_manager.cc:1068] Generated new instance metadata in path /tmp/dist-test-taskIfS3AY/test-tmp/auto_rebalancer-test.0.AutoRebalancerTest.AutoRebalancingTurnOffAndOn.1782822885457800-889-0/minicluster-data/ts-2-root/instance:
uuid: "1ac26d821f634f539828e8a958709869"
format_stamp: "Formatted at 2026-06-30 12:34:52 on dist-test-slave-7dx9"
I20260630 12:34:52.976016   889 fs_manager.cc:696] Time spent creating directory manager: real 0.004s	user 0.005s	sys 0.000s
I20260630 12:34:52.979470  1672 log_block_manager.cc:4031] Time spent loading block containers with low live blocks: real 0.000s	user 0.000s	sys 0.000s
I20260630 12:34:52.980363   889 fs_manager.cc:730] Time spent opening block manager: real 0.003s	user 0.003s	sys 0.000s
I20260630 12:34:52.980695   889 fs_manager.cc:647] Opened local filesystem: /tmp/dist-test-taskIfS3AY/test-tmp/auto_rebalancer-test.0.AutoRebalancerTest.AutoRebalancingTurnOffAndOn.1782822885457800-889-0/minicluster-data/ts-2-root
uuid: "1ac26d821f634f539828e8a958709869"
format_stamp: "Formatted at 2026-06-30 12:34:52 on dist-test-slave-7dx9"
I20260630 12:34:52.980970   889 fs_report.cc:389] FS layout report
--------------------
wal directory: /tmp/dist-test-taskIfS3AY/test-tmp/auto_rebalancer-test.0.AutoRebalancerTest.AutoRebalancingTurnOffAndOn.1782822885457800-889-0/minicluster-data/ts-2-root
metadata directory: /tmp/dist-test-taskIfS3AY/test-tmp/auto_rebalancer-test.0.AutoRebalancerTest.AutoRebalancingTurnOffAndOn.1782822885457800-889-0/minicluster-data/ts-2-root
1 data directories: /tmp/dist-test-taskIfS3AY/test-tmp/auto_rebalancer-test.0.AutoRebalancerTest.AutoRebalancingTurnOffAndOn.1782822885457800-889-0/minicluster-data/ts-2-root/data
Total live blocks: 0
Total live bytes: 0
Total live bytes (after alignment): 0
Total number of LBM containers: 0 (0 full)
Did not check for missing blocks
Did not check for orphaned blocks
Total full LBM containers with extra space: 0 (0 repaired)
Total full LBM container extra space in bytes: 0 (0 repaired)
Total incomplete LBM containers: 0 (0 repaired)
Total LBM partial records: 0 (0 repaired)
Total corrupted LBM metadata records in RocksDB: 0 (0 repaired)
I20260630 12:34:53.000833   889 rpc_server.cc:225] running with OpenSSL 1.1.1  11 Sep 2018
I20260630 12:34:53.001893   889 kserver.cc:163] Server-wide thread pool size limit: 3276
I20260630 12:34:53.003466   889 txn_system_client.cc:432] TxnSystemClient initialization is disabled...
I20260630 12:34:53.005784   889 ts_tablet_manager.cc:585] Loaded tablet metadata (0 total tablets, 0 live tablets)
I20260630 12:34:53.006003   889 ts_tablet_manager.cc:531] Time spent load tablet metadata: real 0.000s	user 0.000s	sys 0.000s
I20260630 12:34:53.006222   889 ts_tablet_manager.cc:616] Registered 0 tablets
I20260630 12:34:53.006372   889 ts_tablet_manager.cc:595] Time spent register tablets: real 0.000s	user 0.000s	sys 0.000s
I20260630 12:34:53.047768   889 rpc_server.cc:307] RPC server started. Bound to: 127.0.222.67:37077
I20260630 12:34:53.047863  1734 acceptor_pool.cc:272] collecting diagnostics on the listening RPC socket 127.0.222.67:37077 every 8 connection(s)
I20260630 12:34:53.062737  1735 heartbeater.cc:344] Connected to a master server at 127.0.222.126:34035
I20260630 12:34:53.063084  1735 heartbeater.cc:461] Registering TS with master...
I20260630 12:34:53.063753  1735 heartbeater.cc:507] Master 127.0.222.126:34035 requested a full tablet report, sending...
I20260630 12:34:53.065590  1459 ts_manager.cc:194] Registered new tserver with Master: 1ac26d821f634f539828e8a958709869 (127.0.222.67:37077)
I20260630 12:34:53.065727   889 internal_mini_cluster.cc:371] 3 TS(s) registered with all masters after 0.014019353s
I20260630 12:34:53.067503  1459 master_service.cc:502] Signed X509 certificate for tserver {username='slave'} at 127.0.0.1:42274
I20260630 12:34:53.867993  1586 heartbeater.cc:499] Master 127.0.222.126:34035 was elected leader, sending a full tablet report...
I20260630 12:34:53.971690  1661 heartbeater.cc:499] Master 127.0.222.126:34035 was elected leader, sending a full tablet report...
I20260630 12:34:54.070509  1735 heartbeater.cc:499] Master 127.0.222.126:34035 was elected leader, sending a full tablet report...
I20260630 12:34:54.125900  1459 catalog_manager.cc:2283] Servicing CreateTable request from {username='slave'} at 127.0.0.1:37792:
name: "test-workload"
schema {
  columns {
    name: "key"
    type: INT32
    is_key: true
    is_nullable: false
    encoding: AUTO_ENCODING
    compression: DEFAULT_COMPRESSION
    cfile_block_size: 0
    immutable: false
  }
  columns {
    name: "int_val"
    type: INT32
    is_key: false
    is_nullable: false
    encoding: AUTO_ENCODING
    compression: DEFAULT_COMPRESSION
    cfile_block_size: 0
    immutable: false
  }
  columns {
    name: "string_val"
    type: STRING
    is_key: false
    is_nullable: true
    encoding: AUTO_ENCODING
    compression: DEFAULT_COMPRESSION
    cfile_block_size: 0
    immutable: false
  }
}
num_replicas: 3
split_rows_range_bounds {
  rows: "\004\001\000\377\377\377\017\004\001\000\376\377\377\037\004\001\000\375\377\377/\004\001\000\374\377\377?\004\001\000\373\377\377O\004\001\000\372\377\377_\004\001\000\371\377\377o""\004\001\000\377\377\377\017\004\001\000\376\377\377\037\004\001\000\375\377\377/\004\001\000\374\377\377?\004\001\000\373\377\377O\004\001\000\372\377\377_\004\001\000\371\377\377o"
  indirect_data: """"
}
partition_schema {
  range_schema {
    columns {
      name: "key"
    }
  }
}
W20260630 12:34:54.128520  1459 catalog_manager.cc:7077] The number of live tablet servers is not enough to re-replicate a tablet replica of the newly created table test-workload in case of a server failure: 4 tablet servers would be needed, 3 are available. Consider bringing up more tablet servers.
I20260630 12:34:54.206460  1551 tablet_service.cc:1511] Processing CreateTablet for tablet 82aabe617b514ee5ae31eacd05b399c3 (DEFAULT_TABLE table=test-workload [id=a42ffe41041f46ad848f9e07fd8761f0]), partition=RANGE (key) PARTITION VALUES < 268435455
I20260630 12:34:54.207808  1551 data_dirs.cc:400] Could only allocate 1 dirs of requested 3 for tablet 82aabe617b514ee5ae31eacd05b399c3. 1 dirs total, 0 dirs full, 0 dirs failed
I20260630 12:34:54.211319  1546 tablet_service.cc:1511] Processing CreateTablet for tablet 82fe18ffe3cb4f17b3ef3bf1ba008273 (DEFAULT_TABLE table=test-workload [id=a42ffe41041f46ad848f9e07fd8761f0]), partition=RANGE (key) PARTITION 1342177275 <= VALUES < 1610612730
I20260630 12:34:54.211647  1550 tablet_service.cc:1511] Processing CreateTablet for tablet e16d4eab5d0f4b94b078d592696ae82a (DEFAULT_TABLE table=test-workload [id=a42ffe41041f46ad848f9e07fd8761f0]), partition=RANGE (key) PARTITION 268435455 <= VALUES < 536870910
I20260630 12:34:54.213085  1546 data_dirs.cc:400] Could only allocate 1 dirs of requested 3 for tablet 82fe18ffe3cb4f17b3ef3bf1ba008273. 1 dirs total, 0 dirs full, 0 dirs failed
I20260630 12:34:54.213604  1549 tablet_service.cc:1511] Processing CreateTablet for tablet d1e8f23561174e5c91fd6f93cf62b4e1 (DEFAULT_TABLE table=test-workload [id=a42ffe41041f46ad848f9e07fd8761f0]), partition=RANGE (key) PARTITION 536870910 <= VALUES < 805306365
I20260630 12:34:54.214686  1545 tablet_service.cc:1511] Processing CreateTablet for tablet ced6bcc3d64c409f847311aa5a67e55e (DEFAULT_TABLE table=test-workload [id=a42ffe41041f46ad848f9e07fd8761f0]), partition=RANGE (key) PARTITION 1610612730 <= VALUES < 1879048185
I20260630 12:34:54.215868  1548 tablet_service.cc:1511] Processing CreateTablet for tablet 6dde624978b24286b984f0ed4df63f9c (DEFAULT_TABLE table=test-workload [id=a42ffe41041f46ad848f9e07fd8761f0]), partition=RANGE (key) PARTITION 805306365 <= VALUES < 1073741820
I20260630 12:34:54.217950  1547 tablet_service.cc:1511] Processing CreateTablet for tablet 6d2bc4b7a5324fad8de4483d5c8cf6ab (DEFAULT_TABLE table=test-workload [id=a42ffe41041f46ad848f9e07fd8761f0]), partition=RANGE (key) PARTITION 1073741820 <= VALUES < 1342177275
I20260630 12:34:54.219447  1549 data_dirs.cc:400] Could only allocate 1 dirs of requested 3 for tablet d1e8f23561174e5c91fd6f93cf62b4e1. 1 dirs total, 0 dirs full, 0 dirs failed
I20260630 12:34:54.221012  1544 tablet_service.cc:1511] Processing CreateTablet for tablet c93049088b1f4d679116298d74e5d362 (DEFAULT_TABLE table=test-workload [id=a42ffe41041f46ad848f9e07fd8761f0]), partition=RANGE (key) PARTITION 1879048185 <= VALUES
I20260630 12:34:54.223014  1696 tablet_service.cc:1511] Processing CreateTablet for tablet 6d2bc4b7a5324fad8de4483d5c8cf6ab (DEFAULT_TABLE table=test-workload [id=a42ffe41041f46ad848f9e07fd8761f0]), partition=RANGE (key) PARTITION 1073741820 <= VALUES < 1342177275
I20260630 12:34:54.224339  1696 data_dirs.cc:400] Could only allocate 1 dirs of requested 3 for tablet 6d2bc4b7a5324fad8de4483d5c8cf6ab. 1 dirs total, 0 dirs full, 0 dirs failed
I20260630 12:34:54.224179  1700 tablet_service.cc:1511] Processing CreateTablet for tablet 82aabe617b514ee5ae31eacd05b399c3 (DEFAULT_TABLE table=test-workload [id=a42ffe41041f46ad848f9e07fd8761f0]), partition=RANGE (key) PARTITION VALUES < 268435455
I20260630 12:34:54.225515  1700 data_dirs.cc:400] Could only allocate 1 dirs of requested 3 for tablet 82aabe617b514ee5ae31eacd05b399c3. 1 dirs total, 0 dirs full, 0 dirs failed
I20260630 12:34:54.227562  1695 tablet_service.cc:1511] Processing CreateTablet for tablet 82fe18ffe3cb4f17b3ef3bf1ba008273 (DEFAULT_TABLE table=test-workload [id=a42ffe41041f46ad848f9e07fd8761f0]), partition=RANGE (key) PARTITION 1342177275 <= VALUES < 1610612730
I20260630 12:34:54.228828  1695 data_dirs.cc:400] Could only allocate 1 dirs of requested 3 for tablet 82fe18ffe3cb4f17b3ef3bf1ba008273. 1 dirs total, 0 dirs full, 0 dirs failed
I20260630 12:34:54.229676  1626 tablet_service.cc:1511] Processing CreateTablet for tablet 82aabe617b514ee5ae31eacd05b399c3 (DEFAULT_TABLE table=test-workload [id=a42ffe41041f46ad848f9e07fd8761f0]), partition=RANGE (key) PARTITION VALUES < 268435455
I20260630 12:34:54.231076  1626 data_dirs.cc:400] Could only allocate 1 dirs of requested 3 for tablet 82aabe617b514ee5ae31eacd05b399c3. 1 dirs total, 0 dirs full, 0 dirs failed
I20260630 12:34:54.231567  1694 tablet_service.cc:1511] Processing CreateTablet for tablet ced6bcc3d64c409f847311aa5a67e55e (DEFAULT_TABLE table=test-workload [id=a42ffe41041f46ad848f9e07fd8761f0]), partition=RANGE (key) PARTITION 1610612730 <= VALUES < 1879048185
I20260630 12:34:54.232892  1694 data_dirs.cc:400] Could only allocate 1 dirs of requested 3 for tablet ced6bcc3d64c409f847311aa5a67e55e. 1 dirs total, 0 dirs full, 0 dirs failed
I20260630 12:34:54.232540  1699 tablet_service.cc:1511] Processing CreateTablet for tablet e16d4eab5d0f4b94b078d592696ae82a (DEFAULT_TABLE table=test-workload [id=a42ffe41041f46ad848f9e07fd8761f0]), partition=RANGE (key) PARTITION 268435455 <= VALUES < 536870910
I20260630 12:34:54.233927  1699 data_dirs.cc:400] Could only allocate 1 dirs of requested 3 for tablet e16d4eab5d0f4b94b078d592696ae82a. 1 dirs total, 0 dirs full, 0 dirs failed
I20260630 12:34:54.234633  1693 tablet_service.cc:1511] Processing CreateTablet for tablet c93049088b1f4d679116298d74e5d362 (DEFAULT_TABLE table=test-workload [id=a42ffe41041f46ad848f9e07fd8761f0]), partition=RANGE (key) PARTITION 1879048185 <= VALUES
I20260630 12:34:54.235950  1625 tablet_service.cc:1511] Processing CreateTablet for tablet e16d4eab5d0f4b94b078d592696ae82a (DEFAULT_TABLE table=test-workload [id=a42ffe41041f46ad848f9e07fd8761f0]), partition=RANGE (key) PARTITION 268435455 <= VALUES < 536870910
I20260630 12:34:54.237082  1544 data_dirs.cc:400] Could only allocate 1 dirs of requested 3 for tablet c93049088b1f4d679116298d74e5d362. 1 dirs total, 0 dirs full, 0 dirs failed
I20260630 12:34:54.237676  1625 data_dirs.cc:400] Could only allocate 1 dirs of requested 3 for tablet e16d4eab5d0f4b94b078d592696ae82a. 1 dirs total, 0 dirs full, 0 dirs failed
I20260630 12:34:54.239850  1624 tablet_service.cc:1511] Processing CreateTablet for tablet d1e8f23561174e5c91fd6f93cf62b4e1 (DEFAULT_TABLE table=test-workload [id=a42ffe41041f46ad848f9e07fd8761f0]), partition=RANGE (key) PARTITION 536870910 <= VALUES < 805306365
I20260630 12:34:54.241103  1697 tablet_service.cc:1511] Processing CreateTablet for tablet 6dde624978b24286b984f0ed4df63f9c (DEFAULT_TABLE table=test-workload [id=a42ffe41041f46ad848f9e07fd8761f0]), partition=RANGE (key) PARTITION 805306365 <= VALUES < 1073741820
I20260630 12:34:54.243407  1548 data_dirs.cc:400] Could only allocate 1 dirs of requested 3 for tablet 6dde624978b24286b984f0ed4df63f9c. 1 dirs total, 0 dirs full, 0 dirs failed
I20260630 12:34:54.243597  1622 tablet_service.cc:1511] Processing CreateTablet for tablet 6d2bc4b7a5324fad8de4483d5c8cf6ab (DEFAULT_TABLE table=test-workload [id=a42ffe41041f46ad848f9e07fd8761f0]), partition=RANGE (key) PARTITION 1073741820 <= VALUES < 1342177275
I20260630 12:34:54.245813  1621 tablet_service.cc:1511] Processing CreateTablet for tablet 82fe18ffe3cb4f17b3ef3bf1ba008273 (DEFAULT_TABLE table=test-workload [id=a42ffe41041f46ad848f9e07fd8761f0]), partition=RANGE (key) PARTITION 1342177275 <= VALUES < 1610612730
I20260630 12:34:54.241555  1624 data_dirs.cc:400] Could only allocate 1 dirs of requested 3 for tablet d1e8f23561174e5c91fd6f93cf62b4e1. 1 dirs total, 0 dirs full, 0 dirs failed
I20260630 12:34:54.235985  1693 data_dirs.cc:400] Could only allocate 1 dirs of requested 3 for tablet c93049088b1f4d679116298d74e5d362. 1 dirs total, 0 dirs full, 0 dirs failed
I20260630 12:34:54.239850  1698 tablet_service.cc:1511] Processing CreateTablet for tablet d1e8f23561174e5c91fd6f93cf62b4e1 (DEFAULT_TABLE table=test-workload [id=a42ffe41041f46ad848f9e07fd8761f0]), partition=RANGE (key) PARTITION 536870910 <= VALUES < 805306365
I20260630 12:34:54.251258  1545 data_dirs.cc:400] Could only allocate 1 dirs of requested 3 for tablet ced6bcc3d64c409f847311aa5a67e55e. 1 dirs total, 0 dirs full, 0 dirs failed
I20260630 12:34:54.252002  1550 data_dirs.cc:400] Could only allocate 1 dirs of requested 3 for tablet e16d4eab5d0f4b94b078d592696ae82a. 1 dirs total, 0 dirs full, 0 dirs failed
I20260630 12:34:54.249877  1619 tablet_service.cc:1511] Processing CreateTablet for tablet c93049088b1f4d679116298d74e5d362 (DEFAULT_TABLE table=test-workload [id=a42ffe41041f46ad848f9e07fd8761f0]), partition=RANGE (key) PARTITION 1879048185 <= VALUES
I20260630 12:34:54.251161  1620 tablet_service.cc:1511] Processing CreateTablet for tablet ced6bcc3d64c409f847311aa5a67e55e (DEFAULT_TABLE table=test-workload [id=a42ffe41041f46ad848f9e07fd8761f0]), partition=RANGE (key) PARTITION 1610612730 <= VALUES < 1879048185
I20260630 12:34:54.254737  1547 data_dirs.cc:400] Could only allocate 1 dirs of requested 3 for tablet 6d2bc4b7a5324fad8de4483d5c8cf6ab. 1 dirs total, 0 dirs full, 0 dirs failed
I20260630 12:34:54.256204  1698 data_dirs.cc:400] Could only allocate 1 dirs of requested 3 for tablet d1e8f23561174e5c91fd6f93cf62b4e1. 1 dirs total, 0 dirs full, 0 dirs failed
I20260630 12:34:54.249935  1623 tablet_service.cc:1511] Processing CreateTablet for tablet 6dde624978b24286b984f0ed4df63f9c (DEFAULT_TABLE table=test-workload [id=a42ffe41041f46ad848f9e07fd8761f0]), partition=RANGE (key) PARTITION 805306365 <= VALUES < 1073741820
I20260630 12:34:54.261219  1622 data_dirs.cc:400] Could only allocate 1 dirs of requested 3 for tablet 6d2bc4b7a5324fad8de4483d5c8cf6ab. 1 dirs total, 0 dirs full, 0 dirs failed
I20260630 12:34:54.262283  1623 data_dirs.cc:400] Could only allocate 1 dirs of requested 3 for tablet 6dde624978b24286b984f0ed4df63f9c. 1 dirs total, 0 dirs full, 0 dirs failed
I20260630 12:34:54.262943  1697 data_dirs.cc:400] Could only allocate 1 dirs of requested 3 for tablet 6dde624978b24286b984f0ed4df63f9c. 1 dirs total, 0 dirs full, 0 dirs failed
I20260630 12:34:54.264209  1619 data_dirs.cc:400] Could only allocate 1 dirs of requested 3 for tablet c93049088b1f4d679116298d74e5d362. 1 dirs total, 0 dirs full, 0 dirs failed
I20260630 12:34:54.281112  1620 data_dirs.cc:400] Could only allocate 1 dirs of requested 3 for tablet ced6bcc3d64c409f847311aa5a67e55e. 1 dirs total, 0 dirs full, 0 dirs failed
I20260630 12:34:54.283413  1621 data_dirs.cc:400] Could only allocate 1 dirs of requested 3 for tablet 82fe18ffe3cb4f17b3ef3bf1ba008273. 1 dirs total, 0 dirs full, 0 dirs failed
I20260630 12:34:54.378324  1756 tablet_bootstrap.cc:492] T d1e8f23561174e5c91fd6f93cf62b4e1 P daec24cfe22b470a897d04d42501b1d4: Bootstrap starting.
I20260630 12:34:54.379640  1755 tablet_bootstrap.cc:492] T ced6bcc3d64c409f847311aa5a67e55e P 1ac26d821f634f539828e8a958709869: Bootstrap starting.
I20260630 12:34:54.386314  1756 tablet_bootstrap.cc:654] T d1e8f23561174e5c91fd6f93cf62b4e1 P daec24cfe22b470a897d04d42501b1d4: Neither blocks nor log segments found. Creating new log.
I20260630 12:34:54.386380  1757 tablet_bootstrap.cc:492] T 82aabe617b514ee5ae31eacd05b399c3 P 3b65fb1181a642b885f2f05a8c6bb371: Bootstrap starting.
I20260630 12:34:54.388453  1755 tablet_bootstrap.cc:654] T ced6bcc3d64c409f847311aa5a67e55e P 1ac26d821f634f539828e8a958709869: Neither blocks nor log segments found. Creating new log.
I20260630 12:34:54.394629  1757 tablet_bootstrap.cc:654] T 82aabe617b514ee5ae31eacd05b399c3 P 3b65fb1181a642b885f2f05a8c6bb371: Neither blocks nor log segments found. Creating new log.
I20260630 12:34:54.395164  1756 tablet_bootstrap.cc:492] T d1e8f23561174e5c91fd6f93cf62b4e1 P daec24cfe22b470a897d04d42501b1d4: No bootstrap required, opened a new log
I20260630 12:34:54.395617  1755 tablet_bootstrap.cc:492] T ced6bcc3d64c409f847311aa5a67e55e P 1ac26d821f634f539828e8a958709869: No bootstrap required, opened a new log
I20260630 12:34:54.395751  1756 ts_tablet_manager.cc:1403] T d1e8f23561174e5c91fd6f93cf62b4e1 P daec24cfe22b470a897d04d42501b1d4: Time spent bootstrapping tablet: real 0.018s	user 0.010s	sys 0.003s
I20260630 12:34:54.396057  1755 ts_tablet_manager.cc:1403] T ced6bcc3d64c409f847311aa5a67e55e P 1ac26d821f634f539828e8a958709869: Time spent bootstrapping tablet: real 0.017s	user 0.014s	sys 0.000s
I20260630 12:34:54.398730  1755 raft_consensus.cc:359] T ced6bcc3d64c409f847311aa5a67e55e P 1ac26d821f634f539828e8a958709869 [term 0 FOLLOWER]: Replica starting. Triggering 0 pending ops. Active config: opid_index: -1 OBSOLETE_local: false peers { permanent_uuid: "3b65fb1181a642b885f2f05a8c6bb371" member_type: VOTER last_known_addr { host: "127.0.222.65" port: 40055 } } peers { permanent_uuid: "daec24cfe22b470a897d04d42501b1d4" member_type: VOTER last_known_addr { host: "127.0.222.66" port: 43817 } } peers { permanent_uuid: "1ac26d821f634f539828e8a958709869" member_type: VOTER last_known_addr { host: "127.0.222.67" port: 37077 } }
I20260630 12:34:54.398944  1756 raft_consensus.cc:359] T d1e8f23561174e5c91fd6f93cf62b4e1 P daec24cfe22b470a897d04d42501b1d4 [term 0 FOLLOWER]: Replica starting. Triggering 0 pending ops. Active config: opid_index: -1 OBSOLETE_local: false peers { permanent_uuid: "3b65fb1181a642b885f2f05a8c6bb371" member_type: VOTER last_known_addr { host: "127.0.222.65" port: 40055 } } peers { permanent_uuid: "daec24cfe22b470a897d04d42501b1d4" member_type: VOTER last_known_addr { host: "127.0.222.66" port: 43817 } } peers { permanent_uuid: "1ac26d821f634f539828e8a958709869" member_type: VOTER last_known_addr { host: "127.0.222.67" port: 37077 } }
I20260630 12:34:54.399614  1756 raft_consensus.cc:385] T d1e8f23561174e5c91fd6f93cf62b4e1 P daec24cfe22b470a897d04d42501b1d4 [term 0 FOLLOWER]: Consensus starting up: Expiring failure detector timer to make a prompt election more likely
I20260630 12:34:54.400326  1756 raft_consensus.cc:740] T d1e8f23561174e5c91fd6f93cf62b4e1 P daec24cfe22b470a897d04d42501b1d4 [term 0 FOLLOWER]: Becoming Follower/Learner. State: Replica: daec24cfe22b470a897d04d42501b1d4, State: Initialized, Role: FOLLOWER
I20260630 12:34:54.400473  1757 tablet_bootstrap.cc:492] T 82aabe617b514ee5ae31eacd05b399c3 P 3b65fb1181a642b885f2f05a8c6bb371: No bootstrap required, opened a new log
I20260630 12:34:54.400971  1757 ts_tablet_manager.cc:1403] T 82aabe617b514ee5ae31eacd05b399c3 P 3b65fb1181a642b885f2f05a8c6bb371: Time spent bootstrapping tablet: real 0.015s	user 0.007s	sys 0.004s
I20260630 12:34:54.401326  1756 consensus_queue.cc:260] T d1e8f23561174e5c91fd6f93cf62b4e1 P daec24cfe22b470a897d04d42501b1d4 [NON_LEADER]: Queue going to NON_LEADER mode. State: All replicated index: 0, Majority replicated index: 0, Committed index: 0, Last appended: 0.0, Last appended by leader: 0, Current term: 0, Majority size: -1, State: 0, Mode: NON_LEADER, active raft config: opid_index: -1 OBSOLETE_local: false peers { permanent_uuid: "3b65fb1181a642b885f2f05a8c6bb371" member_type: VOTER last_known_addr { host: "127.0.222.65" port: 40055 } } peers { permanent_uuid: "daec24cfe22b470a897d04d42501b1d4" member_type: VOTER last_known_addr { host: "127.0.222.66" port: 43817 } } peers { permanent_uuid: "1ac26d821f634f539828e8a958709869" member_type: VOTER last_known_addr { host: "127.0.222.67" port: 37077 } }
I20260630 12:34:54.399566  1755 raft_consensus.cc:385] T ced6bcc3d64c409f847311aa5a67e55e P 1ac26d821f634f539828e8a958709869 [term 0 FOLLOWER]: Consensus starting up: Expiring failure detector timer to make a prompt election more likely
I20260630 12:34:54.402667  1755 raft_consensus.cc:740] T ced6bcc3d64c409f847311aa5a67e55e P 1ac26d821f634f539828e8a958709869 [term 0 FOLLOWER]: Becoming Follower/Learner. State: Replica: 1ac26d821f634f539828e8a958709869, State: Initialized, Role: FOLLOWER
I20260630 12:34:54.403566  1755 consensus_queue.cc:260] T ced6bcc3d64c409f847311aa5a67e55e P 1ac26d821f634f539828e8a958709869 [NON_LEADER]: Queue going to NON_LEADER mode. State: All replicated index: 0, Majority replicated index: 0, Committed index: 0, Last appended: 0.0, Last appended by leader: 0, Current term: 0, Majority size: -1, State: 0, Mode: NON_LEADER, active raft config: opid_index: -1 OBSOLETE_local: false peers { permanent_uuid: "3b65fb1181a642b885f2f05a8c6bb371" member_type: VOTER last_known_addr { host: "127.0.222.65" port: 40055 } } peers { permanent_uuid: "daec24cfe22b470a897d04d42501b1d4" member_type: VOTER last_known_addr { host: "127.0.222.66" port: 43817 } } peers { permanent_uuid: "1ac26d821f634f539828e8a958709869" member_type: VOTER last_known_addr { host: "127.0.222.67" port: 37077 } }
I20260630 12:34:54.403823  1757 raft_consensus.cc:359] T 82aabe617b514ee5ae31eacd05b399c3 P 3b65fb1181a642b885f2f05a8c6bb371 [term 0 FOLLOWER]: Replica starting. Triggering 0 pending ops. Active config: opid_index: -1 OBSOLETE_local: false peers { permanent_uuid: "1ac26d821f634f539828e8a958709869" member_type: VOTER last_known_addr { host: "127.0.222.67" port: 37077 } } peers { permanent_uuid: "3b65fb1181a642b885f2f05a8c6bb371" member_type: VOTER last_known_addr { host: "127.0.222.65" port: 40055 } } peers { permanent_uuid: "daec24cfe22b470a897d04d42501b1d4" member_type: VOTER last_known_addr { host: "127.0.222.66" port: 43817 } }
I20260630 12:34:54.404471  1756 ts_tablet_manager.cc:1434] T d1e8f23561174e5c91fd6f93cf62b4e1 P daec24cfe22b470a897d04d42501b1d4: Time spent starting tablet: real 0.008s	user 0.005s	sys 0.002s
I20260630 12:34:54.404533  1757 raft_consensus.cc:385] T 82aabe617b514ee5ae31eacd05b399c3 P 3b65fb1181a642b885f2f05a8c6bb371 [term 0 FOLLOWER]: Consensus starting up: Expiring failure detector timer to make a prompt election more likely
I20260630 12:34:54.405040  1757 raft_consensus.cc:740] T 82aabe617b514ee5ae31eacd05b399c3 P 3b65fb1181a642b885f2f05a8c6bb371 [term 0 FOLLOWER]: Becoming Follower/Learner. State: Replica: 3b65fb1181a642b885f2f05a8c6bb371, State: Initialized, Role: FOLLOWER
I20260630 12:34:54.405754  1756 tablet_bootstrap.cc:492] T 6dde624978b24286b984f0ed4df63f9c P daec24cfe22b470a897d04d42501b1d4: Bootstrap starting.
I20260630 12:34:54.405926  1757 consensus_queue.cc:260] T 82aabe617b514ee5ae31eacd05b399c3 P 3b65fb1181a642b885f2f05a8c6bb371 [NON_LEADER]: Queue going to NON_LEADER mode. State: All replicated index: 0, Majority replicated index: 0, Committed index: 0, Last appended: 0.0, Last appended by leader: 0, Current term: 0, Majority size: -1, State: 0, Mode: NON_LEADER, active raft config: opid_index: -1 OBSOLETE_local: false peers { permanent_uuid: "1ac26d821f634f539828e8a958709869" member_type: VOTER last_known_addr { host: "127.0.222.67" port: 37077 } } peers { permanent_uuid: "3b65fb1181a642b885f2f05a8c6bb371" member_type: VOTER last_known_addr { host: "127.0.222.65" port: 40055 } } peers { permanent_uuid: "daec24cfe22b470a897d04d42501b1d4" member_type: VOTER last_known_addr { host: "127.0.222.66" port: 43817 } }
I20260630 12:34:54.412307  1757 ts_tablet_manager.cc:1434] T 82aabe617b514ee5ae31eacd05b399c3 P 3b65fb1181a642b885f2f05a8c6bb371: Time spent starting tablet: real 0.011s	user 0.009s	sys 0.000s
I20260630 12:34:54.413337  1756 tablet_bootstrap.cc:654] T 6dde624978b24286b984f0ed4df63f9c P daec24cfe22b470a897d04d42501b1d4: Neither blocks nor log segments found. Creating new log.
I20260630 12:34:54.431149  1757 tablet_bootstrap.cc:492] T d1e8f23561174e5c91fd6f93cf62b4e1 P 3b65fb1181a642b885f2f05a8c6bb371: Bootstrap starting.
I20260630 12:34:54.435879  1764 raft_consensus.cc:493] T ced6bcc3d64c409f847311aa5a67e55e P 1ac26d821f634f539828e8a958709869 [term 0 FOLLOWER]: Starting pre-election (no leader contacted us within the election timeout)
