I20260630 12:11:26.779786  1292 tablet_bootstrap.cc:654] T 8ac8ab798a1c4df98c61fcaa2abc423f P 88cc44c9551340e7b68309077f3041b9: Neither blocks nor log segments found. Creating new log.
I20260630 12:11:26.780441  1294 ts_tablet_manager.cc:1434] T c9a4a21106b84c908c5b031db88c5b3e P ad9cecab60ad4890816986847d939a73: Time spent starting tablet: real 0.014s	user 0.008s	sys 0.005s
I20260630 12:11:26.779940  1296 consensus_queue.cc:260] T c9a4a21106b84c908c5b031db88c5b3e P 450f7185655049c99fe4cc4634a3fa0d [NON_LEADER]: Queue going to NON_LEADER mode. State: All replicated index: 0, Majority replicated index: 0, Committed index: 0, Last appended: 0.0, Last appended by leader: 0, Current term: 0, Majority size: -1, State: 0, Mode: NON_LEADER, active raft config: opid_index: -1 OBSOLETE_local: false peers { permanent_uuid: "88cc44c9551340e7b68309077f3041b9" member_type: VOTER last_known_addr { host: "127.0.107.194" port: 35867 } } peers { permanent_uuid: "ad9cecab60ad4890816986847d939a73" member_type: VOTER last_known_addr { host: "127.0.107.195" port: 36127 } } peers { permanent_uuid: "450f7185655049c99fe4cc4634a3fa0d" member_type: VOTER last_known_addr { host: "127.0.107.193" port: 35121 } }
I20260630 12:11:26.784978  1294 tablet_bootstrap.cc:492] T 89568c1308c04c2995c5270694851dd5 P ad9cecab60ad4890816986847d939a73: Bootstrap starting.
I20260630 12:11:26.790292  1296 ts_tablet_manager.cc:1434] T c9a4a21106b84c908c5b031db88c5b3e P 450f7185655049c99fe4cc4634a3fa0d: Time spent starting tablet: real 0.017s	user 0.012s	sys 0.000s
I20260630 12:11:26.791107  1292 tablet_bootstrap.cc:492] T 8ac8ab798a1c4df98c61fcaa2abc423f P 88cc44c9551340e7b68309077f3041b9: No bootstrap required, opened a new log
I20260630 12:11:26.791615  1292 ts_tablet_manager.cc:1403] T 8ac8ab798a1c4df98c61fcaa2abc423f P 88cc44c9551340e7b68309077f3041b9: Time spent bootstrapping tablet: real 0.020s	user 0.011s	sys 0.006s
I20260630 12:11:26.792824  1294 tablet_bootstrap.cc:654] T 89568c1308c04c2995c5270694851dd5 P ad9cecab60ad4890816986847d939a73: Neither blocks nor log segments found. Creating new log.
I20260630 12:11:26.794296  1296 tablet_bootstrap.cc:492] T 262ac9b0df3a4fa187996226a8e4fda0 P 450f7185655049c99fe4cc4634a3fa0d: Bootstrap starting.
I20260630 12:11:26.795917  1292 raft_consensus.cc:359] T 8ac8ab798a1c4df98c61fcaa2abc423f P 88cc44c9551340e7b68309077f3041b9 [term 0 FOLLOWER]: Replica starting. Triggering 0 pending ops. Active config: opid_index: -1 OBSOLETE_local: false peers { permanent_uuid: "450f7185655049c99fe4cc4634a3fa0d" member_type: VOTER last_known_addr { host: "127.0.107.193" port: 35121 } } peers { permanent_uuid: "88cc44c9551340e7b68309077f3041b9" member_type: VOTER last_known_addr { host: "127.0.107.194" port: 35867 } } peers { permanent_uuid: "ad9cecab60ad4890816986847d939a73" member_type: VOTER last_known_addr { host: "127.0.107.195" port: 36127 } }
I20260630 12:11:26.796784  1292 raft_consensus.cc:385] T 8ac8ab798a1c4df98c61fcaa2abc423f P 88cc44c9551340e7b68309077f3041b9 [term 0 FOLLOWER]: Consensus starting up: Expiring failure detector timer to make a prompt election more likely
I20260630 12:11:26.797133  1292 raft_consensus.cc:740] T 8ac8ab798a1c4df98c61fcaa2abc423f P 88cc44c9551340e7b68309077f3041b9 [term 0 FOLLOWER]: Becoming Follower/Learner. State: Replica: 88cc44c9551340e7b68309077f3041b9, State: Initialized, Role: FOLLOWER
I20260630 12:11:26.798029  1292 consensus_queue.cc:260] T 8ac8ab798a1c4df98c61fcaa2abc423f P 88cc44c9551340e7b68309077f3041b9 [NON_LEADER]: Queue going to NON_LEADER mode. State: All replicated index: 0, Majority replicated index: 0, Committed index: 0, Last appended: 0.0, Last appended by leader: 0, Current term: 0, Majority size: -1, State: 0, Mode: NON_LEADER, active raft config: opid_index: -1 OBSOLETE_local: false peers { permanent_uuid: "450f7185655049c99fe4cc4634a3fa0d" member_type: VOTER last_known_addr { host: "127.0.107.193" port: 35121 } } peers { permanent_uuid: "88cc44c9551340e7b68309077f3041b9" member_type: VOTER last_known_addr { host: "127.0.107.194" port: 35867 } } peers { permanent_uuid: "ad9cecab60ad4890816986847d939a73" member_type: VOTER last_known_addr { host: "127.0.107.195" port: 36127 } }
I20260630 12:11:26.800854  1292 ts_tablet_manager.cc:1434] T 8ac8ab798a1c4df98c61fcaa2abc423f P 88cc44c9551340e7b68309077f3041b9: Time spent starting tablet: real 0.009s	user 0.009s	sys 0.000s
I20260630 12:11:26.801898  1292 tablet_bootstrap.cc:492] T b3a1d472fcc94316ae6b75144ee2b4e3 P 88cc44c9551340e7b68309077f3041b9: Bootstrap starting.
I20260630 12:11:26.803457  1296 tablet_bootstrap.cc:654] T 262ac9b0df3a4fa187996226a8e4fda0 P 450f7185655049c99fe4cc4634a3fa0d: Neither blocks nor log segments found. Creating new log.
I20260630 12:11:26.806416  1294 tablet_bootstrap.cc:492] T 89568c1308c04c2995c5270694851dd5 P ad9cecab60ad4890816986847d939a73: No bootstrap required, opened a new log
I20260630 12:11:26.806962  1294 ts_tablet_manager.cc:1403] T 89568c1308c04c2995c5270694851dd5 P ad9cecab60ad4890816986847d939a73: Time spent bootstrapping tablet: real 0.022s	user 0.010s	sys 0.008s
I20260630 12:11:26.807873  1292 tablet_bootstrap.cc:654] T b3a1d472fcc94316ae6b75144ee2b4e3 P 88cc44c9551340e7b68309077f3041b9: Neither blocks nor log segments found. Creating new log.
I20260630 12:11:26.809579  1294 raft_consensus.cc:359] T 89568c1308c04c2995c5270694851dd5 P ad9cecab60ad4890816986847d939a73 [term 0 FOLLOWER]: Replica starting. Triggering 0 pending ops. Active config: opid_index: -1 OBSOLETE_local: false peers { permanent_uuid: "450f7185655049c99fe4cc4634a3fa0d" member_type: VOTER last_known_addr { host: "127.0.107.193" port: 35121 } } peers { permanent_uuid: "88cc44c9551340e7b68309077f3041b9" member_type: VOTER last_known_addr { host: "127.0.107.194" port: 35867 } } peers { permanent_uuid: "ad9cecab60ad4890816986847d939a73" member_type: VOTER last_known_addr { host: "127.0.107.195" port: 36127 } }
I20260630 12:11:26.810451  1294 raft_consensus.cc:385] T 89568c1308c04c2995c5270694851dd5 P ad9cecab60ad4890816986847d939a73 [term 0 FOLLOWER]: Consensus starting up: Expiring failure detector timer to make a prompt election more likely
I20260630 12:11:26.810832  1294 raft_consensus.cc:740] T 89568c1308c04c2995c5270694851dd5 P ad9cecab60ad4890816986847d939a73 [term 0 FOLLOWER]: Becoming Follower/Learner. State: Replica: ad9cecab60ad4890816986847d939a73, State: Initialized, Role: FOLLOWER
I20260630 12:11:26.811628  1294 consensus_queue.cc:260] T 89568c1308c04c2995c5270694851dd5 P ad9cecab60ad4890816986847d939a73 [NON_LEADER]: Queue going to NON_LEADER mode. State: All replicated index: 0, Majority replicated index: 0, Committed index: 0, Last appended: 0.0, Last appended by leader: 0, Current term: 0, Majority size: -1, State: 0, Mode: NON_LEADER, active raft config: opid_index: -1 OBSOLETE_local: false peers { permanent_uuid: "450f7185655049c99fe4cc4634a3fa0d" member_type: VOTER last_known_addr { host: "127.0.107.193" port: 35121 } } peers { permanent_uuid: "88cc44c9551340e7b68309077f3041b9" member_type: VOTER last_known_addr { host: "127.0.107.194" port: 35867 } } peers { permanent_uuid: "ad9cecab60ad4890816986847d939a73" member_type: VOTER last_known_addr { host: "127.0.107.195" port: 36127 } }
I20260630 12:11:26.813985  1294 ts_tablet_manager.cc:1434] T 89568c1308c04c2995c5270694851dd5 P ad9cecab60ad4890816986847d939a73: Time spent starting tablet: real 0.007s	user 0.005s	sys 0.000s
I20260630 12:11:26.815150  1294 tablet_bootstrap.cc:492] T 88b6c05db3ae4a8b872eeec42626c060 P ad9cecab60ad4890816986847d939a73: Bootstrap starting.
I20260630 12:11:26.820693  1294 tablet_bootstrap.cc:654] T 88b6c05db3ae4a8b872eeec42626c060 P ad9cecab60ad4890816986847d939a73: Neither blocks nor log segments found. Creating new log.
I20260630 12:11:26.830639  1292 tablet_bootstrap.cc:492] T b3a1d472fcc94316ae6b75144ee2b4e3 P 88cc44c9551340e7b68309077f3041b9: No bootstrap required, opened a new log
I20260630 12:11:26.831156  1292 ts_tablet_manager.cc:1403] T b3a1d472fcc94316ae6b75144ee2b4e3 P 88cc44c9551340e7b68309077f3041b9: Time spent bootstrapping tablet: real 0.029s	user 0.018s	sys 0.008s
I20260630 12:11:26.831698  1296 tablet_bootstrap.cc:492] T 262ac9b0df3a4fa187996226a8e4fda0 P 450f7185655049c99fe4cc4634a3fa0d: No bootstrap required, opened a new log
I20260630 12:11:26.832159  1296 ts_tablet_manager.cc:1403] T 262ac9b0df3a4fa187996226a8e4fda0 P 450f7185655049c99fe4cc4634a3fa0d: Time spent bootstrapping tablet: real 0.038s	user 0.007s	sys 0.025s
I20260630 12:11:26.833855  1292 raft_consensus.cc:359] T b3a1d472fcc94316ae6b75144ee2b4e3 P 88cc44c9551340e7b68309077f3041b9 [term 0 FOLLOWER]: Replica starting. Triggering 0 pending ops. Active config: opid_index: -1 OBSOLETE_local: false peers { permanent_uuid: "450f7185655049c99fe4cc4634a3fa0d" member_type: VOTER last_known_addr { host: "127.0.107.193" port: 35121 } } peers { permanent_uuid: "88cc44c9551340e7b68309077f3041b9" member_type: VOTER last_known_addr { host: "127.0.107.194" port: 35867 } } peers { permanent_uuid: "ad9cecab60ad4890816986847d939a73" member_type: VOTER last_known_addr { host: "127.0.107.195" port: 36127 } }
I20260630 12:11:26.834378  1294 tablet_bootstrap.cc:492] T 88b6c05db3ae4a8b872eeec42626c060 P ad9cecab60ad4890816986847d939a73: No bootstrap required, opened a new log
I20260630 12:11:26.834602  1292 raft_consensus.cc:385] T b3a1d472fcc94316ae6b75144ee2b4e3 P 88cc44c9551340e7b68309077f3041b9 [term 0 FOLLOWER]: Consensus starting up: Expiring failure detector timer to make a prompt election more likely
I20260630 12:11:26.834787  1294 ts_tablet_manager.cc:1403] T 88b6c05db3ae4a8b872eeec42626c060 P ad9cecab60ad4890816986847d939a73: Time spent bootstrapping tablet: real 0.020s	user 0.006s	sys 0.006s
I20260630 12:11:26.834991  1292 raft_consensus.cc:740] T b3a1d472fcc94316ae6b75144ee2b4e3 P 88cc44c9551340e7b68309077f3041b9 [term 0 FOLLOWER]: Becoming Follower/Learner. State: Replica: 88cc44c9551340e7b68309077f3041b9, State: Initialized, Role: FOLLOWER
I20260630 12:11:26.834822  1296 raft_consensus.cc:359] T 262ac9b0df3a4fa187996226a8e4fda0 P 450f7185655049c99fe4cc4634a3fa0d [term 0 FOLLOWER]: Replica starting. Triggering 0 pending ops. Active config: opid_index: -1 OBSOLETE_local: false peers { permanent_uuid: "450f7185655049c99fe4cc4634a3fa0d" member_type: VOTER last_known_addr { host: "127.0.107.193" port: 35121 } } peers { permanent_uuid: "88cc44c9551340e7b68309077f3041b9" member_type: VOTER last_known_addr { host: "127.0.107.194" port: 35867 } } peers { permanent_uuid: "ad9cecab60ad4890816986847d939a73" member_type: VOTER last_known_addr { host: "127.0.107.195" port: 36127 } }
I20260630 12:11:26.835747  1296 raft_consensus.cc:385] T 262ac9b0df3a4fa187996226a8e4fda0 P 450f7185655049c99fe4cc4634a3fa0d [term 0 FOLLOWER]: Consensus starting up: Expiring failure detector timer to make a prompt election more likely
I20260630 12:11:26.836067  1296 raft_consensus.cc:740] T 262ac9b0df3a4fa187996226a8e4fda0 P 450f7185655049c99fe4cc4634a3fa0d [term 0 FOLLOWER]: Becoming Follower/Learner. State: Replica: 450f7185655049c99fe4cc4634a3fa0d, State: Initialized, Role: FOLLOWER
I20260630 12:11:26.835891  1292 consensus_queue.cc:260] T b3a1d472fcc94316ae6b75144ee2b4e3 P 88cc44c9551340e7b68309077f3041b9 [NON_LEADER]: Queue going to NON_LEADER mode. State: All replicated index: 0, Majority replicated index: 0, Committed index: 0, Last appended: 0.0, Last appended by leader: 0, Current term: 0, Majority size: -1, State: 0, Mode: NON_LEADER, active raft config: opid_index: -1 OBSOLETE_local: false peers { permanent_uuid: "450f7185655049c99fe4cc4634a3fa0d" member_type: VOTER last_known_addr { host: "127.0.107.193" port: 35121 } } peers { permanent_uuid: "88cc44c9551340e7b68309077f3041b9" member_type: VOTER last_known_addr { host: "127.0.107.194" port: 35867 } } peers { permanent_uuid: "ad9cecab60ad4890816986847d939a73" member_type: VOTER last_known_addr { host: "127.0.107.195" port: 36127 } }
I20260630 12:11:26.836825  1296 consensus_queue.cc:260] T 262ac9b0df3a4fa187996226a8e4fda0 P 450f7185655049c99fe4cc4634a3fa0d [NON_LEADER]: Queue going to NON_LEADER mode. State: All replicated index: 0, Majority replicated index: 0, Committed index: 0, Last appended: 0.0, Last appended by leader: 0, Current term: 0, Majority size: -1, State: 0, Mode: NON_LEADER, active raft config: opid_index: -1 OBSOLETE_local: false peers { permanent_uuid: "450f7185655049c99fe4cc4634a3fa0d" member_type: VOTER last_known_addr { host: "127.0.107.193" port: 35121 } } peers { permanent_uuid: "88cc44c9551340e7b68309077f3041b9" member_type: VOTER last_known_addr { host: "127.0.107.194" port: 35867 } } peers { permanent_uuid: "ad9cecab60ad4890816986847d939a73" member_type: VOTER last_known_addr { host: "127.0.107.195" port: 36127 } }
I20260630 12:11:26.837601  1294 raft_consensus.cc:359] T 88b6c05db3ae4a8b872eeec42626c060 P ad9cecab60ad4890816986847d939a73 [term 0 FOLLOWER]: Replica starting. Triggering 0 pending ops. Active config: opid_index: -1 OBSOLETE_local: false peers { permanent_uuid: "450f7185655049c99fe4cc4634a3fa0d" member_type: VOTER last_known_addr { host: "127.0.107.193" port: 35121 } } peers { permanent_uuid: "88cc44c9551340e7b68309077f3041b9" member_type: VOTER last_known_addr { host: "127.0.107.194" port: 35867 } } peers { permanent_uuid: "ad9cecab60ad4890816986847d939a73" member_type: VOTER last_known_addr { host: "127.0.107.195" port: 36127 } }
I20260630 12:11:26.838230  1292 ts_tablet_manager.cc:1434] T b3a1d472fcc94316ae6b75144ee2b4e3 P 88cc44c9551340e7b68309077f3041b9: Time spent starting tablet: real 0.007s	user 0.005s	sys 0.003s
I20260630 12:11:26.838363  1294 raft_consensus.cc:385] T 88b6c05db3ae4a8b872eeec42626c060 P ad9cecab60ad4890816986847d939a73 [term 0 FOLLOWER]: Consensus starting up: Expiring failure detector timer to make a prompt election more likely
I20260630 12:11:26.838836  1294 raft_consensus.cc:740] T 88b6c05db3ae4a8b872eeec42626c060 P ad9cecab60ad4890816986847d939a73 [term 0 FOLLOWER]: Becoming Follower/Learner. State: Replica: ad9cecab60ad4890816986847d939a73, State: Initialized, Role: FOLLOWER
I20260630 12:11:26.839336  1292 tablet_bootstrap.cc:492] T 88b6c05db3ae4a8b872eeec42626c060 P 88cc44c9551340e7b68309077f3041b9: Bootstrap starting.
I20260630 12:11:26.839749  1294 consensus_queue.cc:260] T 88b6c05db3ae4a8b872eeec42626c060 P ad9cecab60ad4890816986847d939a73 [NON_LEADER]: Queue going to NON_LEADER mode. State: All replicated index: 0, Majority replicated index: 0, Committed index: 0, Last appended: 0.0, Last appended by leader: 0, Current term: 0, Majority size: -1, State: 0, Mode: NON_LEADER, active raft config: opid_index: -1 OBSOLETE_local: false peers { permanent_uuid: "450f7185655049c99fe4cc4634a3fa0d" member_type: VOTER last_known_addr { host: "127.0.107.193" port: 35121 } } peers { permanent_uuid: "88cc44c9551340e7b68309077f3041b9" member_type: VOTER last_known_addr { host: "127.0.107.194" port: 35867 } } peers { permanent_uuid: "ad9cecab60ad4890816986847d939a73" member_type: VOTER last_known_addr { host: "127.0.107.195" port: 36127 } }
I20260630 12:11:26.843613  1296 ts_tablet_manager.cc:1434] T 262ac9b0df3a4fa187996226a8e4fda0 P 450f7185655049c99fe4cc4634a3fa0d: Time spent starting tablet: real 0.011s	user 0.005s	sys 0.000s
I20260630 12:11:26.843999  1294 ts_tablet_manager.cc:1434] T 88b6c05db3ae4a8b872eeec42626c060 P ad9cecab60ad4890816986847d939a73: Time spent starting tablet: real 0.009s	user 0.005s	sys 0.000s
I20260630 12:11:26.845026  1294 tablet_bootstrap.cc:492] T 8ac8ab798a1c4df98c61fcaa2abc423f P ad9cecab60ad4890816986847d939a73: Bootstrap starting.
I20260630 12:11:26.845265  1292 tablet_bootstrap.cc:654] T 88b6c05db3ae4a8b872eeec42626c060 P 88cc44c9551340e7b68309077f3041b9: Neither blocks nor log segments found. Creating new log.
I20260630 12:11:26.850443  1294 tablet_bootstrap.cc:654] T 8ac8ab798a1c4df98c61fcaa2abc423f P ad9cecab60ad4890816986847d939a73: Neither blocks nor log segments found. Creating new log.
I20260630 12:11:26.857237  1296 tablet_bootstrap.cc:492] T 77e57d6e9b2748819a5eedf9d6cb14ae P 450f7185655049c99fe4cc4634a3fa0d: Bootstrap starting.
I20260630 12:11:26.860705  1295 raft_consensus.cc:493] T b3a1d472fcc94316ae6b75144ee2b4e3 P 88cc44c9551340e7b68309077f3041b9 [term 0 FOLLOWER]: Starting pre-election (no leader contacted us within the election timeout)
I20260630 12:11:26.861286  1295 raft_consensus.cc:515] T b3a1d472fcc94316ae6b75144ee2b4e3 P 88cc44c9551340e7b68309077f3041b9 [term 0 FOLLOWER]: Starting pre-election with config: opid_index: -1 OBSOLETE_local: false peers { permanent_uuid: "450f7185655049c99fe4cc4634a3fa0d" member_type: VOTER last_known_addr { host: "127.0.107.193" port: 35121 } } peers { permanent_uuid: "88cc44c9551340e7b68309077f3041b9" member_type: VOTER last_known_addr { host: "127.0.107.194" port: 35867 } } peers { permanent_uuid: "ad9cecab60ad4890816986847d939a73" member_type: VOTER last_known_addr { host: "127.0.107.195" port: 36127 } }
I20260630 12:11:26.862669  1294 tablet_bootstrap.cc:492] T 8ac8ab798a1c4df98c61fcaa2abc423f P ad9cecab60ad4890816986847d939a73: No bootstrap required, opened a new log
I20260630 12:11:26.863210  1294 ts_tablet_manager.cc:1403] T 8ac8ab798a1c4df98c61fcaa2abc423f P ad9cecab60ad4890816986847d939a73: Time spent bootstrapping tablet: real 0.018s	user 0.014s	sys 0.000s
I20260630 12:11:26.866842  1294 raft_consensus.cc:359] T 8ac8ab798a1c4df98c61fcaa2abc423f P ad9cecab60ad4890816986847d939a73 [term 0 FOLLOWER]: Replica starting. Triggering 0 pending ops. Active config: opid_index: -1 OBSOLETE_local: false peers { permanent_uuid: "450f7185655049c99fe4cc4634a3fa0d" member_type: VOTER last_known_addr { host: "127.0.107.193" port: 35121 } } peers { permanent_uuid: "88cc44c9551340e7b68309077f3041b9" member_type: VOTER last_known_addr { host: "127.0.107.194" port: 35867 } } peers { permanent_uuid: "ad9cecab60ad4890816986847d939a73" member_type: VOTER last_known_addr { host: "127.0.107.195" port: 36127 } }
I20260630 12:11:26.867623  1294 raft_consensus.cc:385] T 8ac8ab798a1c4df98c61fcaa2abc423f P ad9cecab60ad4890816986847d939a73 [term 0 FOLLOWER]: Consensus starting up: Expiring failure detector timer to make a prompt election more likely
I20260630 12:11:26.867947  1294 raft_consensus.cc:740] T 8ac8ab798a1c4df98c61fcaa2abc423f P ad9cecab60ad4890816986847d939a73 [term 0 FOLLOWER]: Becoming Follower/Learner. State: Replica: ad9cecab60ad4890816986847d939a73, State: Initialized, Role: FOLLOWER
I20260630 12:11:26.868821  1294 consensus_queue.cc:260] T 8ac8ab798a1c4df98c61fcaa2abc423f P ad9cecab60ad4890816986847d939a73 [NON_LEADER]: Queue going to NON_LEADER mode. State: All replicated index: 0, Majority replicated index: 0, Committed index: 0, Last appended: 0.0, Last appended by leader: 0, Current term: 0, Majority size: -1, State: 0, Mode: NON_LEADER, active raft config: opid_index: -1 OBSOLETE_local: false peers { permanent_uuid: "450f7185655049c99fe4cc4634a3fa0d" member_type: VOTER last_known_addr { host: "127.0.107.193" port: 35121 } } peers { permanent_uuid: "88cc44c9551340e7b68309077f3041b9" member_type: VOTER last_known_addr { host: "127.0.107.194" port: 35867 } } peers { permanent_uuid: "ad9cecab60ad4890816986847d939a73" member_type: VOTER last_known_addr { host: "127.0.107.195" port: 36127 } }
I20260630 12:11:26.864879  1296 tablet_bootstrap.cc:654] T 77e57d6e9b2748819a5eedf9d6cb14ae P 450f7185655049c99fe4cc4634a3fa0d: Neither blocks nor log segments found. Creating new log.
I20260630 12:11:26.872186  1294 ts_tablet_manager.cc:1434] T 8ac8ab798a1c4df98c61fcaa2abc423f P ad9cecab60ad4890816986847d939a73: Time spent starting tablet: real 0.009s	user 0.005s	sys 0.004s
I20260630 12:11:26.870203  1295 leader_election.cc:290] T b3a1d472fcc94316ae6b75144ee2b4e3 P 88cc44c9551340e7b68309077f3041b9 [CANDIDATE]: Term 1 pre-election: Requested pre-vote from peers 450f7185655049c99fe4cc4634a3fa0d (127.0.107.193:35121), ad9cecab60ad4890816986847d939a73 (127.0.107.195:36127)
I20260630 12:11:26.874092  1294 tablet_bootstrap.cc:492] T 262ac9b0df3a4fa187996226a8e4fda0 P ad9cecab60ad4890816986847d939a73: Bootstrap starting.
I20260630 12:11:26.884562  1294 tablet_bootstrap.cc:654] T 262ac9b0df3a4fa187996226a8e4fda0 P ad9cecab60ad4890816986847d939a73: Neither blocks nor log segments found. Creating new log.
I20260630 12:11:26.892964  1292 tablet_bootstrap.cc:492] T 88b6c05db3ae4a8b872eeec42626c060 P 88cc44c9551340e7b68309077f3041b9: No bootstrap required, opened a new log
I20260630 12:11:26.893725  1292 ts_tablet_manager.cc:1403] T 88b6c05db3ae4a8b872eeec42626c060 P 88cc44c9551340e7b68309077f3041b9: Time spent bootstrapping tablet: real 0.055s	user 0.025s	sys 0.026s
I20260630 12:11:26.893810  1294 tablet_bootstrap.cc:492] T 262ac9b0df3a4fa187996226a8e4fda0 P ad9cecab60ad4890816986847d939a73: No bootstrap required, opened a new log
I20260630 12:11:26.895572  1294 ts_tablet_manager.cc:1403] T 262ac9b0df3a4fa187996226a8e4fda0 P ad9cecab60ad4890816986847d939a73: Time spent bootstrapping tablet: real 0.022s	user 0.013s	sys 0.002s
I20260630 12:11:26.896584  1296 tablet_bootstrap.cc:492] T 77e57d6e9b2748819a5eedf9d6cb14ae P 450f7185655049c99fe4cc4634a3fa0d: No bootstrap required, opened a new log
I20260630 12:11:26.896898  1292 raft_consensus.cc:359] T 88b6c05db3ae4a8b872eeec42626c060 P 88cc44c9551340e7b68309077f3041b9 [term 0 FOLLOWER]: Replica starting. Triggering 0 pending ops. Active config: opid_index: -1 OBSOLETE_local: false peers { permanent_uuid: "450f7185655049c99fe4cc4634a3fa0d" member_type: VOTER last_known_addr { host: "127.0.107.193" port: 35121 } } peers { permanent_uuid: "88cc44c9551340e7b68309077f3041b9" member_type: VOTER last_known_addr { host: "127.0.107.194" port: 35867 } } peers { permanent_uuid: "ad9cecab60ad4890816986847d939a73" member_type: VOTER last_known_addr { host: "127.0.107.195" port: 36127 } }
I20260630 12:11:26.897691  1296 ts_tablet_manager.cc:1403] T 77e57d6e9b2748819a5eedf9d6cb14ae P 450f7185655049c99fe4cc4634a3fa0d: Time spent bootstrapping tablet: real 0.041s	user 0.015s	sys 0.000s
I20260630 12:11:26.898068  1292 raft_consensus.cc:385] T 88b6c05db3ae4a8b872eeec42626c060 P 88cc44c9551340e7b68309077f3041b9 [term 0 FOLLOWER]: Consensus starting up: Expiring failure detector timer to make a prompt election more likely
I20260630 12:11:26.898849  1292 raft_consensus.cc:740] T 88b6c05db3ae4a8b872eeec42626c060 P 88cc44c9551340e7b68309077f3041b9 [term 0 FOLLOWER]: Becoming Follower/Learner. State: Replica: 88cc44c9551340e7b68309077f3041b9, State: Initialized, Role: FOLLOWER
I20260630 12:11:26.899763  1098 tablet_service.cc:1917] Received RequestConsensusVote() RPC: tablet_id: "b3a1d472fcc94316ae6b75144ee2b4e3" candidate_uuid: "88cc44c9551340e7b68309077f3041b9" candidate_term: 1 candidate_status { last_received { term: 0 index: 0 } } ignore_live_leader: false dest_uuid: "450f7185655049c99fe4cc4634a3fa0d" is_pre_election: true
I20260630 12:11:26.899801  1292 consensus_queue.cc:260] T 88b6c05db3ae4a8b872eeec42626c060 P 88cc44c9551340e7b68309077f3041b9 [NON_LEADER]: Queue going to NON_LEADER mode. State: All replicated index: 0, Majority replicated index: 0, Committed index: 0, Last appended: 0.0, Last appended by leader: 0, Current term: 0, Majority size: -1, State: 0, Mode: NON_LEADER, active raft config: opid_index: -1 OBSOLETE_local: false peers { permanent_uuid: "450f7185655049c99fe4cc4634a3fa0d" member_type: VOTER last_known_addr { host: "127.0.107.193" port: 35121 } } peers { permanent_uuid: "88cc44c9551340e7b68309077f3041b9" member_type: VOTER last_known_addr { host: "127.0.107.194" port: 35867 } } peers { permanent_uuid: "ad9cecab60ad4890816986847d939a73" member_type: VOTER last_known_addr { host: "127.0.107.195" port: 36127 } }
I20260630 12:11:26.901090  1296 raft_consensus.cc:359] T 77e57d6e9b2748819a5eedf9d6cb14ae P 450f7185655049c99fe4cc4634a3fa0d [term 0 FOLLOWER]: Replica starting. Triggering 0 pending ops. Active config: opid_index: -1 OBSOLETE_local: false peers { permanent_uuid: "450f7185655049c99fe4cc4634a3fa0d" member_type: VOTER last_known_addr { host: "127.0.107.193" port: 35121 } } peers { permanent_uuid: "88cc44c9551340e7b68309077f3041b9" member_type: VOTER last_known_addr { host: "127.0.107.194" port: 35867 } } peers { permanent_uuid: "ad9cecab60ad4890816986847d939a73" member_type: VOTER last_known_addr { host: "127.0.107.195" port: 36127 } }
W20260630 12:11:26.902029  1138 leader_election.cc:343] T b3a1d472fcc94316ae6b75144ee2b4e3 P 88cc44c9551340e7b68309077f3041b9 [CANDIDATE]: Term 1 pre-election: Tablet error from VoteRequest() call to peer 450f7185655049c99fe4cc4634a3fa0d (127.0.107.193:35121): Illegal state: must be running to vote when last-logged opid is not known
I20260630 12:11:26.903308  1292 ts_tablet_manager.cc:1434] T 88b6c05db3ae4a8b872eeec42626c060 P 88cc44c9551340e7b68309077f3041b9: Time spent starting tablet: real 0.009s	user 0.006s	sys 0.000s
I20260630 12:11:26.903077  1294 raft_consensus.cc:359] T 262ac9b0df3a4fa187996226a8e4fda0 P ad9cecab60ad4890816986847d939a73 [term 0 FOLLOWER]: Replica starting. Triggering 0 pending ops. Active config: opid_index: -1 OBSOLETE_local: false peers { permanent_uuid: "450f7185655049c99fe4cc4634a3fa0d" member_type: VOTER last_known_addr { host: "127.0.107.193" port: 35121 } } peers { permanent_uuid: "88cc44c9551340e7b68309077f3041b9" member_type: VOTER last_known_addr { host: "127.0.107.194" port: 35867 } } peers { permanent_uuid: "ad9cecab60ad4890816986847d939a73" member_type: VOTER last_known_addr { host: "127.0.107.195" port: 36127 } }
I20260630 12:11:26.904696  1294 raft_consensus.cc:385] T 262ac9b0df3a4fa187996226a8e4fda0 P ad9cecab60ad4890816986847d939a73 [term 0 FOLLOWER]: Consensus starting up: Expiring failure detector timer to make a prompt election more likely
I20260630 12:11:26.904808  1292 tablet_bootstrap.cc:492] T 262ac9b0df3a4fa187996226a8e4fda0 P 88cc44c9551340e7b68309077f3041b9: Bootstrap starting.
I20260630 12:11:26.905079  1294 raft_consensus.cc:740] T 262ac9b0df3a4fa187996226a8e4fda0 P ad9cecab60ad4890816986847d939a73 [term 0 FOLLOWER]: Becoming Follower/Learner. State: Replica: ad9cecab60ad4890816986847d939a73, State: Initialized, Role: FOLLOWER
I20260630 12:11:26.905838  1294 consensus_queue.cc:260] T 262ac9b0df3a4fa187996226a8e4fda0 P ad9cecab60ad4890816986847d939a73 [NON_LEADER]: Queue going to NON_LEADER mode. State: All replicated index: 0, Majority replicated index: 0, Committed index: 0, Last appended: 0.0, Last appended by leader: 0, Current term: 0, Majority size: -1, State: 0, Mode: NON_LEADER, active raft config: opid_index: -1 OBSOLETE_local: false peers { permanent_uuid: "450f7185655049c99fe4cc4634a3fa0d" member_type: VOTER last_known_addr { host: "127.0.107.193" port: 35121 } } peers { permanent_uuid: "88cc44c9551340e7b68309077f3041b9" member_type: VOTER last_known_addr { host: "127.0.107.194" port: 35867 } } peers { permanent_uuid: "ad9cecab60ad4890816986847d939a73" member_type: VOTER last_known_addr { host: "127.0.107.195" port: 36127 } }
I20260630 12:11:26.903896  1296 raft_consensus.cc:385] T 77e57d6e9b2748819a5eedf9d6cb14ae P 450f7185655049c99fe4cc4634a3fa0d [term 0 FOLLOWER]: Consensus starting up: Expiring failure detector timer to make a prompt election more likely
I20260630 12:11:26.906860  1296 raft_consensus.cc:740] T 77e57d6e9b2748819a5eedf9d6cb14ae P 450f7185655049c99fe4cc4634a3fa0d [term 0 FOLLOWER]: Becoming Follower/Learner. State: Replica: 450f7185655049c99fe4cc4634a3fa0d, State: Initialized, Role: FOLLOWER
I20260630 12:11:26.907639  1296 consensus_queue.cc:260] T 77e57d6e9b2748819a5eedf9d6cb14ae P 450f7185655049c99fe4cc4634a3fa0d [NON_LEADER]: Queue going to NON_LEADER mode. State: All replicated index: 0, Majority replicated index: 0, Committed index: 0, Last appended: 0.0, Last appended by leader: 0, Current term: 0, Majority size: -1, State: 0, Mode: NON_LEADER, active raft config: opid_index: -1 OBSOLETE_local: false peers { permanent_uuid: "450f7185655049c99fe4cc4634a3fa0d" member_type: VOTER last_known_addr { host: "127.0.107.193" port: 35121 } } peers { permanent_uuid: "88cc44c9551340e7b68309077f3041b9" member_type: VOTER last_known_addr { host: "127.0.107.194" port: 35867 } } peers { permanent_uuid: "ad9cecab60ad4890816986847d939a73" member_type: VOTER last_known_addr { host: "127.0.107.195" port: 36127 } }
I20260630 12:11:26.911720  1292 tablet_bootstrap.cc:654] T 262ac9b0df3a4fa187996226a8e4fda0 P 88cc44c9551340e7b68309077f3041b9: Neither blocks nor log segments found. Creating new log.
I20260630 12:11:26.913250  1294 ts_tablet_manager.cc:1434] T 262ac9b0df3a4fa187996226a8e4fda0 P ad9cecab60ad4890816986847d939a73: Time spent starting tablet: real 0.017s	user 0.005s	sys 0.001s
I20260630 12:11:26.915421  1294 tablet_bootstrap.cc:492] T 77e57d6e9b2748819a5eedf9d6cb14ae P ad9cecab60ad4890816986847d939a73: Bootstrap starting.
I20260630 12:11:26.914250  1296 ts_tablet_manager.cc:1434] T 77e57d6e9b2748819a5eedf9d6cb14ae P 450f7185655049c99fe4cc4634a3fa0d: Time spent starting tablet: real 0.016s	user 0.007s	sys 0.000s
I20260630 12:11:26.922631  1296 tablet_bootstrap.cc:492] T b3a1d472fcc94316ae6b75144ee2b4e3 P 450f7185655049c99fe4cc4634a3fa0d: Bootstrap starting.
I20260630 12:11:26.924136  1294 tablet_bootstrap.cc:654] T 77e57d6e9b2748819a5eedf9d6cb14ae P ad9cecab60ad4890816986847d939a73: Neither blocks nor log segments found. Creating new log.
I20260630 12:11:26.929090  1296 tablet_bootstrap.cc:654] T b3a1d472fcc94316ae6b75144ee2b4e3 P 450f7185655049c99fe4cc4634a3fa0d: Neither blocks nor log segments found. Creating new log.
I20260630 12:11:26.938555  1294 tablet_bootstrap.cc:492] T 77e57d6e9b2748819a5eedf9d6cb14ae P ad9cecab60ad4890816986847d939a73: No bootstrap required, opened a new log
I20260630 12:11:26.939200  1294 ts_tablet_manager.cc:1403] T 77e57d6e9b2748819a5eedf9d6cb14ae P ad9cecab60ad4890816986847d939a73: Time spent bootstrapping tablet: real 0.024s	user 0.019s	sys 0.004s
I20260630 12:11:26.939139  1247 tablet_service.cc:1917] Received RequestConsensusVote() RPC: tablet_id: "b3a1d472fcc94316ae6b75144ee2b4e3" candidate_uuid: "88cc44c9551340e7b68309077f3041b9" candidate_term: 1 candidate_status { last_received { term: 0 index: 0 } } ignore_live_leader: false dest_uuid: "ad9cecab60ad4890816986847d939a73" is_pre_election: true
W20260630 12:11:26.940896  1136 leader_election.cc:343] T b3a1d472fcc94316ae6b75144ee2b4e3 P 88cc44c9551340e7b68309077f3041b9 [CANDIDATE]: Term 1 pre-election: Tablet error from VoteRequest() call to peer ad9cecab60ad4890816986847d939a73 (127.0.107.195:36127): Illegal state: must be running to vote when last-logged opid is not known
I20260630 12:11:26.941319  1136 leader_election.cc:304] T b3a1d472fcc94316ae6b75144ee2b4e3 P 88cc44c9551340e7b68309077f3041b9 [CANDIDATE]: Term 1 pre-election: Election decided. Result: candidate lost. Election summary: received 3 responses out of 3 voters: 1 yes votes; 2 no votes. yes voters: 88cc44c9551340e7b68309077f3041b9; no voters: 450f7185655049c99fe4cc4634a3fa0d, ad9cecab60ad4890816986847d939a73
I20260630 12:11:26.942436  1292 tablet_bootstrap.cc:492] T 262ac9b0df3a4fa187996226a8e4fda0 P 88cc44c9551340e7b68309077f3041b9: No bootstrap required, opened a new log
I20260630 12:11:26.942728  1295 raft_consensus.cc:2749] T b3a1d472fcc94316ae6b75144ee2b4e3 P 88cc44c9551340e7b68309077f3041b9 [term 0 FOLLOWER]: Leader pre-election lost for term 1. Reason: could not achieve majority
I20260630 12:11:26.942441  1294 raft_consensus.cc:359] T 77e57d6e9b2748819a5eedf9d6cb14ae P ad9cecab60ad4890816986847d939a73 [term 0 FOLLOWER]: Replica starting. Triggering 0 pending ops. Active config: opid_index: -1 OBSOLETE_local: false peers { permanent_uuid: "450f7185655049c99fe4cc4634a3fa0d" member_type: VOTER last_known_addr { host: "127.0.107.193" port: 35121 } } peers { permanent_uuid: "88cc44c9551340e7b68309077f3041b9" member_type: VOTER last_known_addr { host: "127.0.107.194" port: 35867 } } peers { permanent_uuid: "ad9cecab60ad4890816986847d939a73" member_type: VOTER last_known_addr { host: "127.0.107.195" port: 36127 } }
I20260630 12:11:26.943308  1292 ts_tablet_manager.cc:1403] T 262ac9b0df3a4fa187996226a8e4fda0 P 88cc44c9551340e7b68309077f3041b9: Time spent bootstrapping tablet: real 0.039s	user 0.009s	sys 0.028s
I20260630 12:11:26.943344  1294 raft_consensus.cc:385] T 77e57d6e9b2748819a5eedf9d6cb14ae P ad9cecab60ad4890816986847d939a73 [term 0 FOLLOWER]: Consensus starting up: Expiring failure detector timer to make a prompt election more likely
I20260630 12:11:26.945230  1294 raft_consensus.cc:740] T 77e57d6e9b2748819a5eedf9d6cb14ae P ad9cecab60ad4890816986847d939a73 [term 0 FOLLOWER]: Becoming Follower/Learner. State: Replica: ad9cecab60ad4890816986847d939a73, State: Initialized, Role: FOLLOWER
I20260630 12:11:26.946316  1294 consensus_queue.cc:260] T 77e57d6e9b2748819a5eedf9d6cb14ae P ad9cecab60ad4890816986847d939a73 [NON_LEADER]: Queue going to NON_LEADER mode. State: All replicated index: 0, Majority replicated index: 0, Committed index: 0, Last appended: 0.0, Last appended by leader: 0, Current term: 0, Majority size: -1, State: 0, Mode: NON_LEADER, active raft config: opid_index: -1 OBSOLETE_local: false peers { permanent_uuid: "450f7185655049c99fe4cc4634a3fa0d" member_type: VOTER last_known_addr { host: "127.0.107.193" port: 35121 } } peers { permanent_uuid: "88cc44c9551340e7b68309077f3041b9" member_type: VOTER last_known_addr { host: "127.0.107.194" port: 35867 } } peers { permanent_uuid: "ad9cecab60ad4890816986847d939a73" member_type: VOTER last_known_addr { host: "127.0.107.195" port: 36127 } }
I20260630 12:11:26.946694  1296 tablet_bootstrap.cc:492] T b3a1d472fcc94316ae6b75144ee2b4e3 P 450f7185655049c99fe4cc4634a3fa0d: No bootstrap required, opened a new log
I20260630 12:11:26.947190  1296 ts_tablet_manager.cc:1403] T b3a1d472fcc94316ae6b75144ee2b4e3 P 450f7185655049c99fe4cc4634a3fa0d: Time spent bootstrapping tablet: real 0.025s	user 0.006s	sys 0.016s
I20260630 12:11:26.948568  1294 ts_tablet_manager.cc:1434] T 77e57d6e9b2748819a5eedf9d6cb14ae P ad9cecab60ad4890816986847d939a73: Time spent starting tablet: real 0.009s	user 0.004s	sys 0.004s
I20260630 12:11:26.949611  1294 tablet_bootstrap.cc:492] T 4133cffc651b4908bb06d1d9d71ac1a7 P ad9cecab60ad4890816986847d939a73: Bootstrap starting.
I20260630 12:11:26.950294  1292 raft_consensus.cc:359] T 262ac9b0df3a4fa187996226a8e4fda0 P 88cc44c9551340e7b68309077f3041b9 [term 0 FOLLOWER]: Replica starting. Triggering 0 pending ops. Active config: opid_index: -1 OBSOLETE_local: false peers { permanent_uuid: "450f7185655049c99fe4cc4634a3fa0d" member_type: VOTER last_known_addr { host: "127.0.107.193" port: 35121 } } peers { permanent_uuid: "88cc44c9551340e7b68309077f3041b9" member_type: VOTER last_known_addr { host: "127.0.107.194" port: 35867 } } peers { permanent_uuid: "ad9cecab60ad4890816986847d939a73" member_type: VOTER last_known_addr { host: "127.0.107.195" port: 36127 } }
I20260630 12:11:26.951049  1292 raft_consensus.cc:385] T 262ac9b0df3a4fa187996226a8e4fda0 P 88cc44c9551340e7b68309077f3041b9 [term 0 FOLLOWER]: Consensus starting up: Expiring failure detector timer to make a prompt election more likely
I20260630 12:11:26.951355  1292 raft_consensus.cc:740] T 262ac9b0df3a4fa187996226a8e4fda0 P 88cc44c9551340e7b68309077f3041b9 [term 0 FOLLOWER]: Becoming Follower/Learner. State: Replica: 88cc44c9551340e7b68309077f3041b9, State: Initialized, Role: FOLLOWER
I20260630 12:11:26.952069  1292 consensus_queue.cc:260] T 262ac9b0df3a4fa187996226a8e4fda0 P 88cc44c9551340e7b68309077f3041b9 [NON_LEADER]: Queue going to NON_LEADER mode. State: All replicated index: 0, Majority replicated index: 0, Committed index: 0, Last appended: 0.0, Last appended by leader: 0, Current term: 0, Majority size: -1, State: 0, Mode: NON_LEADER, active raft config: opid_index: -1 OBSOLETE_local: false peers { permanent_uuid: "450f7185655049c99fe4cc4634a3fa0d" member_type: VOTER last_known_addr { host: "127.0.107.193" port: 35121 } } peers { permanent_uuid: "88cc44c9551340e7b68309077f3041b9" member_type: VOTER last_known_addr { host: "127.0.107.194" port: 35867 } } peers { permanent_uuid: "ad9cecab60ad4890816986847d939a73" member_type: VOTER last_known_addr { host: "127.0.107.195" port: 36127 } }
I20260630 12:11:26.953334  1296 raft_consensus.cc:359] T b3a1d472fcc94316ae6b75144ee2b4e3 P 450f7185655049c99fe4cc4634a3fa0d [term 0 FOLLOWER]: Replica starting. Triggering 0 pending ops. Active config: opid_index: -1 OBSOLETE_local: false peers { permanent_uuid: "450f7185655049c99fe4cc4634a3fa0d" member_type: VOTER last_known_addr { host: "127.0.107.193" port: 35121 } } peers { permanent_uuid: "88cc44c9551340e7b68309077f3041b9" member_type: VOTER last_known_addr { host: "127.0.107.194" port: 35867 } } peers { permanent_uuid: "ad9cecab60ad4890816986847d939a73" member_type: VOTER last_known_addr { host: "127.0.107.195" port: 36127 } }
I20260630 12:11:26.954128  1296 raft_consensus.cc:385] T b3a1d472fcc94316ae6b75144ee2b4e3 P 450f7185655049c99fe4cc4634a3fa0d [term 0 FOLLOWER]: Consensus starting up: Expiring failure detector timer to make a prompt election more likely
I20260630 12:11:26.954487  1296 raft_consensus.cc:740] T b3a1d472fcc94316ae6b75144ee2b4e3 P 450f7185655049c99fe4cc4634a3fa0d [term 0 FOLLOWER]: Becoming Follower/Learner. State: Replica: 450f7185655049c99fe4cc4634a3fa0d, State: Initialized, Role: FOLLOWER
I20260630 12:11:26.954739  1292 ts_tablet_manager.cc:1434] T 262ac9b0df3a4fa187996226a8e4fda0 P 88cc44c9551340e7b68309077f3041b9: Time spent starting tablet: real 0.011s	user 0.003s	sys 0.003s
I20260630 12:11:26.955960  1292 tablet_bootstrap.cc:492] T 4133cffc651b4908bb06d1d9d71ac1a7 P 88cc44c9551340e7b68309077f3041b9: Bootstrap starting.
I20260630 12:11:26.956547  1296 consensus_queue.cc:260] T b3a1d472fcc94316ae6b75144ee2b4e3 P 450f7185655049c99fe4cc4634a3fa0d [NON_LEADER]: Queue going to NON_LEADER mode. State: All replicated index: 0, Majority replicated index: 0, Committed index: 0, Last appended: 0.0, Last appended by leader: 0, Current term: 0, Majority size: -1, State: 0, Mode: NON_LEADER, active raft config: opid_index: -1 OBSOLETE_local: false peers { permanent_uuid: "450f7185655049c99fe4cc4634a3fa0d" member_type: VOTER last_known_addr { host: "127.0.107.193" port: 35121 } } peers { permanent_uuid: "88cc44c9551340e7b68309077f3041b9" member_type: VOTER last_known_addr { host: "127.0.107.194" port: 35867 } } peers { permanent_uuid: "ad9cecab60ad4890816986847d939a73" member_type: VOTER last_known_addr { host: "127.0.107.195" port: 36127 } }
I20260630 12:11:26.961609  1294 tablet_bootstrap.cc:654] T 4133cffc651b4908bb06d1d9d71ac1a7 P ad9cecab60ad4890816986847d939a73: Neither blocks nor log segments found. Creating new log.
I20260630 12:11:26.962714  1296 ts_tablet_manager.cc:1434] T b3a1d472fcc94316ae6b75144ee2b4e3 P 450f7185655049c99fe4cc4634a3fa0d: Time spent starting tablet: real 0.015s	user 0.006s	sys 0.001s
I20260630 12:11:26.962991  1292 tablet_bootstrap.cc:654] T 4133cffc651b4908bb06d1d9d71ac1a7 P 88cc44c9551340e7b68309077f3041b9: Neither blocks nor log segments found. Creating new log.
I20260630 12:11:26.964275  1296 tablet_bootstrap.cc:492] T 4133cffc651b4908bb06d1d9d71ac1a7 P 450f7185655049c99fe4cc4634a3fa0d: Bootstrap starting.
I20260630 12:11:26.975422  1292 tablet_bootstrap.cc:492] T 4133cffc651b4908bb06d1d9d71ac1a7 P 88cc44c9551340e7b68309077f3041b9: No bootstrap required, opened a new log
I20260630 12:11:26.976004  1292 ts_tablet_manager.cc:1403] T 4133cffc651b4908bb06d1d9d71ac1a7 P 88cc44c9551340e7b68309077f3041b9: Time spent bootstrapping tablet: real 0.020s	user 0.016s	sys 0.003s
I20260630 12:11:26.978744  1292 raft_consensus.cc:359] T 4133cffc651b4908bb06d1d9d71ac1a7 P 88cc44c9551340e7b68309077f3041b9 [term 0 FOLLOWER]: Replica starting. Triggering 0 pending ops. Active config: opid_index: -1 OBSOLETE_local: false peers { permanent_uuid: "450f7185655049c99fe4cc4634a3fa0d" member_type: VOTER last_known_addr { host: "127.0.107.193" port: 35121 } } peers { permanent_uuid: "88cc44c9551340e7b68309077f3041b9" member_type: VOTER last_known_addr { host: "127.0.107.194" port: 35867 } } peers { permanent_uuid: "ad9cecab60ad4890816986847d939a73" member_type: VOTER last_known_addr { host: "127.0.107.195" port: 36127 } }
I20260630 12:11:26.980047  1292 raft_consensus.cc:385] T 4133cffc651b4908bb06d1d9d71ac1a7 P 88cc44c9551340e7b68309077f3041b9 [term 0 FOLLOWER]: Consensus starting up: Expiring failure detector timer to make a prompt election more likely
I20260630 12:11:26.980432  1292 raft_consensus.cc:740] T 4133cffc651b4908bb06d1d9d71ac1a7 P 88cc44c9551340e7b68309077f3041b9 [term 0 FOLLOWER]: Becoming Follower/Learner. State: Replica: 88cc44c9551340e7b68309077f3041b9, State: Initialized, Role: FOLLOWER
I20260630 12:11:26.980950  1296 tablet_bootstrap.cc:654] T 4133cffc651b4908bb06d1d9d71ac1a7 P 450f7185655049c99fe4cc4634a3fa0d: Neither blocks nor log segments found. Creating new log.
I20260630 12:11:26.981309  1292 consensus_queue.cc:260] T 4133cffc651b4908bb06d1d9d71ac1a7 P 88cc44c9551340e7b68309077f3041b9 [NON_LEADER]: Queue going to NON_LEADER mode. State: All replicated index: 0, Majority replicated index: 0, Committed index: 0, Last appended: 0.0, Last appended by leader: 0, Current term: 0, Majority size: -1, State: 0, Mode: NON_LEADER, active raft config: opid_index: -1 OBSOLETE_local: false peers { permanent_uuid: "450f7185655049c99fe4cc4634a3fa0d" member_type: VOTER last_known_addr { host: "127.0.107.193" port: 35121 } } peers { permanent_uuid: "88cc44c9551340e7b68309077f3041b9" member_type: VOTER last_known_addr { host: "127.0.107.194" port: 35867 } } peers { permanent_uuid: "ad9cecab60ad4890816986847d939a73" member_type: VOTER last_known_addr { host: "127.0.107.195" port: 36127 } }
I20260630 12:11:26.983835  1292 ts_tablet_manager.cc:1434] T 4133cffc651b4908bb06d1d9d71ac1a7 P 88cc44c9551340e7b68309077f3041b9: Time spent starting tablet: real 0.007s	user 0.004s	sys 0.003s
I20260630 12:11:26.984856  1292 tablet_bootstrap.cc:492] T 77e57d6e9b2748819a5eedf9d6cb14ae P 88cc44c9551340e7b68309077f3041b9: Bootstrap starting.
I20260630 12:11:26.988426  1301 raft_consensus.cc:493] T 262ac9b0df3a4fa187996226a8e4fda0 P 450f7185655049c99fe4cc4634a3fa0d [term 0 FOLLOWER]: Starting pre-election (no leader contacted us within the election timeout)
I20260630 12:11:26.989068  1301 raft_consensus.cc:515] T 262ac9b0df3a4fa187996226a8e4fda0 P 450f7185655049c99fe4cc4634a3fa0d [term 0 FOLLOWER]: Starting pre-election with config: opid_index: -1 OBSOLETE_local: false peers { permanent_uuid: "450f7185655049c99fe4cc4634a3fa0d" member_type: VOTER last_known_addr { host: "127.0.107.193" port: 35121 } } peers { permanent_uuid: "88cc44c9551340e7b68309077f3041b9" member_type: VOTER last_known_addr { host: "127.0.107.194" port: 35867 } } peers { permanent_uuid: "ad9cecab60ad4890816986847d939a73" member_type: VOTER last_known_addr { host: "127.0.107.195" port: 36127 } }
I20260630 12:11:26.991905  1292 tablet_bootstrap.cc:654] T 77e57d6e9b2748819a5eedf9d6cb14ae P 88cc44c9551340e7b68309077f3041b9: Neither blocks nor log segments found. Creating new log.
I20260630 12:11:26.988054  1294 tablet_bootstrap.cc:492] T 4133cffc651b4908bb06d1d9d71ac1a7 P ad9cecab60ad4890816986847d939a73: No bootstrap required, opened a new log
I20260630 12:11:26.996855  1294 ts_tablet_manager.cc:1403] T 4133cffc651b4908bb06d1d9d71ac1a7 P ad9cecab60ad4890816986847d939a73: Time spent bootstrapping tablet: real 0.047s	user 0.019s	sys 0.015s
I20260630 12:11:26.998869  1300 raft_consensus.cc:493] T 8ac8ab798a1c4df98c61fcaa2abc423f P ad9cecab60ad4890816986847d939a73 [term 0 FOLLOWER]: Starting pre-election (no leader contacted us within the election timeout)
I20260630 12:11:26.999715  1300 raft_consensus.cc:515] T 8ac8ab798a1c4df98c61fcaa2abc423f P ad9cecab60ad4890816986847d939a73 [term 0 FOLLOWER]: Starting pre-election with config: opid_index: -1 OBSOLETE_local: false peers { permanent_uuid: "450f7185655049c99fe4cc4634a3fa0d" member_type: VOTER last_known_addr { host: "127.0.107.193" port: 35121 } } peers { permanent_uuid: "88cc44c9551340e7b68309077f3041b9" member_type: VOTER last_known_addr { host: "127.0.107.194" port: 35867 } } peers { permanent_uuid: "ad9cecab60ad4890816986847d939a73" member_type: VOTER last_known_addr { host: "127.0.107.195" port: 36127 } }
I20260630 12:11:26.998590  1301 leader_election.cc:290] T 262ac9b0df3a4fa187996226a8e4fda0 P 450f7185655049c99fe4cc4634a3fa0d [CANDIDATE]: Term 1 pre-election: Requested pre-vote from peers 88cc44c9551340e7b68309077f3041b9 (127.0.107.194:35867), ad9cecab60ad4890816986847d939a73 (127.0.107.195:36127)
I20260630 12:11:27.002450  1296 tablet_bootstrap.cc:492] T 4133cffc651b4908bb06d1d9d71ac1a7 P 450f7185655049c99fe4cc4634a3fa0d: No bootstrap required, opened a new log
I20260630 12:11:27.005227  1296 ts_tablet_manager.cc:1403] T 4133cffc651b4908bb06d1d9d71ac1a7 P 450f7185655049c99fe4cc4634a3fa0d: Time spent bootstrapping tablet: real 0.042s	user 0.016s	sys 0.013s
I20260630 12:11:27.011191  1292 tablet_bootstrap.cc:492] T 77e57d6e9b2748819a5eedf9d6cb14ae P 88cc44c9551340e7b68309077f3041b9: No bootstrap required, opened a new log
I20260630 12:11:27.011654  1292 ts_tablet_manager.cc:1403] T 77e57d6e9b2748819a5eedf9d6cb14ae P 88cc44c9551340e7b68309077f3041b9: Time spent bootstrapping tablet: real 0.027s	user 0.014s	sys 0.003s
I20260630 12:11:27.006557  1300 leader_election.cc:290] T 8ac8ab798a1c4df98c61fcaa2abc423f P ad9cecab60ad4890816986847d939a73 [CANDIDATE]: Term 1 pre-election: Requested pre-vote from peers 450f7185655049c99fe4cc4634a3fa0d (127.0.107.193:35121), 88cc44c9551340e7b68309077f3041b9 (127.0.107.194:35867)
I20260630 12:11:27.011734  1295 raft_consensus.cc:493] T 8ac8ab798a1c4df98c61fcaa2abc423f P 88cc44c9551340e7b68309077f3041b9 [term 0 FOLLOWER]: Starting pre-election (no leader contacted us within the election timeout)
I20260630 12:11:27.015446  1295 raft_consensus.cc:515] T 8ac8ab798a1c4df98c61fcaa2abc423f P 88cc44c9551340e7b68309077f3041b9 [term 0 FOLLOWER]: Starting pre-election with config: opid_index: -1 OBSOLETE_local: false peers { permanent_uuid: "450f7185655049c99fe4cc4634a3fa0d" member_type: VOTER last_known_addr { host: "127.0.107.193" port: 35121 } } peers { permanent_uuid: "88cc44c9551340e7b68309077f3041b9" member_type: VOTER last_known_addr { host: "127.0.107.194" port: 35867 } } peers { permanent_uuid: "ad9cecab60ad4890816986847d939a73" member_type: VOTER last_known_addr { host: "127.0.107.195" port: 36127 } }
I20260630 12:11:27.018766  1295 leader_election.cc:290] T 8ac8ab798a1c4df98c61fcaa2abc423f P 88cc44c9551340e7b68309077f3041b9 [CANDIDATE]: Term 1 pre-election: Requested pre-vote from peers 450f7185655049c99fe4cc4634a3fa0d (127.0.107.193:35121), ad9cecab60ad4890816986847d939a73 (127.0.107.195:36127)
I20260630 12:11:27.018559  1296 raft_consensus.cc:359] T 4133cffc651b4908bb06d1d9d71ac1a7 P 450f7185655049c99fe4cc4634a3fa0d [term 0 FOLLOWER]: Replica starting. Triggering 0 pending ops. Active config: opid_index: -1 OBSOLETE_local: false peers { permanent_uuid: "450f7185655049c99fe4cc4634a3fa0d" member_type: VOTER last_known_addr { host: "127.0.107.193" port: 35121 } } peers { permanent_uuid: "88cc44c9551340e7b68309077f3041b9" member_type: VOTER last_known_addr { host: "127.0.107.194" port: 35867 } } peers { permanent_uuid: "ad9cecab60ad4890816986847d939a73" member_type: VOTER last_known_addr { host: "127.0.107.195" port: 36127 } }
I20260630 12:11:27.019361  1296 raft_consensus.cc:385] T 4133cffc651b4908bb06d1d9d71ac1a7 P 450f7185655049c99fe4cc4634a3fa0d [term 0 FOLLOWER]: Consensus starting up: Expiring failure detector timer to make a prompt election more likely
I20260630 12:11:27.019403  1247 tablet_service.cc:1917] Received RequestConsensusVote() RPC: tablet_id: "8ac8ab798a1c4df98c61fcaa2abc423f" candidate_uuid: "88cc44c9551340e7b68309077f3041b9" candidate_term: 1 candidate_status { last_received { term: 0 index: 0 } } ignore_live_leader: false dest_uuid: "ad9cecab60ad4890816986847d939a73" is_pre_election: true
I20260630 12:11:27.020191  1294 raft_consensus.cc:359] T 4133cffc651b4908bb06d1d9d71ac1a7 P ad9cecab60ad4890816986847d939a73 [term 0 FOLLOWER]: Replica starting. Triggering 0 pending ops. Active config: opid_index: -1 OBSOLETE_local: false peers { permanent_uuid: "450f7185655049c99fe4cc4634a3fa0d" member_type: VOTER last_known_addr { host: "127.0.107.193" port: 35121 } } peers { permanent_uuid: "88cc44c9551340e7b68309077f3041b9" member_type: VOTER last_known_addr { host: "127.0.107.194" port: 35867 } } peers { permanent_uuid: "ad9cecab60ad4890816986847d939a73" member_type: VOTER last_known_addr { host: "127.0.107.195" port: 36127 } }
I20260630 12:11:27.020877  1296 raft_consensus.cc:740] T 4133cffc651b4908bb06d1d9d71ac1a7 P 450f7185655049c99fe4cc4634a3fa0d [term 0 FOLLOWER]: Becoming Follower/Learner. State: Replica: 450f7185655049c99fe4cc4634a3fa0d, State: Initialized, Role: FOLLOWER
I20260630 12:11:27.021027  1247 raft_consensus.cc:2468] T 8ac8ab798a1c4df98c61fcaa2abc423f P ad9cecab60ad4890816986847d939a73 [term 0 FOLLOWER]: Leader pre-election vote request: Granting yes vote for candidate 88cc44c9551340e7b68309077f3041b9 in term 0.
I20260630 12:11:27.021229  1292 raft_consensus.cc:359] T 77e57d6e9b2748819a5eedf9d6cb14ae P 88cc44c9551340e7b68309077f3041b9 [term 0 FOLLOWER]: Replica starting. Triggering 0 pending ops. Active config: opid_index: -1 OBSOLETE_local: false peers { permanent_uuid: "450f7185655049c99fe4cc4634a3fa0d" member_type: VOTER last_known_addr { host: "127.0.107.193" port: 35121 } } peers { permanent_uuid: "88cc44c9551340e7b68309077f3041b9" member_type: VOTER last_known_addr { host: "127.0.107.194" port: 35867 } } peers { permanent_uuid: "ad9cecab60ad4890816986847d939a73" member_type: VOTER last_known_addr { host: "127.0.107.195" port: 36127 } }
