I20260630 12:35:06.274053  2596 sys_catalog.cc:422] member_type: VOTER last_known_addr { host: "127.1.79.252" port: 35191 } has no permanent_uuid. Determining permanent_uuid...
I20260630 12:35:06.276916  2531 tablet_bootstrap.cc:492] T 00000000000000000000000000000000 P 90f0cfccb539425299492d5eb722bf14: Bootstrap starting.
I20260630 12:35:06.284185  2531 tablet_bootstrap.cc:654] T 00000000000000000000000000000000 P 90f0cfccb539425299492d5eb722bf14: Neither blocks nor log segments found. Creating new log.
I20260630 12:35:06.289860  2531 tablet_bootstrap.cc:492] T 00000000000000000000000000000000 P 90f0cfccb539425299492d5eb722bf14: No bootstrap required, opened a new log
I20260630 12:35:06.292366  2531 raft_consensus.cc:359] T 00000000000000000000000000000000 P 90f0cfccb539425299492d5eb722bf14 [term 0 FOLLOWER]: Replica starting. Triggering 0 pending ops. Active config: opid_index: -1 OBSOLETE_local: false peers { permanent_uuid: "408043d304e147c29ae1bb2561a94845" member_type: VOTER last_known_addr { host: "127.1.79.254" port: 35849 } } peers { permanent_uuid: "90f0cfccb539425299492d5eb722bf14" member_type: VOTER last_known_addr { host: "127.1.79.253" port: 35705 } } peers { permanent_uuid: "d0f8128299d049ff993ec5e9b0df01f4" member_type: VOTER last_known_addr { host: "127.1.79.252" port: 35191 } }
I20260630 12:35:06.293035  2531 raft_consensus.cc:385] T 00000000000000000000000000000000 P 90f0cfccb539425299492d5eb722bf14 [term 0 FOLLOWER]: Consensus starting up: Expiring failure detector timer to make a prompt election more likely
I20260630 12:35:06.293403  2531 raft_consensus.cc:740] T 00000000000000000000000000000000 P 90f0cfccb539425299492d5eb722bf14 [term 0 FOLLOWER]: Becoming Follower/Learner. State: Replica: 90f0cfccb539425299492d5eb722bf14, State: Initialized, Role: FOLLOWER
I20260630 12:35:06.294174  2531 consensus_queue.cc:260] T 00000000000000000000000000000000 P 90f0cfccb539425299492d5eb722bf14 [NON_LEADER]: Queue going to NON_LEADER mode. State: All replicated index: 0, Majority replicated index: 0, Committed index: 0, Last appended: 0.0, Last appended by leader: 0, Current term: 0, Majority size: -1, State: 0, Mode: NON_LEADER, active raft config: opid_index: -1 OBSOLETE_local: false peers { permanent_uuid: "408043d304e147c29ae1bb2561a94845" member_type: VOTER last_known_addr { host: "127.1.79.254" port: 35849 } } peers { permanent_uuid: "90f0cfccb539425299492d5eb722bf14" member_type: VOTER last_known_addr { host: "127.1.79.253" port: 35705 } } peers { permanent_uuid: "d0f8128299d049ff993ec5e9b0df01f4" member_type: VOTER last_known_addr { host: "127.1.79.252" port: 35191 } }
I20260630 12:35:06.294986  2466 tablet_bootstrap.cc:492] T 00000000000000000000000000000000 P 408043d304e147c29ae1bb2561a94845: Bootstrap starting.
I20260630 12:35:06.294986  2596 tablet_bootstrap.cc:492] T 00000000000000000000000000000000 P d0f8128299d049ff993ec5e9b0df01f4: Bootstrap starting.
I20260630 12:35:06.296600  2602 sys_catalog.cc:455] T 00000000000000000000000000000000 P 90f0cfccb539425299492d5eb722bf14 [sys.catalog]: SysCatalogTable state changed. Reason: RaftConsensus started. Latest consensus state: current_term: 0 committed_config { opid_index: -1 OBSOLETE_local: false peers { permanent_uuid: "408043d304e147c29ae1bb2561a94845" member_type: VOTER last_known_addr { host: "127.1.79.254" port: 35849 } } peers { permanent_uuid: "90f0cfccb539425299492d5eb722bf14" member_type: VOTER last_known_addr { host: "127.1.79.253" port: 35705 } } peers { permanent_uuid: "d0f8128299d049ff993ec5e9b0df01f4" member_type: VOTER last_known_addr { host: "127.1.79.252" port: 35191 } } }
I20260630 12:35:06.297631  2602 sys_catalog.cc:458] T 00000000000000000000000000000000 P 90f0cfccb539425299492d5eb722bf14 [sys.catalog]: This master's current role is: FOLLOWER
I20260630 12:35:06.298467  2531 sys_catalog.cc:565] T 00000000000000000000000000000000 P 90f0cfccb539425299492d5eb722bf14 [sys.catalog]: configured and running, proceeding with master startup.
I20260630 12:35:06.302119  2466 tablet_bootstrap.cc:654] T 00000000000000000000000000000000 P 408043d304e147c29ae1bb2561a94845: Neither blocks nor log segments found. Creating new log.
I20260630 12:35:06.302119  2596 tablet_bootstrap.cc:654] T 00000000000000000000000000000000 P d0f8128299d049ff993ec5e9b0df01f4: Neither blocks nor log segments found. Creating new log.
I20260630 12:35:06.309695  2466 tablet_bootstrap.cc:492] T 00000000000000000000000000000000 P 408043d304e147c29ae1bb2561a94845: No bootstrap required, opened a new log
I20260630 12:35:06.310751  2596 tablet_bootstrap.cc:492] T 00000000000000000000000000000000 P d0f8128299d049ff993ec5e9b0df01f4: No bootstrap required, opened a new log
I20260630 12:35:06.312589  2466 raft_consensus.cc:359] T 00000000000000000000000000000000 P 408043d304e147c29ae1bb2561a94845 [term 0 FOLLOWER]: Replica starting. Triggering 0 pending ops. Active config: opid_index: -1 OBSOLETE_local: false peers { permanent_uuid: "408043d304e147c29ae1bb2561a94845" member_type: VOTER last_known_addr { host: "127.1.79.254" port: 35849 } } peers { permanent_uuid: "90f0cfccb539425299492d5eb722bf14" member_type: VOTER last_known_addr { host: "127.1.79.253" port: 35705 } } peers { permanent_uuid: "d0f8128299d049ff993ec5e9b0df01f4" member_type: VOTER last_known_addr { host: "127.1.79.252" port: 35191 } }
I20260630 12:35:06.313484  2466 raft_consensus.cc:385] T 00000000000000000000000000000000 P 408043d304e147c29ae1bb2561a94845 [term 0 FOLLOWER]: Consensus starting up: Expiring failure detector timer to make a prompt election more likely
I20260630 12:35:06.313897  2466 raft_consensus.cc:740] T 00000000000000000000000000000000 P 408043d304e147c29ae1bb2561a94845 [term 0 FOLLOWER]: Becoming Follower/Learner. State: Replica: 408043d304e147c29ae1bb2561a94845, State: Initialized, Role: FOLLOWER
I20260630 12:35:06.313781  2596 raft_consensus.cc:359] T 00000000000000000000000000000000 P d0f8128299d049ff993ec5e9b0df01f4 [term 0 FOLLOWER]: Replica starting. Triggering 0 pending ops. Active config: opid_index: -1 OBSOLETE_local: false peers { permanent_uuid: "408043d304e147c29ae1bb2561a94845" member_type: VOTER last_known_addr { host: "127.1.79.254" port: 35849 } } peers { permanent_uuid: "90f0cfccb539425299492d5eb722bf14" member_type: VOTER last_known_addr { host: "127.1.79.253" port: 35705 } } peers { permanent_uuid: "d0f8128299d049ff993ec5e9b0df01f4" member_type: VOTER last_known_addr { host: "127.1.79.252" port: 35191 } }
I20260630 12:35:06.314633  2596 raft_consensus.cc:385] T 00000000000000000000000000000000 P d0f8128299d049ff993ec5e9b0df01f4 [term 0 FOLLOWER]: Consensus starting up: Expiring failure detector timer to make a prompt election more likely
I20260630 12:35:06.315047  2596 raft_consensus.cc:740] T 00000000000000000000000000000000 P d0f8128299d049ff993ec5e9b0df01f4 [term 0 FOLLOWER]: Becoming Follower/Learner. State: Replica: d0f8128299d049ff993ec5e9b0df01f4, State: Initialized, Role: FOLLOWER
I20260630 12:35:06.314797  2466 consensus_queue.cc:260] T 00000000000000000000000000000000 P 408043d304e147c29ae1bb2561a94845 [NON_LEADER]: Queue going to NON_LEADER mode. State: All replicated index: 0, Majority replicated index: 0, Committed index: 0, Last appended: 0.0, Last appended by leader: 0, Current term: 0, Majority size: -1, State: 0, Mode: NON_LEADER, active raft config: opid_index: -1 OBSOLETE_local: false peers { permanent_uuid: "408043d304e147c29ae1bb2561a94845" member_type: VOTER last_known_addr { host: "127.1.79.254" port: 35849 } } peers { permanent_uuid: "90f0cfccb539425299492d5eb722bf14" member_type: VOTER last_known_addr { host: "127.1.79.253" port: 35705 } } peers { permanent_uuid: "d0f8128299d049ff993ec5e9b0df01f4" member_type: VOTER last_known_addr { host: "127.1.79.252" port: 35191 } }
I20260630 12:35:06.316025  2596 consensus_queue.cc:260] T 00000000000000000000000000000000 P d0f8128299d049ff993ec5e9b0df01f4 [NON_LEADER]: Queue going to NON_LEADER mode. State: All replicated index: 0, Majority replicated index: 0, Committed index: 0, Last appended: 0.0, Last appended by leader: 0, Current term: 0, Majority size: -1, State: 0, Mode: NON_LEADER, active raft config: opid_index: -1 OBSOLETE_local: false peers { permanent_uuid: "408043d304e147c29ae1bb2561a94845" member_type: VOTER last_known_addr { host: "127.1.79.254" port: 35849 } } peers { permanent_uuid: "90f0cfccb539425299492d5eb722bf14" member_type: VOTER last_known_addr { host: "127.1.79.253" port: 35705 } } peers { permanent_uuid: "d0f8128299d049ff993ec5e9b0df01f4" member_type: VOTER last_known_addr { host: "127.1.79.252" port: 35191 } }
I20260630 12:35:06.317617  2616 sys_catalog.cc:455] T 00000000000000000000000000000000 P 408043d304e147c29ae1bb2561a94845 [sys.catalog]: SysCatalogTable state changed. Reason: RaftConsensus started. Latest consensus state: current_term: 0 committed_config { opid_index: -1 OBSOLETE_local: false peers { permanent_uuid: "408043d304e147c29ae1bb2561a94845" member_type: VOTER last_known_addr { host: "127.1.79.254" port: 35849 } } peers { permanent_uuid: "90f0cfccb539425299492d5eb722bf14" member_type: VOTER last_known_addr { host: "127.1.79.253" port: 35705 } } peers { permanent_uuid: "d0f8128299d049ff993ec5e9b0df01f4" member_type: VOTER last_known_addr { host: "127.1.79.252" port: 35191 } } }
I20260630 12:35:06.318632  2616 sys_catalog.cc:458] T 00000000000000000000000000000000 P 408043d304e147c29ae1bb2561a94845 [sys.catalog]: This master's current role is: FOLLOWER
W20260630 12:35:06.319440  2615 catalog_manager.cc:1594] T 00000000000000000000000000000000 P 90f0cfccb539425299492d5eb722bf14: loading cluster ID for follower catalog manager: Not found: cluster ID entry not found
I20260630 12:35:06.319551  2466 sys_catalog.cc:565] T 00000000000000000000000000000000 P 408043d304e147c29ae1bb2561a94845 [sys.catalog]: configured and running, proceeding with master startup.
W20260630 12:35:06.319787  2615 catalog_manager.cc:883] Not found: cluster ID entry not found: failed to prepare follower catalog manager, will retry
I20260630 12:35:06.323776  2617 sys_catalog.cc:455] T 00000000000000000000000000000000 P d0f8128299d049ff993ec5e9b0df01f4 [sys.catalog]: SysCatalogTable state changed. Reason: RaftConsensus started. Latest consensus state: current_term: 0 committed_config { opid_index: -1 OBSOLETE_local: false peers { permanent_uuid: "408043d304e147c29ae1bb2561a94845" member_type: VOTER last_known_addr { host: "127.1.79.254" port: 35849 } } peers { permanent_uuid: "90f0cfccb539425299492d5eb722bf14" member_type: VOTER last_known_addr { host: "127.1.79.253" port: 35705 } } peers { permanent_uuid: "d0f8128299d049ff993ec5e9b0df01f4" member_type: VOTER last_known_addr { host: "127.1.79.252" port: 35191 } } }
I20260630 12:35:06.324437  2617 sys_catalog.cc:458] T 00000000000000000000000000000000 P d0f8128299d049ff993ec5e9b0df01f4 [sys.catalog]: This master's current role is: FOLLOWER
I20260630 12:35:06.325953  2596 sys_catalog.cc:565] T 00000000000000000000000000000000 P d0f8128299d049ff993ec5e9b0df01f4 [sys.catalog]: configured and running, proceeding with master startup.
I20260630 12:35:06.336961  1343 internal_mini_cluster.cc:184] Waiting to initialize catalog manager on master 1
I20260630 12:35:06.337337  1343 internal_mini_cluster.cc:184] Waiting to initialize catalog manager on master 2
W20260630 12:35:06.340451  2633 catalog_manager.cc:1594] T 00000000000000000000000000000000 P 408043d304e147c29ae1bb2561a94845: loading cluster ID for follower catalog manager: Not found: cluster ID entry not found
W20260630 12:35:06.340816  2633 catalog_manager.cc:883] Not found: cluster ID entry not found: failed to prepare follower catalog manager, will retry
I20260630 12:35:06.344794  1343 file_cache.cc:492] Constructed file cache file cache with capacity 419430
W20260630 12:35:06.347609  2639 catalog_manager.cc:1594] T 00000000000000000000000000000000 P d0f8128299d049ff993ec5e9b0df01f4: loading cluster ID for follower catalog manager: Not found: cluster ID entry not found
W20260630 12:35:06.348034  2639 catalog_manager.cc:883] Not found: cluster ID entry not found: failed to prepare follower catalog manager, will retry
W20260630 12:35:06.352591  2640 instance_detector.cc:116] could not retrieve AWS instance metadata: Network error: curl error: HTTP response code said error: The requested URL returned error: 404
W20260630 12:35:06.353626  2641 instance_detector.cc:116] could not retrieve Azure instance metadata: Network error: curl error: HTTP response code said error: The requested URL returned error: 404
W20260630 12:35:06.355046  2643 instance_detector.cc:116] could not retrieve OpenStack instance metadata: Network error: curl error: HTTP response code said error: The requested URL returned error: 404
I20260630 12:35:06.355614  1343 server_base.cc:1061] running on GCE node
I20260630 12:35:06.356406  1343 hybrid_clock.cc:584] initializing the hybrid clock with 'system_unsync' time source
W20260630 12:35:06.356586  1343 system_unsync_time.cc:38] NTP support is disabled. Clock error bounds will not be accurate. This configuration is not suitable for distributed clusters.
I20260630 12:35:06.356767  1343 hybrid_clock.cc:648] HybridClock initialized: now 1782822906356752 us; error 0 us; skew 500 ppm
I20260630 12:35:06.357208  1343 server_base.cc:861] Flag tcmalloc_max_total_thread_cache_bytes is not working since tcmalloc is not enabled.
I20260630 12:35:06.359625  1343 webserver.cc:533] Webserver started at http://127.1.79.193:39131/ using document root <none> and password file <none>
I20260630 12:35:06.360035  1343 fs_manager.cc:362] Metadata directory not provided
I20260630 12:35:06.360193  1343 fs_manager.cc:368] Using write-ahead log directory (fs_wal_dir) as metadata directory
I20260630 12:35:06.360410  1343 server_base.cc:909] This appears to be a new deployment of Kudu; creating new FS layout
I20260630 12:35:06.361496  1343 fs_manager.cc:1068] Generated new instance metadata in path /tmp/dist-test-taskXlsHwC/test-tmp/auto_rebalancer-test.0.AutoRebalancerTest.NextLeaderResumesAutoRebalancing.1782822884102845-1343-0/minicluster-data/ts-0-root/instance:
uuid: "ab84dd51334f49cdb0fca6249dec2b33"
format_stamp: "Formatted at 2026-06-30 12:35:06 on dist-test-slave-qg3c"
I20260630 12:35:06.366603  1343 fs_manager.cc:696] Time spent creating directory manager: real 0.005s	user 0.006s	sys 0.000s
I20260630 12:35:06.370195  2648 log_block_manager.cc:4031] Time spent loading block containers with low live blocks: real 0.000s	user 0.000s	sys 0.000s
I20260630 12:35:06.371203  1343 fs_manager.cc:730] Time spent opening block manager: real 0.003s	user 0.003s	sys 0.000s
I20260630 12:35:06.371526  1343 fs_manager.cc:647] Opened local filesystem: /tmp/dist-test-taskXlsHwC/test-tmp/auto_rebalancer-test.0.AutoRebalancerTest.NextLeaderResumesAutoRebalancing.1782822884102845-1343-0/minicluster-data/ts-0-root
uuid: "ab84dd51334f49cdb0fca6249dec2b33"
format_stamp: "Formatted at 2026-06-30 12:35:06 on dist-test-slave-qg3c"
I20260630 12:35:06.371809  1343 fs_report.cc:389] FS layout report
--------------------
wal directory: /tmp/dist-test-taskXlsHwC/test-tmp/auto_rebalancer-test.0.AutoRebalancerTest.NextLeaderResumesAutoRebalancing.1782822884102845-1343-0/minicluster-data/ts-0-root
metadata directory: /tmp/dist-test-taskXlsHwC/test-tmp/auto_rebalancer-test.0.AutoRebalancerTest.NextLeaderResumesAutoRebalancing.1782822884102845-1343-0/minicluster-data/ts-0-root
1 data directories: /tmp/dist-test-taskXlsHwC/test-tmp/auto_rebalancer-test.0.AutoRebalancerTest.NextLeaderResumesAutoRebalancing.1782822884102845-1343-0/minicluster-data/ts-0-root/data
Total live blocks: 0
Total live bytes: 0
Total live bytes (after alignment): 0
Total number of LBM containers: 0 (0 full)
Did not check for missing blocks
Did not check for orphaned blocks
Total full LBM containers with extra space: 0 (0 repaired)
Total full LBM container extra space in bytes: 0 (0 repaired)
Total incomplete LBM containers: 0 (0 repaired)
Total LBM partial records: 0 (0 repaired)
Total corrupted LBM metadata records in RocksDB: 0 (0 repaired)
I20260630 12:35:06.395527  1343 rpc_server.cc:225] running with OpenSSL 1.1.1  11 Sep 2018
I20260630 12:35:06.397078  1343 kserver.cc:163] Server-wide thread pool size limit: 3276
I20260630 12:35:06.403072  1343 txn_system_client.cc:432] TxnSystemClient initialization is disabled...
I20260630 12:35:06.407472  1343 ts_tablet_manager.cc:585] Loaded tablet metadata (0 total tablets, 0 live tablets)
I20260630 12:35:06.407747  1343 ts_tablet_manager.cc:531] Time spent load tablet metadata: real 0.000s	user 0.000s	sys 0.000s
I20260630 12:35:06.408016  1343 ts_tablet_manager.cc:616] Registered 0 tablets
I20260630 12:35:06.408211  1343 ts_tablet_manager.cc:595] Time spent register tablets: real 0.000s	user 0.000s	sys 0.000s
I20260630 12:35:06.444473  2617 raft_consensus.cc:493] T 00000000000000000000000000000000 P d0f8128299d049ff993ec5e9b0df01f4 [term 0 FOLLOWER]: Starting pre-election (no leader contacted us within the election timeout)
I20260630 12:35:06.445128  2617 raft_consensus.cc:515] T 00000000000000000000000000000000 P d0f8128299d049ff993ec5e9b0df01f4 [term 0 FOLLOWER]: Starting pre-election with config: opid_index: -1 OBSOLETE_local: false peers { permanent_uuid: "408043d304e147c29ae1bb2561a94845" member_type: VOTER last_known_addr { host: "127.1.79.254" port: 35849 } } peers { permanent_uuid: "90f0cfccb539425299492d5eb722bf14" member_type: VOTER last_known_addr { host: "127.1.79.253" port: 35705 } } peers { permanent_uuid: "d0f8128299d049ff993ec5e9b0df01f4" member_type: VOTER last_known_addr { host: "127.1.79.252" port: 35191 } }
I20260630 12:35:06.447983  2617 leader_election.cc:290] T 00000000000000000000000000000000 P d0f8128299d049ff993ec5e9b0df01f4 [CANDIDATE]: Term 1 pre-election: Requested pre-vote from peers 408043d304e147c29ae1bb2561a94845 (127.1.79.254:35849), 90f0cfccb539425299492d5eb722bf14 (127.1.79.253:35705)
I20260630 12:35:06.448722  2441 tablet_service.cc:1917] Received RequestConsensusVote() RPC: tablet_id: "00000000000000000000000000000000" candidate_uuid: "d0f8128299d049ff993ec5e9b0df01f4" candidate_term: 1 candidate_status { last_received { term: 0 index: 0 } } ignore_live_leader: false dest_uuid: "408043d304e147c29ae1bb2561a94845" is_pre_election: true
I20260630 12:35:06.449586  2441 raft_consensus.cc:2468] T 00000000000000000000000000000000 P 408043d304e147c29ae1bb2561a94845 [term 0 FOLLOWER]: Leader pre-election vote request: Granting yes vote for candidate d0f8128299d049ff993ec5e9b0df01f4 in term 0.
I20260630 12:35:06.449623  2506 tablet_service.cc:1917] Received RequestConsensusVote() RPC: tablet_id: "00000000000000000000000000000000" candidate_uuid: "d0f8128299d049ff993ec5e9b0df01f4" candidate_term: 1 candidate_status { last_received { term: 0 index: 0 } } ignore_live_leader: false dest_uuid: "90f0cfccb539425299492d5eb722bf14" is_pre_election: true
I20260630 12:35:06.450402  2506 raft_consensus.cc:2468] T 00000000000000000000000000000000 P 90f0cfccb539425299492d5eb722bf14 [term 0 FOLLOWER]: Leader pre-election vote request: Granting yes vote for candidate d0f8128299d049ff993ec5e9b0df01f4 in term 0.
I20260630 12:35:06.451673  2546 leader_election.cc:304] T 00000000000000000000000000000000 P d0f8128299d049ff993ec5e9b0df01f4 [CANDIDATE]: Term 1 pre-election: Election decided. Result: candidate won. Election summary: received 2 responses out of 3 voters: 2 yes votes; 0 no votes. yes voters: 408043d304e147c29ae1bb2561a94845, d0f8128299d049ff993ec5e9b0df01f4; no voters: 
I20260630 12:35:06.452764  2617 raft_consensus.cc:2804] T 00000000000000000000000000000000 P d0f8128299d049ff993ec5e9b0df01f4 [term 0 FOLLOWER]: Leader pre-election won for term 1
I20260630 12:35:06.453114  2617 raft_consensus.cc:493] T 00000000000000000000000000000000 P d0f8128299d049ff993ec5e9b0df01f4 [term 0 FOLLOWER]: Starting leader election (no leader contacted us within the election timeout)
I20260630 12:35:06.453437  2617 raft_consensus.cc:3060] T 00000000000000000000000000000000 P d0f8128299d049ff993ec5e9b0df01f4 [term 0 FOLLOWER]: Advancing to term 1
I20260630 12:35:06.458819  2617 raft_consensus.cc:515] T 00000000000000000000000000000000 P d0f8128299d049ff993ec5e9b0df01f4 [term 1 FOLLOWER]: Starting leader election with config: opid_index: -1 OBSOLETE_local: false peers { permanent_uuid: "408043d304e147c29ae1bb2561a94845" member_type: VOTER last_known_addr { host: "127.1.79.254" port: 35849 } } peers { permanent_uuid: "90f0cfccb539425299492d5eb722bf14" member_type: VOTER last_known_addr { host: "127.1.79.253" port: 35705 } } peers { permanent_uuid: "d0f8128299d049ff993ec5e9b0df01f4" member_type: VOTER last_known_addr { host: "127.1.79.252" port: 35191 } }
I20260630 12:35:06.462047  2441 tablet_service.cc:1917] Received RequestConsensusVote() RPC: tablet_id: "00000000000000000000000000000000" candidate_uuid: "d0f8128299d049ff993ec5e9b0df01f4" candidate_term: 1 candidate_status { last_received { term: 0 index: 0 } } ignore_live_leader: false dest_uuid: "408043d304e147c29ae1bb2561a94845"
I20260630 12:35:06.462370  2617 leader_election.cc:290] T 00000000000000000000000000000000 P d0f8128299d049ff993ec5e9b0df01f4 [CANDIDATE]: Term 1 election: Requested vote from peers 408043d304e147c29ae1bb2561a94845 (127.1.79.254:35849), 90f0cfccb539425299492d5eb722bf14 (127.1.79.253:35705)
I20260630 12:35:06.462414  2506 tablet_service.cc:1917] Received RequestConsensusVote() RPC: tablet_id: "00000000000000000000000000000000" candidate_uuid: "d0f8128299d049ff993ec5e9b0df01f4" candidate_term: 1 candidate_status { last_received { term: 0 index: 0 } } ignore_live_leader: false dest_uuid: "90f0cfccb539425299492d5eb722bf14"
I20260630 12:35:06.462874  2441 raft_consensus.cc:3060] T 00000000000000000000000000000000 P 408043d304e147c29ae1bb2561a94845 [term 0 FOLLOWER]: Advancing to term 1
I20260630 12:35:06.463294  2506 raft_consensus.cc:3060] T 00000000000000000000000000000000 P 90f0cfccb539425299492d5eb722bf14 [term 0 FOLLOWER]: Advancing to term 1
I20260630 12:35:06.464798  1343 rpc_server.cc:307] RPC server started. Bound to: 127.1.79.193:40079
I20260630 12:35:06.465091  2710 acceptor_pool.cc:272] collecting diagnostics on the listening RPC socket 127.1.79.193:40079 every 8 connection(s)
I20260630 12:35:06.471694  2441 raft_consensus.cc:2468] T 00000000000000000000000000000000 P 408043d304e147c29ae1bb2561a94845 [term 1 FOLLOWER]: Leader election vote request: Granting yes vote for candidate d0f8128299d049ff993ec5e9b0df01f4 in term 1.
I20260630 12:35:06.473085  2546 leader_election.cc:304] T 00000000000000000000000000000000 P d0f8128299d049ff993ec5e9b0df01f4 [CANDIDATE]: Term 1 election: Election decided. Result: candidate won. Election summary: received 2 responses out of 3 voters: 2 yes votes; 0 no votes. yes voters: 408043d304e147c29ae1bb2561a94845, d0f8128299d049ff993ec5e9b0df01f4; no voters: 
I20260630 12:35:06.473924  2506 raft_consensus.cc:2468] T 00000000000000000000000000000000 P 90f0cfccb539425299492d5eb722bf14 [term 1 FOLLOWER]: Leader election vote request: Granting yes vote for candidate d0f8128299d049ff993ec5e9b0df01f4 in term 1.
I20260630 12:35:06.474232  2617 raft_consensus.cc:2804] T 00000000000000000000000000000000 P d0f8128299d049ff993ec5e9b0df01f4 [term 1 FOLLOWER]: Leader election won for term 1
I20260630 12:35:06.479992  2617 raft_consensus.cc:697] T 00000000000000000000000000000000 P d0f8128299d049ff993ec5e9b0df01f4 [term 1 LEADER]: Becoming Leader. State: Replica: d0f8128299d049ff993ec5e9b0df01f4, State: Running, Role: LEADER
I20260630 12:35:06.480935  2617 consensus_queue.cc:237] T 00000000000000000000000000000000 P d0f8128299d049ff993ec5e9b0df01f4 [LEADER]: Queue going to LEADER mode. State: All replicated index: 0, Majority replicated index: 0, Committed index: 0, Last appended: 0.0, Last appended by leader: 0, Current term: 1, Majority size: 2, State: 0, Mode: LEADER, active raft config: opid_index: -1 OBSOLETE_local: false peers { permanent_uuid: "408043d304e147c29ae1bb2561a94845" member_type: VOTER last_known_addr { host: "127.1.79.254" port: 35849 } } peers { permanent_uuid: "90f0cfccb539425299492d5eb722bf14" member_type: VOTER last_known_addr { host: "127.1.79.253" port: 35705 } } peers { permanent_uuid: "d0f8128299d049ff993ec5e9b0df01f4" member_type: VOTER last_known_addr { host: "127.1.79.252" port: 35191 } }
I20260630 12:35:06.494863  2712 heartbeater.cc:344] Connected to a master server at 127.1.79.253:35705
I20260630 12:35:06.495318  2712 heartbeater.cc:461] Registering TS with master...
I20260630 12:35:06.495447  1343 file_cache.cc:492] Constructed file cache file cache with capacity 419430
I20260630 12:35:06.496331  2712 heartbeater.cc:507] Master 127.1.79.253:35705 requested a full tablet report, sending...
I20260630 12:35:06.499480  2496 ts_manager.cc:194] Registered new tserver with Master: ab84dd51334f49cdb0fca6249dec2b33 (127.1.79.193:40079)
I20260630 12:35:06.502938  2716 sys_catalog.cc:455] T 00000000000000000000000000000000 P d0f8128299d049ff993ec5e9b0df01f4 [sys.catalog]: SysCatalogTable state changed. Reason: New leader d0f8128299d049ff993ec5e9b0df01f4. Latest consensus state: current_term: 1 leader_uuid: "d0f8128299d049ff993ec5e9b0df01f4" committed_config { opid_index: -1 OBSOLETE_local: false peers { permanent_uuid: "408043d304e147c29ae1bb2561a94845" member_type: VOTER last_known_addr { host: "127.1.79.254" port: 35849 } } peers { permanent_uuid: "90f0cfccb539425299492d5eb722bf14" member_type: VOTER last_known_addr { host: "127.1.79.253" port: 35705 } } peers { permanent_uuid: "d0f8128299d049ff993ec5e9b0df01f4" member_type: VOTER last_known_addr { host: "127.1.79.252" port: 35191 } } }
I20260630 12:35:06.503777  2716 sys_catalog.cc:458] T 00000000000000000000000000000000 P d0f8128299d049ff993ec5e9b0df01f4 [sys.catalog]: This master's current role is: LEADER
W20260630 12:35:06.506022  2720 instance_detector.cc:116] could not retrieve AWS instance metadata: Network error: curl error: HTTP response code said error: The requested URL returned error: 404
I20260630 12:35:06.509407  2722 catalog_manager.cc:1511] Loading table and tablet metadata into memory...
I20260630 12:35:06.510255  2713 heartbeater.cc:344] Connected to a master server at 127.1.79.254:35849
I20260630 12:35:06.510886  2713 heartbeater.cc:461] Registering TS with master...
W20260630 12:35:06.511646  2721 instance_detector.cc:116] could not retrieve Azure instance metadata: Network error: curl error: HTTP response code said error: The requested URL returned error: 404
I20260630 12:35:06.512135  2713 heartbeater.cc:507] Master 127.1.79.254:35849 requested a full tablet report, sending...
I20260630 12:35:06.516546  2431 ts_manager.cc:194] Registered new tserver with Master: ab84dd51334f49cdb0fca6249dec2b33 (127.1.79.193:40079)
I20260630 12:35:06.518857  2722 catalog_manager.cc:1520] Initializing Kudu cluster ID...
I20260630 12:35:06.519944  1343 server_base.cc:1061] running on GCE node
W20260630 12:35:06.521783  2724 instance_detector.cc:116] could not retrieve OpenStack instance metadata: Network error: curl error: HTTP response code said error: The requested URL returned error: 404
I20260630 12:35:06.521910  2711 heartbeater.cc:344] Connected to a master server at 127.1.79.252:35191
I20260630 12:35:06.522600  2711 heartbeater.cc:461] Registering TS with master...
I20260630 12:35:06.523180  1343 hybrid_clock.cc:584] initializing the hybrid clock with 'system_unsync' time source
I20260630 12:35:06.523403  2711 heartbeater.cc:507] Master 127.1.79.252:35191 requested a full tablet report, sending...
W20260630 12:35:06.523514  1343 system_unsync_time.cc:38] NTP support is disabled. Clock error bounds will not be accurate. This configuration is not suitable for distributed clusters.
I20260630 12:35:06.523852  1343 hybrid_clock.cc:648] HybridClock initialized: now 1782822906523828 us; error 0 us; skew 500 ppm
I20260630 12:35:06.524793  1343 server_base.cc:861] Flag tcmalloc_max_total_thread_cache_bytes is not working since tcmalloc is not enabled.
I20260630 12:35:06.526216  2561 ts_manager.cc:194] Registered new tserver with Master: ab84dd51334f49cdb0fca6249dec2b33 (127.1.79.193:40079)
I20260630 12:35:06.528148  1343 webserver.cc:533] Webserver started at http://127.1.79.194:35683/ using document root <none> and password file <none>
I20260630 12:35:06.528873  1343 fs_manager.cc:362] Metadata directory not provided
I20260630 12:35:06.529136  1343 fs_manager.cc:368] Using write-ahead log directory (fs_wal_dir) as metadata directory
I20260630 12:35:06.529556  1343 server_base.cc:909] This appears to be a new deployment of Kudu; creating new FS layout
I20260630 12:35:06.530799  2506 raft_consensus.cc:1275] T 00000000000000000000000000000000 P 90f0cfccb539425299492d5eb722bf14 [term 1 FOLLOWER]: Refusing update from remote peer d0f8128299d049ff993ec5e9b0df01f4: Log matching property violated. Preceding OpId in replica: term: 0 index: 0. Preceding OpId from leader: term: 1 index: 2. (index mismatch)
I20260630 12:35:06.530920  1343 fs_manager.cc:1068] Generated new instance metadata in path /tmp/dist-test-taskXlsHwC/test-tmp/auto_rebalancer-test.0.AutoRebalancerTest.NextLeaderResumesAutoRebalancing.1782822884102845-1343-0/minicluster-data/ts-1-root/instance:
uuid: "d8551c4fcc6044d7abffb7e9c429734e"
format_stamp: "Formatted at 2026-06-30 12:35:06 on dist-test-slave-qg3c"
I20260630 12:35:06.530944  2441 raft_consensus.cc:1275] T 00000000000000000000000000000000 P 408043d304e147c29ae1bb2561a94845 [term 1 FOLLOWER]: Refusing update from remote peer d0f8128299d049ff993ec5e9b0df01f4: Log matching property violated. Preceding OpId in replica: term: 0 index: 0. Preceding OpId from leader: term: 1 index: 2. (index mismatch)
I20260630 12:35:06.532454  2617 consensus_queue.cc:1048] T 00000000000000000000000000000000 P d0f8128299d049ff993ec5e9b0df01f4 [LEADER]: Connected to new peer: Peer: permanent_uuid: "90f0cfccb539425299492d5eb722bf14" member_type: VOTER last_known_addr { host: "127.1.79.253" port: 35705 }, Status: LMP_MISMATCH, Last received: 0.0, Next index: 1, Last known committed idx: 0, Time since last communication: 0.000s
I20260630 12:35:06.533099  2716 consensus_queue.cc:1048] T 00000000000000000000000000000000 P d0f8128299d049ff993ec5e9b0df01f4 [LEADER]: Connected to new peer: Peer: permanent_uuid: "408043d304e147c29ae1bb2561a94845" member_type: VOTER last_known_addr { host: "127.1.79.254" port: 35849 }, Status: LMP_MISMATCH, Last received: 0.0, Next index: 1, Last known committed idx: 0, Time since last communication: 0.000s
I20260630 12:35:06.536947  1343 fs_manager.cc:696] Time spent creating directory manager: real 0.005s	user 0.005s	sys 0.000s
I20260630 12:35:06.544926  2616 sys_catalog.cc:455] T 00000000000000000000000000000000 P 408043d304e147c29ae1bb2561a94845 [sys.catalog]: SysCatalogTable state changed. Reason: New leader d0f8128299d049ff993ec5e9b0df01f4. Latest consensus state: current_term: 1 leader_uuid: "d0f8128299d049ff993ec5e9b0df01f4" committed_config { opid_index: -1 OBSOLETE_local: false peers { permanent_uuid: "408043d304e147c29ae1bb2561a94845" member_type: VOTER last_known_addr { host: "127.1.79.254" port: 35849 } } peers { permanent_uuid: "90f0cfccb539425299492d5eb722bf14" member_type: VOTER last_known_addr { host: "127.1.79.253" port: 35705 } } peers { permanent_uuid: "d0f8128299d049ff993ec5e9b0df01f4" member_type: VOTER last_known_addr { host: "127.1.79.252" port: 35191 } } }
I20260630 12:35:06.546015  2616 sys_catalog.cc:458] T 00000000000000000000000000000000 P 408043d304e147c29ae1bb2561a94845 [sys.catalog]: This master's current role is: FOLLOWER
I20260630 12:35:06.551200  2732 log_block_manager.cc:4031] Time spent loading block containers with low live blocks: real 0.000s	user 0.000s	sys 0.000s
I20260630 12:35:06.552621  1343 fs_manager.cc:730] Time spent opening block manager: real 0.014s	user 0.012s	sys 0.000s
I20260630 12:35:06.553241  1343 fs_manager.cc:647] Opened local filesystem: /tmp/dist-test-taskXlsHwC/test-tmp/auto_rebalancer-test.0.AutoRebalancerTest.NextLeaderResumesAutoRebalancing.1782822884102845-1343-0/minicluster-data/ts-1-root
uuid: "d8551c4fcc6044d7abffb7e9c429734e"
format_stamp: "Formatted at 2026-06-30 12:35:06 on dist-test-slave-qg3c"
I20260630 12:35:06.553824  1343 fs_report.cc:389] FS layout report
--------------------
wal directory: /tmp/dist-test-taskXlsHwC/test-tmp/auto_rebalancer-test.0.AutoRebalancerTest.NextLeaderResumesAutoRebalancing.1782822884102845-1343-0/minicluster-data/ts-1-root
metadata directory: /tmp/dist-test-taskXlsHwC/test-tmp/auto_rebalancer-test.0.AutoRebalancerTest.NextLeaderResumesAutoRebalancing.1782822884102845-1343-0/minicluster-data/ts-1-root
1 data directories: /tmp/dist-test-taskXlsHwC/test-tmp/auto_rebalancer-test.0.AutoRebalancerTest.NextLeaderResumesAutoRebalancing.1782822884102845-1343-0/minicluster-data/ts-1-root/data
Total live blocks: 0
Total live bytes: 0
Total live bytes (after alignment): 0
Total number of LBM containers: 0 (0 full)
Did not check for missing blocks
Did not check for orphaned blocks
Total full LBM containers with extra space: 0 (0 repaired)
Total full LBM container extra space in bytes: 0 (0 repaired)
Total incomplete LBM containers: 0 (0 repaired)
Total LBM partial records: 0 (0 repaired)
Total corrupted LBM metadata records in RocksDB: 0 (0 repaired)
I20260630 12:35:06.559291  2602 sys_catalog.cc:455] T 00000000000000000000000000000000 P 90f0cfccb539425299492d5eb722bf14 [sys.catalog]: SysCatalogTable state changed. Reason: New leader d0f8128299d049ff993ec5e9b0df01f4. Latest consensus state: current_term: 1 leader_uuid: "d0f8128299d049ff993ec5e9b0df01f4" committed_config { opid_index: -1 OBSOLETE_local: false peers { permanent_uuid: "408043d304e147c29ae1bb2561a94845" member_type: VOTER last_known_addr { host: "127.1.79.254" port: 35849 } } peers { permanent_uuid: "90f0cfccb539425299492d5eb722bf14" member_type: VOTER last_known_addr { host: "127.1.79.253" port: 35705 } } peers { permanent_uuid: "d0f8128299d049ff993ec5e9b0df01f4" member_type: VOTER last_known_addr { host: "127.1.79.252" port: 35191 } } }
I20260630 12:35:06.560421  2602 sys_catalog.cc:458] T 00000000000000000000000000000000 P 90f0cfccb539425299492d5eb722bf14 [sys.catalog]: This master's current role is: FOLLOWER
I20260630 12:35:06.579658  2602 sys_catalog.cc:455] T 00000000000000000000000000000000 P 90f0cfccb539425299492d5eb722bf14 [sys.catalog]: SysCatalogTable state changed. Reason: Replicated consensus-only round. Latest consensus state: current_term: 1 leader_uuid: "d0f8128299d049ff993ec5e9b0df01f4" committed_config { opid_index: -1 OBSOLETE_local: false peers { permanent_uuid: "408043d304e147c29ae1bb2561a94845" member_type: VOTER last_known_addr { host: "127.1.79.254" port: 35849 } } peers { permanent_uuid: "90f0cfccb539425299492d5eb722bf14" member_type: VOTER last_known_addr { host: "127.1.79.253" port: 35705 } } peers { permanent_uuid: "d0f8128299d049ff993ec5e9b0df01f4" member_type: VOTER last_known_addr { host: "127.1.79.252" port: 35191 } } }
I20260630 12:35:06.580724  2602 sys_catalog.cc:458] T 00000000000000000000000000000000 P 90f0cfccb539425299492d5eb722bf14 [sys.catalog]: This master's current role is: FOLLOWER
I20260630 12:35:06.586199  2716 sys_catalog.cc:455] T 00000000000000000000000000000000 P d0f8128299d049ff993ec5e9b0df01f4 [sys.catalog]: SysCatalogTable state changed. Reason: Peer health change. Latest consensus state: current_term: 1 leader_uuid: "d0f8128299d049ff993ec5e9b0df01f4" committed_config { opid_index: -1 OBSOLETE_local: false peers { permanent_uuid: "408043d304e147c29ae1bb2561a94845" member_type: VOTER last_known_addr { host: "127.1.79.254" port: 35849 } } peers { permanent_uuid: "90f0cfccb539425299492d5eb722bf14" member_type: VOTER last_known_addr { host: "127.1.79.253" port: 35705 } } peers { permanent_uuid: "d0f8128299d049ff993ec5e9b0df01f4" member_type: VOTER last_known_addr { host: "127.1.79.252" port: 35191 } } }
I20260630 12:35:06.587360  2716 sys_catalog.cc:458] T 00000000000000000000000000000000 P d0f8128299d049ff993ec5e9b0df01f4 [sys.catalog]: This master's current role is: LEADER
I20260630 12:35:06.591894  2616 sys_catalog.cc:455] T 00000000000000000000000000000000 P 408043d304e147c29ae1bb2561a94845 [sys.catalog]: SysCatalogTable state changed. Reason: Replicated consensus-only round. Latest consensus state: current_term: 1 leader_uuid: "d0f8128299d049ff993ec5e9b0df01f4" committed_config { opid_index: -1 OBSOLETE_local: false peers { permanent_uuid: "408043d304e147c29ae1bb2561a94845" member_type: VOTER last_known_addr { host: "127.1.79.254" port: 35849 } } peers { permanent_uuid: "90f0cfccb539425299492d5eb722bf14" member_type: VOTER last_known_addr { host: "127.1.79.253" port: 35705 } } peers { permanent_uuid: "d0f8128299d049ff993ec5e9b0df01f4" member_type: VOTER last_known_addr { host: "127.1.79.252" port: 35191 } } }
I20260630 12:35:06.592700  2616 sys_catalog.cc:458] T 00000000000000000000000000000000 P 408043d304e147c29ae1bb2561a94845 [sys.catalog]: This master's current role is: FOLLOWER
I20260630 12:35:06.593770  2722 catalog_manager.cc:1383] Generated new cluster ID: ff09835b2d8d4ac68bbc65dd9650bc03
I20260630 12:35:06.594102  2722 catalog_manager.cc:1531] Initializing Kudu internal certificate authority...
I20260630 12:35:06.595978  2716 sys_catalog.cc:455] T 00000000000000000000000000000000 P d0f8128299d049ff993ec5e9b0df01f4 [sys.catalog]: SysCatalogTable state changed. Reason: Peer health change. Latest consensus state: current_term: 1 leader_uuid: "d0f8128299d049ff993ec5e9b0df01f4" committed_config { opid_index: -1 OBSOLETE_local: false peers { permanent_uuid: "408043d304e147c29ae1bb2561a94845" member_type: VOTER last_known_addr { host: "127.1.79.254" port: 35849 } } peers { permanent_uuid: "90f0cfccb539425299492d5eb722bf14" member_type: VOTER last_known_addr { host: "127.1.79.253" port: 35705 } } peers { permanent_uuid: "d0f8128299d049ff993ec5e9b0df01f4" member_type: VOTER last_known_addr { host: "127.1.79.252" port: 35191 } } }
I20260630 12:35:06.596738  2716 sys_catalog.cc:458] T 00000000000000000000000000000000 P d0f8128299d049ff993ec5e9b0df01f4 [sys.catalog]: This master's current role is: LEADER
I20260630 12:35:06.633073  2722 catalog_manager.cc:1406] Generated new certificate authority record
I20260630 12:35:06.633173  1343 rpc_server.cc:225] running with OpenSSL 1.1.1  11 Sep 2018
I20260630 12:35:06.634549  2722 catalog_manager.cc:1540] Loading token signing keys...
I20260630 12:35:06.634903  1343 kserver.cc:163] Server-wide thread pool size limit: 3276
I20260630 12:35:06.637072  1343 txn_system_client.cc:432] TxnSystemClient initialization is disabled...
I20260630 12:35:06.639833  1343 ts_tablet_manager.cc:585] Loaded tablet metadata (0 total tablets, 0 live tablets)
I20260630 12:35:06.640018  1343 ts_tablet_manager.cc:531] Time spent load tablet metadata: real 0.000s	user 0.000s	sys 0.000s
I20260630 12:35:06.640375  1343 ts_tablet_manager.cc:616] Registered 0 tablets
I20260630 12:35:06.640542  1343 ts_tablet_manager.cc:595] Time spent register tablets: real 0.000s	user 0.000s	sys 0.000s
I20260630 12:35:06.659127  2722 catalog_manager.cc:6070] T 00000000000000000000000000000000 P d0f8128299d049ff993ec5e9b0df01f4: Generated new TSK 0
I20260630 12:35:06.659863  2722 catalog_manager.cc:1550] Initializing in-progress tserver states...
I20260630 12:35:06.704274  1343 rpc_server.cc:307] RPC server started. Bound to: 127.1.79.194:42023
I20260630 12:35:06.704432  2801 acceptor_pool.cc:272] collecting diagnostics on the listening RPC socket 127.1.79.194:42023 every 8 connection(s)
I20260630 12:35:06.735347  2803 heartbeater.cc:344] Connected to a master server at 127.1.79.253:35705
I20260630 12:35:06.735878  2803 heartbeater.cc:461] Registering TS with master...
I20260630 12:35:06.737166  2803 heartbeater.cc:507] Master 127.1.79.253:35705 requested a full tablet report, sending...
I20260630 12:35:06.737692  1343 file_cache.cc:492] Constructed file cache file cache with capacity 419430
I20260630 12:35:06.738628  2802 heartbeater.cc:344] Connected to a master server at 127.1.79.252:35191
I20260630 12:35:06.739048  2802 heartbeater.cc:461] Registering TS with master...
I20260630 12:35:06.740187  2496 ts_manager.cc:194] Registered new tserver with Master: d8551c4fcc6044d7abffb7e9c429734e (127.1.79.194:42023)
I20260630 12:35:06.740283  2802 heartbeater.cc:507] Master 127.1.79.252:35191 requested a full tablet report, sending...
I20260630 12:35:06.742902  2561 ts_manager.cc:194] Registered new tserver with Master: d8551c4fcc6044d7abffb7e9c429734e (127.1.79.194:42023)
I20260630 12:35:06.745110  2804 heartbeater.cc:344] Connected to a master server at 127.1.79.254:35849
I20260630 12:35:06.745535  2804 heartbeater.cc:461] Registering TS with master...
I20260630 12:35:06.745620  2561 master_service.cc:502] Signed X509 certificate for tserver {username='slave'} at 127.0.0.1:36158
I20260630 12:35:06.746501  2804 heartbeater.cc:507] Master 127.1.79.254:35849 requested a full tablet report, sending...
I20260630 12:35:06.749590  2431 ts_manager.cc:194] Registered new tserver with Master: d8551c4fcc6044d7abffb7e9c429734e (127.1.79.194:42023)
W20260630 12:35:06.750042  2809 instance_detector.cc:116] could not retrieve AWS instance metadata: Network error: curl error: HTTP response code said error: The requested URL returned error: 404
W20260630 12:35:06.751446  2810 instance_detector.cc:116] could not retrieve Azure instance metadata: Network error: curl error: HTTP response code said error: The requested URL returned error: 404
W20260630 12:35:06.753916  2812 instance_detector.cc:116] could not retrieve OpenStack instance metadata: Network error: curl error: HTTP response code said error: The requested URL returned error: 404
I20260630 12:35:06.754861  1343 server_base.cc:1061] running on GCE node
I20260630 12:35:06.755671  1343 hybrid_clock.cc:584] initializing the hybrid clock with 'system_unsync' time source
W20260630 12:35:06.755956  1343 system_unsync_time.cc:38] NTP support is disabled. Clock error bounds will not be accurate. This configuration is not suitable for distributed clusters.
I20260630 12:35:06.756161  1343 hybrid_clock.cc:648] HybridClock initialized: now 1782822906756141 us; error 0 us; skew 500 ppm
I20260630 12:35:06.756704  1343 server_base.cc:861] Flag tcmalloc_max_total_thread_cache_bytes is not working since tcmalloc is not enabled.
I20260630 12:35:06.759261  1343 webserver.cc:533] Webserver started at http://127.1.79.195:43163/ using document root <none> and password file <none>
I20260630 12:35:06.759770  1343 fs_manager.cc:362] Metadata directory not provided
I20260630 12:35:06.760047  1343 fs_manager.cc:368] Using write-ahead log directory (fs_wal_dir) as metadata directory
I20260630 12:35:06.760275  1343 server_base.cc:909] This appears to be a new deployment of Kudu; creating new FS layout
I20260630 12:35:06.761268  1343 fs_manager.cc:1068] Generated new instance metadata in path /tmp/dist-test-taskXlsHwC/test-tmp/auto_rebalancer-test.0.AutoRebalancerTest.NextLeaderResumesAutoRebalancing.1782822884102845-1343-0/minicluster-data/ts-2-root/instance:
uuid: "d51c9adf9ad54dacb35cb4dbb24fc056"
format_stamp: "Formatted at 2026-06-30 12:35:06 on dist-test-slave-qg3c"
I20260630 12:35:06.765868  1343 fs_manager.cc:696] Time spent creating directory manager: real 0.004s	user 0.000s	sys 0.006s
I20260630 12:35:06.770394  2817 log_block_manager.cc:4031] Time spent loading block containers with low live blocks: real 0.000s	user 0.000s	sys 0.000s
I20260630 12:35:06.771407  1343 fs_manager.cc:730] Time spent opening block manager: real 0.003s	user 0.002s	sys 0.001s
I20260630 12:35:06.771838  1343 fs_manager.cc:647] Opened local filesystem: /tmp/dist-test-taskXlsHwC/test-tmp/auto_rebalancer-test.0.AutoRebalancerTest.NextLeaderResumesAutoRebalancing.1782822884102845-1343-0/minicluster-data/ts-2-root
uuid: "d51c9adf9ad54dacb35cb4dbb24fc056"
format_stamp: "Formatted at 2026-06-30 12:35:06 on dist-test-slave-qg3c"
I20260630 12:35:06.772166  1343 fs_report.cc:389] FS layout report
--------------------
wal directory: /tmp/dist-test-taskXlsHwC/test-tmp/auto_rebalancer-test.0.AutoRebalancerTest.NextLeaderResumesAutoRebalancing.1782822884102845-1343-0/minicluster-data/ts-2-root
metadata directory: /tmp/dist-test-taskXlsHwC/test-tmp/auto_rebalancer-test.0.AutoRebalancerTest.NextLeaderResumesAutoRebalancing.1782822884102845-1343-0/minicluster-data/ts-2-root
1 data directories: /tmp/dist-test-taskXlsHwC/test-tmp/auto_rebalancer-test.0.AutoRebalancerTest.NextLeaderResumesAutoRebalancing.1782822884102845-1343-0/minicluster-data/ts-2-root/data
Total live blocks: 0
Total live bytes: 0
Total live bytes (after alignment): 0
Total number of LBM containers: 0 (0 full)
Did not check for missing blocks
Did not check for orphaned blocks
Total full LBM containers with extra space: 0 (0 repaired)
Total full LBM container extra space in bytes: 0 (0 repaired)
Total incomplete LBM containers: 0 (0 repaired)
Total LBM partial records: 0 (0 repaired)
Total corrupted LBM metadata records in RocksDB: 0 (0 repaired)
I20260630 12:35:06.790092  1343 rpc_server.cc:225] running with OpenSSL 1.1.1  11 Sep 2018
I20260630 12:35:06.791409  1343 kserver.cc:163] Server-wide thread pool size limit: 3276
I20260630 12:35:06.792645  1343 txn_system_client.cc:432] TxnSystemClient initialization is disabled...
I20260630 12:35:06.794848  1343 ts_tablet_manager.cc:585] Loaded tablet metadata (0 total tablets, 0 live tablets)
I20260630 12:35:06.795081  1343 ts_tablet_manager.cc:531] Time spent load tablet metadata: real 0.000s	user 0.000s	sys 0.000s
I20260630 12:35:06.795311  1343 ts_tablet_manager.cc:616] Registered 0 tablets
I20260630 12:35:06.795487  1343 ts_tablet_manager.cc:595] Time spent register tablets: real 0.000s	user 0.000s	sys 0.000s
I20260630 12:35:06.837774  1343 rpc_server.cc:307] RPC server started. Bound to: 127.1.79.195:36455
I20260630 12:35:06.837925  2879 acceptor_pool.cc:272] collecting diagnostics on the listening RPC socket 127.1.79.195:36455 every 8 connection(s)
I20260630 12:35:06.860489  2881 heartbeater.cc:344] Connected to a master server at 127.1.79.253:35705
I20260630 12:35:06.860988  2881 heartbeater.cc:461] Registering TS with master...
I20260630 12:35:06.862260  2881 heartbeater.cc:507] Master 127.1.79.253:35705 requested a full tablet report, sending...
I20260630 12:35:06.862349  2882 heartbeater.cc:344] Connected to a master server at 127.1.79.254:35849
I20260630 12:35:06.862887  2882 heartbeater.cc:461] Registering TS with master...
I20260630 12:35:06.863229  2880 heartbeater.cc:344] Connected to a master server at 127.1.79.252:35191
I20260630 12:35:06.863618  2880 heartbeater.cc:461] Registering TS with master...
I20260630 12:35:06.863869  2882 heartbeater.cc:507] Master 127.1.79.254:35849 requested a full tablet report, sending...
I20260630 12:35:06.864681  2880 heartbeater.cc:507] Master 127.1.79.252:35191 requested a full tablet report, sending...
I20260630 12:35:06.865120  2496 ts_manager.cc:194] Registered new tserver with Master: d51c9adf9ad54dacb35cb4dbb24fc056 (127.1.79.195:36455)
I20260630 12:35:06.866909  2431 ts_manager.cc:194] Registered new tserver with Master: d51c9adf9ad54dacb35cb4dbb24fc056 (127.1.79.195:36455)
I20260630 12:35:06.867098  2561 ts_manager.cc:194] Registered new tserver with Master: d51c9adf9ad54dacb35cb4dbb24fc056 (127.1.79.195:36455)
I20260630 12:35:06.867403  1343 internal_mini_cluster.cc:371] 3 TS(s) registered with all masters after 0.017937779s
I20260630 12:35:06.868665  2561 master_service.cc:502] Signed X509 certificate for tserver {username='slave'} at 127.0.0.1:36160
I20260630 12:35:07.327111  2615 catalog_manager.cc:1295] Loaded cluster ID: ff09835b2d8d4ac68bbc65dd9650bc03
I20260630 12:35:07.327400  2615 catalog_manager.cc:1588] T 00000000000000000000000000000000 P 90f0cfccb539425299492d5eb722bf14: loading cluster ID for follower catalog manager: success
I20260630 12:35:07.332664  2615 catalog_manager.cc:1610] T 00000000000000000000000000000000 P 90f0cfccb539425299492d5eb722bf14: acquiring CA information for follower catalog manager: success
I20260630 12:35:07.336695  2615 catalog_manager.cc:1638] T 00000000000000000000000000000000 P 90f0cfccb539425299492d5eb722bf14: importing token verification keys for follower catalog manager: success; most recent TSK sequence number 0
I20260630 12:35:07.344866  2633 catalog_manager.cc:1295] Loaded cluster ID: ff09835b2d8d4ac68bbc65dd9650bc03
I20260630 12:35:07.345232  2633 catalog_manager.cc:1588] T 00000000000000000000000000000000 P 408043d304e147c29ae1bb2561a94845: loading cluster ID for follower catalog manager: success
I20260630 12:35:07.349956  2633 catalog_manager.cc:1610] T 00000000000000000000000000000000 P 408043d304e147c29ae1bb2561a94845: acquiring CA information for follower catalog manager: success
I20260630 12:35:07.353586  2633 catalog_manager.cc:1638] T 00000000000000000000000000000000 P 408043d304e147c29ae1bb2561a94845: importing token verification keys for follower catalog manager: success; most recent TSK sequence number 0
I20260630 12:35:07.531669  2561 master_service.cc:502] Signed X509 certificate for tserver {username='slave'} at 127.0.0.1:36150
I20260630 12:35:07.749737  2802 heartbeater.cc:499] Master 127.1.79.252:35191 was elected leader, sending a full tablet report...
I20260630 12:35:07.871713  2880 heartbeater.cc:499] Master 127.1.79.252:35191 was elected leader, sending a full tablet report...
I20260630 12:35:08.342989  2638 auto_leader_rebalancer.cc:515] All tables' leader rebalancing finished this round
I20260630 12:35:08.477491  2561 catalog_manager.cc:2283] Servicing CreateTable request from {username='slave'} at 127.0.0.1:36168:
name: "test-workload"
schema {
  columns {
    name: "key"
    type: INT32
    is_key: true
    is_nullable: false
    encoding: AUTO_ENCODING
    compression: DEFAULT_COMPRESSION
    cfile_block_size: 0
    immutable: false
  }
