I20260630 12:34:57.486598 11654 raft_consensus.cc:359] T 1a07a3934d2c4e2492f519d86c225493 P a83e04b71bb44c1a92e8e5faf1dbdcbd [term 0 FOLLOWER]: Replica starting. Triggering 0 pending ops. Active config: opid_index: -1 OBSOLETE_local: false peers { permanent_uuid: "d6571d0cedf74ea0896cee2b152eb5ee" member_type: VOTER last_known_addr { host: "127.10.135.1" port: 46017 } } peers { permanent_uuid: "881f0050b2d841c98f663cebccbbf66a" member_type: VOTER last_known_addr { host: "127.10.135.2" port: 42855 } } peers { permanent_uuid: "a83e04b71bb44c1a92e8e5faf1dbdcbd" member_type: VOTER last_known_addr { host: "127.10.135.3" port: 38453 } }
I20260630 12:34:57.487181 11654 raft_consensus.cc:385] T 1a07a3934d2c4e2492f519d86c225493 P a83e04b71bb44c1a92e8e5faf1dbdcbd [term 0 FOLLOWER]: Consensus starting up: Expiring failure detector timer to make a prompt election more likely
I20260630 12:34:57.487509 11654 raft_consensus.cc:740] T 1a07a3934d2c4e2492f519d86c225493 P a83e04b71bb44c1a92e8e5faf1dbdcbd [term 0 FOLLOWER]: Becoming Follower/Learner. State: Replica: a83e04b71bb44c1a92e8e5faf1dbdcbd, State: Initialized, Role: FOLLOWER
I20260630 12:34:57.488289 11654 consensus_queue.cc:260] T 1a07a3934d2c4e2492f519d86c225493 P a83e04b71bb44c1a92e8e5faf1dbdcbd [NON_LEADER]: Queue going to NON_LEADER mode. State: All replicated index: 0, Majority replicated index: 0, Committed index: 0, Last appended: 0.0, Last appended by leader: 0, Current term: 0, Majority size: -1, State: 0, Mode: NON_LEADER, active raft config: opid_index: -1 OBSOLETE_local: false peers { permanent_uuid: "d6571d0cedf74ea0896cee2b152eb5ee" member_type: VOTER last_known_addr { host: "127.10.135.1" port: 46017 } } peers { permanent_uuid: "881f0050b2d841c98f663cebccbbf66a" member_type: VOTER last_known_addr { host: "127.10.135.2" port: 42855 } } peers { permanent_uuid: "a83e04b71bb44c1a92e8e5faf1dbdcbd" member_type: VOTER last_known_addr { host: "127.10.135.3" port: 38453 } }
I20260630 12:34:57.488897 11655 ts_tablet_manager.cc:1434] T ee4ec634764e4875b4517c4dceb5c974 P 881f0050b2d841c98f663cebccbbf66a: Time spent starting tablet: real 0.008s	user 0.008s	sys 0.000s
I20260630 12:34:57.489414 11653 ts_tablet_manager.cc:1434] T ee4ec634764e4875b4517c4dceb5c974 P d6571d0cedf74ea0896cee2b152eb5ee: Time spent starting tablet: real 0.009s	user 0.007s	sys 0.004s
I20260630 12:34:57.490475 11653 tablet_bootstrap.cc:492] T f58006ff5cc1427984ae01c311dcee38 P d6571d0cedf74ea0896cee2b152eb5ee: Bootstrap starting.
I20260630 12:34:57.491377 11655 tablet_bootstrap.cc:492] T 8b4449a0fbd048369ced20d9c00e9ea8 P 881f0050b2d841c98f663cebccbbf66a: Bootstrap starting.
I20260630 12:34:57.497437 11653 tablet_bootstrap.cc:654] T f58006ff5cc1427984ae01c311dcee38 P d6571d0cedf74ea0896cee2b152eb5ee: Neither blocks nor log segments found. Creating new log.
I20260630 12:34:57.499168 11655 tablet_bootstrap.cc:654] T 8b4449a0fbd048369ced20d9c00e9ea8 P 881f0050b2d841c98f663cebccbbf66a: Neither blocks nor log segments found. Creating new log.
I20260630 12:34:57.510727 11653 tablet_bootstrap.cc:492] T f58006ff5cc1427984ae01c311dcee38 P d6571d0cedf74ea0896cee2b152eb5ee: No bootstrap required, opened a new log
I20260630 12:34:57.511406 11653 ts_tablet_manager.cc:1403] T f58006ff5cc1427984ae01c311dcee38 P d6571d0cedf74ea0896cee2b152eb5ee: Time spent bootstrapping tablet: real 0.021s	user 0.012s	sys 0.006s
I20260630 12:34:57.515273 11653 raft_consensus.cc:359] T f58006ff5cc1427984ae01c311dcee38 P d6571d0cedf74ea0896cee2b152eb5ee [term 0 FOLLOWER]: Replica starting. Triggering 0 pending ops. Active config: opid_index: -1 OBSOLETE_local: false peers { permanent_uuid: "d6571d0cedf74ea0896cee2b152eb5ee" member_type: VOTER last_known_addr { host: "127.10.135.1" port: 46017 } } peers { permanent_uuid: "881f0050b2d841c98f663cebccbbf66a" member_type: VOTER last_known_addr { host: "127.10.135.2" port: 42855 } } peers { permanent_uuid: "a83e04b71bb44c1a92e8e5faf1dbdcbd" member_type: VOTER last_known_addr { host: "127.10.135.3" port: 38453 } }
I20260630 12:34:57.516362 11653 raft_consensus.cc:385] T f58006ff5cc1427984ae01c311dcee38 P d6571d0cedf74ea0896cee2b152eb5ee [term 0 FOLLOWER]: Consensus starting up: Expiring failure detector timer to make a prompt election more likely
I20260630 12:34:57.516739 11653 raft_consensus.cc:740] T f58006ff5cc1427984ae01c311dcee38 P d6571d0cedf74ea0896cee2b152eb5ee [term 0 FOLLOWER]: Becoming Follower/Learner. State: Replica: d6571d0cedf74ea0896cee2b152eb5ee, State: Initialized, Role: FOLLOWER
I20260630 12:34:57.519079 11653 consensus_queue.cc:260] T f58006ff5cc1427984ae01c311dcee38 P d6571d0cedf74ea0896cee2b152eb5ee [NON_LEADER]: Queue going to NON_LEADER mode. State: All replicated index: 0, Majority replicated index: 0, Committed index: 0, Last appended: 0.0, Last appended by leader: 0, Current term: 0, Majority size: -1, State: 0, Mode: NON_LEADER, active raft config: opid_index: -1 OBSOLETE_local: false peers { permanent_uuid: "d6571d0cedf74ea0896cee2b152eb5ee" member_type: VOTER last_known_addr { host: "127.10.135.1" port: 46017 } } peers { permanent_uuid: "881f0050b2d841c98f663cebccbbf66a" member_type: VOTER last_known_addr { host: "127.10.135.2" port: 42855 } } peers { permanent_uuid: "a83e04b71bb44c1a92e8e5faf1dbdcbd" member_type: VOTER last_known_addr { host: "127.10.135.3" port: 38453 } }
I20260630 12:34:57.520648 11655 tablet_bootstrap.cc:492] T 8b4449a0fbd048369ced20d9c00e9ea8 P 881f0050b2d841c98f663cebccbbf66a: No bootstrap required, opened a new log
I20260630 12:34:57.521229 11655 ts_tablet_manager.cc:1403] T 8b4449a0fbd048369ced20d9c00e9ea8 P 881f0050b2d841c98f663cebccbbf66a: Time spent bootstrapping tablet: real 0.030s	user 0.015s	sys 0.011s
I20260630 12:34:57.521229 11653 ts_tablet_manager.cc:1434] T f58006ff5cc1427984ae01c311dcee38 P d6571d0cedf74ea0896cee2b152eb5ee: Time spent starting tablet: real 0.009s	user 0.008s	sys 0.000s
I20260630 12:34:57.522580 11653 tablet_bootstrap.cc:492] T 8b4449a0fbd048369ced20d9c00e9ea8 P d6571d0cedf74ea0896cee2b152eb5ee: Bootstrap starting.
I20260630 12:34:57.524574 11655 raft_consensus.cc:359] T 8b4449a0fbd048369ced20d9c00e9ea8 P 881f0050b2d841c98f663cebccbbf66a [term 0 FOLLOWER]: Replica starting. Triggering 0 pending ops. Active config: opid_index: -1 OBSOLETE_local: false peers { permanent_uuid: "d6571d0cedf74ea0896cee2b152eb5ee" member_type: VOTER last_known_addr { host: "127.10.135.1" port: 46017 } } peers { permanent_uuid: "881f0050b2d841c98f663cebccbbf66a" member_type: VOTER last_known_addr { host: "127.10.135.2" port: 42855 } } peers { permanent_uuid: "a83e04b71bb44c1a92e8e5faf1dbdcbd" member_type: VOTER last_known_addr { host: "127.10.135.3" port: 38453 } }
I20260630 12:34:57.525418 11655 raft_consensus.cc:385] T 8b4449a0fbd048369ced20d9c00e9ea8 P 881f0050b2d841c98f663cebccbbf66a [term 0 FOLLOWER]: Consensus starting up: Expiring failure detector timer to make a prompt election more likely
I20260630 12:34:57.525864 11655 raft_consensus.cc:740] T 8b4449a0fbd048369ced20d9c00e9ea8 P 881f0050b2d841c98f663cebccbbf66a [term 0 FOLLOWER]: Becoming Follower/Learner. State: Replica: 881f0050b2d841c98f663cebccbbf66a, State: Initialized, Role: FOLLOWER
I20260630 12:34:57.526713 11655 consensus_queue.cc:260] T 8b4449a0fbd048369ced20d9c00e9ea8 P 881f0050b2d841c98f663cebccbbf66a [NON_LEADER]: Queue going to NON_LEADER mode. State: All replicated index: 0, Majority replicated index: 0, Committed index: 0, Last appended: 0.0, Last appended by leader: 0, Current term: 0, Majority size: -1, State: 0, Mode: NON_LEADER, active raft config: opid_index: -1 OBSOLETE_local: false peers { permanent_uuid: "d6571d0cedf74ea0896cee2b152eb5ee" member_type: VOTER last_known_addr { host: "127.10.135.1" port: 46017 } } peers { permanent_uuid: "881f0050b2d841c98f663cebccbbf66a" member_type: VOTER last_known_addr { host: "127.10.135.2" port: 42855 } } peers { permanent_uuid: "a83e04b71bb44c1a92e8e5faf1dbdcbd" member_type: VOTER last_known_addr { host: "127.10.135.3" port: 38453 } }
I20260630 12:34:57.528867 11653 tablet_bootstrap.cc:654] T 8b4449a0fbd048369ced20d9c00e9ea8 P d6571d0cedf74ea0896cee2b152eb5ee: Neither blocks nor log segments found. Creating new log.
I20260630 12:34:57.529341 11655 ts_tablet_manager.cc:1434] T 8b4449a0fbd048369ced20d9c00e9ea8 P 881f0050b2d841c98f663cebccbbf66a: Time spent starting tablet: real 0.008s	user 0.003s	sys 0.004s
I20260630 12:34:57.529629 11660 raft_consensus.cc:493] T ee4ec634764e4875b4517c4dceb5c974 P 881f0050b2d841c98f663cebccbbf66a [term 0 FOLLOWER]: Starting pre-election (no leader contacted us within the election timeout)
I20260630 12:34:57.530599 11655 tablet_bootstrap.cc:492] T 75c9fe730bf6405b9ac7361a7b6acad0 P 881f0050b2d841c98f663cebccbbf66a: Bootstrap starting.
I20260630 12:34:57.530382 11660 raft_consensus.cc:515] T ee4ec634764e4875b4517c4dceb5c974 P 881f0050b2d841c98f663cebccbbf66a [term 0 FOLLOWER]: Starting pre-election with config: opid_index: -1 OBSOLETE_local: false peers { permanent_uuid: "d6571d0cedf74ea0896cee2b152eb5ee" member_type: VOTER last_known_addr { host: "127.10.135.1" port: 46017 } } peers { permanent_uuid: "a83e04b71bb44c1a92e8e5faf1dbdcbd" member_type: VOTER last_known_addr { host: "127.10.135.3" port: 38453 } } peers { permanent_uuid: "881f0050b2d841c98f663cebccbbf66a" member_type: VOTER last_known_addr { host: "127.10.135.2" port: 42855 } }
I20260630 12:34:57.536366 11660 leader_election.cc:290] T ee4ec634764e4875b4517c4dceb5c974 P 881f0050b2d841c98f663cebccbbf66a [CANDIDATE]: Term 1 pre-election: Requested pre-vote from peers d6571d0cedf74ea0896cee2b152eb5ee (127.10.135.1:46017), a83e04b71bb44c1a92e8e5faf1dbdcbd (127.10.135.3:38453)
I20260630 12:34:57.539597 11655 tablet_bootstrap.cc:654] T 75c9fe730bf6405b9ac7361a7b6acad0 P 881f0050b2d841c98f663cebccbbf66a: Neither blocks nor log segments found. Creating new log.
I20260630 12:34:57.546633 11653 tablet_bootstrap.cc:492] T 8b4449a0fbd048369ced20d9c00e9ea8 P d6571d0cedf74ea0896cee2b152eb5ee: No bootstrap required, opened a new log
I20260630 12:34:57.547158 11653 ts_tablet_manager.cc:1403] T 8b4449a0fbd048369ced20d9c00e9ea8 P d6571d0cedf74ea0896cee2b152eb5ee: Time spent bootstrapping tablet: real 0.025s	user 0.013s	sys 0.009s
I20260630 12:34:57.548131 11655 tablet_bootstrap.cc:492] T 75c9fe730bf6405b9ac7361a7b6acad0 P 881f0050b2d841c98f663cebccbbf66a: No bootstrap required, opened a new log
I20260630 12:34:57.548719 11655 ts_tablet_manager.cc:1403] T 75c9fe730bf6405b9ac7361a7b6acad0 P 881f0050b2d841c98f663cebccbbf66a: Time spent bootstrapping tablet: real 0.018s	user 0.015s	sys 0.000s
I20260630 12:34:57.550323 11653 raft_consensus.cc:359] T 8b4449a0fbd048369ced20d9c00e9ea8 P d6571d0cedf74ea0896cee2b152eb5ee [term 0 FOLLOWER]: Replica starting. Triggering 0 pending ops. Active config: opid_index: -1 OBSOLETE_local: false peers { permanent_uuid: "d6571d0cedf74ea0896cee2b152eb5ee" member_type: VOTER last_known_addr { host: "127.10.135.1" port: 46017 } } peers { permanent_uuid: "881f0050b2d841c98f663cebccbbf66a" member_type: VOTER last_known_addr { host: "127.10.135.2" port: 42855 } } peers { permanent_uuid: "a83e04b71bb44c1a92e8e5faf1dbdcbd" member_type: VOTER last_known_addr { host: "127.10.135.3" port: 38453 } }
I20260630 12:34:57.551235 11653 raft_consensus.cc:385] T 8b4449a0fbd048369ced20d9c00e9ea8 P d6571d0cedf74ea0896cee2b152eb5ee [term 0 FOLLOWER]: Consensus starting up: Expiring failure detector timer to make a prompt election more likely
I20260630 12:34:57.551585 11653 raft_consensus.cc:740] T 8b4449a0fbd048369ced20d9c00e9ea8 P d6571d0cedf74ea0896cee2b152eb5ee [term 0 FOLLOWER]: Becoming Follower/Learner. State: Replica: d6571d0cedf74ea0896cee2b152eb5ee, State: Initialized, Role: FOLLOWER
I20260630 12:34:57.551805 11655 raft_consensus.cc:359] T 75c9fe730bf6405b9ac7361a7b6acad0 P 881f0050b2d841c98f663cebccbbf66a [term 0 FOLLOWER]: Replica starting. Triggering 0 pending ops. Active config: opid_index: -1 OBSOLETE_local: false peers { permanent_uuid: "d6571d0cedf74ea0896cee2b152eb5ee" member_type: VOTER last_known_addr { host: "127.10.135.1" port: 46017 } } peers { permanent_uuid: "881f0050b2d841c98f663cebccbbf66a" member_type: VOTER last_known_addr { host: "127.10.135.2" port: 42855 } } peers { permanent_uuid: "a83e04b71bb44c1a92e8e5faf1dbdcbd" member_type: VOTER last_known_addr { host: "127.10.135.3" port: 38453 } }
I20260630 12:34:57.552652 11655 raft_consensus.cc:385] T 75c9fe730bf6405b9ac7361a7b6acad0 P 881f0050b2d841c98f663cebccbbf66a [term 0 FOLLOWER]: Consensus starting up: Expiring failure detector timer to make a prompt election more likely
I20260630 12:34:57.553161 11655 raft_consensus.cc:740] T 75c9fe730bf6405b9ac7361a7b6acad0 P 881f0050b2d841c98f663cebccbbf66a [term 0 FOLLOWER]: Becoming Follower/Learner. State: Replica: 881f0050b2d841c98f663cebccbbf66a, State: Initialized, Role: FOLLOWER
I20260630 12:34:57.552623 11653 consensus_queue.cc:260] T 8b4449a0fbd048369ced20d9c00e9ea8 P d6571d0cedf74ea0896cee2b152eb5ee [NON_LEADER]: Queue going to NON_LEADER mode. State: All replicated index: 0, Majority replicated index: 0, Committed index: 0, Last appended: 0.0, Last appended by leader: 0, Current term: 0, Majority size: -1, State: 0, Mode: NON_LEADER, active raft config: opid_index: -1 OBSOLETE_local: false peers { permanent_uuid: "d6571d0cedf74ea0896cee2b152eb5ee" member_type: VOTER last_known_addr { host: "127.10.135.1" port: 46017 } } peers { permanent_uuid: "881f0050b2d841c98f663cebccbbf66a" member_type: VOTER last_known_addr { host: "127.10.135.2" port: 42855 } } peers { permanent_uuid: "a83e04b71bb44c1a92e8e5faf1dbdcbd" member_type: VOTER last_known_addr { host: "127.10.135.3" port: 38453 } }
I20260630 12:34:57.555135 11653 ts_tablet_manager.cc:1434] T 8b4449a0fbd048369ced20d9c00e9ea8 P d6571d0cedf74ea0896cee2b152eb5ee: Time spent starting tablet: real 0.008s	user 0.006s	sys 0.002s
I20260630 12:34:57.556176 11653 tablet_bootstrap.cc:492] T 75c9fe730bf6405b9ac7361a7b6acad0 P d6571d0cedf74ea0896cee2b152eb5ee: Bootstrap starting.
I20260630 12:34:57.556967 11655 consensus_queue.cc:260] T 75c9fe730bf6405b9ac7361a7b6acad0 P 881f0050b2d841c98f663cebccbbf66a [NON_LEADER]: Queue going to NON_LEADER mode. State: All replicated index: 0, Majority replicated index: 0, Committed index: 0, Last appended: 0.0, Last appended by leader: 0, Current term: 0, Majority size: -1, State: 0, Mode: NON_LEADER, active raft config: opid_index: -1 OBSOLETE_local: false peers { permanent_uuid: "d6571d0cedf74ea0896cee2b152eb5ee" member_type: VOTER last_known_addr { host: "127.10.135.1" port: 46017 } } peers { permanent_uuid: "881f0050b2d841c98f663cebccbbf66a" member_type: VOTER last_known_addr { host: "127.10.135.2" port: 42855 } } peers { permanent_uuid: "a83e04b71bb44c1a92e8e5faf1dbdcbd" member_type: VOTER last_known_addr { host: "127.10.135.3" port: 38453 } }
I20260630 12:34:57.559391 11655 ts_tablet_manager.cc:1434] T 75c9fe730bf6405b9ac7361a7b6acad0 P 881f0050b2d841c98f663cebccbbf66a: Time spent starting tablet: real 0.010s	user 0.005s	sys 0.000s
I20260630 12:34:57.560737 11655 tablet_bootstrap.cc:492] T f58006ff5cc1427984ae01c311dcee38 P 881f0050b2d841c98f663cebccbbf66a: Bootstrap starting.
I20260630 12:34:57.564306 11653 tablet_bootstrap.cc:654] T 75c9fe730bf6405b9ac7361a7b6acad0 P d6571d0cedf74ea0896cee2b152eb5ee: Neither blocks nor log segments found. Creating new log.
I20260630 12:34:57.570319 11655 tablet_bootstrap.cc:654] T f58006ff5cc1427984ae01c311dcee38 P 881f0050b2d841c98f663cebccbbf66a: Neither blocks nor log segments found. Creating new log.
I20260630 12:34:57.577358 11653 tablet_bootstrap.cc:492] T 75c9fe730bf6405b9ac7361a7b6acad0 P d6571d0cedf74ea0896cee2b152eb5ee: No bootstrap required, opened a new log
I20260630 12:34:57.578059 11653 ts_tablet_manager.cc:1403] T 75c9fe730bf6405b9ac7361a7b6acad0 P d6571d0cedf74ea0896cee2b152eb5ee: Time spent bootstrapping tablet: real 0.022s	user 0.013s	sys 0.006s
I20260630 12:34:57.581135 11655 tablet_bootstrap.cc:492] T f58006ff5cc1427984ae01c311dcee38 P 881f0050b2d841c98f663cebccbbf66a: No bootstrap required, opened a new log
I20260630 12:34:57.580853 11653 raft_consensus.cc:359] T 75c9fe730bf6405b9ac7361a7b6acad0 P d6571d0cedf74ea0896cee2b152eb5ee [term 0 FOLLOWER]: Replica starting. Triggering 0 pending ops. Active config: opid_index: -1 OBSOLETE_local: false peers { permanent_uuid: "d6571d0cedf74ea0896cee2b152eb5ee" member_type: VOTER last_known_addr { host: "127.10.135.1" port: 46017 } } peers { permanent_uuid: "881f0050b2d841c98f663cebccbbf66a" member_type: VOTER last_known_addr { host: "127.10.135.2" port: 42855 } } peers { permanent_uuid: "a83e04b71bb44c1a92e8e5faf1dbdcbd" member_type: VOTER last_known_addr { host: "127.10.135.3" port: 38453 } }
I20260630 12:34:57.581594 11653 raft_consensus.cc:385] T 75c9fe730bf6405b9ac7361a7b6acad0 P d6571d0cedf74ea0896cee2b152eb5ee [term 0 FOLLOWER]: Consensus starting up: Expiring failure detector timer to make a prompt election more likely
I20260630 12:34:57.581961 11653 raft_consensus.cc:740] T 75c9fe730bf6405b9ac7361a7b6acad0 P d6571d0cedf74ea0896cee2b152eb5ee [term 0 FOLLOWER]: Becoming Follower/Learner. State: Replica: d6571d0cedf74ea0896cee2b152eb5ee, State: Initialized, Role: FOLLOWER
I20260630 12:34:57.581784 11655 ts_tablet_manager.cc:1403] T f58006ff5cc1427984ae01c311dcee38 P 881f0050b2d841c98f663cebccbbf66a: Time spent bootstrapping tablet: real 0.021s	user 0.016s	sys 0.003s
I20260630 12:34:57.583025 11653 consensus_queue.cc:260] T 75c9fe730bf6405b9ac7361a7b6acad0 P d6571d0cedf74ea0896cee2b152eb5ee [NON_LEADER]: Queue going to NON_LEADER mode. State: All replicated index: 0, Majority replicated index: 0, Committed index: 0, Last appended: 0.0, Last appended by leader: 0, Current term: 0, Majority size: -1, State: 0, Mode: NON_LEADER, active raft config: opid_index: -1 OBSOLETE_local: false peers { permanent_uuid: "d6571d0cedf74ea0896cee2b152eb5ee" member_type: VOTER last_known_addr { host: "127.10.135.1" port: 46017 } } peers { permanent_uuid: "881f0050b2d841c98f663cebccbbf66a" member_type: VOTER last_known_addr { host: "127.10.135.2" port: 42855 } } peers { permanent_uuid: "a83e04b71bb44c1a92e8e5faf1dbdcbd" member_type: VOTER last_known_addr { host: "127.10.135.3" port: 38453 } }
I20260630 12:34:57.585150 11655 raft_consensus.cc:359] T f58006ff5cc1427984ae01c311dcee38 P 881f0050b2d841c98f663cebccbbf66a [term 0 FOLLOWER]: Replica starting. Triggering 0 pending ops. Active config: opid_index: -1 OBSOLETE_local: false peers { permanent_uuid: "d6571d0cedf74ea0896cee2b152eb5ee" member_type: VOTER last_known_addr { host: "127.10.135.1" port: 46017 } } peers { permanent_uuid: "881f0050b2d841c98f663cebccbbf66a" member_type: VOTER last_known_addr { host: "127.10.135.2" port: 42855 } } peers { permanent_uuid: "a83e04b71bb44c1a92e8e5faf1dbdcbd" member_type: VOTER last_known_addr { host: "127.10.135.3" port: 38453 } }
I20260630 12:34:57.585958 11655 raft_consensus.cc:385] T f58006ff5cc1427984ae01c311dcee38 P 881f0050b2d841c98f663cebccbbf66a [term 0 FOLLOWER]: Consensus starting up: Expiring failure detector timer to make a prompt election more likely
I20260630 12:34:57.586036 11653 ts_tablet_manager.cc:1434] T 75c9fe730bf6405b9ac7361a7b6acad0 P d6571d0cedf74ea0896cee2b152eb5ee: Time spent starting tablet: real 0.008s	user 0.008s	sys 0.000s
I20260630 12:34:57.586449 11655 raft_consensus.cc:740] T f58006ff5cc1427984ae01c311dcee38 P 881f0050b2d841c98f663cebccbbf66a [term 0 FOLLOWER]: Becoming Follower/Learner. State: Replica: 881f0050b2d841c98f663cebccbbf66a, State: Initialized, Role: FOLLOWER
I20260630 12:34:57.587222 11653 tablet_bootstrap.cc:492] T 5e1e13b27f45491084780b1cab0163f2 P d6571d0cedf74ea0896cee2b152eb5ee: Bootstrap starting.
I20260630 12:34:57.587517 11655 consensus_queue.cc:260] T f58006ff5cc1427984ae01c311dcee38 P 881f0050b2d841c98f663cebccbbf66a [NON_LEADER]: Queue going to NON_LEADER mode. State: All replicated index: 0, Majority replicated index: 0, Committed index: 0, Last appended: 0.0, Last appended by leader: 0, Current term: 0, Majority size: -1, State: 0, Mode: NON_LEADER, active raft config: opid_index: -1 OBSOLETE_local: false peers { permanent_uuid: "d6571d0cedf74ea0896cee2b152eb5ee" member_type: VOTER last_known_addr { host: "127.10.135.1" port: 46017 } } peers { permanent_uuid: "881f0050b2d841c98f663cebccbbf66a" member_type: VOTER last_known_addr { host: "127.10.135.2" port: 42855 } } peers { permanent_uuid: "a83e04b71bb44c1a92e8e5faf1dbdcbd" member_type: VOTER last_known_addr { host: "127.10.135.3" port: 38453 } }
I20260630 12:34:57.589864 11655 ts_tablet_manager.cc:1434] T f58006ff5cc1427984ae01c311dcee38 P 881f0050b2d841c98f663cebccbbf66a: Time spent starting tablet: real 0.007s	user 0.007s	sys 0.000s
I20260630 12:34:57.591033 11655 tablet_bootstrap.cc:492] T 5e1e13b27f45491084780b1cab0163f2 P 881f0050b2d841c98f663cebccbbf66a: Bootstrap starting.
I20260630 12:34:57.594254 11653 tablet_bootstrap.cc:654] T 5e1e13b27f45491084780b1cab0163f2 P d6571d0cedf74ea0896cee2b152eb5ee: Neither blocks nor log segments found. Creating new log.
I20260630 12:34:57.606300 11653 tablet_bootstrap.cc:492] T 5e1e13b27f45491084780b1cab0163f2 P d6571d0cedf74ea0896cee2b152eb5ee: No bootstrap required, opened a new log
I20260630 12:34:57.606848 11653 ts_tablet_manager.cc:1403] T 5e1e13b27f45491084780b1cab0163f2 P d6571d0cedf74ea0896cee2b152eb5ee: Time spent bootstrapping tablet: real 0.020s	user 0.014s	sys 0.003s
I20260630 12:34:57.608677 11655 tablet_bootstrap.cc:654] T 5e1e13b27f45491084780b1cab0163f2 P 881f0050b2d841c98f663cebccbbf66a: Neither blocks nor log segments found. Creating new log.
I20260630 12:34:57.609872 11653 raft_consensus.cc:359] T 5e1e13b27f45491084780b1cab0163f2 P d6571d0cedf74ea0896cee2b152eb5ee [term 0 FOLLOWER]: Replica starting. Triggering 0 pending ops. Active config: opid_index: -1 OBSOLETE_local: false peers { permanent_uuid: "d6571d0cedf74ea0896cee2b152eb5ee" member_type: VOTER last_known_addr { host: "127.10.135.1" port: 46017 } } peers { permanent_uuid: "881f0050b2d841c98f663cebccbbf66a" member_type: VOTER last_known_addr { host: "127.10.135.2" port: 42855 } } peers { permanent_uuid: "a83e04b71bb44c1a92e8e5faf1dbdcbd" member_type: VOTER last_known_addr { host: "127.10.135.3" port: 38453 } }
I20260630 12:34:57.610716 11653 raft_consensus.cc:385] T 5e1e13b27f45491084780b1cab0163f2 P d6571d0cedf74ea0896cee2b152eb5ee [term 0 FOLLOWER]: Consensus starting up: Expiring failure detector timer to make a prompt election more likely
I20260630 12:34:57.611027 11653 raft_consensus.cc:740] T 5e1e13b27f45491084780b1cab0163f2 P d6571d0cedf74ea0896cee2b152eb5ee [term 0 FOLLOWER]: Becoming Follower/Learner. State: Replica: d6571d0cedf74ea0896cee2b152eb5ee, State: Initialized, Role: FOLLOWER
I20260630 12:34:57.612031 11653 consensus_queue.cc:260] T 5e1e13b27f45491084780b1cab0163f2 P d6571d0cedf74ea0896cee2b152eb5ee [NON_LEADER]: Queue going to NON_LEADER mode. State: All replicated index: 0, Majority replicated index: 0, Committed index: 0, Last appended: 0.0, Last appended by leader: 0, Current term: 0, Majority size: -1, State: 0, Mode: NON_LEADER, active raft config: opid_index: -1 OBSOLETE_local: false peers { permanent_uuid: "d6571d0cedf74ea0896cee2b152eb5ee" member_type: VOTER last_known_addr { host: "127.10.135.1" port: 46017 } } peers { permanent_uuid: "881f0050b2d841c98f663cebccbbf66a" member_type: VOTER last_known_addr { host: "127.10.135.2" port: 42855 } } peers { permanent_uuid: "a83e04b71bb44c1a92e8e5faf1dbdcbd" member_type: VOTER last_known_addr { host: "127.10.135.3" port: 38453 } }
I20260630 12:34:57.617437 11653 ts_tablet_manager.cc:1434] T 5e1e13b27f45491084780b1cab0163f2 P d6571d0cedf74ea0896cee2b152eb5ee: Time spent starting tablet: real 0.010s	user 0.007s	sys 0.000s
I20260630 12:34:57.619285 11659 raft_consensus.cc:493] T 75c9fe730bf6405b9ac7361a7b6acad0 P d6571d0cedf74ea0896cee2b152eb5ee [term 0 FOLLOWER]: Starting pre-election (no leader contacted us within the election timeout)
I20260630 12:34:57.619815 11659 raft_consensus.cc:515] T 75c9fe730bf6405b9ac7361a7b6acad0 P d6571d0cedf74ea0896cee2b152eb5ee [term 0 FOLLOWER]: Starting pre-election with config: opid_index: -1 OBSOLETE_local: false peers { permanent_uuid: "d6571d0cedf74ea0896cee2b152eb5ee" member_type: VOTER last_known_addr { host: "127.10.135.1" port: 46017 } } peers { permanent_uuid: "881f0050b2d841c98f663cebccbbf66a" member_type: VOTER last_known_addr { host: "127.10.135.2" port: 42855 } } peers { permanent_uuid: "a83e04b71bb44c1a92e8e5faf1dbdcbd" member_type: VOTER last_known_addr { host: "127.10.135.3" port: 38453 } }
I20260630 12:34:57.622061 11655 tablet_bootstrap.cc:492] T 5e1e13b27f45491084780b1cab0163f2 P 881f0050b2d841c98f663cebccbbf66a: No bootstrap required, opened a new log
I20260630 12:34:57.622687 11655 ts_tablet_manager.cc:1403] T 5e1e13b27f45491084780b1cab0163f2 P 881f0050b2d841c98f663cebccbbf66a: Time spent bootstrapping tablet: real 0.032s	user 0.015s	sys 0.004s
I20260630 12:34:57.624413 11659 leader_election.cc:290] T 75c9fe730bf6405b9ac7361a7b6acad0 P d6571d0cedf74ea0896cee2b152eb5ee [CANDIDATE]: Term 1 pre-election: Requested pre-vote from peers 881f0050b2d841c98f663cebccbbf66a (127.10.135.2:42855), a83e04b71bb44c1a92e8e5faf1dbdcbd (127.10.135.3:38453)
I20260630 12:34:57.629709 11653 tablet_bootstrap.cc:492] T 1a07a3934d2c4e2492f519d86c225493 P d6571d0cedf74ea0896cee2b152eb5ee: Bootstrap starting.
I20260630 12:34:57.630887 11654 ts_tablet_manager.cc:1434] T 1a07a3934d2c4e2492f519d86c225493 P a83e04b71bb44c1a92e8e5faf1dbdcbd: Time spent starting tablet: real 0.147s	user 0.038s	sys 0.075s
I20260630 12:34:57.636003 11459 tablet_service.cc:1917] Received RequestConsensusVote() RPC: tablet_id: "ee4ec634764e4875b4517c4dceb5c974" candidate_uuid: "881f0050b2d841c98f663cebccbbf66a" candidate_term: 1 candidate_status { last_received { term: 0 index: 0 } } ignore_live_leader: false dest_uuid: "d6571d0cedf74ea0896cee2b152eb5ee" is_pre_election: true
I20260630 12:34:57.636725 11459 raft_consensus.cc:2468] T ee4ec634764e4875b4517c4dceb5c974 P d6571d0cedf74ea0896cee2b152eb5ee [term 0 FOLLOWER]: Leader pre-election vote request: Granting yes vote for candidate 881f0050b2d841c98f663cebccbbf66a in term 0.
I20260630 12:34:57.638042 11499 leader_election.cc:304] T ee4ec634764e4875b4517c4dceb5c974 P 881f0050b2d841c98f663cebccbbf66a [CANDIDATE]: Term 1 pre-election: Election decided. Result: candidate won. Election summary: received 2 responses out of 3 voters: 2 yes votes; 0 no votes. yes voters: 881f0050b2d841c98f663cebccbbf66a, d6571d0cedf74ea0896cee2b152eb5ee; no voters: 
I20260630 12:34:57.639217 11654 tablet_bootstrap.cc:492] T ee4ec634764e4875b4517c4dceb5c974 P a83e04b71bb44c1a92e8e5faf1dbdcbd: Bootstrap starting.
I20260630 12:34:57.639138 11660 raft_consensus.cc:2804] T ee4ec634764e4875b4517c4dceb5c974 P 881f0050b2d841c98f663cebccbbf66a [term 0 FOLLOWER]: Leader pre-election won for term 1
I20260630 12:34:57.641193 11660 raft_consensus.cc:493] T ee4ec634764e4875b4517c4dceb5c974 P 881f0050b2d841c98f663cebccbbf66a [term 0 FOLLOWER]: Starting leader election (no leader contacted us within the election timeout)
I20260630 12:34:57.641589 11660 raft_consensus.cc:3060] T ee4ec634764e4875b4517c4dceb5c974 P 881f0050b2d841c98f663cebccbbf66a [term 0 FOLLOWER]: Advancing to term 1
I20260630 12:34:57.645125 11655 raft_consensus.cc:359] T 5e1e13b27f45491084780b1cab0163f2 P 881f0050b2d841c98f663cebccbbf66a [term 0 FOLLOWER]: Replica starting. Triggering 0 pending ops. Active config: opid_index: -1 OBSOLETE_local: false peers { permanent_uuid: "d6571d0cedf74ea0896cee2b152eb5ee" member_type: VOTER last_known_addr { host: "127.10.135.1" port: 46017 } } peers { permanent_uuid: "881f0050b2d841c98f663cebccbbf66a" member_type: VOTER last_known_addr { host: "127.10.135.2" port: 42855 } } peers { permanent_uuid: "a83e04b71bb44c1a92e8e5faf1dbdcbd" member_type: VOTER last_known_addr { host: "127.10.135.3" port: 38453 } }
I20260630 12:34:57.647537 11655 raft_consensus.cc:385] T 5e1e13b27f45491084780b1cab0163f2 P 881f0050b2d841c98f663cebccbbf66a [term 0 FOLLOWER]: Consensus starting up: Expiring failure detector timer to make a prompt election more likely
I20260630 12:34:57.648031 11655 raft_consensus.cc:740] T 5e1e13b27f45491084780b1cab0163f2 P 881f0050b2d841c98f663cebccbbf66a [term 0 FOLLOWER]: Becoming Follower/Learner. State: Replica: 881f0050b2d841c98f663cebccbbf66a, State: Initialized, Role: FOLLOWER
I20260630 12:34:57.649279 11608 tablet_service.cc:1917] Received RequestConsensusVote() RPC: tablet_id: "ee4ec634764e4875b4517c4dceb5c974" candidate_uuid: "881f0050b2d841c98f663cebccbbf66a" candidate_term: 1 candidate_status { last_received { term: 0 index: 0 } } ignore_live_leader: false dest_uuid: "a83e04b71bb44c1a92e8e5faf1dbdcbd" is_pre_election: true
I20260630 12:34:57.649219 11655 consensus_queue.cc:260] T 5e1e13b27f45491084780b1cab0163f2 P 881f0050b2d841c98f663cebccbbf66a [NON_LEADER]: Queue going to NON_LEADER mode. State: All replicated index: 0, Majority replicated index: 0, Committed index: 0, Last appended: 0.0, Last appended by leader: 0, Current term: 0, Majority size: -1, State: 0, Mode: NON_LEADER, active raft config: opid_index: -1 OBSOLETE_local: false peers { permanent_uuid: "d6571d0cedf74ea0896cee2b152eb5ee" member_type: VOTER last_known_addr { host: "127.10.135.1" port: 46017 } } peers { permanent_uuid: "881f0050b2d841c98f663cebccbbf66a" member_type: VOTER last_known_addr { host: "127.10.135.2" port: 42855 } } peers { permanent_uuid: "a83e04b71bb44c1a92e8e5faf1dbdcbd" member_type: VOTER last_known_addr { host: "127.10.135.3" port: 38453 } }
I20260630 12:34:57.651397 11653 tablet_bootstrap.cc:654] T 1a07a3934d2c4e2492f519d86c225493 P d6571d0cedf74ea0896cee2b152eb5ee: Neither blocks nor log segments found. Creating new log.
W20260630 12:34:57.653401 11500 leader_election.cc:343] T ee4ec634764e4875b4517c4dceb5c974 P 881f0050b2d841c98f663cebccbbf66a [CANDIDATE]: Term 1 pre-election: Tablet error from VoteRequest() call to peer a83e04b71bb44c1a92e8e5faf1dbdcbd (127.10.135.3:38453): Illegal state: must be running to vote when last-logged opid is not known
I20260630 12:34:57.650296 11660 raft_consensus.cc:515] T ee4ec634764e4875b4517c4dceb5c974 P 881f0050b2d841c98f663cebccbbf66a [term 1 FOLLOWER]: Starting leader election with config: opid_index: -1 OBSOLETE_local: false peers { permanent_uuid: "d6571d0cedf74ea0896cee2b152eb5ee" member_type: VOTER last_known_addr { host: "127.10.135.1" port: 46017 } } peers { permanent_uuid: "a83e04b71bb44c1a92e8e5faf1dbdcbd" member_type: VOTER last_known_addr { host: "127.10.135.3" port: 38453 } } peers { permanent_uuid: "881f0050b2d841c98f663cebccbbf66a" member_type: VOTER last_known_addr { host: "127.10.135.2" port: 42855 } }
I20260630 12:34:57.657415 11660 leader_election.cc:290] T ee4ec634764e4875b4517c4dceb5c974 P 881f0050b2d841c98f663cebccbbf66a [CANDIDATE]: Term 1 election: Requested vote from peers d6571d0cedf74ea0896cee2b152eb5ee (127.10.135.1:46017), a83e04b71bb44c1a92e8e5faf1dbdcbd (127.10.135.3:38453)
I20260630 12:34:57.660205 11459 tablet_service.cc:1917] Received RequestConsensusVote() RPC: tablet_id: "ee4ec634764e4875b4517c4dceb5c974" candidate_uuid: "881f0050b2d841c98f663cebccbbf66a" candidate_term: 1 candidate_status { last_received { term: 0 index: 0 } } ignore_live_leader: false dest_uuid: "d6571d0cedf74ea0896cee2b152eb5ee"
I20260630 12:34:57.660869 11459 raft_consensus.cc:3060] T ee4ec634764e4875b4517c4dceb5c974 P d6571d0cedf74ea0896cee2b152eb5ee [term 0 FOLLOWER]: Advancing to term 1
I20260630 12:34:57.660205 11608 tablet_service.cc:1917] Received RequestConsensusVote() RPC: tablet_id: "ee4ec634764e4875b4517c4dceb5c974" candidate_uuid: "881f0050b2d841c98f663cebccbbf66a" candidate_term: 1 candidate_status { last_received { term: 0 index: 0 } } ignore_live_leader: false dest_uuid: "a83e04b71bb44c1a92e8e5faf1dbdcbd"
W20260630 12:34:57.666466 11500 leader_election.cc:343] T ee4ec634764e4875b4517c4dceb5c974 P 881f0050b2d841c98f663cebccbbf66a [CANDIDATE]: Term 1 election: Tablet error from VoteRequest() call to peer a83e04b71bb44c1a92e8e5faf1dbdcbd (127.10.135.3:38453): Illegal state: must be running to vote when last-logged opid is not known
I20260630 12:34:57.667645 11655 ts_tablet_manager.cc:1434] T 5e1e13b27f45491084780b1cab0163f2 P 881f0050b2d841c98f663cebccbbf66a: Time spent starting tablet: real 0.045s	user 0.011s	sys 0.007s
I20260630 12:34:57.669214 11655 tablet_bootstrap.cc:492] T 1a07a3934d2c4e2492f519d86c225493 P 881f0050b2d841c98f663cebccbbf66a: Bootstrap starting.
I20260630 12:34:57.678566 11655 tablet_bootstrap.cc:654] T 1a07a3934d2c4e2492f519d86c225493 P 881f0050b2d841c98f663cebccbbf66a: Neither blocks nor log segments found. Creating new log.
I20260630 12:34:57.687578 11459 raft_consensus.cc:2468] T ee4ec634764e4875b4517c4dceb5c974 P d6571d0cedf74ea0896cee2b152eb5ee [term 1 FOLLOWER]: Leader election vote request: Granting yes vote for candidate 881f0050b2d841c98f663cebccbbf66a in term 1.
I20260630 12:34:57.689283 11499 leader_election.cc:304] T ee4ec634764e4875b4517c4dceb5c974 P 881f0050b2d841c98f663cebccbbf66a [CANDIDATE]: Term 1 election: Election decided. Result: candidate won. Election summary: received 3 responses out of 3 voters: 2 yes votes; 1 no votes. yes voters: 881f0050b2d841c98f663cebccbbf66a, d6571d0cedf74ea0896cee2b152eb5ee; no voters: a83e04b71bb44c1a92e8e5faf1dbdcbd
I20260630 12:34:57.689867 11534 tablet_service.cc:1917] Received RequestConsensusVote() RPC: tablet_id: "75c9fe730bf6405b9ac7361a7b6acad0" candidate_uuid: "d6571d0cedf74ea0896cee2b152eb5ee" candidate_term: 1 candidate_status { last_received { term: 0 index: 0 } } ignore_live_leader: false dest_uuid: "881f0050b2d841c98f663cebccbbf66a" is_pre_election: true
I20260630 12:34:57.690656 11675 raft_consensus.cc:2804] T ee4ec634764e4875b4517c4dceb5c974 P 881f0050b2d841c98f663cebccbbf66a [term 1 FOLLOWER]: Leader election won for term 1
I20260630 12:34:57.690698 11534 raft_consensus.cc:2468] T 75c9fe730bf6405b9ac7361a7b6acad0 P 881f0050b2d841c98f663cebccbbf66a [term 0 FOLLOWER]: Leader pre-election vote request: Granting yes vote for candidate d6571d0cedf74ea0896cee2b152eb5ee in term 0.
I20260630 12:34:57.691844 11675 raft_consensus.cc:697] T ee4ec634764e4875b4517c4dceb5c974 P 881f0050b2d841c98f663cebccbbf66a [term 1 LEADER]: Becoming Leader. State: Replica: 881f0050b2d841c98f663cebccbbf66a, State: Running, Role: LEADER
I20260630 12:34:57.693058 11675 consensus_queue.cc:237] T ee4ec634764e4875b4517c4dceb5c974 P 881f0050b2d841c98f663cebccbbf66a [LEADER]: Queue going to LEADER mode. State: All replicated index: 0, Majority replicated index: 0, Committed index: 0, Last appended: 0.0, Last appended by leader: 0, Current term: 1, Majority size: 2, State: 0, Mode: LEADER, active raft config: opid_index: -1 OBSOLETE_local: false peers { permanent_uuid: "d6571d0cedf74ea0896cee2b152eb5ee" member_type: VOTER last_known_addr { host: "127.10.135.1" port: 46017 } } peers { permanent_uuid: "a83e04b71bb44c1a92e8e5faf1dbdcbd" member_type: VOTER last_known_addr { host: "127.10.135.3" port: 38453 } } peers { permanent_uuid: "881f0050b2d841c98f663cebccbbf66a" member_type: VOTER last_known_addr { host: "127.10.135.2" port: 42855 } }
I20260630 12:34:57.693818 11422 leader_election.cc:304] T 75c9fe730bf6405b9ac7361a7b6acad0 P d6571d0cedf74ea0896cee2b152eb5ee [CANDIDATE]: Term 1 pre-election: Election decided. Result: candidate won. Election summary: received 2 responses out of 3 voters: 2 yes votes; 0 no votes. yes voters: 881f0050b2d841c98f663cebccbbf66a, d6571d0cedf74ea0896cee2b152eb5ee; no voters: 
I20260630 12:34:57.694764 11659 raft_consensus.cc:2804] T 75c9fe730bf6405b9ac7361a7b6acad0 P d6571d0cedf74ea0896cee2b152eb5ee [term 0 FOLLOWER]: Leader pre-election won for term 1
I20260630 12:34:57.695188 11655 tablet_bootstrap.cc:492] T 1a07a3934d2c4e2492f519d86c225493 P 881f0050b2d841c98f663cebccbbf66a: No bootstrap required, opened a new log
I20260630 12:34:57.695119 11659 raft_consensus.cc:493] T 75c9fe730bf6405b9ac7361a7b6acad0 P d6571d0cedf74ea0896cee2b152eb5ee [term 0 FOLLOWER]: Starting leader election (no leader contacted us within the election timeout)
I20260630 12:34:57.695474 11654 tablet_bootstrap.cc:654] T ee4ec634764e4875b4517c4dceb5c974 P a83e04b71bb44c1a92e8e5faf1dbdcbd: Neither blocks nor log segments found. Creating new log.
I20260630 12:34:57.695700 11659 raft_consensus.cc:3060] T 75c9fe730bf6405b9ac7361a7b6acad0 P d6571d0cedf74ea0896cee2b152eb5ee [term 0 FOLLOWER]: Advancing to term 1
I20260630 12:34:57.698176 11655 ts_tablet_manager.cc:1403] T 1a07a3934d2c4e2492f519d86c225493 P 881f0050b2d841c98f663cebccbbf66a: Time spent bootstrapping tablet: real 0.029s	user 0.013s	sys 0.011s
I20260630 12:34:57.701088 11608 tablet_service.cc:1917] Received RequestConsensusVote() RPC: tablet_id: "75c9fe730bf6405b9ac7361a7b6acad0" candidate_uuid: "d6571d0cedf74ea0896cee2b152eb5ee" candidate_term: 1 candidate_status { last_received { term: 0 index: 0 } } ignore_live_leader: false dest_uuid: "a83e04b71bb44c1a92e8e5faf1dbdcbd" is_pre_election: true
W20260630 12:34:57.702945 11425 leader_election.cc:343] T 75c9fe730bf6405b9ac7361a7b6acad0 P d6571d0cedf74ea0896cee2b152eb5ee [CANDIDATE]: Term 1 pre-election: Tablet error from VoteRequest() call to peer a83e04b71bb44c1a92e8e5faf1dbdcbd (127.10.135.3:38453): Illegal state: must be running to vote when last-logged opid is not known
I20260630 12:34:57.703855 11660 raft_consensus.cc:493] T 8b4449a0fbd048369ced20d9c00e9ea8 P 881f0050b2d841c98f663cebccbbf66a [term 0 FOLLOWER]: Starting pre-election (no leader contacted us within the election timeout)
I20260630 12:34:57.704035 11653 tablet_bootstrap.cc:492] T 1a07a3934d2c4e2492f519d86c225493 P d6571d0cedf74ea0896cee2b152eb5ee: No bootstrap required, opened a new log
I20260630 12:34:57.704555 11653 ts_tablet_manager.cc:1403] T 1a07a3934d2c4e2492f519d86c225493 P d6571d0cedf74ea0896cee2b152eb5ee: Time spent bootstrapping tablet: real 0.086s	user 0.010s	sys 0.008s
I20260630 12:34:57.704392 11660 raft_consensus.cc:515] T 8b4449a0fbd048369ced20d9c00e9ea8 P 881f0050b2d841c98f663cebccbbf66a [term 0 FOLLOWER]: Starting pre-election with config: opid_index: -1 OBSOLETE_local: false peers { permanent_uuid: "d6571d0cedf74ea0896cee2b152eb5ee" member_type: VOTER last_known_addr { host: "127.10.135.1" port: 46017 } } peers { permanent_uuid: "881f0050b2d841c98f663cebccbbf66a" member_type: VOTER last_known_addr { host: "127.10.135.2" port: 42855 } } peers { permanent_uuid: "a83e04b71bb44c1a92e8e5faf1dbdcbd" member_type: VOTER last_known_addr { host: "127.10.135.3" port: 38453 } }
I20260630 12:34:57.704613 11655 raft_consensus.cc:359] T 1a07a3934d2c4e2492f519d86c225493 P 881f0050b2d841c98f663cebccbbf66a [term 0 FOLLOWER]: Replica starting. Triggering 0 pending ops. Active config: opid_index: -1 OBSOLETE_local: false peers { permanent_uuid: "d6571d0cedf74ea0896cee2b152eb5ee" member_type: VOTER last_known_addr { host: "127.10.135.1" port: 46017 } } peers { permanent_uuid: "881f0050b2d841c98f663cebccbbf66a" member_type: VOTER last_known_addr { host: "127.10.135.2" port: 42855 } } peers { permanent_uuid: "a83e04b71bb44c1a92e8e5faf1dbdcbd" member_type: VOTER last_known_addr { host: "127.10.135.3" port: 38453 } }
I20260630 12:34:57.705518 11655 raft_consensus.cc:385] T 1a07a3934d2c4e2492f519d86c225493 P 881f0050b2d841c98f663cebccbbf66a [term 0 FOLLOWER]: Consensus starting up: Expiring failure detector timer to make a prompt election more likely
I20260630 12:34:57.705845 11655 raft_consensus.cc:740] T 1a07a3934d2c4e2492f519d86c225493 P 881f0050b2d841c98f663cebccbbf66a [term 0 FOLLOWER]: Becoming Follower/Learner. State: Replica: 881f0050b2d841c98f663cebccbbf66a, State: Initialized, Role: FOLLOWER
I20260630 12:34:57.706575 11660 leader_election.cc:290] T 8b4449a0fbd048369ced20d9c00e9ea8 P 881f0050b2d841c98f663cebccbbf66a [CANDIDATE]: Term 1 pre-election: Requested pre-vote from peers d6571d0cedf74ea0896cee2b152eb5ee (127.10.135.1:46017), a83e04b71bb44c1a92e8e5faf1dbdcbd (127.10.135.3:38453)
I20260630 12:34:57.706709 11655 consensus_queue.cc:260] T 1a07a3934d2c4e2492f519d86c225493 P 881f0050b2d841c98f663cebccbbf66a [NON_LEADER]: Queue going to NON_LEADER mode. State: All replicated index: 0, Majority replicated index: 0, Committed index: 0, Last appended: 0.0, Last appended by leader: 0, Current term: 0, Majority size: -1, State: 0, Mode: NON_LEADER, active raft config: opid_index: -1 OBSOLETE_local: false peers { permanent_uuid: "d6571d0cedf74ea0896cee2b152eb5ee" member_type: VOTER last_known_addr { host: "127.10.135.1" port: 46017 } } peers { permanent_uuid: "881f0050b2d841c98f663cebccbbf66a" member_type: VOTER last_known_addr { host: "127.10.135.2" port: 42855 } } peers { permanent_uuid: "a83e04b71bb44c1a92e8e5faf1dbdcbd" member_type: VOTER last_known_addr { host: "127.10.135.3" port: 38453 } }
I20260630 12:34:57.707656 11653 raft_consensus.cc:359] T 1a07a3934d2c4e2492f519d86c225493 P d6571d0cedf74ea0896cee2b152eb5ee [term 0 FOLLOWER]: Replica starting. Triggering 0 pending ops. Active config: opid_index: -1 OBSOLETE_local: false peers { permanent_uuid: "d6571d0cedf74ea0896cee2b152eb5ee" member_type: VOTER last_known_addr { host: "127.10.135.1" port: 46017 } } peers { permanent_uuid: "881f0050b2d841c98f663cebccbbf66a" member_type: VOTER last_known_addr { host: "127.10.135.2" port: 42855 } } peers { permanent_uuid: "a83e04b71bb44c1a92e8e5faf1dbdcbd" member_type: VOTER last_known_addr { host: "127.10.135.3" port: 38453 } }
I20260630 12:34:57.708359 11653 raft_consensus.cc:385] T 1a07a3934d2c4e2492f519d86c225493 P d6571d0cedf74ea0896cee2b152eb5ee [term 0 FOLLOWER]: Consensus starting up: Expiring failure detector timer to make a prompt election more likely
I20260630 12:34:57.708657 11653 raft_consensus.cc:740] T 1a07a3934d2c4e2492f519d86c225493 P d6571d0cedf74ea0896cee2b152eb5ee [term 0 FOLLOWER]: Becoming Follower/Learner. State: Replica: d6571d0cedf74ea0896cee2b152eb5ee, State: Initialized, Role: FOLLOWER
I20260630 12:34:57.708964 11655 ts_tablet_manager.cc:1434] T 1a07a3934d2c4e2492f519d86c225493 P 881f0050b2d841c98f663cebccbbf66a: Time spent starting tablet: real 0.008s	user 0.003s	sys 0.001s
I20260630 12:34:57.708886 11459 tablet_service.cc:1917] Received RequestConsensusVote() RPC: tablet_id: "8b4449a0fbd048369ced20d9c00e9ea8" candidate_uuid: "881f0050b2d841c98f663cebccbbf66a" candidate_term: 1 candidate_status { last_received { term: 0 index: 0 } } ignore_live_leader: false dest_uuid: "d6571d0cedf74ea0896cee2b152eb5ee" is_pre_election: true
I20260630 12:34:57.709738 11459 raft_consensus.cc:2468] T 8b4449a0fbd048369ced20d9c00e9ea8 P d6571d0cedf74ea0896cee2b152eb5ee [term 0 FOLLOWER]: Leader pre-election vote request: Granting yes vote for candidate 881f0050b2d841c98f663cebccbbf66a in term 0.
I20260630 12:34:57.710065 11655 tablet_bootstrap.cc:492] T 021e6b7ebd284657baba5ddabcb90888 P 881f0050b2d841c98f663cebccbbf66a: Bootstrap starting.
I20260630 12:34:57.711097 11499 leader_election.cc:304] T 8b4449a0fbd048369ced20d9c00e9ea8 P 881f0050b2d841c98f663cebccbbf66a [CANDIDATE]: Term 1 pre-election: Election decided. Result: candidate won. Election summary: received 2 responses out of 3 voters: 2 yes votes; 0 no votes. yes voters: 881f0050b2d841c98f663cebccbbf66a, d6571d0cedf74ea0896cee2b152eb5ee; no voters: 
I20260630 12:34:57.712217 11660 raft_consensus.cc:2804] T 8b4449a0fbd048369ced20d9c00e9ea8 P 881f0050b2d841c98f663cebccbbf66a [term 0 FOLLOWER]: Leader pre-election won for term 1
I20260630 12:34:57.712423 11608 tablet_service.cc:1917] Received RequestConsensusVote() RPC: tablet_id: "8b4449a0fbd048369ced20d9c00e9ea8" candidate_uuid: "881f0050b2d841c98f663cebccbbf66a" candidate_term: 1 candidate_status { last_received { term: 0 index: 0 } } ignore_live_leader: false dest_uuid: "a83e04b71bb44c1a92e8e5faf1dbdcbd" is_pre_election: true
I20260630 12:34:57.712750 11660 raft_consensus.cc:493] T 8b4449a0fbd048369ced20d9c00e9ea8 P 881f0050b2d841c98f663cebccbbf66a [term 0 FOLLOWER]: Starting leader election (no leader contacted us within the election timeout)
I20260630 12:34:57.713258 11660 raft_consensus.cc:3060] T 8b4449a0fbd048369ced20d9c00e9ea8 P 881f0050b2d841c98f663cebccbbf66a [term 0 FOLLOWER]: Advancing to term 1
I20260630 12:34:57.709368 11653 consensus_queue.cc:260] T 1a07a3934d2c4e2492f519d86c225493 P d6571d0cedf74ea0896cee2b152eb5ee [NON_LEADER]: Queue going to NON_LEADER mode. State: All replicated index: 0, Majority replicated index: 0, Committed index: 0, Last appended: 0.0, Last appended by leader: 0, Current term: 0, Majority size: -1, State: 0, Mode: NON_LEADER, active raft config: opid_index: -1 OBSOLETE_local: false peers { permanent_uuid: "d6571d0cedf74ea0896cee2b152eb5ee" member_type: VOTER last_known_addr { host: "127.10.135.1" port: 46017 } } peers { permanent_uuid: "881f0050b2d841c98f663cebccbbf66a" member_type: VOTER last_known_addr { host: "127.10.135.2" port: 42855 } } peers { permanent_uuid: "a83e04b71bb44c1a92e8e5faf1dbdcbd" member_type: VOTER last_known_addr { host: "127.10.135.3" port: 38453 } }
W20260630 12:34:57.714198 11500 leader_election.cc:343] T 8b4449a0fbd048369ced20d9c00e9ea8 P 881f0050b2d841c98f663cebccbbf66a [CANDIDATE]: Term 1 pre-election: Tablet error from VoteRequest() call to peer a83e04b71bb44c1a92e8e5faf1dbdcbd (127.10.135.3:38453): Illegal state: must be running to vote when last-logged opid is not known
I20260630 12:34:57.715817 11659 raft_consensus.cc:515] T 75c9fe730bf6405b9ac7361a7b6acad0 P d6571d0cedf74ea0896cee2b152eb5ee [term 1 FOLLOWER]: Starting leader election with config: opid_index: -1 OBSOLETE_local: false peers { permanent_uuid: "d6571d0cedf74ea0896cee2b152eb5ee" member_type: VOTER last_known_addr { host: "127.10.135.1" port: 46017 } } peers { permanent_uuid: "881f0050b2d841c98f663cebccbbf66a" member_type: VOTER last_known_addr { host: "127.10.135.2" port: 42855 } } peers { permanent_uuid: "a83e04b71bb44c1a92e8e5faf1dbdcbd" member_type: VOTER last_known_addr { host: "127.10.135.3" port: 38453 } }
I20260630 12:34:57.717751 11655 tablet_bootstrap.cc:654] T 021e6b7ebd284657baba5ddabcb90888 P 881f0050b2d841c98f663cebccbbf66a: Neither blocks nor log segments found. Creating new log.
I20260630 12:34:57.718765 11534 tablet_service.cc:1917] Received RequestConsensusVote() RPC: tablet_id: "75c9fe730bf6405b9ac7361a7b6acad0" candidate_uuid: "d6571d0cedf74ea0896cee2b152eb5ee" candidate_term: 1 candidate_status { last_received { term: 0 index: 0 } } ignore_live_leader: false dest_uuid: "881f0050b2d841c98f663cebccbbf66a"
I20260630 12:34:57.719496 11534 raft_consensus.cc:3060] T 75c9fe730bf6405b9ac7361a7b6acad0 P 881f0050b2d841c98f663cebccbbf66a [term 0 FOLLOWER]: Advancing to term 1
I20260630 12:34:57.720148 11608 tablet_service.cc:1917] Received RequestConsensusVote() RPC: tablet_id: "75c9fe730bf6405b9ac7361a7b6acad0" candidate_uuid: "d6571d0cedf74ea0896cee2b152eb5ee" candidate_term: 1 candidate_status { last_received { term: 0 index: 0 } } ignore_live_leader: false dest_uuid: "a83e04b71bb44c1a92e8e5faf1dbdcbd"
W20260630 12:34:57.721989 11425 leader_election.cc:343] T 75c9fe730bf6405b9ac7361a7b6acad0 P d6571d0cedf74ea0896cee2b152eb5ee [CANDIDATE]: Term 1 election: Tablet error from VoteRequest() call to peer a83e04b71bb44c1a92e8e5faf1dbdcbd (127.10.135.3:38453): Illegal state: must be running to vote when last-logged opid is not known
I20260630 12:34:57.723042 11659 leader_election.cc:290] T 75c9fe730bf6405b9ac7361a7b6acad0 P d6571d0cedf74ea0896cee2b152eb5ee [CANDIDATE]: Term 1 election: Requested vote from peers 881f0050b2d841c98f663cebccbbf66a (127.10.135.2:42855), a83e04b71bb44c1a92e8e5faf1dbdcbd (127.10.135.3:38453)
I20260630 12:34:57.728940 11534 raft_consensus.cc:2468] T 75c9fe730bf6405b9ac7361a7b6acad0 P 881f0050b2d841c98f663cebccbbf66a [term 1 FOLLOWER]: Leader election vote request: Granting yes vote for candidate d6571d0cedf74ea0896cee2b152eb5ee in term 1.
W20260630 12:34:57.733335 11404 auto_rebalancer.cc:298] Could not retrieve cluster info: Service unavailable: Tablet not running
I20260630 12:34:57.733414 11422 leader_election.cc:304] T 75c9fe730bf6405b9ac7361a7b6acad0 P d6571d0cedf74ea0896cee2b152eb5ee [CANDIDATE]: Term 1 election: Election decided. Result: candidate won. Election summary: received 3 responses out of 3 voters: 2 yes votes; 1 no votes. yes voters: 881f0050b2d841c98f663cebccbbf66a, d6571d0cedf74ea0896cee2b152eb5ee; no voters: a83e04b71bb44c1a92e8e5faf1dbdcbd
I20260630 12:34:57.736416 11410 auto_leader_rebalancer.cc:141] leader rebalance for table test-workload
I20260630 12:34:57.737107 11659 raft_consensus.cc:2804] T 75c9fe730bf6405b9ac7361a7b6acad0 P d6571d0cedf74ea0896cee2b152eb5ee [term 1 FOLLOWER]: Leader election won for term 1
W20260630 12:34:57.737607 11410 auto_leader_rebalancer.cc:524] the master instance isn't leader: Service unavailable: Tablet not running
I20260630 12:34:57.738006 11659 raft_consensus.cc:697] T 75c9fe730bf6405b9ac7361a7b6acad0 P d6571d0cedf74ea0896cee2b152eb5ee [term 1 LEADER]: Becoming Leader. State: Replica: d6571d0cedf74ea0896cee2b152eb5ee, State: Running, Role: LEADER
I20260630 12:34:57.739172 11659 consensus_queue.cc:237] T 75c9fe730bf6405b9ac7361a7b6acad0 P d6571d0cedf74ea0896cee2b152eb5ee [LEADER]: Queue going to LEADER mode. State: All replicated index: 0, Majority replicated index: 0, Committed index: 0, Last appended: 0.0, Last appended by leader: 0, Current term: 1, Majority size: 2, State: 0, Mode: LEADER, active raft config: opid_index: -1 OBSOLETE_local: false peers { permanent_uuid: "d6571d0cedf74ea0896cee2b152eb5ee" member_type: VOTER last_known_addr { host: "127.10.135.1" port: 46017 } } peers { permanent_uuid: "881f0050b2d841c98f663cebccbbf66a" member_type: VOTER last_known_addr { host: "127.10.135.2" port: 42855 } } peers { permanent_uuid: "a83e04b71bb44c1a92e8e5faf1dbdcbd" member_type: VOTER last_known_addr { host: "127.10.135.3" port: 38453 } }
