I20260630 12:35:58.438585  4326 sys_catalog.cc:455] T 00000000000000000000000000000000 P bfa2f3b7000e4b7c94fbba98b8050649 [sys.catalog]: SysCatalogTable state changed. Reason: New leader bfa2f3b7000e4b7c94fbba98b8050649. Latest consensus state: current_term: 1 leader_uuid: "bfa2f3b7000e4b7c94fbba98b8050649" committed_config { opid_index: -1 OBSOLETE_local: true peers { permanent_uuid: "bfa2f3b7000e4b7c94fbba98b8050649" member_type: VOTER } }
I20260630 12:35:58.440006  4326 sys_catalog.cc:458] T 00000000000000000000000000000000 P bfa2f3b7000e4b7c94fbba98b8050649 [sys.catalog]: This master's current role is: LEADER
I20260630 12:35:58.445225  4330 catalog_manager.cc:1511] Loading table and tablet metadata into memory...
I20260630 12:35:58.453444  4330 catalog_manager.cc:1520] Initializing Kudu cluster ID...
I20260630 12:35:58.454495  1401 internal_mini_cluster.cc:184] Waiting to initialize catalog manager on master 0
I20260630 12:35:58.462687  4330 catalog_manager.cc:1383] Generated new cluster ID: 4dc31d7b1be94ed291ae83140df4a11f
I20260630 12:35:58.463017  4330 catalog_manager.cc:1531] Initializing Kudu internal certificate authority...
I20260630 12:35:58.510113  4330 catalog_manager.cc:1406] Generated new certificate authority record
I20260630 12:35:58.511610  4330 catalog_manager.cc:1540] Loading token signing keys...
I20260630 12:35:58.528434  4330 catalog_manager.cc:6070] T 00000000000000000000000000000000 P bfa2f3b7000e4b7c94fbba98b8050649: Generated new TSK 0
I20260630 12:35:58.529043  4330 catalog_manager.cc:1550] Initializing in-progress tserver states...
I20260630 12:35:58.585384  1401 file_cache.cc:492] Constructed file cache file cache with capacity 419430
W20260630 12:35:58.591419  4342 instance_detector.cc:116] could not retrieve AWS instance metadata: Network error: curl error: HTTP response code said error: The requested URL returned error: 404
W20260630 12:35:58.592574  4343 instance_detector.cc:116] could not retrieve Azure instance metadata: Network error: curl error: HTTP response code said error: The requested URL returned error: 404
I20260630 12:35:58.594538  1401 server_base.cc:1061] running on GCE node
W20260630 12:35:58.594391  4345 instance_detector.cc:116] could not retrieve OpenStack instance metadata: Network error: curl error: HTTP response code said error: The requested URL returned error: 404
I20260630 12:35:58.595582  1401 hybrid_clock.cc:584] initializing the hybrid clock with 'system_unsync' time source
W20260630 12:35:58.596012  1401 system_unsync_time.cc:38] NTP support is disabled. Clock error bounds will not be accurate. This configuration is not suitable for distributed clusters.
I20260630 12:35:58.596181  1401 hybrid_clock.cc:648] HybridClock initialized: now 1782822958596168 us; error 0 us; skew 500 ppm
I20260630 12:35:58.596702  1401 server_base.cc:861] Flag tcmalloc_max_total_thread_cache_bytes is not working since tcmalloc is not enabled.
I20260630 12:35:58.599149  1401 webserver.cc:533] Webserver started at http://127.1.94.65:46063/ using document root <none> and password file <none>
I20260630 12:35:58.599857  1401 fs_manager.cc:362] Metadata directory not provided
I20260630 12:35:58.600018  1401 fs_manager.cc:368] Using write-ahead log directory (fs_wal_dir) as metadata directory
I20260630 12:35:58.600229  1401 server_base.cc:909] This appears to be a new deployment of Kudu; creating new FS layout
I20260630 12:35:58.601226  1401 fs_manager.cc:1068] Generated new instance metadata in path /tmp/dist-test-taskPKHypN/test-tmp/auto_rebalancer-test.0.AutoRebalancerTest.RangeAwareRebalancesNewRangeReplicas.1782822874316945-1401-0/minicluster-data/ts-0-root/instance:
uuid: "548a17b7698f4b5d81b99beafc4a16a6"
format_stamp: "Formatted at 2026-06-30 12:35:58 on dist-test-slave-2539"
I20260630 12:35:58.605638  1401 fs_manager.cc:696] Time spent creating directory manager: real 0.004s	user 0.003s	sys 0.002s
I20260630 12:35:58.609022  4350 log_block_manager.cc:4031] Time spent loading block containers with low live blocks: real 0.000s	user 0.000s	sys 0.000s
I20260630 12:35:58.609833  1401 fs_manager.cc:730] Time spent opening block manager: real 0.002s	user 0.001s	sys 0.000s
I20260630 12:35:58.610085  1401 fs_manager.cc:647] Opened local filesystem: /tmp/dist-test-taskPKHypN/test-tmp/auto_rebalancer-test.0.AutoRebalancerTest.RangeAwareRebalancesNewRangeReplicas.1782822874316945-1401-0/minicluster-data/ts-0-root
uuid: "548a17b7698f4b5d81b99beafc4a16a6"
format_stamp: "Formatted at 2026-06-30 12:35:58 on dist-test-slave-2539"
I20260630 12:35:58.610332  1401 fs_report.cc:389] FS layout report
--------------------
wal directory: /tmp/dist-test-taskPKHypN/test-tmp/auto_rebalancer-test.0.AutoRebalancerTest.RangeAwareRebalancesNewRangeReplicas.1782822874316945-1401-0/minicluster-data/ts-0-root
metadata directory: /tmp/dist-test-taskPKHypN/test-tmp/auto_rebalancer-test.0.AutoRebalancerTest.RangeAwareRebalancesNewRangeReplicas.1782822874316945-1401-0/minicluster-data/ts-0-root
1 data directories: /tmp/dist-test-taskPKHypN/test-tmp/auto_rebalancer-test.0.AutoRebalancerTest.RangeAwareRebalancesNewRangeReplicas.1782822874316945-1401-0/minicluster-data/ts-0-root/data
Total live blocks: 0
Total live bytes: 0
Total live bytes (after alignment): 0
Total number of LBM containers: 0 (0 full)
Did not check for missing blocks
Did not check for orphaned blocks
Total full LBM containers with extra space: 0 (0 repaired)
Total full LBM container extra space in bytes: 0 (0 repaired)
Total incomplete LBM containers: 0 (0 repaired)
Total LBM partial records: 0 (0 repaired)
Total corrupted LBM metadata records in RocksDB: 0 (0 repaired)
I20260630 12:35:58.620409  1401 rpc_server.cc:225] running with OpenSSL 1.1.1  11 Sep 2018
I20260630 12:35:58.621440  1401 kserver.cc:163] Server-wide thread pool size limit: 3276
I20260630 12:35:58.622778  1401 txn_system_client.cc:432] TxnSystemClient initialization is disabled...
I20260630 12:35:58.625092  1401 ts_tablet_manager.cc:585] Loaded tablet metadata (0 total tablets, 0 live tablets)
I20260630 12:35:58.625262  1401 ts_tablet_manager.cc:531] Time spent load tablet metadata: real 0.000s	user 0.000s	sys 0.000s
I20260630 12:35:58.625560  1401 ts_tablet_manager.cc:616] Registered 0 tablets
I20260630 12:35:58.625696  1401 ts_tablet_manager.cc:595] Time spent register tablets: real 0.000s	user 0.000s	sys 0.000s
I20260630 12:35:58.666247  1401 rpc_server.cc:307] RPC server started. Bound to: 127.1.94.65:42591
I20260630 12:35:58.666350  4412 acceptor_pool.cc:272] collecting diagnostics on the listening RPC socket 127.1.94.65:42591 every 8 connection(s)
I20260630 12:35:58.671245  1401 file_cache.cc:492] Constructed file cache file cache with capacity 419430
W20260630 12:35:58.677999  4417 instance_detector.cc:116] could not retrieve AWS instance metadata: Network error: curl error: HTTP response code said error: The requested URL returned error: 404
W20260630 12:35:58.679488  4418 instance_detector.cc:116] could not retrieve Azure instance metadata: Network error: curl error: HTTP response code said error: The requested URL returned error: 404
W20260630 12:35:58.681488  4420 instance_detector.cc:116] could not retrieve OpenStack instance metadata: Network error: curl error: HTTP response code said error: The requested URL returned error: 404
I20260630 12:35:58.682348  1401 server_base.cc:1061] running on GCE node
I20260630 12:35:58.683336  1401 hybrid_clock.cc:584] initializing the hybrid clock with 'system_unsync' time source
W20260630 12:35:58.683611  1401 system_unsync_time.cc:38] NTP support is disabled. Clock error bounds will not be accurate. This configuration is not suitable for distributed clusters.
I20260630 12:35:58.683795  1401 hybrid_clock.cc:648] HybridClock initialized: now 1782822958683760 us; error 0 us; skew 500 ppm
I20260630 12:35:58.684404  1401 server_base.cc:861] Flag tcmalloc_max_total_thread_cache_bytes is not working since tcmalloc is not enabled.
I20260630 12:35:58.684370  4413 heartbeater.cc:344] Connected to a master server at 127.1.94.126:39235
I20260630 12:35:58.684942  4413 heartbeater.cc:461] Registering TS with master...
I20260630 12:35:58.685631  4413 heartbeater.cc:507] Master 127.1.94.126:39235 requested a full tablet report, sending...
I20260630 12:35:58.687736  4286 ts_manager.cc:194] Registered new tserver with Master: 548a17b7698f4b5d81b99beafc4a16a6 (127.1.94.65:42591)
I20260630 12:35:58.688827  1401 webserver.cc:533] Webserver started at http://127.1.94.66:41183/ using document root <none> and password file <none>
I20260630 12:35:58.689440  1401 fs_manager.cc:362] Metadata directory not provided
I20260630 12:35:58.689668  1401 fs_manager.cc:368] Using write-ahead log directory (fs_wal_dir) as metadata directory
I20260630 12:35:58.689955  1401 server_base.cc:909] This appears to be a new deployment of Kudu; creating new FS layout
I20260630 12:35:58.690132  4286 master_service.cc:502] Signed X509 certificate for tserver {username='slave'} at 127.0.0.1:42980
I20260630 12:35:58.691351  1401 fs_manager.cc:1068] Generated new instance metadata in path /tmp/dist-test-taskPKHypN/test-tmp/auto_rebalancer-test.0.AutoRebalancerTest.RangeAwareRebalancesNewRangeReplicas.1782822874316945-1401-0/minicluster-data/ts-1-root/instance:
uuid: "b0128d21bb994c9dbb90018c1d70dc50"
format_stamp: "Formatted at 2026-06-30 12:35:58 on dist-test-slave-2539"
I20260630 12:35:58.695730  1401 fs_manager.cc:696] Time spent creating directory manager: real 0.004s	user 0.004s	sys 0.000s
I20260630 12:35:58.698966  4425 log_block_manager.cc:4031] Time spent loading block containers with low live blocks: real 0.000s	user 0.000s	sys 0.000s
I20260630 12:35:58.699834  1401 fs_manager.cc:730] Time spent opening block manager: real 0.002s	user 0.003s	sys 0.000s
I20260630 12:35:58.700166  1401 fs_manager.cc:647] Opened local filesystem: /tmp/dist-test-taskPKHypN/test-tmp/auto_rebalancer-test.0.AutoRebalancerTest.RangeAwareRebalancesNewRangeReplicas.1782822874316945-1401-0/minicluster-data/ts-1-root
uuid: "b0128d21bb994c9dbb90018c1d70dc50"
format_stamp: "Formatted at 2026-06-30 12:35:58 on dist-test-slave-2539"
I20260630 12:35:58.700461  1401 fs_report.cc:389] FS layout report
--------------------
wal directory: /tmp/dist-test-taskPKHypN/test-tmp/auto_rebalancer-test.0.AutoRebalancerTest.RangeAwareRebalancesNewRangeReplicas.1782822874316945-1401-0/minicluster-data/ts-1-root
metadata directory: /tmp/dist-test-taskPKHypN/test-tmp/auto_rebalancer-test.0.AutoRebalancerTest.RangeAwareRebalancesNewRangeReplicas.1782822874316945-1401-0/minicluster-data/ts-1-root
1 data directories: /tmp/dist-test-taskPKHypN/test-tmp/auto_rebalancer-test.0.AutoRebalancerTest.RangeAwareRebalancesNewRangeReplicas.1782822874316945-1401-0/minicluster-data/ts-1-root/data
Total live blocks: 0
Total live bytes: 0
Total live bytes (after alignment): 0
Total number of LBM containers: 0 (0 full)
Did not check for missing blocks
Did not check for orphaned blocks
Total full LBM containers with extra space: 0 (0 repaired)
Total full LBM container extra space in bytes: 0 (0 repaired)
Total incomplete LBM containers: 0 (0 repaired)
Total LBM partial records: 0 (0 repaired)
Total corrupted LBM metadata records in RocksDB: 0 (0 repaired)
I20260630 12:35:58.723758  1401 rpc_server.cc:225] running with OpenSSL 1.1.1  11 Sep 2018
I20260630 12:35:58.724960  1401 kserver.cc:163] Server-wide thread pool size limit: 3276
I20260630 12:35:58.726461  1401 txn_system_client.cc:432] TxnSystemClient initialization is disabled...
I20260630 12:35:58.729031  1401 ts_tablet_manager.cc:585] Loaded tablet metadata (0 total tablets, 0 live tablets)
I20260630 12:35:58.729281  1401 ts_tablet_manager.cc:531] Time spent load tablet metadata: real 0.000s	user 0.000s	sys 0.000s
I20260630 12:35:58.729535  1401 ts_tablet_manager.cc:616] Registered 0 tablets
I20260630 12:35:58.729730  1401 ts_tablet_manager.cc:595] Time spent register tablets: real 0.000s	user 0.000s	sys 0.000s
I20260630 12:35:58.768399  1401 rpc_server.cc:307] RPC server started. Bound to: 127.1.94.66:34037
I20260630 12:35:58.768512  4487 acceptor_pool.cc:272] collecting diagnostics on the listening RPC socket 127.1.94.66:34037 every 8 connection(s)
I20260630 12:35:58.773147  1401 file_cache.cc:492] Constructed file cache file cache with capacity 419430
W20260630 12:35:58.780016  4491 instance_detector.cc:116] could not retrieve AWS instance metadata: Network error: curl error: HTTP response code said error: The requested URL returned error: 404
W20260630 12:35:58.781629  4492 instance_detector.cc:116] could not retrieve Azure instance metadata: Network error: curl error: HTTP response code said error: The requested URL returned error: 404
I20260630 12:35:58.782562  1401 server_base.cc:1061] running on GCE node
W20260630 12:35:58.784340  4494 instance_detector.cc:116] could not retrieve OpenStack instance metadata: Network error: curl error: HTTP response code said error: The requested URL returned error: 404
I20260630 12:35:58.785380  1401 hybrid_clock.cc:584] initializing the hybrid clock with 'system_unsync' time source
W20260630 12:35:58.785620  1401 system_unsync_time.cc:38] NTP support is disabled. Clock error bounds will not be accurate. This configuration is not suitable for distributed clusters.
I20260630 12:35:58.785862  1401 hybrid_clock.cc:648] HybridClock initialized: now 1782822958785842 us; error 0 us; skew 500 ppm
I20260630 12:35:58.785957  4488 heartbeater.cc:344] Connected to a master server at 127.1.94.126:39235
I20260630 12:35:58.786399  4488 heartbeater.cc:461] Registering TS with master...
I20260630 12:35:58.786479  1401 server_base.cc:861] Flag tcmalloc_max_total_thread_cache_bytes is not working since tcmalloc is not enabled.
I20260630 12:35:58.787285  4488 heartbeater.cc:507] Master 127.1.94.126:39235 requested a full tablet report, sending...
I20260630 12:35:58.789371  1401 webserver.cc:533] Webserver started at http://127.1.94.67:40771/ using document root <none> and password file <none>
I20260630 12:35:58.789775  4286 ts_manager.cc:194] Registered new tserver with Master: b0128d21bb994c9dbb90018c1d70dc50 (127.1.94.66:34037)
I20260630 12:35:58.790014  1401 fs_manager.cc:362] Metadata directory not provided
I20260630 12:35:58.790313  1401 fs_manager.cc:368] Using write-ahead log directory (fs_wal_dir) as metadata directory
I20260630 12:35:58.790620  1401 server_base.cc:909] This appears to be a new deployment of Kudu; creating new FS layout
I20260630 12:35:58.791603  4286 master_service.cc:502] Signed X509 certificate for tserver {username='slave'} at 127.0.0.1:42996
I20260630 12:35:58.792035  1401 fs_manager.cc:1068] Generated new instance metadata in path /tmp/dist-test-taskPKHypN/test-tmp/auto_rebalancer-test.0.AutoRebalancerTest.RangeAwareRebalancesNewRangeReplicas.1782822874316945-1401-0/minicluster-data/ts-2-root/instance:
uuid: "8c402421cbd9479fbfa7ecb3be30549c"
format_stamp: "Formatted at 2026-06-30 12:35:58 on dist-test-slave-2539"
I20260630 12:35:58.796541  1401 fs_manager.cc:696] Time spent creating directory manager: real 0.004s	user 0.005s	sys 0.000s
I20260630 12:35:58.799636  4499 log_block_manager.cc:4031] Time spent loading block containers with low live blocks: real 0.000s	user 0.000s	sys 0.000s
I20260630 12:35:58.800453  1401 fs_manager.cc:730] Time spent opening block manager: real 0.002s	user 0.003s	sys 0.000s
I20260630 12:35:58.800765  1401 fs_manager.cc:647] Opened local filesystem: /tmp/dist-test-taskPKHypN/test-tmp/auto_rebalancer-test.0.AutoRebalancerTest.RangeAwareRebalancesNewRangeReplicas.1782822874316945-1401-0/minicluster-data/ts-2-root
uuid: "8c402421cbd9479fbfa7ecb3be30549c"
format_stamp: "Formatted at 2026-06-30 12:35:58 on dist-test-slave-2539"
I20260630 12:35:58.801030  1401 fs_report.cc:389] FS layout report
--------------------
wal directory: /tmp/dist-test-taskPKHypN/test-tmp/auto_rebalancer-test.0.AutoRebalancerTest.RangeAwareRebalancesNewRangeReplicas.1782822874316945-1401-0/minicluster-data/ts-2-root
metadata directory: /tmp/dist-test-taskPKHypN/test-tmp/auto_rebalancer-test.0.AutoRebalancerTest.RangeAwareRebalancesNewRangeReplicas.1782822874316945-1401-0/minicluster-data/ts-2-root
1 data directories: /tmp/dist-test-taskPKHypN/test-tmp/auto_rebalancer-test.0.AutoRebalancerTest.RangeAwareRebalancesNewRangeReplicas.1782822874316945-1401-0/minicluster-data/ts-2-root/data
Total live blocks: 0
Total live bytes: 0
Total live bytes (after alignment): 0
Total number of LBM containers: 0 (0 full)
Did not check for missing blocks
Did not check for orphaned blocks
Total full LBM containers with extra space: 0 (0 repaired)
Total full LBM container extra space in bytes: 0 (0 repaired)
Total incomplete LBM containers: 0 (0 repaired)
Total LBM partial records: 0 (0 repaired)
Total corrupted LBM metadata records in RocksDB: 0 (0 repaired)
I20260630 12:35:58.818804  1401 rpc_server.cc:225] running with OpenSSL 1.1.1  11 Sep 2018
I20260630 12:35:58.819924  1401 kserver.cc:163] Server-wide thread pool size limit: 3276
I20260630 12:35:58.821375  1401 txn_system_client.cc:432] TxnSystemClient initialization is disabled...
I20260630 12:35:58.823683  1401 ts_tablet_manager.cc:585] Loaded tablet metadata (0 total tablets, 0 live tablets)
I20260630 12:35:58.823928  1401 ts_tablet_manager.cc:531] Time spent load tablet metadata: real 0.000s	user 0.000s	sys 0.000s
I20260630 12:35:58.824173  1401 ts_tablet_manager.cc:616] Registered 0 tablets
I20260630 12:35:58.824358  1401 ts_tablet_manager.cc:595] Time spent register tablets: real 0.000s	user 0.000s	sys 0.000s
I20260630 12:35:58.863448  1401 rpc_server.cc:307] RPC server started. Bound to: 127.1.94.67:40091
I20260630 12:35:58.863591  4561 acceptor_pool.cc:272] collecting diagnostics on the listening RPC socket 127.1.94.67:40091 every 8 connection(s)
I20260630 12:35:58.877800  4562 heartbeater.cc:344] Connected to a master server at 127.1.94.126:39235
I20260630 12:35:58.878198  4562 heartbeater.cc:461] Registering TS with master...
I20260630 12:35:58.878913  4562 heartbeater.cc:507] Master 127.1.94.126:39235 requested a full tablet report, sending...
I20260630 12:35:58.880981  4286 ts_manager.cc:194] Registered new tserver with Master: 8c402421cbd9479fbfa7ecb3be30549c (127.1.94.67:40091)
I20260630 12:35:58.881464  1401 internal_mini_cluster.cc:371] 3 TS(s) registered with all masters after 0.014725668s
I20260630 12:35:58.882397  4286 master_service.cc:502] Signed X509 certificate for tserver {username='slave'} at 127.0.0.1:43010
I20260630 12:35:59.692859  4413 heartbeater.cc:499] Master 127.1.94.126:39235 was elected leader, sending a full tablet report...
I20260630 12:35:59.794348  4488 heartbeater.cc:499] Master 127.1.94.126:39235 was elected leader, sending a full tablet report...
I20260630 12:35:59.885493  4562 heartbeater.cc:499] Master 127.1.94.126:39235 was elected leader, sending a full tablet report...
I20260630 12:35:59.936170  4286 catalog_manager.cc:2283] Servicing CreateTable request from {username='slave'} at 127.0.0.1:43016:
name: "range_aware_rebalance_new_range"
schema {
  columns {
    name: "key"
    type: INT32
    is_key: true
    is_nullable: false
    encoding: AUTO_ENCODING
    compression: DEFAULT_COMPRESSION
    cfile_block_size: 0
    immutable: false
  }
}
num_replicas: 3
split_rows_range_bounds {
  rows: "\006\001\000\000\000\000\007\001\n\000\000\000""\006\001\000\000\000\000\007\001\n\000\000\000"
  indirect_data: """"
}
partition_schema {
  hash_schema {
    columns {
      name: "key"
    }
    num_buckets: 8
    seed: 0
  }
  range_schema {
    columns {
      name: "key"
    }
  }
}
W20260630 12:35:59.938311  4286 catalog_manager.cc:7077] The number of live tablet servers is not enough to re-replicate a tablet replica of the newly created table range_aware_rebalance_new_range in case of a server failure: 4 tablet servers would be needed, 3 are available. Consider bringing up more tablet servers.
I20260630 12:35:59.998976  4527 tablet_service.cc:1511] Processing CreateTablet for tablet 65540e6e97d44f4482e7e56e280ed149 (DEFAULT_TABLE table=range_aware_rebalance_new_range [id=722449f28d344f02a4965c89af68b63e]), partition=HASH (key) PARTITION 0, RANGE (key) PARTITION 0 <= VALUES < 10
I20260630 12:36:00.000437  4527 data_dirs.cc:400] Could only allocate 1 dirs of requested 3 for tablet 65540e6e97d44f4482e7e56e280ed149. 1 dirs total, 0 dirs full, 0 dirs failed
I20260630 12:36:00.004309  4525 tablet_service.cc:1511] Processing CreateTablet for tablet 785dedf22635435aaed8cc70fe6c3a25 (DEFAULT_TABLE table=range_aware_rebalance_new_range [id=722449f28d344f02a4965c89af68b63e]), partition=HASH (key) PARTITION 2, RANGE (key) PARTITION 0 <= VALUES < 10
I20260630 12:36:00.005899  4525 data_dirs.cc:400] Could only allocate 1 dirs of requested 3 for tablet 785dedf22635435aaed8cc70fe6c3a25. 1 dirs total, 0 dirs full, 0 dirs failed
I20260630 12:36:00.008320  4524 tablet_service.cc:1511] Processing CreateTablet for tablet 8c11b3ebbe8d498690d54b162c067eba (DEFAULT_TABLE table=range_aware_rebalance_new_range [id=722449f28d344f02a4965c89af68b63e]), partition=HASH (key) PARTITION 3, RANGE (key) PARTITION 0 <= VALUES < 10
I20260630 12:36:00.009793  4524 data_dirs.cc:400] Could only allocate 1 dirs of requested 3 for tablet 8c11b3ebbe8d498690d54b162c067eba. 1 dirs total, 0 dirs full, 0 dirs failed
I20260630 12:36:00.010006  4523 tablet_service.cc:1511] Processing CreateTablet for tablet 5cb74ce1332348389953871446136dd5 (DEFAULT_TABLE table=range_aware_rebalance_new_range [id=722449f28d344f02a4965c89af68b63e]), partition=HASH (key) PARTITION 4, RANGE (key) PARTITION 0 <= VALUES < 10
I20260630 12:36:00.011483  4523 data_dirs.cc:400] Could only allocate 1 dirs of requested 3 for tablet 5cb74ce1332348389953871446136dd5. 1 dirs total, 0 dirs full, 0 dirs failed
I20260630 12:36:00.011161  4526 tablet_service.cc:1511] Processing CreateTablet for tablet 6faab6870aa0460996d22b8fd8cd08d9 (DEFAULT_TABLE table=range_aware_rebalance_new_range [id=722449f28d344f02a4965c89af68b63e]), partition=HASH (key) PARTITION 1, RANGE (key) PARTITION 0 <= VALUES < 10
I20260630 12:36:00.012686  4526 data_dirs.cc:400] Could only allocate 1 dirs of requested 3 for tablet 6faab6870aa0460996d22b8fd8cd08d9. 1 dirs total, 0 dirs full, 0 dirs failed
I20260630 12:36:00.013787  4374 tablet_service.cc:1511] Processing CreateTablet for tablet 5cb74ce1332348389953871446136dd5 (DEFAULT_TABLE table=range_aware_rebalance_new_range [id=722449f28d344f02a4965c89af68b63e]), partition=HASH (key) PARTITION 4, RANGE (key) PARTITION 0 <= VALUES < 10
I20260630 12:36:00.014513  4373 tablet_service.cc:1511] Processing CreateTablet for tablet 741772ca14c54d48b994ed0070196184 (DEFAULT_TABLE table=range_aware_rebalance_new_range [id=722449f28d344f02a4965c89af68b63e]), partition=HASH (key) PARTITION 5, RANGE (key) PARTITION 0 <= VALUES < 10
I20260630 12:36:00.016664  4375 tablet_service.cc:1511] Processing CreateTablet for tablet 8c11b3ebbe8d498690d54b162c067eba (DEFAULT_TABLE table=range_aware_rebalance_new_range [id=722449f28d344f02a4965c89af68b63e]), partition=HASH (key) PARTITION 3, RANGE (key) PARTITION 0 <= VALUES < 10
I20260630 12:36:00.016791  4372 tablet_service.cc:1511] Processing CreateTablet for tablet e14baeda37c14e22bc7dcbb7ab5027d3 (DEFAULT_TABLE table=range_aware_rebalance_new_range [id=722449f28d344f02a4965c89af68b63e]), partition=HASH (key) PARTITION 6, RANGE (key) PARTITION 0 <= VALUES < 10
I20260630 12:36:00.018128  4453 tablet_service.cc:1511] Processing CreateTablet for tablet 65540e6e97d44f4482e7e56e280ed149 (DEFAULT_TABLE table=range_aware_rebalance_new_range [id=722449f28d344f02a4965c89af68b63e]), partition=HASH (key) PARTITION 0, RANGE (key) PARTITION 0 <= VALUES < 10
I20260630 12:36:00.018851  4376 tablet_service.cc:1511] Processing CreateTablet for tablet 785dedf22635435aaed8cc70fe6c3a25 (DEFAULT_TABLE table=range_aware_rebalance_new_range [id=722449f28d344f02a4965c89af68b63e]), partition=HASH (key) PARTITION 2, RANGE (key) PARTITION 0 <= VALUES < 10
I20260630 12:36:00.019591  4453 data_dirs.cc:400] Could only allocate 1 dirs of requested 3 for tablet 65540e6e97d44f4482e7e56e280ed149. 1 dirs total, 0 dirs full, 0 dirs failed
I20260630 12:36:00.019925  4371 tablet_service.cc:1511] Processing CreateTablet for tablet 4188b3ae1f8b464ea70e0ffc1405efad (DEFAULT_TABLE table=range_aware_rebalance_new_range [id=722449f28d344f02a4965c89af68b63e]), partition=HASH (key) PARTITION 7, RANGE (key) PARTITION 0 <= VALUES < 10
I20260630 12:36:00.021485  4377 tablet_service.cc:1511] Processing CreateTablet for tablet 6faab6870aa0460996d22b8fd8cd08d9 (DEFAULT_TABLE table=range_aware_rebalance_new_range [id=722449f28d344f02a4965c89af68b63e]), partition=HASH (key) PARTITION 1, RANGE (key) PARTITION 0 <= VALUES < 10
I20260630 12:36:00.022549  4520 tablet_service.cc:1511] Processing CreateTablet for tablet 4188b3ae1f8b464ea70e0ffc1405efad (DEFAULT_TABLE table=range_aware_rebalance_new_range [id=722449f28d344f02a4965c89af68b63e]), partition=HASH (key) PARTITION 7, RANGE (key) PARTITION 0 <= VALUES < 10
I20260630 12:36:00.024009  4520 data_dirs.cc:400] Could only allocate 1 dirs of requested 3 for tablet 4188b3ae1f8b464ea70e0ffc1405efad. 1 dirs total, 0 dirs full, 0 dirs failed
I20260630 12:36:00.023610  4378 tablet_service.cc:1511] Processing CreateTablet for tablet 65540e6e97d44f4482e7e56e280ed149 (DEFAULT_TABLE table=range_aware_rebalance_new_range [id=722449f28d344f02a4965c89af68b63e]), partition=HASH (key) PARTITION 0, RANGE (key) PARTITION 0 <= VALUES < 10
I20260630 12:36:00.024271  4452 tablet_service.cc:1511] Processing CreateTablet for tablet 6faab6870aa0460996d22b8fd8cd08d9 (DEFAULT_TABLE table=range_aware_rebalance_new_range [id=722449f28d344f02a4965c89af68b63e]), partition=HASH (key) PARTITION 1, RANGE (key) PARTITION 0 <= VALUES < 10
I20260630 12:36:00.025672  4522 tablet_service.cc:1511] Processing CreateTablet for tablet 741772ca14c54d48b994ed0070196184 (DEFAULT_TABLE table=range_aware_rebalance_new_range [id=722449f28d344f02a4965c89af68b63e]), partition=HASH (key) PARTITION 5, RANGE (key) PARTITION 0 <= VALUES < 10
I20260630 12:36:00.026592  4451 tablet_service.cc:1511] Processing CreateTablet for tablet 785dedf22635435aaed8cc70fe6c3a25 (DEFAULT_TABLE table=range_aware_rebalance_new_range [id=722449f28d344f02a4965c89af68b63e]), partition=HASH (key) PARTITION 2, RANGE (key) PARTITION 0 <= VALUES < 10
I20260630 12:36:00.027070  4522 data_dirs.cc:400] Could only allocate 1 dirs of requested 3 for tablet 741772ca14c54d48b994ed0070196184. 1 dirs total, 0 dirs full, 0 dirs failed
I20260630 12:36:00.028331  4521 tablet_service.cc:1511] Processing CreateTablet for tablet e14baeda37c14e22bc7dcbb7ab5027d3 (DEFAULT_TABLE table=range_aware_rebalance_new_range [id=722449f28d344f02a4965c89af68b63e]), partition=HASH (key) PARTITION 6, RANGE (key) PARTITION 0 <= VALUES < 10
I20260630 12:36:00.029251  4449 tablet_service.cc:1511] Processing CreateTablet for tablet 5cb74ce1332348389953871446136dd5 (DEFAULT_TABLE table=range_aware_rebalance_new_range [id=722449f28d344f02a4965c89af68b63e]), partition=HASH (key) PARTITION 4, RANGE (key) PARTITION 0 <= VALUES < 10
I20260630 12:36:00.015214  4374 data_dirs.cc:400] Could only allocate 1 dirs of requested 3 for tablet 5cb74ce1332348389953871446136dd5. 1 dirs total, 0 dirs full, 0 dirs failed
I20260630 12:36:00.031533  4376 data_dirs.cc:400] Could only allocate 1 dirs of requested 3 for tablet 785dedf22635435aaed8cc70fe6c3a25. 1 dirs total, 0 dirs full, 0 dirs failed
I20260630 12:36:00.031980  4447 tablet_service.cc:1511] Processing CreateTablet for tablet e14baeda37c14e22bc7dcbb7ab5027d3 (DEFAULT_TABLE table=range_aware_rebalance_new_range [id=722449f28d344f02a4965c89af68b63e]), partition=HASH (key) PARTITION 6, RANGE (key) PARTITION 0 <= VALUES < 10
I20260630 12:36:00.033753  4446 tablet_service.cc:1511] Processing CreateTablet for tablet 4188b3ae1f8b464ea70e0ffc1405efad (DEFAULT_TABLE table=range_aware_rebalance_new_range [id=722449f28d344f02a4965c89af68b63e]), partition=HASH (key) PARTITION 7, RANGE (key) PARTITION 0 <= VALUES < 10
I20260630 12:36:00.034500  4378 data_dirs.cc:400] Could only allocate 1 dirs of requested 3 for tablet 65540e6e97d44f4482e7e56e280ed149. 1 dirs total, 0 dirs full, 0 dirs failed
I20260630 12:36:00.031015  4448 tablet_service.cc:1511] Processing CreateTablet for tablet 741772ca14c54d48b994ed0070196184 (DEFAULT_TABLE table=range_aware_rebalance_new_range [id=722449f28d344f02a4965c89af68b63e]), partition=HASH (key) PARTITION 5, RANGE (key) PARTITION 0 <= VALUES < 10
I20260630 12:36:00.035701  4377 data_dirs.cc:400] Could only allocate 1 dirs of requested 3 for tablet 6faab6870aa0460996d22b8fd8cd08d9. 1 dirs total, 0 dirs full, 0 dirs failed
I20260630 12:36:00.028340  4450 tablet_service.cc:1511] Processing CreateTablet for tablet 8c11b3ebbe8d498690d54b162c067eba (DEFAULT_TABLE table=range_aware_rebalance_new_range [id=722449f28d344f02a4965c89af68b63e]), partition=HASH (key) PARTITION 3, RANGE (key) PARTITION 0 <= VALUES < 10
I20260630 12:36:00.039768  4521 data_dirs.cc:400] Could only allocate 1 dirs of requested 3 for tablet e14baeda37c14e22bc7dcbb7ab5027d3. 1 dirs total, 0 dirs full, 0 dirs failed
I20260630 12:36:00.025698  4452 data_dirs.cc:400] Could only allocate 1 dirs of requested 3 for tablet 6faab6870aa0460996d22b8fd8cd08d9. 1 dirs total, 0 dirs full, 0 dirs failed
I20260630 12:36:00.040562  4372 data_dirs.cc:400] Could only allocate 1 dirs of requested 3 for tablet e14baeda37c14e22bc7dcbb7ab5027d3. 1 dirs total, 0 dirs full, 0 dirs failed
I20260630 12:36:00.043116  4371 data_dirs.cc:400] Could only allocate 1 dirs of requested 3 for tablet 4188b3ae1f8b464ea70e0ffc1405efad. 1 dirs total, 0 dirs full, 0 dirs failed
I20260630 12:36:00.043691  4450 data_dirs.cc:400] Could only allocate 1 dirs of requested 3 for tablet 8c11b3ebbe8d498690d54b162c067eba. 1 dirs total, 0 dirs full, 0 dirs failed
I20260630 12:36:00.044507  4449 data_dirs.cc:400] Could only allocate 1 dirs of requested 3 for tablet 5cb74ce1332348389953871446136dd5. 1 dirs total, 0 dirs full, 0 dirs failed
I20260630 12:36:00.048559  4375 data_dirs.cc:400] Could only allocate 1 dirs of requested 3 for tablet 8c11b3ebbe8d498690d54b162c067eba. 1 dirs total, 0 dirs full, 0 dirs failed
I20260630 12:36:00.067798  4451 data_dirs.cc:400] Could only allocate 1 dirs of requested 3 for tablet 785dedf22635435aaed8cc70fe6c3a25. 1 dirs total, 0 dirs full, 0 dirs failed
I20260630 12:36:00.071818  4448 data_dirs.cc:400] Could only allocate 1 dirs of requested 3 for tablet 741772ca14c54d48b994ed0070196184. 1 dirs total, 0 dirs full, 0 dirs failed
I20260630 12:36:00.075698  4446 data_dirs.cc:400] Could only allocate 1 dirs of requested 3 for tablet 4188b3ae1f8b464ea70e0ffc1405efad. 1 dirs total, 0 dirs full, 0 dirs failed
I20260630 12:36:00.077687  4373 data_dirs.cc:400] Could only allocate 1 dirs of requested 3 for tablet 741772ca14c54d48b994ed0070196184. 1 dirs total, 0 dirs full, 0 dirs failed
I20260630 12:36:00.078686  4447 data_dirs.cc:400] Could only allocate 1 dirs of requested 3 for tablet e14baeda37c14e22bc7dcbb7ab5027d3. 1 dirs total, 0 dirs full, 0 dirs failed
I20260630 12:36:00.135936  4583 tablet_bootstrap.cc:492] T 65540e6e97d44f4482e7e56e280ed149 P b0128d21bb994c9dbb90018c1d70dc50: Bootstrap starting.
I20260630 12:36:00.144645  4582 tablet_bootstrap.cc:492] T 65540e6e97d44f4482e7e56e280ed149 P 8c402421cbd9479fbfa7ecb3be30549c: Bootstrap starting.
I20260630 12:36:00.148141  4584 tablet_bootstrap.cc:492] T 6faab6870aa0460996d22b8fd8cd08d9 P 548a17b7698f4b5d81b99beafc4a16a6: Bootstrap starting.
I20260630 12:36:00.162882  4583 tablet_bootstrap.cc:654] T 65540e6e97d44f4482e7e56e280ed149 P b0128d21bb994c9dbb90018c1d70dc50: Neither blocks nor log segments found. Creating new log.
I20260630 12:36:00.166750  4584 tablet_bootstrap.cc:654] T 6faab6870aa0460996d22b8fd8cd08d9 P 548a17b7698f4b5d81b99beafc4a16a6: Neither blocks nor log segments found. Creating new log.
I20260630 12:36:00.153295  4582 tablet_bootstrap.cc:654] T 65540e6e97d44f4482e7e56e280ed149 P 8c402421cbd9479fbfa7ecb3be30549c: Neither blocks nor log segments found. Creating new log.
I20260630 12:36:00.176360  4582 tablet_bootstrap.cc:492] T 65540e6e97d44f4482e7e56e280ed149 P 8c402421cbd9479fbfa7ecb3be30549c: No bootstrap required, opened a new log
I20260630 12:36:00.177014  4582 ts_tablet_manager.cc:1403] T 65540e6e97d44f4482e7e56e280ed149 P 8c402421cbd9479fbfa7ecb3be30549c: Time spent bootstrapping tablet: real 0.033s	user 0.007s	sys 0.003s
I20260630 12:36:00.180574  4582 raft_consensus.cc:359] T 65540e6e97d44f4482e7e56e280ed149 P 8c402421cbd9479fbfa7ecb3be30549c [term 0 FOLLOWER]: Replica starting. Triggering 0 pending ops. Active config: opid_index: -1 OBSOLETE_local: false peers { permanent_uuid: "8c402421cbd9479fbfa7ecb3be30549c" member_type: VOTER last_known_addr { host: "127.1.94.67" port: 40091 } } peers { permanent_uuid: "548a17b7698f4b5d81b99beafc4a16a6" member_type: VOTER last_known_addr { host: "127.1.94.65" port: 42591 } } peers { permanent_uuid: "b0128d21bb994c9dbb90018c1d70dc50" member_type: VOTER last_known_addr { host: "127.1.94.66" port: 34037 } }
I20260630 12:36:00.181566  4582 raft_consensus.cc:385] T 65540e6e97d44f4482e7e56e280ed149 P 8c402421cbd9479fbfa7ecb3be30549c [term 0 FOLLOWER]: Consensus starting up: Expiring failure detector timer to make a prompt election more likely
I20260630 12:36:00.181908  4582 raft_consensus.cc:740] T 65540e6e97d44f4482e7e56e280ed149 P 8c402421cbd9479fbfa7ecb3be30549c [term 0 FOLLOWER]: Becoming Follower/Learner. State: Replica: 8c402421cbd9479fbfa7ecb3be30549c, State: Initialized, Role: FOLLOWER
I20260630 12:36:00.184736  4584 tablet_bootstrap.cc:492] T 6faab6870aa0460996d22b8fd8cd08d9 P 548a17b7698f4b5d81b99beafc4a16a6: No bootstrap required, opened a new log
I20260630 12:36:00.185499  4584 ts_tablet_manager.cc:1403] T 6faab6870aa0460996d22b8fd8cd08d9 P 548a17b7698f4b5d81b99beafc4a16a6: Time spent bootstrapping tablet: real 0.038s	user 0.012s	sys 0.006s
I20260630 12:36:00.188124  4584 raft_consensus.cc:359] T 6faab6870aa0460996d22b8fd8cd08d9 P 548a17b7698f4b5d81b99beafc4a16a6 [term 0 FOLLOWER]: Replica starting. Triggering 0 pending ops. Active config: opid_index: -1 OBSOLETE_local: false peers { permanent_uuid: "548a17b7698f4b5d81b99beafc4a16a6" member_type: VOTER last_known_addr { host: "127.1.94.65" port: 42591 } } peers { permanent_uuid: "b0128d21bb994c9dbb90018c1d70dc50" member_type: VOTER last_known_addr { host: "127.1.94.66" port: 34037 } } peers { permanent_uuid: "8c402421cbd9479fbfa7ecb3be30549c" member_type: VOTER last_known_addr { host: "127.1.94.67" port: 40091 } }
I20260630 12:36:00.188907  4584 raft_consensus.cc:385] T 6faab6870aa0460996d22b8fd8cd08d9 P 548a17b7698f4b5d81b99beafc4a16a6 [term 0 FOLLOWER]: Consensus starting up: Expiring failure detector timer to make a prompt election more likely
I20260630 12:36:00.189261  4584 raft_consensus.cc:740] T 6faab6870aa0460996d22b8fd8cd08d9 P 548a17b7698f4b5d81b99beafc4a16a6 [term 0 FOLLOWER]: Becoming Follower/Learner. State: Replica: 548a17b7698f4b5d81b99beafc4a16a6, State: Initialized, Role: FOLLOWER
I20260630 12:36:00.190135  4584 consensus_queue.cc:260] T 6faab6870aa0460996d22b8fd8cd08d9 P 548a17b7698f4b5d81b99beafc4a16a6 [NON_LEADER]: Queue going to NON_LEADER mode. State: All replicated index: 0, Majority replicated index: 0, Committed index: 0, Last appended: 0.0, Last appended by leader: 0, Current term: 0, Majority size: -1, State: 0, Mode: NON_LEADER, active raft config: opid_index: -1 OBSOLETE_local: false peers { permanent_uuid: "548a17b7698f4b5d81b99beafc4a16a6" member_type: VOTER last_known_addr { host: "127.1.94.65" port: 42591 } } peers { permanent_uuid: "b0128d21bb994c9dbb90018c1d70dc50" member_type: VOTER last_known_addr { host: "127.1.94.66" port: 34037 } } peers { permanent_uuid: "8c402421cbd9479fbfa7ecb3be30549c" member_type: VOTER last_known_addr { host: "127.1.94.67" port: 40091 } }
I20260630 12:36:00.191648  4582 consensus_queue.cc:260] T 65540e6e97d44f4482e7e56e280ed149 P 8c402421cbd9479fbfa7ecb3be30549c [NON_LEADER]: Queue going to NON_LEADER mode. State: All replicated index: 0, Majority replicated index: 0, Committed index: 0, Last appended: 0.0, Last appended by leader: 0, Current term: 0, Majority size: -1, State: 0, Mode: NON_LEADER, active raft config: opid_index: -1 OBSOLETE_local: false peers { permanent_uuid: "8c402421cbd9479fbfa7ecb3be30549c" member_type: VOTER last_known_addr { host: "127.1.94.67" port: 40091 } } peers { permanent_uuid: "548a17b7698f4b5d81b99beafc4a16a6" member_type: VOTER last_known_addr { host: "127.1.94.65" port: 42591 } } peers { permanent_uuid: "b0128d21bb994c9dbb90018c1d70dc50" member_type: VOTER last_known_addr { host: "127.1.94.66" port: 34037 } }
I20260630 12:36:00.184691  4583 tablet_bootstrap.cc:492] T 65540e6e97d44f4482e7e56e280ed149 P b0128d21bb994c9dbb90018c1d70dc50: No bootstrap required, opened a new log
I20260630 12:36:00.193681  4583 ts_tablet_manager.cc:1403] T 65540e6e97d44f4482e7e56e280ed149 P b0128d21bb994c9dbb90018c1d70dc50: Time spent bootstrapping tablet: real 0.058s	user 0.008s	sys 0.004s
I20260630 12:36:00.196624  4583 raft_consensus.cc:359] T 65540e6e97d44f4482e7e56e280ed149 P b0128d21bb994c9dbb90018c1d70dc50 [term 0 FOLLOWER]: Replica starting. Triggering 0 pending ops. Active config: opid_index: -1 OBSOLETE_local: false peers { permanent_uuid: "8c402421cbd9479fbfa7ecb3be30549c" member_type: VOTER last_known_addr { host: "127.1.94.67" port: 40091 } } peers { permanent_uuid: "548a17b7698f4b5d81b99beafc4a16a6" member_type: VOTER last_known_addr { host: "127.1.94.65" port: 42591 } } peers { permanent_uuid: "b0128d21bb994c9dbb90018c1d70dc50" member_type: VOTER last_known_addr { host: "127.1.94.66" port: 34037 } }
I20260630 12:36:00.198518  4582 ts_tablet_manager.cc:1434] T 65540e6e97d44f4482e7e56e280ed149 P 8c402421cbd9479fbfa7ecb3be30549c: Time spent starting tablet: real 0.021s	user 0.008s	sys 0.001s
I20260630 12:36:00.199071  4583 raft_consensus.cc:385] T 65540e6e97d44f4482e7e56e280ed149 P b0128d21bb994c9dbb90018c1d70dc50 [term 0 FOLLOWER]: Consensus starting up: Expiring failure detector timer to make a prompt election more likely
I20260630 12:36:00.199519  4583 raft_consensus.cc:740] T 65540e6e97d44f4482e7e56e280ed149 P b0128d21bb994c9dbb90018c1d70dc50 [term 0 FOLLOWER]: Becoming Follower/Learner. State: Replica: b0128d21bb994c9dbb90018c1d70dc50, State: Initialized, Role: FOLLOWER
I20260630 12:36:00.200024  4582 tablet_bootstrap.cc:492] T 8c11b3ebbe8d498690d54b162c067eba P 8c402421cbd9479fbfa7ecb3be30549c: Bootstrap starting.
I20260630 12:36:00.200323  4583 consensus_queue.cc:260] T 65540e6e97d44f4482e7e56e280ed149 P b0128d21bb994c9dbb90018c1d70dc50 [NON_LEADER]: Queue going to NON_LEADER mode. State: All replicated index: 0, Majority replicated index: 0, Committed index: 0, Last appended: 0.0, Last appended by leader: 0, Current term: 0, Majority size: -1, State: 0, Mode: NON_LEADER, active raft config: opid_index: -1 OBSOLETE_local: false peers { permanent_uuid: "8c402421cbd9479fbfa7ecb3be30549c" member_type: VOTER last_known_addr { host: "127.1.94.67" port: 40091 } } peers { permanent_uuid: "548a17b7698f4b5d81b99beafc4a16a6" member_type: VOTER last_known_addr { host: "127.1.94.65" port: 42591 } } peers { permanent_uuid: "b0128d21bb994c9dbb90018c1d70dc50" member_type: VOTER last_known_addr { host: "127.1.94.66" port: 34037 } }
I20260630 12:36:00.204420  4584 ts_tablet_manager.cc:1434] T 6faab6870aa0460996d22b8fd8cd08d9 P 548a17b7698f4b5d81b99beafc4a16a6: Time spent starting tablet: real 0.018s	user 0.003s	sys 0.004s
I20260630 12:36:00.208871  4583 ts_tablet_manager.cc:1434] T 65540e6e97d44f4482e7e56e280ed149 P b0128d21bb994c9dbb90018c1d70dc50: Time spent starting tablet: real 0.015s	user 0.008s	sys 0.000s
I20260630 12:36:00.209164  4582 tablet_bootstrap.cc:654] T 8c11b3ebbe8d498690d54b162c067eba P 8c402421cbd9479fbfa7ecb3be30549c: Neither blocks nor log segments found. Creating new log.
I20260630 12:36:00.213114  4583 tablet_bootstrap.cc:492] T 8c11b3ebbe8d498690d54b162c067eba P b0128d21bb994c9dbb90018c1d70dc50: Bootstrap starting.
I20260630 12:36:00.215049  4582 tablet_bootstrap.cc:492] T 8c11b3ebbe8d498690d54b162c067eba P 8c402421cbd9479fbfa7ecb3be30549c: No bootstrap required, opened a new log
I20260630 12:36:00.215696  4582 ts_tablet_manager.cc:1403] T 8c11b3ebbe8d498690d54b162c067eba P 8c402421cbd9479fbfa7ecb3be30549c: Time spent bootstrapping tablet: real 0.016s	user 0.013s	sys 0.000s
I20260630 12:36:00.218649  4582 raft_consensus.cc:359] T 8c11b3ebbe8d498690d54b162c067eba P 8c402421cbd9479fbfa7ecb3be30549c [term 0 FOLLOWER]: Replica starting. Triggering 0 pending ops. Active config: opid_index: -1 OBSOLETE_local: false peers { permanent_uuid: "548a17b7698f4b5d81b99beafc4a16a6" member_type: VOTER last_known_addr { host: "127.1.94.65" port: 42591 } } peers { permanent_uuid: "b0128d21bb994c9dbb90018c1d70dc50" member_type: VOTER last_known_addr { host: "127.1.94.66" port: 34037 } } peers { permanent_uuid: "8c402421cbd9479fbfa7ecb3be30549c" member_type: VOTER last_known_addr { host: "127.1.94.67" port: 40091 } }
I20260630 12:36:00.219482  4582 raft_consensus.cc:385] T 8c11b3ebbe8d498690d54b162c067eba P 8c402421cbd9479fbfa7ecb3be30549c [term 0 FOLLOWER]: Consensus starting up: Expiring failure detector timer to make a prompt election more likely
I20260630 12:36:00.219794  4582 raft_consensus.cc:740] T 8c11b3ebbe8d498690d54b162c067eba P 8c402421cbd9479fbfa7ecb3be30549c [term 0 FOLLOWER]: Becoming Follower/Learner. State: Replica: 8c402421cbd9479fbfa7ecb3be30549c, State: Initialized, Role: FOLLOWER
I20260630 12:36:00.220197  4583 tablet_bootstrap.cc:654] T 8c11b3ebbe8d498690d54b162c067eba P b0128d21bb994c9dbb90018c1d70dc50: Neither blocks nor log segments found. Creating new log.
I20260630 12:36:00.220764  4584 tablet_bootstrap.cc:492] T e14baeda37c14e22bc7dcbb7ab5027d3 P 548a17b7698f4b5d81b99beafc4a16a6: Bootstrap starting.
I20260630 12:36:00.220542  4582 consensus_queue.cc:260] T 8c11b3ebbe8d498690d54b162c067eba P 8c402421cbd9479fbfa7ecb3be30549c [NON_LEADER]: Queue going to NON_LEADER mode. State: All replicated index: 0, Majority replicated index: 0, Committed index: 0, Last appended: 0.0, Last appended by leader: 0, Current term: 0, Majority size: -1, State: 0, Mode: NON_LEADER, active raft config: opid_index: -1 OBSOLETE_local: false peers { permanent_uuid: "548a17b7698f4b5d81b99beafc4a16a6" member_type: VOTER last_known_addr { host: "127.1.94.65" port: 42591 } } peers { permanent_uuid: "b0128d21bb994c9dbb90018c1d70dc50" member_type: VOTER last_known_addr { host: "127.1.94.66" port: 34037 } } peers { permanent_uuid: "8c402421cbd9479fbfa7ecb3be30549c" member_type: VOTER last_known_addr { host: "127.1.94.67" port: 40091 } }
I20260630 12:36:00.222694  4582 ts_tablet_manager.cc:1434] T 8c11b3ebbe8d498690d54b162c067eba P 8c402421cbd9479fbfa7ecb3be30549c: Time spent starting tablet: real 0.007s	user 0.004s	sys 0.000s
I20260630 12:36:00.223709  4582 tablet_bootstrap.cc:492] T 6faab6870aa0460996d22b8fd8cd08d9 P 8c402421cbd9479fbfa7ecb3be30549c: Bootstrap starting.
I20260630 12:36:00.226948  4584 tablet_bootstrap.cc:654] T e14baeda37c14e22bc7dcbb7ab5027d3 P 548a17b7698f4b5d81b99beafc4a16a6: Neither blocks nor log segments found. Creating new log.
I20260630 12:36:00.229277  4582 tablet_bootstrap.cc:654] T 6faab6870aa0460996d22b8fd8cd08d9 P 8c402421cbd9479fbfa7ecb3be30549c: Neither blocks nor log segments found. Creating new log.
I20260630 12:36:00.230716  4583 tablet_bootstrap.cc:492] T 8c11b3ebbe8d498690d54b162c067eba P b0128d21bb994c9dbb90018c1d70dc50: No bootstrap required, opened a new log
I20260630 12:36:00.231215  4583 ts_tablet_manager.cc:1403] T 8c11b3ebbe8d498690d54b162c067eba P b0128d21bb994c9dbb90018c1d70dc50: Time spent bootstrapping tablet: real 0.018s	user 0.014s	sys 0.000s
I20260630 12:36:00.234100  4583 raft_consensus.cc:359] T 8c11b3ebbe8d498690d54b162c067eba P b0128d21bb994c9dbb90018c1d70dc50 [term 0 FOLLOWER]: Replica starting. Triggering 0 pending ops. Active config: opid_index: -1 OBSOLETE_local: false peers { permanent_uuid: "548a17b7698f4b5d81b99beafc4a16a6" member_type: VOTER last_known_addr { host: "127.1.94.65" port: 42591 } } peers { permanent_uuid: "b0128d21bb994c9dbb90018c1d70dc50" member_type: VOTER last_known_addr { host: "127.1.94.66" port: 34037 } } peers { permanent_uuid: "8c402421cbd9479fbfa7ecb3be30549c" member_type: VOTER last_known_addr { host: "127.1.94.67" port: 40091 } }
I20260630 12:36:00.234787  4583 raft_consensus.cc:385] T 8c11b3ebbe8d498690d54b162c067eba P b0128d21bb994c9dbb90018c1d70dc50 [term 0 FOLLOWER]: Consensus starting up: Expiring failure detector timer to make a prompt election more likely
I20260630 12:36:00.235064  4583 raft_consensus.cc:740] T 8c11b3ebbe8d498690d54b162c067eba P b0128d21bb994c9dbb90018c1d70dc50 [term 0 FOLLOWER]: Becoming Follower/Learner. State: Replica: b0128d21bb994c9dbb90018c1d70dc50, State: Initialized, Role: FOLLOWER
I20260630 12:36:00.235817  4583 consensus_queue.cc:260] T 8c11b3ebbe8d498690d54b162c067eba P b0128d21bb994c9dbb90018c1d70dc50 [NON_LEADER]: Queue going to NON_LEADER mode. State: All replicated index: 0, Majority replicated index: 0, Committed index: 0, Last appended: 0.0, Last appended by leader: 0, Current term: 0, Majority size: -1, State: 0, Mode: NON_LEADER, active raft config: opid_index: -1 OBSOLETE_local: false peers { permanent_uuid: "548a17b7698f4b5d81b99beafc4a16a6" member_type: VOTER last_known_addr { host: "127.1.94.65" port: 42591 } } peers { permanent_uuid: "b0128d21bb994c9dbb90018c1d70dc50" member_type: VOTER last_known_addr { host: "127.1.94.66" port: 34037 } } peers { permanent_uuid: "8c402421cbd9479fbfa7ecb3be30549c" member_type: VOTER last_known_addr { host: "127.1.94.67" port: 40091 } }
I20260630 12:36:00.238852  4582 tablet_bootstrap.cc:492] T 6faab6870aa0460996d22b8fd8cd08d9 P 8c402421cbd9479fbfa7ecb3be30549c: No bootstrap required, opened a new log
I20260630 12:36:00.239409  4582 ts_tablet_manager.cc:1403] T 6faab6870aa0460996d22b8fd8cd08d9 P 8c402421cbd9479fbfa7ecb3be30549c: Time spent bootstrapping tablet: real 0.016s	user 0.009s	sys 0.003s
I20260630 12:36:00.242127  4582 raft_consensus.cc:359] T 6faab6870aa0460996d22b8fd8cd08d9 P 8c402421cbd9479fbfa7ecb3be30549c [term 0 FOLLOWER]: Replica starting. Triggering 0 pending ops. Active config: opid_index: -1 OBSOLETE_local: false peers { permanent_uuid: "548a17b7698f4b5d81b99beafc4a16a6" member_type: VOTER last_known_addr { host: "127.1.94.65" port: 42591 } } peers { permanent_uuid: "b0128d21bb994c9dbb90018c1d70dc50" member_type: VOTER last_known_addr { host: "127.1.94.66" port: 34037 } } peers { permanent_uuid: "8c402421cbd9479fbfa7ecb3be30549c" member_type: VOTER last_known_addr { host: "127.1.94.67" port: 40091 } }
I20260630 12:36:00.242878  4582 raft_consensus.cc:385] T 6faab6870aa0460996d22b8fd8cd08d9 P 8c402421cbd9479fbfa7ecb3be30549c [term 0 FOLLOWER]: Consensus starting up: Expiring failure detector timer to make a prompt election more likely
I20260630 12:36:00.243242  4583 ts_tablet_manager.cc:1434] T 8c11b3ebbe8d498690d54b162c067eba P b0128d21bb994c9dbb90018c1d70dc50: Time spent starting tablet: real 0.012s	user 0.005s	sys 0.000s
I20260630 12:36:00.243185  4582 raft_consensus.cc:740] T 6faab6870aa0460996d22b8fd8cd08d9 P 8c402421cbd9479fbfa7ecb3be30549c [term 0 FOLLOWER]: Becoming Follower/Learner. State: Replica: 8c402421cbd9479fbfa7ecb3be30549c, State: Initialized, Role: FOLLOWER
I20260630 12:36:00.244453  4583 tablet_bootstrap.cc:492] T 741772ca14c54d48b994ed0070196184 P b0128d21bb994c9dbb90018c1d70dc50: Bootstrap starting.
I20260630 12:36:00.244386  4582 consensus_queue.cc:260] T 6faab6870aa0460996d22b8fd8cd08d9 P 8c402421cbd9479fbfa7ecb3be30549c [NON_LEADER]: Queue going to NON_LEADER mode. State: All replicated index: 0, Majority replicated index: 0, Committed index: 0, Last appended: 0.0, Last appended by leader: 0, Current term: 0, Majority size: -1, State: 0, Mode: NON_LEADER, active raft config: opid_index: -1 OBSOLETE_local: false peers { permanent_uuid: "548a17b7698f4b5d81b99beafc4a16a6" member_type: VOTER last_known_addr { host: "127.1.94.65" port: 42591 } } peers { permanent_uuid: "b0128d21bb994c9dbb90018c1d70dc50" member_type: VOTER last_known_addr { host: "127.1.94.66" port: 34037 } } peers { permanent_uuid: "8c402421cbd9479fbfa7ecb3be30549c" member_type: VOTER last_known_addr { host: "127.1.94.67" port: 40091 } }
I20260630 12:36:00.246709  4584 tablet_bootstrap.cc:492] T e14baeda37c14e22bc7dcbb7ab5027d3 P 548a17b7698f4b5d81b99beafc4a16a6: No bootstrap required, opened a new log
I20260630 12:36:00.247228  4584 ts_tablet_manager.cc:1403] T e14baeda37c14e22bc7dcbb7ab5027d3 P 548a17b7698f4b5d81b99beafc4a16a6: Time spent bootstrapping tablet: real 0.027s	user 0.012s	sys 0.004s
I20260630 12:36:00.248431  4582 ts_tablet_manager.cc:1434] T 6faab6870aa0460996d22b8fd8cd08d9 P 8c402421cbd9479fbfa7ecb3be30549c: Time spent starting tablet: real 0.009s	user 0.006s	sys 0.000s
I20260630 12:36:00.249396  4582 tablet_bootstrap.cc:492] T 5cb74ce1332348389953871446136dd5 P 8c402421cbd9479fbfa7ecb3be30549c: Bootstrap starting.
I20260630 12:36:00.250240  4583 tablet_bootstrap.cc:654] T 741772ca14c54d48b994ed0070196184 P b0128d21bb994c9dbb90018c1d70dc50: Neither blocks nor log segments found. Creating new log.
