I20260630 12:34:51.757465  2369 consensus_queue.cc:1048] T 00000000000000000000000000000000 P cebdb6247c90424eb848716a4c1e641c [LEADER]: Connected to new peer: Peer: permanent_uuid: "54d246033a354ddfa3afbc97985f4ee0" member_type: VOTER last_known_addr { host: "127.1.9.60" port: 38449 }, Status: LMP_MISMATCH, Last received: 0.0, Next index: 1, Last known committed idx: 0, Time since last communication: 0.000s
I20260630 12:34:51.767294  2343 sys_catalog.cc:455] T 00000000000000000000000000000000 P 0322611b23fc46cda0314fd4ab3cda12 [sys.catalog]: SysCatalogTable state changed. Reason: New leader cebdb6247c90424eb848716a4c1e641c. Latest consensus state: current_term: 1 leader_uuid: "cebdb6247c90424eb848716a4c1e641c" committed_config { opid_index: -1 OBSOLETE_local: false peers { permanent_uuid: "0322611b23fc46cda0314fd4ab3cda12" member_type: VOTER last_known_addr { host: "127.1.9.62" port: 46773 } } peers { permanent_uuid: "cebdb6247c90424eb848716a4c1e641c" member_type: VOTER last_known_addr { host: "127.1.9.61" port: 39857 } } peers { permanent_uuid: "54d246033a354ddfa3afbc97985f4ee0" member_type: VOTER last_known_addr { host: "127.1.9.60" port: 38449 } } }
I20260630 12:34:51.767959  2343 sys_catalog.cc:458] T 00000000000000000000000000000000 P 0322611b23fc46cda0314fd4ab3cda12 [sys.catalog]: This master's current role is: FOLLOWER
I20260630 12:34:51.769773  2354 sys_catalog.cc:455] T 00000000000000000000000000000000 P 54d246033a354ddfa3afbc97985f4ee0 [sys.catalog]: SysCatalogTable state changed. Reason: New leader cebdb6247c90424eb848716a4c1e641c. Latest consensus state: current_term: 1 leader_uuid: "cebdb6247c90424eb848716a4c1e641c" committed_config { opid_index: -1 OBSOLETE_local: false peers { permanent_uuid: "0322611b23fc46cda0314fd4ab3cda12" member_type: VOTER last_known_addr { host: "127.1.9.62" port: 46773 } } peers { permanent_uuid: "cebdb6247c90424eb848716a4c1e641c" member_type: VOTER last_known_addr { host: "127.1.9.61" port: 39857 } } peers { permanent_uuid: "54d246033a354ddfa3afbc97985f4ee0" member_type: VOTER last_known_addr { host: "127.1.9.60" port: 38449 } } }
I20260630 12:34:51.770545  2354 sys_catalog.cc:458] T 00000000000000000000000000000000 P 54d246033a354ddfa3afbc97985f4ee0 [sys.catalog]: This master's current role is: FOLLOWER
I20260630 12:34:51.774606  1060 rpc_server.cc:225] running with OpenSSL 1.1.1  11 Sep 2018
I20260630 12:34:51.776248  1060 kserver.cc:163] Server-wide thread pool size limit: 3276
I20260630 12:34:51.784420  1060 txn_system_client.cc:432] TxnSystemClient initialization is disabled...
I20260630 12:34:51.785768  2354 sys_catalog.cc:455] T 00000000000000000000000000000000 P 54d246033a354ddfa3afbc97985f4ee0 [sys.catalog]: SysCatalogTable state changed. Reason: Replicated consensus-only round. Latest consensus state: current_term: 1 leader_uuid: "cebdb6247c90424eb848716a4c1e641c" committed_config { opid_index: -1 OBSOLETE_local: false peers { permanent_uuid: "0322611b23fc46cda0314fd4ab3cda12" member_type: VOTER last_known_addr { host: "127.1.9.62" port: 46773 } } peers { permanent_uuid: "cebdb6247c90424eb848716a4c1e641c" member_type: VOTER last_known_addr { host: "127.1.9.61" port: 39857 } } peers { permanent_uuid: "54d246033a354ddfa3afbc97985f4ee0" member_type: VOTER last_known_addr { host: "127.1.9.60" port: 38449 } } }
I20260630 12:34:51.786512  2354 sys_catalog.cc:458] T 00000000000000000000000000000000 P 54d246033a354ddfa3afbc97985f4ee0 [sys.catalog]: This master's current role is: FOLLOWER
I20260630 12:34:51.790931  1060 ts_tablet_manager.cc:585] Loaded tablet metadata (0 total tablets, 0 live tablets)
I20260630 12:34:51.791303  1060 ts_tablet_manager.cc:531] Time spent load tablet metadata: real 0.000s	user 0.000s	sys 0.000s
I20260630 12:34:51.791682  1060 ts_tablet_manager.cc:616] Registered 0 tablets
I20260630 12:34:51.791950  1060 ts_tablet_manager.cc:595] Time spent register tablets: real 0.000s	user 0.000s	sys 0.000s
I20260630 12:34:51.792369  2343 sys_catalog.cc:455] T 00000000000000000000000000000000 P 0322611b23fc46cda0314fd4ab3cda12 [sys.catalog]: SysCatalogTable state changed. Reason: Replicated consensus-only round. Latest consensus state: current_term: 1 leader_uuid: "cebdb6247c90424eb848716a4c1e641c" committed_config { opid_index: -1 OBSOLETE_local: false peers { permanent_uuid: "0322611b23fc46cda0314fd4ab3cda12" member_type: VOTER last_known_addr { host: "127.1.9.62" port: 46773 } } peers { permanent_uuid: "cebdb6247c90424eb848716a4c1e641c" member_type: VOTER last_known_addr { host: "127.1.9.61" port: 39857 } } peers { permanent_uuid: "54d246033a354ddfa3afbc97985f4ee0" member_type: VOTER last_known_addr { host: "127.1.9.60" port: 38449 } } }
I20260630 12:34:51.793157  2343 sys_catalog.cc:458] T 00000000000000000000000000000000 P 0322611b23fc46cda0314fd4ab3cda12 [sys.catalog]: This master's current role is: FOLLOWER
I20260630 12:34:51.794862  2537 sys_catalog.cc:455] T 00000000000000000000000000000000 P cebdb6247c90424eb848716a4c1e641c [sys.catalog]: SysCatalogTable state changed. Reason: Peer health change. Latest consensus state: current_term: 1 leader_uuid: "cebdb6247c90424eb848716a4c1e641c" committed_config { opid_index: -1 OBSOLETE_local: false peers { permanent_uuid: "0322611b23fc46cda0314fd4ab3cda12" member_type: VOTER last_known_addr { host: "127.1.9.62" port: 46773 } } peers { permanent_uuid: "cebdb6247c90424eb848716a4c1e641c" member_type: VOTER last_known_addr { host: "127.1.9.61" port: 39857 } } peers { permanent_uuid: "54d246033a354ddfa3afbc97985f4ee0" member_type: VOTER last_known_addr { host: "127.1.9.60" port: 38449 } } }
I20260630 12:34:51.795601  2537 sys_catalog.cc:458] T 00000000000000000000000000000000 P cebdb6247c90424eb848716a4c1e641c [sys.catalog]: This master's current role is: LEADER
I20260630 12:34:51.796254  2544 catalog_manager.cc:1383] Generated new cluster ID: 2af85335f4bd41af8ef464fbed29b038
I20260630 12:34:51.796607  2544 catalog_manager.cc:1531] Initializing Kudu internal certificate authority...
I20260630 12:34:51.796725  2369 sys_catalog.cc:455] T 00000000000000000000000000000000 P cebdb6247c90424eb848716a4c1e641c [sys.catalog]: SysCatalogTable state changed. Reason: Peer health change. Latest consensus state: current_term: 1 leader_uuid: "cebdb6247c90424eb848716a4c1e641c" committed_config { opid_index: -1 OBSOLETE_local: false peers { permanent_uuid: "0322611b23fc46cda0314fd4ab3cda12" member_type: VOTER last_known_addr { host: "127.1.9.62" port: 46773 } } peers { permanent_uuid: "cebdb6247c90424eb848716a4c1e641c" member_type: VOTER last_known_addr { host: "127.1.9.61" port: 39857 } } peers { permanent_uuid: "54d246033a354ddfa3afbc97985f4ee0" member_type: VOTER last_known_addr { host: "127.1.9.60" port: 38449 } } }
I20260630 12:34:51.798055  2369 sys_catalog.cc:458] T 00000000000000000000000000000000 P cebdb6247c90424eb848716a4c1e641c [sys.catalog]: This master's current role is: LEADER
I20260630 12:34:51.827302  2544 catalog_manager.cc:1406] Generated new certificate authority record
I20260630 12:34:51.829005  2544 catalog_manager.cc:1540] Loading token signing keys...
I20260630 12:34:51.850347  2544 catalog_manager.cc:6070] T 00000000000000000000000000000000 P cebdb6247c90424eb848716a4c1e641c: Generated new TSK 0
I20260630 12:34:51.851064  2544 catalog_manager.cc:1550] Initializing in-progress tserver states...
I20260630 12:34:51.862710  1060 rpc_server.cc:307] RPC server started. Bound to: 127.1.9.3:37349
I20260630 12:34:51.862807  2619 acceptor_pool.cc:272] collecting diagnostics on the listening RPC socket 127.1.9.3:37349 every 8 connection(s)
I20260630 12:34:51.889529  2620 heartbeater.cc:344] Connected to a master server at 127.1.9.60:38449
I20260630 12:34:51.889964  2620 heartbeater.cc:461] Registering TS with master...
I20260630 12:34:51.890909  2620 heartbeater.cc:507] Master 127.1.9.60:38449 requested a full tablet report, sending...
I20260630 12:34:51.892966  2621 heartbeater.cc:344] Connected to a master server at 127.1.9.61:39857
I20260630 12:34:51.893325  2621 heartbeater.cc:461] Registering TS with master...
I20260630 12:34:51.893640  2303 ts_manager.cc:194] Registered new tserver with Master: 816982ae903b4211bae92abd06af27bd (127.1.9.3:37349)
I20260630 12:34:51.894176  2621 heartbeater.cc:507] Master 127.1.9.61:39857 requested a full tablet report, sending...
I20260630 12:34:51.895061  2622 heartbeater.cc:344] Connected to a master server at 127.1.9.62:46773
I20260630 12:34:51.895438  2622 heartbeater.cc:461] Registering TS with master...
I20260630 12:34:51.896059  2622 heartbeater.cc:507] Master 127.1.9.62:46773 requested a full tablet report, sending...
I20260630 12:34:51.896337  2237 ts_manager.cc:194] Registered new tserver with Master: 816982ae903b4211bae92abd06af27bd (127.1.9.3:37349)
I20260630 12:34:51.898211  2172 ts_manager.cc:194] Registered new tserver with Master: 816982ae903b4211bae92abd06af27bd (127.1.9.3:37349)
I20260630 12:34:51.898270  2237 master_service.cc:502] Signed X509 certificate for tserver {username='slave'} at 127.0.0.1:59312
I20260630 12:34:51.899248  1060 internal_mini_cluster.cc:371] 3 TS(s) registered with all masters after 0.018871601s
I20260630 12:34:52.421070  2356 catalog_manager.cc:1295] Loaded cluster ID: 2af85335f4bd41af8ef464fbed29b038
I20260630 12:34:52.421370  2356 catalog_manager.cc:1588] T 00000000000000000000000000000000 P 0322611b23fc46cda0314fd4ab3cda12: loading cluster ID for follower catalog manager: success
I20260630 12:34:52.425896  2356 catalog_manager.cc:1610] T 00000000000000000000000000000000 P 0322611b23fc46cda0314fd4ab3cda12: acquiring CA information for follower catalog manager: success
I20260630 12:34:52.429229  2356 catalog_manager.cc:1638] T 00000000000000000000000000000000 P 0322611b23fc46cda0314fd4ab3cda12: importing token verification keys for follower catalog manager: success; most recent TSK sequence number 0
I20260630 12:34:52.432523  2367 catalog_manager.cc:1295] Loaded cluster ID: 2af85335f4bd41af8ef464fbed29b038
I20260630 12:34:52.432772  2367 catalog_manager.cc:1588] T 00000000000000000000000000000000 P 54d246033a354ddfa3afbc97985f4ee0: loading cluster ID for follower catalog manager: success
I20260630 12:34:52.436942  2367 catalog_manager.cc:1610] T 00000000000000000000000000000000 P 54d246033a354ddfa3afbc97985f4ee0: acquiring CA information for follower catalog manager: success
I20260630 12:34:52.440054  2367 catalog_manager.cc:1638] T 00000000000000000000000000000000 P 54d246033a354ddfa3afbc97985f4ee0: importing token verification keys for follower catalog manager: success; most recent TSK sequence number 0
I20260630 12:34:52.586606  2237 master_service.cc:502] Signed X509 certificate for tserver {username='slave'} at 127.0.0.1:59302
I20260630 12:34:52.742277  2237 master_service.cc:502] Signed X509 certificate for tserver {username='slave'} at 127.0.0.1:59310
I20260630 12:34:52.901046  2621 heartbeater.cc:499] Master 127.1.9.61:39857 was elected leader, sending a full tablet report...
I20260630 12:34:53.461292  2379 auto_leader_rebalancer.cc:515] All tables' leader rebalancing finished this round
I20260630 12:34:53.589228  2453 heartbeater.cc:499] Master 127.1.9.61:39857 was elected leader, sending a full tablet report...
I20260630 12:34:53.744540  2531 heartbeater.cc:499] Master 127.1.9.61:39857 was elected leader, sending a full tablet report...
I20260630 12:34:54.015882  2237 catalog_manager.cc:2283] Servicing CreateTable request from {username='slave'} at 127.0.0.1:59322:
name: "test-workload"
schema {
  columns {
    name: "key"
    type: INT32
    is_key: true
    is_nullable: false
    encoding: AUTO_ENCODING
    compression: DEFAULT_COMPRESSION
    cfile_block_size: 0
    immutable: false
  }
  columns {
    name: "int_val"
    type: INT32
    is_key: false
    is_nullable: false
    encoding: AUTO_ENCODING
    compression: DEFAULT_COMPRESSION
    cfile_block_size: 0
    immutable: false
  }
  columns {
    name: "string_val"
    type: STRING
    is_key: false
    is_nullable: true
    encoding: AUTO_ENCODING
    compression: DEFAULT_COMPRESSION
    cfile_block_size: 0
    immutable: false
  }
}
num_replicas: 1
split_rows_range_bounds {
  rows: "\004\001\000\252\252\252*\004\001\000TUUU""\004\001\000\252\252\252*\004\001\000TUUU"
  indirect_data: """"
}
partition_schema {
  range_schema {
    columns {
      name: "key"
    }
  }
}
I20260630 12:34:54.087855  2417 tablet_service.cc:1511] Processing CreateTablet for tablet c64c76c3ba6040a086504285b52ea5dd (DEFAULT_TABLE table=test-workload [id=40edde04baa145e6a0a2b4eb064e603f]), partition=RANGE (key) PARTITION VALUES < 715827882
I20260630 12:34:54.089955  2417 data_dirs.cc:400] Could only allocate 1 dirs of requested 3 for tablet c64c76c3ba6040a086504285b52ea5dd. 1 dirs total, 0 dirs full, 0 dirs failed
I20260630 12:34:54.094714  2495 tablet_service.cc:1511] Processing CreateTablet for tablet 1f5b1ba1db7f49bab8021f7e3bf4e4f6 (DEFAULT_TABLE table=test-workload [id=40edde04baa145e6a0a2b4eb064e603f]), partition=RANGE (key) PARTITION 1431655764 <= VALUES
I20260630 12:34:54.095887  2495 data_dirs.cc:400] Could only allocate 1 dirs of requested 3 for tablet 1f5b1ba1db7f49bab8021f7e3bf4e4f6. 1 dirs total, 0 dirs full, 0 dirs failed
I20260630 12:34:54.101214  2585 tablet_service.cc:1511] Processing CreateTablet for tablet e3ae8ce3237a470bb9942b8ddbf9b0bc (DEFAULT_TABLE table=test-workload [id=40edde04baa145e6a0a2b4eb064e603f]), partition=RANGE (key) PARTITION 715827882 <= VALUES < 1431655764
I20260630 12:34:54.102759  2585 data_dirs.cc:400] Could only allocate 1 dirs of requested 3 for tablet e3ae8ce3237a470bb9942b8ddbf9b0bc. 1 dirs total, 0 dirs full, 0 dirs failed
I20260630 12:34:54.111306  2656 tablet_bootstrap.cc:492] T c64c76c3ba6040a086504285b52ea5dd P 1ccb62da9d9743bf96cf75fc16e59908: Bootstrap starting.
I20260630 12:34:54.114686  2657 tablet_bootstrap.cc:492] T 1f5b1ba1db7f49bab8021f7e3bf4e4f6 P aba5e3cf6c05487ba192931247f6ecb6: Bootstrap starting.
I20260630 12:34:54.118521  2658 tablet_bootstrap.cc:492] T e3ae8ce3237a470bb9942b8ddbf9b0bc P 816982ae903b4211bae92abd06af27bd: Bootstrap starting.
I20260630 12:34:54.119700  2656 tablet_bootstrap.cc:654] T c64c76c3ba6040a086504285b52ea5dd P 1ccb62da9d9743bf96cf75fc16e59908: Neither blocks nor log segments found. Creating new log.
I20260630 12:34:54.122874  2657 tablet_bootstrap.cc:654] T 1f5b1ba1db7f49bab8021f7e3bf4e4f6 P aba5e3cf6c05487ba192931247f6ecb6: Neither blocks nor log segments found. Creating new log.
I20260630 12:34:54.124814  2658 tablet_bootstrap.cc:654] T e3ae8ce3237a470bb9942b8ddbf9b0bc P 816982ae903b4211bae92abd06af27bd: Neither blocks nor log segments found. Creating new log.
I20260630 12:34:54.127394  2656 tablet_bootstrap.cc:492] T c64c76c3ba6040a086504285b52ea5dd P 1ccb62da9d9743bf96cf75fc16e59908: No bootstrap required, opened a new log
I20260630 12:34:54.127893  2656 ts_tablet_manager.cc:1403] T c64c76c3ba6040a086504285b52ea5dd P 1ccb62da9d9743bf96cf75fc16e59908: Time spent bootstrapping tablet: real 0.017s	user 0.009s	sys 0.005s
I20260630 12:34:54.128635  2657 tablet_bootstrap.cc:492] T 1f5b1ba1db7f49bab8021f7e3bf4e4f6 P aba5e3cf6c05487ba192931247f6ecb6: No bootstrap required, opened a new log
I20260630 12:34:54.129202  2657 ts_tablet_manager.cc:1403] T 1f5b1ba1db7f49bab8021f7e3bf4e4f6 P aba5e3cf6c05487ba192931247f6ecb6: Time spent bootstrapping tablet: real 0.015s	user 0.000s	sys 0.013s
I20260630 12:34:54.130074  2658 tablet_bootstrap.cc:492] T e3ae8ce3237a470bb9942b8ddbf9b0bc P 816982ae903b4211bae92abd06af27bd: No bootstrap required, opened a new log
I20260630 12:34:54.130455  2658 ts_tablet_manager.cc:1403] T e3ae8ce3237a470bb9942b8ddbf9b0bc P 816982ae903b4211bae92abd06af27bd: Time spent bootstrapping tablet: real 0.012s	user 0.005s	sys 0.006s
I20260630 12:34:54.131182  2656 raft_consensus.cc:359] T c64c76c3ba6040a086504285b52ea5dd P 1ccb62da9d9743bf96cf75fc16e59908 [term 0 FOLLOWER]: Replica starting. Triggering 0 pending ops. Active config: opid_index: -1 OBSOLETE_local: true peers { permanent_uuid: "1ccb62da9d9743bf96cf75fc16e59908" member_type: VOTER last_known_addr { host: "127.1.9.1" port: 35971 } }
I20260630 12:34:54.131912  2656 raft_consensus.cc:385] T c64c76c3ba6040a086504285b52ea5dd P 1ccb62da9d9743bf96cf75fc16e59908 [term 0 FOLLOWER]: Consensus starting up: Expiring failure detector timer to make a prompt election more likely
I20260630 12:34:54.132162  2657 raft_consensus.cc:359] T 1f5b1ba1db7f49bab8021f7e3bf4e4f6 P aba5e3cf6c05487ba192931247f6ecb6 [term 0 FOLLOWER]: Replica starting. Triggering 0 pending ops. Active config: opid_index: -1 OBSOLETE_local: true peers { permanent_uuid: "aba5e3cf6c05487ba192931247f6ecb6" member_type: VOTER last_known_addr { host: "127.1.9.2" port: 35375 } }
I20260630 12:34:54.132277  2656 raft_consensus.cc:740] T c64c76c3ba6040a086504285b52ea5dd P 1ccb62da9d9743bf96cf75fc16e59908 [term 0 FOLLOWER]: Becoming Follower/Learner. State: Replica: 1ccb62da9d9743bf96cf75fc16e59908, State: Initialized, Role: FOLLOWER
I20260630 12:34:54.132989  2658 raft_consensus.cc:359] T e3ae8ce3237a470bb9942b8ddbf9b0bc P 816982ae903b4211bae92abd06af27bd [term 0 FOLLOWER]: Replica starting. Triggering 0 pending ops. Active config: opid_index: -1 OBSOLETE_local: true peers { permanent_uuid: "816982ae903b4211bae92abd06af27bd" member_type: VOTER last_known_addr { host: "127.1.9.3" port: 37349 } }
I20260630 12:34:54.133759  2657 raft_consensus.cc:385] T 1f5b1ba1db7f49bab8021f7e3bf4e4f6 P aba5e3cf6c05487ba192931247f6ecb6 [term 0 FOLLOWER]: Consensus starting up: Expiring failure detector timer to make a prompt election more likely
I20260630 12:34:54.133934  2658 raft_consensus.cc:385] T e3ae8ce3237a470bb9942b8ddbf9b0bc P 816982ae903b4211bae92abd06af27bd [term 0 FOLLOWER]: Consensus starting up: Expiring failure detector timer to make a prompt election more likely
I20260630 12:34:54.134213  2657 raft_consensus.cc:740] T 1f5b1ba1db7f49bab8021f7e3bf4e4f6 P aba5e3cf6c05487ba192931247f6ecb6 [term 0 FOLLOWER]: Becoming Follower/Learner. State: Replica: aba5e3cf6c05487ba192931247f6ecb6, State: Initialized, Role: FOLLOWER
I20260630 12:34:54.134336  2658 raft_consensus.cc:740] T e3ae8ce3237a470bb9942b8ddbf9b0bc P 816982ae903b4211bae92abd06af27bd [term 0 FOLLOWER]: Becoming Follower/Learner. State: Replica: 816982ae903b4211bae92abd06af27bd, State: Initialized, Role: FOLLOWER
I20260630 12:34:54.134234  2656 consensus_queue.cc:260] T c64c76c3ba6040a086504285b52ea5dd P 1ccb62da9d9743bf96cf75fc16e59908 [NON_LEADER]: Queue going to NON_LEADER mode. State: All replicated index: 0, Majority replicated index: 0, Committed index: 0, Last appended: 0.0, Last appended by leader: 0, Current term: 0, Majority size: -1, State: 0, Mode: NON_LEADER, active raft config: opid_index: -1 OBSOLETE_local: true peers { permanent_uuid: "1ccb62da9d9743bf96cf75fc16e59908" member_type: VOTER last_known_addr { host: "127.1.9.1" port: 35971 } }
I20260630 12:34:54.135257  2656 raft_consensus.cc:399] T c64c76c3ba6040a086504285b52ea5dd P 1ccb62da9d9743bf96cf75fc16e59908 [term 0 FOLLOWER]: Only one voter in the Raft config. Triggering election immediately
I20260630 12:34:54.135174  2657 consensus_queue.cc:260] T 1f5b1ba1db7f49bab8021f7e3bf4e4f6 P aba5e3cf6c05487ba192931247f6ecb6 [NON_LEADER]: Queue going to NON_LEADER mode. State: All replicated index: 0, Majority replicated index: 0, Committed index: 0, Last appended: 0.0, Last appended by leader: 0, Current term: 0, Majority size: -1, State: 0, Mode: NON_LEADER, active raft config: opid_index: -1 OBSOLETE_local: true peers { permanent_uuid: "aba5e3cf6c05487ba192931247f6ecb6" member_type: VOTER last_known_addr { host: "127.1.9.2" port: 35375 } }
I20260630 12:34:54.135309  2658 consensus_queue.cc:260] T e3ae8ce3237a470bb9942b8ddbf9b0bc P 816982ae903b4211bae92abd06af27bd [NON_LEADER]: Queue going to NON_LEADER mode. State: All replicated index: 0, Majority replicated index: 0, Committed index: 0, Last appended: 0.0, Last appended by leader: 0, Current term: 0, Majority size: -1, State: 0, Mode: NON_LEADER, active raft config: opid_index: -1 OBSOLETE_local: true peers { permanent_uuid: "816982ae903b4211bae92abd06af27bd" member_type: VOTER last_known_addr { host: "127.1.9.3" port: 37349 } }
I20260630 12:34:54.135746  2656 raft_consensus.cc:493] T c64c76c3ba6040a086504285b52ea5dd P 1ccb62da9d9743bf96cf75fc16e59908 [term 0 FOLLOWER]: Starting leader election (initial election of a single-replica configuration)
I20260630 12:34:54.135938  2657 raft_consensus.cc:399] T 1f5b1ba1db7f49bab8021f7e3bf4e4f6 P aba5e3cf6c05487ba192931247f6ecb6 [term 0 FOLLOWER]: Only one voter in the Raft config. Triggering election immediately
I20260630 12:34:54.136051  2658 raft_consensus.cc:399] T e3ae8ce3237a470bb9942b8ddbf9b0bc P 816982ae903b4211bae92abd06af27bd [term 0 FOLLOWER]: Only one voter in the Raft config. Triggering election immediately
I20260630 12:34:54.136233  2656 raft_consensus.cc:3060] T c64c76c3ba6040a086504285b52ea5dd P 1ccb62da9d9743bf96cf75fc16e59908 [term 0 FOLLOWER]: Advancing to term 1
I20260630 12:34:54.136332  2657 raft_consensus.cc:493] T 1f5b1ba1db7f49bab8021f7e3bf4e4f6 P aba5e3cf6c05487ba192931247f6ecb6 [term 0 FOLLOWER]: Starting leader election (initial election of a single-replica configuration)
I20260630 12:34:54.136490  2658 raft_consensus.cc:493] T e3ae8ce3237a470bb9942b8ddbf9b0bc P 816982ae903b4211bae92abd06af27bd [term 0 FOLLOWER]: Starting leader election (initial election of a single-replica configuration)
I20260630 12:34:54.136785  2657 raft_consensus.cc:3060] T 1f5b1ba1db7f49bab8021f7e3bf4e4f6 P aba5e3cf6c05487ba192931247f6ecb6 [term 0 FOLLOWER]: Advancing to term 1
I20260630 12:34:54.136930  2658 raft_consensus.cc:3060] T e3ae8ce3237a470bb9942b8ddbf9b0bc P 816982ae903b4211bae92abd06af27bd [term 0 FOLLOWER]: Advancing to term 1
I20260630 12:34:54.142733  2658 raft_consensus.cc:515] T e3ae8ce3237a470bb9942b8ddbf9b0bc P 816982ae903b4211bae92abd06af27bd [term 1 FOLLOWER]: Starting leader election with config: opid_index: -1 OBSOLETE_local: true peers { permanent_uuid: "816982ae903b4211bae92abd06af27bd" member_type: VOTER last_known_addr { host: "127.1.9.3" port: 37349 } }
I20260630 12:34:54.143312  2658 leader_election.cc:304] T e3ae8ce3237a470bb9942b8ddbf9b0bc P 816982ae903b4211bae92abd06af27bd [CANDIDATE]: Term 1 election: Election decided. Result: candidate won. Election summary: received 1 responses out of 1 voters: 1 yes votes; 0 no votes. yes voters: 816982ae903b4211bae92abd06af27bd; no voters: 
I20260630 12:34:54.143591  2656 raft_consensus.cc:515] T c64c76c3ba6040a086504285b52ea5dd P 1ccb62da9d9743bf96cf75fc16e59908 [term 1 FOLLOWER]: Starting leader election with config: opid_index: -1 OBSOLETE_local: true peers { permanent_uuid: "1ccb62da9d9743bf96cf75fc16e59908" member_type: VOTER last_known_addr { host: "127.1.9.1" port: 35971 } }
I20260630 12:34:54.143688  2657 raft_consensus.cc:515] T 1f5b1ba1db7f49bab8021f7e3bf4e4f6 P aba5e3cf6c05487ba192931247f6ecb6 [term 1 FOLLOWER]: Starting leader election with config: opid_index: -1 OBSOLETE_local: true peers { permanent_uuid: "aba5e3cf6c05487ba192931247f6ecb6" member_type: VOTER last_known_addr { host: "127.1.9.2" port: 35375 } }
I20260630 12:34:54.144445  2656 leader_election.cc:304] T c64c76c3ba6040a086504285b52ea5dd P 1ccb62da9d9743bf96cf75fc16e59908 [CANDIDATE]: Term 1 election: Election decided. Result: candidate won. Election summary: received 1 responses out of 1 voters: 1 yes votes; 0 no votes. yes voters: 1ccb62da9d9743bf96cf75fc16e59908; no voters: 
I20260630 12:34:54.145372  2662 raft_consensus.cc:2804] T e3ae8ce3237a470bb9942b8ddbf9b0bc P 816982ae903b4211bae92abd06af27bd [term 1 FOLLOWER]: Leader election won for term 1
I20260630 12:34:54.145462  2658 leader_election.cc:290] T e3ae8ce3237a470bb9942b8ddbf9b0bc P 816982ae903b4211bae92abd06af27bd [CANDIDATE]: Term 1 election: Requested vote from peers 
I20260630 12:34:54.145967  2657 leader_election.cc:304] T 1f5b1ba1db7f49bab8021f7e3bf4e4f6 P aba5e3cf6c05487ba192931247f6ecb6 [CANDIDATE]: Term 1 election: Election decided. Result: candidate won. Election summary: received 1 responses out of 1 voters: 1 yes votes; 0 no votes. yes voters: aba5e3cf6c05487ba192931247f6ecb6; no voters: 
I20260630 12:34:54.146764  2656 leader_election.cc:290] T c64c76c3ba6040a086504285b52ea5dd P 1ccb62da9d9743bf96cf75fc16e59908 [CANDIDATE]: Term 1 election: Requested vote from peers 
I20260630 12:34:54.147231  2663 raft_consensus.cc:2804] T c64c76c3ba6040a086504285b52ea5dd P 1ccb62da9d9743bf96cf75fc16e59908 [term 1 FOLLOWER]: Leader election won for term 1
I20260630 12:34:54.151445  2658 ts_tablet_manager.cc:1434] T e3ae8ce3237a470bb9942b8ddbf9b0bc P 816982ae903b4211bae92abd06af27bd: Time spent starting tablet: real 0.021s	user 0.014s	sys 0.003s
I20260630 12:34:54.151335  2663 raft_consensus.cc:697] T c64c76c3ba6040a086504285b52ea5dd P 1ccb62da9d9743bf96cf75fc16e59908 [term 1 LEADER]: Becoming Leader. State: Replica: 1ccb62da9d9743bf96cf75fc16e59908, State: Running, Role: LEADER
I20260630 12:34:54.152355  2663 consensus_queue.cc:237] T c64c76c3ba6040a086504285b52ea5dd P 1ccb62da9d9743bf96cf75fc16e59908 [LEADER]: Queue going to LEADER mode. State: All replicated index: 0, Majority replicated index: 0, Committed index: 0, Last appended: 0.0, Last appended by leader: 0, Current term: 1, Majority size: 1, State: 0, Mode: LEADER, active raft config: opid_index: -1 OBSOLETE_local: true peers { permanent_uuid: "1ccb62da9d9743bf96cf75fc16e59908" member_type: VOTER last_known_addr { host: "127.1.9.1" port: 35971 } }
I20260630 12:34:54.155054  2662 raft_consensus.cc:697] T e3ae8ce3237a470bb9942b8ddbf9b0bc P 816982ae903b4211bae92abd06af27bd [term 1 LEADER]: Becoming Leader. State: Replica: 816982ae903b4211bae92abd06af27bd, State: Running, Role: LEADER
I20260630 12:34:54.156147  2657 leader_election.cc:290] T 1f5b1ba1db7f49bab8021f7e3bf4e4f6 P aba5e3cf6c05487ba192931247f6ecb6 [CANDIDATE]: Term 1 election: Requested vote from peers 
I20260630 12:34:54.156911  2662 consensus_queue.cc:237] T e3ae8ce3237a470bb9942b8ddbf9b0bc P 816982ae903b4211bae92abd06af27bd [LEADER]: Queue going to LEADER mode. State: All replicated index: 0, Majority replicated index: 0, Committed index: 0, Last appended: 0.0, Last appended by leader: 0, Current term: 1, Majority size: 1, State: 0, Mode: LEADER, active raft config: opid_index: -1 OBSOLETE_local: true peers { permanent_uuid: "816982ae903b4211bae92abd06af27bd" member_type: VOTER last_known_addr { host: "127.1.9.3" port: 37349 } }
I20260630 12:34:54.157601  2656 ts_tablet_manager.cc:1434] T c64c76c3ba6040a086504285b52ea5dd P 1ccb62da9d9743bf96cf75fc16e59908: Time spent starting tablet: real 0.029s	user 0.019s	sys 0.007s
I20260630 12:34:54.158066  2665 raft_consensus.cc:2804] T 1f5b1ba1db7f49bab8021f7e3bf4e4f6 P aba5e3cf6c05487ba192931247f6ecb6 [term 1 FOLLOWER]: Leader election won for term 1
I20260630 12:34:54.161950  2665 raft_consensus.cc:697] T 1f5b1ba1db7f49bab8021f7e3bf4e4f6 P aba5e3cf6c05487ba192931247f6ecb6 [term 1 LEADER]: Becoming Leader. State: Replica: aba5e3cf6c05487ba192931247f6ecb6, State: Running, Role: LEADER
I20260630 12:34:54.162798  2665 consensus_queue.cc:237] T 1f5b1ba1db7f49bab8021f7e3bf4e4f6 P aba5e3cf6c05487ba192931247f6ecb6 [LEADER]: Queue going to LEADER mode. State: All replicated index: 0, Majority replicated index: 0, Committed index: 0, Last appended: 0.0, Last appended by leader: 0, Current term: 1, Majority size: 1, State: 0, Mode: LEADER, active raft config: opid_index: -1 OBSOLETE_local: true peers { permanent_uuid: "aba5e3cf6c05487ba192931247f6ecb6" member_type: VOTER last_known_addr { host: "127.1.9.2" port: 35375 } }
I20260630 12:34:54.178825  2236 catalog_manager.cc:5697] T c64c76c3ba6040a086504285b52ea5dd P 1ccb62da9d9743bf96cf75fc16e59908 reported cstate change: term changed from 0 to 1, leader changed from <none> to 1ccb62da9d9743bf96cf75fc16e59908 (127.1.9.1). New cstate: current_term: 1 leader_uuid: "1ccb62da9d9743bf96cf75fc16e59908" committed_config { opid_index: -1 OBSOLETE_local: true peers { permanent_uuid: "1ccb62da9d9743bf96cf75fc16e59908" member_type: VOTER last_known_addr { host: "127.1.9.1" port: 35971 } health_report { overall_health: HEALTHY } } }
I20260630 12:34:54.188079  2237 catalog_manager.cc:5697] T 1f5b1ba1db7f49bab8021f7e3bf4e4f6 P aba5e3cf6c05487ba192931247f6ecb6 reported cstate change: term changed from 0 to 1, leader changed from <none> to aba5e3cf6c05487ba192931247f6ecb6 (127.1.9.2). New cstate: current_term: 1 leader_uuid: "aba5e3cf6c05487ba192931247f6ecb6" committed_config { opid_index: -1 OBSOLETE_local: true peers { permanent_uuid: "aba5e3cf6c05487ba192931247f6ecb6" member_type: VOTER last_known_addr { host: "127.1.9.2" port: 35375 } health_report { overall_health: HEALTHY } } }
I20260630 12:34:54.193315  2657 ts_tablet_manager.cc:1434] T 1f5b1ba1db7f49bab8021f7e3bf4e4f6 P aba5e3cf6c05487ba192931247f6ecb6: Time spent starting tablet: real 0.064s	user 0.025s	sys 0.004s
I20260630 12:34:54.199057  2235 catalog_manager.cc:5697] T e3ae8ce3237a470bb9942b8ddbf9b0bc P 816982ae903b4211bae92abd06af27bd reported cstate change: term changed from 0 to 1, leader changed from <none> to 816982ae903b4211bae92abd06af27bd (127.1.9.3). New cstate: current_term: 1 leader_uuid: "816982ae903b4211bae92abd06af27bd" committed_config { opid_index: -1 OBSOLETE_local: true peers { permanent_uuid: "816982ae903b4211bae92abd06af27bd" member_type: VOTER last_known_addr { host: "127.1.9.3" port: 37349 } health_report { overall_health: HEALTHY } } }
I20260630 12:34:55.462450  2379 auto_leader_rebalancer.cc:141] leader rebalance for table test-workload
I20260630 12:34:55.464920  2379 auto_leader_rebalancer.cc:515] All tables' leader rebalancing finished this round
I20260630 12:34:56.299741  1060 master.cc:562] Master@127.1.9.61:39857 shutting down...
I20260630 12:34:56.323150  1060 raft_consensus.cc:2243] T 00000000000000000000000000000000 P cebdb6247c90424eb848716a4c1e641c [term 1 LEADER]: Raft consensus shutting down.
I20260630 12:34:56.324011  1060 raft_consensus.cc:2272] T 00000000000000000000000000000000 P cebdb6247c90424eb848716a4c1e641c [term 1 FOLLOWER]: Raft consensus is shut down!
I20260630 12:34:56.324390  1060 tablet_replica.cc:333] T 00000000000000000000000000000000 P cebdb6247c90424eb848716a4c1e641c: stopping tablet replica
I20260630 12:34:56.344554  1060 master.cc:584] Master@127.1.9.61:39857 shutdown complete.
W20260630 12:34:57.218945  2531 heartbeater.cc:646] Failed to heartbeat to 127.1.9.61:39857 (0 consecutive failures): Network error: Failed to send heartbeat to master: Client connection negotiation failed: client connection to 127.1.9.61:39857: connect: Connection refused (error 111)
I20260630 12:34:57.643564  2682 raft_consensus.cc:493] T 00000000000000000000000000000000 P 54d246033a354ddfa3afbc97985f4ee0 [term 1 FOLLOWER]: Starting pre-election (detected failure of leader cebdb6247c90424eb848716a4c1e641c)
I20260630 12:34:57.644088  2682 raft_consensus.cc:515] T 00000000000000000000000000000000 P 54d246033a354ddfa3afbc97985f4ee0 [term 1 FOLLOWER]: Starting pre-election with config: opid_index: -1 OBSOLETE_local: false peers { permanent_uuid: "0322611b23fc46cda0314fd4ab3cda12" member_type: VOTER last_known_addr { host: "127.1.9.62" port: 46773 } } peers { permanent_uuid: "cebdb6247c90424eb848716a4c1e641c" member_type: VOTER last_known_addr { host: "127.1.9.61" port: 39857 } } peers { permanent_uuid: "54d246033a354ddfa3afbc97985f4ee0" member_type: VOTER last_known_addr { host: "127.1.9.60" port: 38449 } }
I20260630 12:34:57.645761  2682 leader_election.cc:290] T 00000000000000000000000000000000 P 54d246033a354ddfa3afbc97985f4ee0 [CANDIDATE]: Term 2 pre-election: Requested pre-vote from peers 0322611b23fc46cda0314fd4ab3cda12 (127.1.9.62:46773), cebdb6247c90424eb848716a4c1e641c (127.1.9.61:39857)
I20260630 12:34:57.646725  2181 tablet_service.cc:1917] Received RequestConsensusVote() RPC: tablet_id: "00000000000000000000000000000000" candidate_uuid: "54d246033a354ddfa3afbc97985f4ee0" candidate_term: 2 candidate_status { last_received { term: 1 index: 10 } } ignore_live_leader: false dest_uuid: "0322611b23fc46cda0314fd4ab3cda12" is_pre_election: true
W20260630 12:34:57.648717  2285 proxy.cc:239] Call had error, refreshing address and retrying: Network error: Client connection negotiation failed: client connection to 127.1.9.61:39857: connect: Connection refused (error 111) [suppressed 6 similar messages]
W20260630 12:34:57.651679  2285 leader_election.cc:336] T 00000000000000000000000000000000 P 54d246033a354ddfa3afbc97985f4ee0 [CANDIDATE]: Term 2 pre-election: RPC error from VoteRequest() call to peer cebdb6247c90424eb848716a4c1e641c (127.1.9.61:39857): Network error: Client connection negotiation failed: client connection to 127.1.9.61:39857: connect: Connection refused (error 111)
I20260630 12:34:57.652014  2285 leader_election.cc:304] T 00000000000000000000000000000000 P 54d246033a354ddfa3afbc97985f4ee0 [CANDIDATE]: Term 2 pre-election: Election decided. Result: candidate lost. Election summary: received 3 responses out of 3 voters: 1 yes votes; 2 no votes. yes voters: 54d246033a354ddfa3afbc97985f4ee0; no voters: 0322611b23fc46cda0314fd4ab3cda12, cebdb6247c90424eb848716a4c1e641c
I20260630 12:34:57.652594  2682 raft_consensus.cc:2749] T 00000000000000000000000000000000 P 54d246033a354ddfa3afbc97985f4ee0 [term 1 FOLLOWER]: Leader pre-election lost for term 2. Reason: could not achieve majority
I20260630 12:34:57.655472  2685 raft_consensus.cc:493] T 00000000000000000000000000000000 P 0322611b23fc46cda0314fd4ab3cda12 [term 1 FOLLOWER]: Starting pre-election (detected failure of leader cebdb6247c90424eb848716a4c1e641c)
I20260630 12:34:57.655834  2685 raft_consensus.cc:515] T 00000000000000000000000000000000 P 0322611b23fc46cda0314fd4ab3cda12 [term 1 FOLLOWER]: Starting pre-election with config: opid_index: -1 OBSOLETE_local: false peers { permanent_uuid: "0322611b23fc46cda0314fd4ab3cda12" member_type: VOTER last_known_addr { host: "127.1.9.62" port: 46773 } } peers { permanent_uuid: "cebdb6247c90424eb848716a4c1e641c" member_type: VOTER last_known_addr { host: "127.1.9.61" port: 39857 } } peers { permanent_uuid: "54d246033a354ddfa3afbc97985f4ee0" member_type: VOTER last_known_addr { host: "127.1.9.60" port: 38449 } }
I20260630 12:34:57.657487  2685 leader_election.cc:290] T 00000000000000000000000000000000 P 0322611b23fc46cda0314fd4ab3cda12 [CANDIDATE]: Term 2 pre-election: Requested pre-vote from peers cebdb6247c90424eb848716a4c1e641c (127.1.9.61:39857), 54d246033a354ddfa3afbc97985f4ee0 (127.1.9.60:38449)
I20260630 12:34:57.658568  2312 tablet_service.cc:1917] Received RequestConsensusVote() RPC: tablet_id: "00000000000000000000000000000000" candidate_uuid: "0322611b23fc46cda0314fd4ab3cda12" candidate_term: 2 candidate_status { last_received { term: 1 index: 10 } } ignore_live_leader: false dest_uuid: "54d246033a354ddfa3afbc97985f4ee0" is_pre_election: true
I20260630 12:34:57.659078  2312 raft_consensus.cc:2468] T 00000000000000000000000000000000 P 54d246033a354ddfa3afbc97985f4ee0 [term 1 FOLLOWER]: Leader pre-election vote request: Granting yes vote for candidate 0322611b23fc46cda0314fd4ab3cda12 in term 1.
I20260630 12:34:57.660117  2157 leader_election.cc:304] T 00000000000000000000000000000000 P 0322611b23fc46cda0314fd4ab3cda12 [CANDIDATE]: Term 2 pre-election: Election decided. Result: candidate won. Election summary: received 2 responses out of 3 voters: 2 yes votes; 0 no votes. yes voters: 0322611b23fc46cda0314fd4ab3cda12, 54d246033a354ddfa3afbc97985f4ee0; no voters: 
I20260630 12:34:57.660841  2685 raft_consensus.cc:2804] T 00000000000000000000000000000000 P 0322611b23fc46cda0314fd4ab3cda12 [term 1 FOLLOWER]: Leader pre-election won for term 2
I20260630 12:34:57.661147  2685 raft_consensus.cc:493] T 00000000000000000000000000000000 P 0322611b23fc46cda0314fd4ab3cda12 [term 1 FOLLOWER]: Starting leader election (detected failure of leader cebdb6247c90424eb848716a4c1e641c)
I20260630 12:34:57.661423  2685 raft_consensus.cc:3060] T 00000000000000000000000000000000 P 0322611b23fc46cda0314fd4ab3cda12 [term 1 FOLLOWER]: Advancing to term 2
W20260630 12:34:57.662851  2156 leader_election.cc:336] T 00000000000000000000000000000000 P 0322611b23fc46cda0314fd4ab3cda12 [CANDIDATE]: Term 2 pre-election: RPC error from VoteRequest() call to peer cebdb6247c90424eb848716a4c1e641c (127.1.9.61:39857): Network error: Client connection negotiation failed: client connection to 127.1.9.61:39857: connect: Connection refused (error 111)
I20260630 12:34:57.666826  2685 raft_consensus.cc:515] T 00000000000000000000000000000000 P 0322611b23fc46cda0314fd4ab3cda12 [term 2 FOLLOWER]: Starting leader election with config: opid_index: -1 OBSOLETE_local: false peers { permanent_uuid: "0322611b23fc46cda0314fd4ab3cda12" member_type: VOTER last_known_addr { host: "127.1.9.62" port: 46773 } } peers { permanent_uuid: "cebdb6247c90424eb848716a4c1e641c" member_type: VOTER last_known_addr { host: "127.1.9.61" port: 39857 } } peers { permanent_uuid: "54d246033a354ddfa3afbc97985f4ee0" member_type: VOTER last_known_addr { host: "127.1.9.60" port: 38449 } }
I20260630 12:34:57.668358  2685 leader_election.cc:290] T 00000000000000000000000000000000 P 0322611b23fc46cda0314fd4ab3cda12 [CANDIDATE]: Term 2 election: Requested vote from peers cebdb6247c90424eb848716a4c1e641c (127.1.9.61:39857), 54d246033a354ddfa3afbc97985f4ee0 (127.1.9.60:38449)
I20260630 12:34:57.669502  2312 tablet_service.cc:1917] Received RequestConsensusVote() RPC: tablet_id: "00000000000000000000000000000000" candidate_uuid: "0322611b23fc46cda0314fd4ab3cda12" candidate_term: 2 candidate_status { last_received { term: 1 index: 10 } } ignore_live_leader: false dest_uuid: "54d246033a354ddfa3afbc97985f4ee0"
I20260630 12:34:57.670159  2312 raft_consensus.cc:3060] T 00000000000000000000000000000000 P 54d246033a354ddfa3afbc97985f4ee0 [term 1 FOLLOWER]: Advancing to term 2
W20260630 12:34:57.672518  2156 leader_election.cc:336] T 00000000000000000000000000000000 P 0322611b23fc46cda0314fd4ab3cda12 [CANDIDATE]: Term 2 election: RPC error from VoteRequest() call to peer cebdb6247c90424eb848716a4c1e641c (127.1.9.61:39857): Network error: Client connection negotiation failed: client connection to 127.1.9.61:39857: connect: Connection refused (error 111)
I20260630 12:34:57.675637  2312 raft_consensus.cc:2468] T 00000000000000000000000000000000 P 54d246033a354ddfa3afbc97985f4ee0 [term 2 FOLLOWER]: Leader election vote request: Granting yes vote for candidate 0322611b23fc46cda0314fd4ab3cda12 in term 2.
I20260630 12:34:57.676719  2157 leader_election.cc:304] T 00000000000000000000000000000000 P 0322611b23fc46cda0314fd4ab3cda12 [CANDIDATE]: Term 2 election: Election decided. Result: candidate won. Election summary: received 3 responses out of 3 voters: 2 yes votes; 1 no votes. yes voters: 0322611b23fc46cda0314fd4ab3cda12, 54d246033a354ddfa3afbc97985f4ee0; no voters: cebdb6247c90424eb848716a4c1e641c
I20260630 12:34:57.677362  2685 raft_consensus.cc:2804] T 00000000000000000000000000000000 P 0322611b23fc46cda0314fd4ab3cda12 [term 2 FOLLOWER]: Leader election won for term 2
I20260630 12:34:57.678372  2685 raft_consensus.cc:697] T 00000000000000000000000000000000 P 0322611b23fc46cda0314fd4ab3cda12 [term 2 LEADER]: Becoming Leader. State: Replica: 0322611b23fc46cda0314fd4ab3cda12, State: Running, Role: LEADER
I20260630 12:34:57.678987  2685 consensus_queue.cc:237] T 00000000000000000000000000000000 P 0322611b23fc46cda0314fd4ab3cda12 [LEADER]: Queue going to LEADER mode. State: All replicated index: 0, Majority replicated index: 10, Committed index: 10, Last appended: 1.10, Last appended by leader: 10, Current term: 2, Majority size: 2, State: 0, Mode: LEADER, active raft config: opid_index: -1 OBSOLETE_local: false peers { permanent_uuid: "0322611b23fc46cda0314fd4ab3cda12" member_type: VOTER last_known_addr { host: "127.1.9.62" port: 46773 } } peers { permanent_uuid: "cebdb6247c90424eb848716a4c1e641c" member_type: VOTER last_known_addr { host: "127.1.9.61" port: 39857 } } peers { permanent_uuid: "54d246033a354ddfa3afbc97985f4ee0" member_type: VOTER last_known_addr { host: "127.1.9.60" port: 38449 } }
I20260630 12:34:57.682543  2688 sys_catalog.cc:455] T 00000000000000000000000000000000 P 0322611b23fc46cda0314fd4ab3cda12 [sys.catalog]: SysCatalogTable state changed. Reason: New leader 0322611b23fc46cda0314fd4ab3cda12. Latest consensus state: current_term: 2 leader_uuid: "0322611b23fc46cda0314fd4ab3cda12" committed_config { opid_index: -1 OBSOLETE_local: false peers { permanent_uuid: "0322611b23fc46cda0314fd4ab3cda12" member_type: VOTER last_known_addr { host: "127.1.9.62" port: 46773 } } peers { permanent_uuid: "cebdb6247c90424eb848716a4c1e641c" member_type: VOTER last_known_addr { host: "127.1.9.61" port: 39857 } } peers { permanent_uuid: "54d246033a354ddfa3afbc97985f4ee0" member_type: VOTER last_known_addr { host: "127.1.9.60" port: 38449 } } }
I20260630 12:34:57.683326  2688 sys_catalog.cc:458] T 00000000000000000000000000000000 P 0322611b23fc46cda0314fd4ab3cda12 [sys.catalog]: This master's current role is: LEADER
I20260630 12:34:57.684810  2690 catalog_manager.cc:1511] Loading table and tablet metadata into memory...
I20260630 12:34:57.689874  2690 catalog_manager.cc:679] Loaded metadata for table test-workload [id=40edde04baa145e6a0a2b4eb064e603f]
I20260630 12:34:57.694597  2690 tablet_loader.cc:96] loaded metadata for tablet 1f5b1ba1db7f49bab8021f7e3bf4e4f6 (table test-workload [id=40edde04baa145e6a0a2b4eb064e603f])
I20260630 12:34:57.695770  2690 tablet_loader.cc:96] loaded metadata for tablet c64c76c3ba6040a086504285b52ea5dd (table test-workload [id=40edde04baa145e6a0a2b4eb064e603f])
I20260630 12:34:57.696655  2690 tablet_loader.cc:96] loaded metadata for tablet e3ae8ce3237a470bb9942b8ddbf9b0bc (table test-workload [id=40edde04baa145e6a0a2b4eb064e603f])
I20260630 12:34:57.697580  2690 catalog_manager.cc:1520] Initializing Kudu cluster ID...
I20260630 12:34:57.700650  2690 catalog_manager.cc:1295] Loaded cluster ID: 2af85335f4bd41af8ef464fbed29b038
I20260630 12:34:57.700853  2690 catalog_manager.cc:1531] Initializing Kudu internal certificate authority...
I20260630 12:34:57.704362  2690 catalog_manager.cc:1540] Loading token signing keys...
I20260630 12:34:57.707324  2690 catalog_manager.cc:6081] T 00000000000000000000000000000000 P 0322611b23fc46cda0314fd4ab3cda12: Loaded TSK: 0
I20260630 12:34:57.708211  2690 catalog_manager.cc:1550] Initializing in-progress tserver states...
W20260630 12:34:58.102100  2156 consensus_peers.cc:597] T 00000000000000000000000000000000 P 0322611b23fc46cda0314fd4ab3cda12 -> Peer cebdb6247c90424eb848716a4c1e641c (127.1.9.61:39857): Couldn't send request to peer cebdb6247c90424eb848716a4c1e641c. Status: Network error: Client connection negotiation failed: client connection to 127.1.9.61:39857: connect: Connection refused (error 111). This is attempt 1: this message will repeat every 5th retry.
I20260630 12:34:58.119346  2312 raft_consensus.cc:1275] T 00000000000000000000000000000000 P 54d246033a354ddfa3afbc97985f4ee0 [term 2 FOLLOWER]: Refusing update from remote peer 0322611b23fc46cda0314fd4ab3cda12: Log matching property violated. Preceding OpId in replica: term: 1 index: 10. Preceding OpId from leader: term: 2 index: 11. (index mismatch)
I20260630 12:34:58.120780  2688 consensus_queue.cc:1048] T 00000000000000000000000000000000 P 0322611b23fc46cda0314fd4ab3cda12 [LEADER]: Connected to new peer: Peer: permanent_uuid: "54d246033a354ddfa3afbc97985f4ee0" member_type: VOTER last_known_addr { host: "127.1.9.60" port: 38449 }, Status: LMP_MISMATCH, Last received: 0.0, Next index: 11, Last known committed idx: 10, Time since last communication: 0.000s
I20260630 12:34:58.126034  2682 sys_catalog.cc:455] T 00000000000000000000000000000000 P 54d246033a354ddfa3afbc97985f4ee0 [sys.catalog]: SysCatalogTable state changed. Reason: New leader 0322611b23fc46cda0314fd4ab3cda12. Latest consensus state: current_term: 2 leader_uuid: "0322611b23fc46cda0314fd4ab3cda12" committed_config { opid_index: -1 OBSOLETE_local: false peers { permanent_uuid: "0322611b23fc46cda0314fd4ab3cda12" member_type: VOTER last_known_addr { host: "127.1.9.62" port: 46773 } } peers { permanent_uuid: "cebdb6247c90424eb848716a4c1e641c" member_type: VOTER last_known_addr { host: "127.1.9.61" port: 39857 } } peers { permanent_uuid: "54d246033a354ddfa3afbc97985f4ee0" member_type: VOTER last_known_addr { host: "127.1.9.60" port: 38449 } } }
I20260630 12:34:58.126718  2682 sys_catalog.cc:458] T 00000000000000000000000000000000 P 54d246033a354ddfa3afbc97985f4ee0 [sys.catalog]: This master's current role is: FOLLOWER
I20260630 12:34:58.128041  2688 sys_catalog.cc:455] T 00000000000000000000000000000000 P 0322611b23fc46cda0314fd4ab3cda12 [sys.catalog]: SysCatalogTable state changed. Reason: Peer health change. Latest consensus state: current_term: 2 leader_uuid: "0322611b23fc46cda0314fd4ab3cda12" committed_config { opid_index: -1 OBSOLETE_local: false peers { permanent_uuid: "0322611b23fc46cda0314fd4ab3cda12" member_type: VOTER last_known_addr { host: "127.1.9.62" port: 46773 } } peers { permanent_uuid: "cebdb6247c90424eb848716a4c1e641c" member_type: VOTER last_known_addr { host: "127.1.9.61" port: 39857 } } peers { permanent_uuid: "54d246033a354ddfa3afbc97985f4ee0" member_type: VOTER last_known_addr { host: "127.1.9.60" port: 38449 } } }
I20260630 12:34:58.128633  2688 sys_catalog.cc:458] T 00000000000000000000000000000000 P 0322611b23fc46cda0314fd4ab3cda12 [sys.catalog]: This master's current role is: LEADER
I20260630 12:34:58.129338  2682 sys_catalog.cc:455] T 00000000000000000000000000000000 P 54d246033a354ddfa3afbc97985f4ee0 [sys.catalog]: SysCatalogTable state changed. Reason: Replicated consensus-only round. Latest consensus state: current_term: 2 leader_uuid: "0322611b23fc46cda0314fd4ab3cda12" committed_config { opid_index: -1 OBSOLETE_local: false peers { permanent_uuid: "0322611b23fc46cda0314fd4ab3cda12" member_type: VOTER last_known_addr { host: "127.1.9.62" port: 46773 } } peers { permanent_uuid: "cebdb6247c90424eb848716a4c1e641c" member_type: VOTER last_known_addr { host: "127.1.9.61" port: 39857 } } peers { permanent_uuid: "54d246033a354ddfa3afbc97985f4ee0" member_type: VOTER last_known_addr { host: "127.1.9.60" port: 38449 } } }
I20260630 12:34:58.130064  2682 sys_catalog.cc:458] T 00000000000000000000000000000000 P 54d246033a354ddfa3afbc97985f4ee0 [sys.catalog]: This master's current role is: FOLLOWER
I20260630 12:34:59.223137  2533 heartbeater.cc:499] Master 127.1.9.62:46773 was elected leader, sending a full tablet report...
I20260630 12:34:59.245441  2454 heartbeater.cc:499] Master 127.1.9.62:46773 was elected leader, sending a full tablet report...
I20260630 12:34:59.259344  2622 heartbeater.cc:499] Master 127.1.9.62:46773 was elected leader, sending a full tablet report...
I20260630 12:34:59.413694  2355 auto_leader_rebalancer.cc:141] leader rebalance for table test-workload
I20260630 12:34:59.415822  2355 auto_leader_rebalancer.cc:515] All tables' leader rebalancing finished this round
I20260630 12:34:59.808676  1060 tablet_server.cc:179] TabletServer@127.1.9.1:0 shutting down...
I20260630 12:34:59.826673  1060 ts_tablet_manager.cc:1507] Shutting down tablet manager...
I20260630 12:34:59.827342  1060 tablet_replica.cc:333] T c64c76c3ba6040a086504285b52ea5dd P 1ccb62da9d9743bf96cf75fc16e59908: stopping tablet replica
I20260630 12:34:59.827855  1060 raft_consensus.cc:2243] T c64c76c3ba6040a086504285b52ea5dd P 1ccb62da9d9743bf96cf75fc16e59908 [term 1 LEADER]: Raft consensus shutting down.
I20260630 12:34:59.828296  1060 raft_consensus.cc:2272] T c64c76c3ba6040a086504285b52ea5dd P 1ccb62da9d9743bf96cf75fc16e59908 [term 1 FOLLOWER]: Raft consensus is shut down!
I20260630 12:34:59.845745  1060 tablet_server.cc:196] TabletServer@127.1.9.1:0 shutdown complete.
I20260630 12:34:59.855322  1060 tablet_server.cc:179] TabletServer@127.1.9.2:0 shutting down...
I20260630 12:34:59.878688  1060 ts_tablet_manager.cc:1507] Shutting down tablet manager...
I20260630 12:34:59.879345  1060 tablet_replica.cc:333] T 1f5b1ba1db7f49bab8021f7e3bf4e4f6 P aba5e3cf6c05487ba192931247f6ecb6: stopping tablet replica
I20260630 12:34:59.879849  1060 raft_consensus.cc:2243] T 1f5b1ba1db7f49bab8021f7e3bf4e4f6 P aba5e3cf6c05487ba192931247f6ecb6 [term 1 LEADER]: Raft consensus shutting down.
I20260630 12:34:59.880302  1060 raft_consensus.cc:2272] T 1f5b1ba1db7f49bab8021f7e3bf4e4f6 P aba5e3cf6c05487ba192931247f6ecb6 [term 1 FOLLOWER]: Raft consensus is shut down!
I20260630 12:34:59.898175  1060 tablet_server.cc:196] TabletServer@127.1.9.2:0 shutdown complete.
I20260630 12:34:59.907892  1060 tablet_server.cc:179] TabletServer@127.1.9.3:0 shutting down...
I20260630 12:34:59.928751  1060 ts_tablet_manager.cc:1507] Shutting down tablet manager...
I20260630 12:34:59.929399  1060 tablet_replica.cc:333] T e3ae8ce3237a470bb9942b8ddbf9b0bc P 816982ae903b4211bae92abd06af27bd: stopping tablet replica
I20260630 12:34:59.929899  1060 raft_consensus.cc:2243] T e3ae8ce3237a470bb9942b8ddbf9b0bc P 816982ae903b4211bae92abd06af27bd [term 1 LEADER]: Raft consensus shutting down.
I20260630 12:34:59.930366  1060 raft_consensus.cc:2272] T e3ae8ce3237a470bb9942b8ddbf9b0bc P 816982ae903b4211bae92abd06af27bd [term 1 FOLLOWER]: Raft consensus is shut down!
I20260630 12:34:59.947968  1060 tablet_server.cc:196] TabletServer@127.1.9.3:0 shutdown complete.
I20260630 12:34:59.957223  1060 master.cc:562] Master@127.1.9.62:46773 shutting down...
I20260630 12:34:59.972675  1060 raft_consensus.cc:2243] T 00000000000000000000000000000000 P 0322611b23fc46cda0314fd4ab3cda12 [term 2 LEADER]: Raft consensus shutting down.
I20260630 12:34:59.973529  1060 raft_consensus.cc:2272] T 00000000000000000000000000000000 P 0322611b23fc46cda0314fd4ab3cda12 [term 2 FOLLOWER]: Raft consensus is shut down!
