I20260630 12:36:28.687914  4946 placement_policy_util.cc:411] tablet 9ae63373d28f4a06a685831b5ac91b2b: detected majority of replicas (2 of 3) at location L0
I20260630 12:36:29.626031  4951 auto_leader_rebalancer.cc:141] leader rebalance for table test-workload
I20260630 12:36:29.627568  4951 auto_leader_rebalancer.cc:440] table: test-workload, leader rebalance finish, leader transfer count: 0
I20260630 12:36:29.627892  4951 auto_leader_rebalancer.cc:515] All tables' leader rebalancing finished this round
I20260630 12:36:29.695190  4946 placement_policy_util.cc:411] tablet 9ae63373d28f4a06a685831b5ac91b2b: detected majority of replicas (2 of 3) at location L0
I20260630 12:36:30.324608   803 tablet_server.cc:179] TabletServer@127.0.200.193:0 shutting down...
I20260630 12:36:30.351679   803 ts_tablet_manager.cc:1507] Shutting down tablet manager...
I20260630 12:36:30.352486   803 tablet_replica.cc:333] T 9ae63373d28f4a06a685831b5ac91b2b P d4d47e6a40ec4506970c6b055f13590a: stopping tablet replica
I20260630 12:36:30.353186   803 raft_consensus.cc:2243] T 9ae63373d28f4a06a685831b5ac91b2b P d4d47e6a40ec4506970c6b055f13590a [term 1 LEADER]: Raft consensus shutting down.
I20260630 12:36:30.354488   803 raft_consensus.cc:2272] T 9ae63373d28f4a06a685831b5ac91b2b P d4d47e6a40ec4506970c6b055f13590a [term 1 FOLLOWER]: Raft consensus is shut down!
I20260630 12:36:30.376924   803 tablet_server.cc:196] TabletServer@127.0.200.193:0 shutdown complete.
I20260630 12:36:30.390913   803 tablet_server.cc:179] TabletServer@127.0.200.194:0 shutting down...
I20260630 12:36:30.415292   803 ts_tablet_manager.cc:1507] Shutting down tablet manager...
I20260630 12:36:30.416002   803 tablet_replica.cc:333] T 9ae63373d28f4a06a685831b5ac91b2b P 118031f5e546472787155ebf46bcea0c: stopping tablet replica
I20260630 12:36:30.416524   803 raft_consensus.cc:2243] T 9ae63373d28f4a06a685831b5ac91b2b P 118031f5e546472787155ebf46bcea0c [term 1 FOLLOWER]: Raft consensus shutting down.
I20260630 12:36:30.417081   803 raft_consensus.cc:2272] T 9ae63373d28f4a06a685831b5ac91b2b P 118031f5e546472787155ebf46bcea0c [term 1 FOLLOWER]: Raft consensus is shut down!
I20260630 12:36:30.437232   803 tablet_server.cc:196] TabletServer@127.0.200.194:0 shutdown complete.
I20260630 12:36:30.449405   803 tablet_server.cc:179] TabletServer@127.0.200.195:0 shutting down...
I20260630 12:36:30.470849   803 ts_tablet_manager.cc:1507] Shutting down tablet manager...
I20260630 12:36:30.471699   803 tablet_replica.cc:333] T 9ae63373d28f4a06a685831b5ac91b2b P ba8249bc829c4bc4b9d37bc26c5f44a9: stopping tablet replica
I20260630 12:36:30.472364   803 raft_consensus.cc:2243] T 9ae63373d28f4a06a685831b5ac91b2b P ba8249bc829c4bc4b9d37bc26c5f44a9 [term 1 FOLLOWER]: Raft consensus shutting down.
I20260630 12:36:30.472983   803 raft_consensus.cc:2272] T 9ae63373d28f4a06a685831b5ac91b2b P ba8249bc829c4bc4b9d37bc26c5f44a9 [term 1 FOLLOWER]: Raft consensus is shut down!
I20260630 12:36:30.493162   803 tablet_server.cc:196] TabletServer@127.0.200.195:0 shutdown complete.
I20260630 12:36:30.504911   803 master.cc:562] Master@127.0.200.254:44775 shutting down...
I20260630 12:36:30.525038   803 raft_consensus.cc:2243] T 00000000000000000000000000000000 P 93e5affcea4b4289b97f3cc0585c5938 [term 1 LEADER]: Raft consensus shutting down.
I20260630 12:36:30.525710   803 raft_consensus.cc:2272] T 00000000000000000000000000000000 P 93e5affcea4b4289b97f3cc0585c5938 [term 1 FOLLOWER]: Raft consensus is shut down!
I20260630 12:36:30.526070   803 tablet_replica.cc:333] T 00000000000000000000000000000000 P 93e5affcea4b4289b97f3cc0585c5938: stopping tablet replica
I20260630 12:36:30.545804   803 master.cc:584] Master@127.0.200.254:44775 shutdown complete.
[       OK ] AutoRebalancerTest.NoReplicaMovesIfCannotFixPlacementPolicy (13125 ms)
[ RUN      ] AutoRebalancerTest.TestMaxMovesPerServer
I20260630 12:36:30.583527   803 internal_mini_cluster.cc:156] Creating distributed mini masters. Addrs: 127.0.200.254:41491
I20260630 12:36:30.584818   803 file_cache.cc:492] Constructed file cache file cache with capacity 419430
W20260630 12:36:30.591322  5225 instance_detector.cc:116] could not retrieve Azure instance metadata: Network error: curl error: HTTP response code said error: The requested URL returned error: 404
W20260630 12:36:30.591357  5224 instance_detector.cc:116] could not retrieve AWS instance metadata: Network error: curl error: HTTP response code said error: The requested URL returned error: 404
I20260630 12:36:30.592819   803 server_base.cc:1061] running on GCE node
W20260630 12:36:30.592759  5227 instance_detector.cc:116] could not retrieve OpenStack instance metadata: Network error: curl error: HTTP response code said error: The requested URL returned error: 404
I20260630 12:36:30.593897   803 hybrid_clock.cc:584] initializing the hybrid clock with 'system_unsync' time source
W20260630 12:36:30.594084   803 system_unsync_time.cc:38] NTP support is disabled. Clock error bounds will not be accurate. This configuration is not suitable for distributed clusters.
I20260630 12:36:30.594282   803 hybrid_clock.cc:648] HybridClock initialized: now 1782822990594236 us; error 0 us; skew 500 ppm
I20260630 12:36:30.594841   803 server_base.cc:861] Flag tcmalloc_max_total_thread_cache_bytes is not working since tcmalloc is not enabled.
I20260630 12:36:30.597597   803 webserver.cc:533] Webserver started at http://127.0.200.254:37229/ using document root <none> and password file <none>
I20260630 12:36:30.598093   803 fs_manager.cc:362] Metadata directory not provided
I20260630 12:36:30.598289   803 fs_manager.cc:368] Using write-ahead log directory (fs_wal_dir) as metadata directory
I20260630 12:36:30.598601   803 server_base.cc:909] This appears to be a new deployment of Kudu; creating new FS layout
I20260630 12:36:30.599828   803 fs_manager.cc:1068] Generated new instance metadata in path /tmp/dist-test-taskeIaXDn/test-tmp/auto_rebalancer-test.0.AutoRebalancerTest.TestMaxMovesPerServer.1782822867650414-803-0/minicluster-data/master-0-root/instance:
uuid: "3c9864a5fc2e4b4ea39597116b1a5b48"
format_stamp: "Formatted at 2026-06-30 12:36:30 on dist-test-slave-k49h"
I20260630 12:36:30.604760   803 fs_manager.cc:696] Time spent creating directory manager: real 0.004s	user 0.002s	sys 0.004s
I20260630 12:36:30.608371  5232 log_block_manager.cc:4031] Time spent loading block containers with low live blocks: real 0.000s	user 0.000s	sys 0.000s
I20260630 12:36:30.609262   803 fs_manager.cc:730] Time spent opening block manager: real 0.002s	user 0.000s	sys 0.003s
I20260630 12:36:30.609591   803 fs_manager.cc:647] Opened local filesystem: /tmp/dist-test-taskeIaXDn/test-tmp/auto_rebalancer-test.0.AutoRebalancerTest.TestMaxMovesPerServer.1782822867650414-803-0/minicluster-data/master-0-root
uuid: "3c9864a5fc2e4b4ea39597116b1a5b48"
format_stamp: "Formatted at 2026-06-30 12:36:30 on dist-test-slave-k49h"
I20260630 12:36:30.609946   803 fs_report.cc:389] FS layout report
--------------------
wal directory: /tmp/dist-test-taskeIaXDn/test-tmp/auto_rebalancer-test.0.AutoRebalancerTest.TestMaxMovesPerServer.1782822867650414-803-0/minicluster-data/master-0-root
metadata directory: /tmp/dist-test-taskeIaXDn/test-tmp/auto_rebalancer-test.0.AutoRebalancerTest.TestMaxMovesPerServer.1782822867650414-803-0/minicluster-data/master-0-root
1 data directories: /tmp/dist-test-taskeIaXDn/test-tmp/auto_rebalancer-test.0.AutoRebalancerTest.TestMaxMovesPerServer.1782822867650414-803-0/minicluster-data/master-0-root/data
Total live blocks: 0
Total live bytes: 0
Total live bytes (after alignment): 0
Total number of LBM containers: 0 (0 full)
Did not check for missing blocks
Did not check for orphaned blocks
Total full LBM containers with extra space: 0 (0 repaired)
Total full LBM container extra space in bytes: 0 (0 repaired)
Total incomplete LBM containers: 0 (0 repaired)
Total LBM partial records: 0 (0 repaired)
Total corrupted LBM metadata records in RocksDB: 0 (0 repaired)
I20260630 12:36:30.618824   803 rpc_server.cc:225] running with OpenSSL 1.1.1  11 Sep 2018
I20260630 12:36:30.620115   803 kserver.cc:163] Server-wide thread pool size limit: 3276
I20260630 12:36:30.660480   803 rpc_server.cc:307] RPC server started. Bound to: 127.0.200.254:41491
I20260630 12:36:30.660674  5283 acceptor_pool.cc:272] collecting diagnostics on the listening RPC socket 127.0.200.254:41491 every 8 connection(s)
I20260630 12:36:30.664772  5284 data_dirs.cc:400] Could only allocate 1 dirs of requested 3 for tablet 00000000000000000000000000000000. 1 dirs total, 0 dirs full, 0 dirs failed
I20260630 12:36:30.677536  5284 tablet_bootstrap.cc:492] T 00000000000000000000000000000000 P 3c9864a5fc2e4b4ea39597116b1a5b48: Bootstrap starting.
I20260630 12:36:30.682857  5284 tablet_bootstrap.cc:654] T 00000000000000000000000000000000 P 3c9864a5fc2e4b4ea39597116b1a5b48: Neither blocks nor log segments found. Creating new log.
I20260630 12:36:30.687623  5284 tablet_bootstrap.cc:492] T 00000000000000000000000000000000 P 3c9864a5fc2e4b4ea39597116b1a5b48: No bootstrap required, opened a new log
I20260630 12:36:30.690152  5284 raft_consensus.cc:359] T 00000000000000000000000000000000 P 3c9864a5fc2e4b4ea39597116b1a5b48 [term 0 FOLLOWER]: Replica starting. Triggering 0 pending ops. Active config: opid_index: -1 OBSOLETE_local: true peers { permanent_uuid: "3c9864a5fc2e4b4ea39597116b1a5b48" member_type: VOTER }
I20260630 12:36:30.690672  5284 raft_consensus.cc:385] T 00000000000000000000000000000000 P 3c9864a5fc2e4b4ea39597116b1a5b48 [term 0 FOLLOWER]: Consensus starting up: Expiring failure detector timer to make a prompt election more likely
I20260630 12:36:30.690956  5284 raft_consensus.cc:740] T 00000000000000000000000000000000 P 3c9864a5fc2e4b4ea39597116b1a5b48 [term 0 FOLLOWER]: Becoming Follower/Learner. State: Replica: 3c9864a5fc2e4b4ea39597116b1a5b48, State: Initialized, Role: FOLLOWER
I20260630 12:36:30.691671  5284 consensus_queue.cc:260] T 00000000000000000000000000000000 P 3c9864a5fc2e4b4ea39597116b1a5b48 [NON_LEADER]: Queue going to NON_LEADER mode. State: All replicated index: 0, Majority replicated index: 0, Committed index: 0, Last appended: 0.0, Last appended by leader: 0, Current term: 0, Majority size: -1, State: 0, Mode: NON_LEADER, active raft config: opid_index: -1 OBSOLETE_local: true peers { permanent_uuid: "3c9864a5fc2e4b4ea39597116b1a5b48" member_type: VOTER }
I20260630 12:36:30.692276  5284 raft_consensus.cc:399] T 00000000000000000000000000000000 P 3c9864a5fc2e4b4ea39597116b1a5b48 [term 0 FOLLOWER]: Only one voter in the Raft config. Triggering election immediately
I20260630 12:36:30.692592  5284 raft_consensus.cc:493] T 00000000000000000000000000000000 P 3c9864a5fc2e4b4ea39597116b1a5b48 [term 0 FOLLOWER]: Starting leader election (initial election of a single-replica configuration)
I20260630 12:36:30.692945  5284 raft_consensus.cc:3060] T 00000000000000000000000000000000 P 3c9864a5fc2e4b4ea39597116b1a5b48 [term 0 FOLLOWER]: Advancing to term 1
I20260630 12:36:30.698166  5284 raft_consensus.cc:515] T 00000000000000000000000000000000 P 3c9864a5fc2e4b4ea39597116b1a5b48 [term 1 FOLLOWER]: Starting leader election with config: opid_index: -1 OBSOLETE_local: true peers { permanent_uuid: "3c9864a5fc2e4b4ea39597116b1a5b48" member_type: VOTER }
I20260630 12:36:30.698777  5284 leader_election.cc:304] T 00000000000000000000000000000000 P 3c9864a5fc2e4b4ea39597116b1a5b48 [CANDIDATE]: Term 1 election: Election decided. Result: candidate won. Election summary: received 1 responses out of 1 voters: 1 yes votes; 0 no votes. yes voters: 3c9864a5fc2e4b4ea39597116b1a5b48; no voters: 
I20260630 12:36:30.700052  5284 leader_election.cc:290] T 00000000000000000000000000000000 P 3c9864a5fc2e4b4ea39597116b1a5b48 [CANDIDATE]: Term 1 election: Requested vote from peers 
I20260630 12:36:30.700436  5287 raft_consensus.cc:2804] T 00000000000000000000000000000000 P 3c9864a5fc2e4b4ea39597116b1a5b48 [term 1 FOLLOWER]: Leader election won for term 1
I20260630 12:36:30.701915  5287 raft_consensus.cc:697] T 00000000000000000000000000000000 P 3c9864a5fc2e4b4ea39597116b1a5b48 [term 1 LEADER]: Becoming Leader. State: Replica: 3c9864a5fc2e4b4ea39597116b1a5b48, State: Running, Role: LEADER
I20260630 12:36:30.702713  5287 consensus_queue.cc:237] T 00000000000000000000000000000000 P 3c9864a5fc2e4b4ea39597116b1a5b48 [LEADER]: Queue going to LEADER mode. State: All replicated index: 0, Majority replicated index: 0, Committed index: 0, Last appended: 0.0, Last appended by leader: 0, Current term: 1, Majority size: 1, State: 0, Mode: LEADER, active raft config: opid_index: -1 OBSOLETE_local: true peers { permanent_uuid: "3c9864a5fc2e4b4ea39597116b1a5b48" member_type: VOTER }
I20260630 12:36:30.703481  5284 sys_catalog.cc:565] T 00000000000000000000000000000000 P 3c9864a5fc2e4b4ea39597116b1a5b48 [sys.catalog]: configured and running, proceeding with master startup.
I20260630 12:36:30.706148  5289 sys_catalog.cc:455] T 00000000000000000000000000000000 P 3c9864a5fc2e4b4ea39597116b1a5b48 [sys.catalog]: SysCatalogTable state changed. Reason: New leader 3c9864a5fc2e4b4ea39597116b1a5b48. Latest consensus state: current_term: 1 leader_uuid: "3c9864a5fc2e4b4ea39597116b1a5b48" committed_config { opid_index: -1 OBSOLETE_local: true peers { permanent_uuid: "3c9864a5fc2e4b4ea39597116b1a5b48" member_type: VOTER } }
I20260630 12:36:30.706107  5288 sys_catalog.cc:455] T 00000000000000000000000000000000 P 3c9864a5fc2e4b4ea39597116b1a5b48 [sys.catalog]: SysCatalogTable state changed. Reason: RaftConsensus started. Latest consensus state: current_term: 1 leader_uuid: "3c9864a5fc2e4b4ea39597116b1a5b48" committed_config { opid_index: -1 OBSOLETE_local: true peers { permanent_uuid: "3c9864a5fc2e4b4ea39597116b1a5b48" member_type: VOTER } }
I20260630 12:36:30.706974  5289 sys_catalog.cc:458] T 00000000000000000000000000000000 P 3c9864a5fc2e4b4ea39597116b1a5b48 [sys.catalog]: This master's current role is: LEADER
I20260630 12:36:30.707144  5288 sys_catalog.cc:458] T 00000000000000000000000000000000 P 3c9864a5fc2e4b4ea39597116b1a5b48 [sys.catalog]: This master's current role is: LEADER
I20260630 12:36:30.711202  5292 catalog_manager.cc:1511] Loading table and tablet metadata into memory...
I20260630 12:36:30.716588  5292 catalog_manager.cc:1520] Initializing Kudu cluster ID...
I20260630 12:36:30.723953   803 internal_mini_cluster.cc:184] Waiting to initialize catalog manager on master 0
I20260630 12:36:30.726584  5292 catalog_manager.cc:1383] Generated new cluster ID: b54319426b904b3e9d70a0bcb781cc16
I20260630 12:36:30.726917  5292 catalog_manager.cc:1531] Initializing Kudu internal certificate authority...
I20260630 12:36:30.740769  5292 catalog_manager.cc:1406] Generated new certificate authority record
I20260630 12:36:30.742266  5292 catalog_manager.cc:1540] Loading token signing keys...
I20260630 12:36:30.761415  5292 catalog_manager.cc:6070] T 00000000000000000000000000000000 P 3c9864a5fc2e4b4ea39597116b1a5b48: Generated new TSK 0
I20260630 12:36:30.762116  5292 catalog_manager.cc:1550] Initializing in-progress tserver states...
I20260630 12:36:30.792280   803 file_cache.cc:492] Constructed file cache file cache with capacity 419430
W20260630 12:36:30.799006  5305 instance_detector.cc:116] could not retrieve AWS instance metadata: Network error: curl error: HTTP response code said error: The requested URL returned error: 404
W20260630 12:36:30.801086  5306 instance_detector.cc:116] could not retrieve Azure instance metadata: Network error: curl error: HTTP response code said error: The requested URL returned error: 404
I20260630 12:36:30.802745   803 server_base.cc:1061] running on GCE node
W20260630 12:36:30.803059  5308 instance_detector.cc:116] could not retrieve OpenStack instance metadata: Network error: curl error: HTTP response code said error: The requested URL returned error: 404
I20260630 12:36:30.804139   803 hybrid_clock.cc:584] initializing the hybrid clock with 'system_unsync' time source
W20260630 12:36:30.804374   803 system_unsync_time.cc:38] NTP support is disabled. Clock error bounds will not be accurate. This configuration is not suitable for distributed clusters.
I20260630 12:36:30.804580   803 hybrid_clock.cc:648] HybridClock initialized: now 1782822990804538 us; error 0 us; skew 500 ppm
I20260630 12:36:30.805124   803 server_base.cc:861] Flag tcmalloc_max_total_thread_cache_bytes is not working since tcmalloc is not enabled.
I20260630 12:36:30.807672   803 webserver.cc:533] Webserver started at http://127.0.200.193:39701/ using document root <none> and password file <none>
I20260630 12:36:30.808132   803 fs_manager.cc:362] Metadata directory not provided
I20260630 12:36:30.808357   803 fs_manager.cc:368] Using write-ahead log directory (fs_wal_dir) as metadata directory
I20260630 12:36:30.808672   803 server_base.cc:909] This appears to be a new deployment of Kudu; creating new FS layout
I20260630 12:36:30.809814   803 fs_manager.cc:1068] Generated new instance metadata in path /tmp/dist-test-taskeIaXDn/test-tmp/auto_rebalancer-test.0.AutoRebalancerTest.TestMaxMovesPerServer.1782822867650414-803-0/minicluster-data/ts-0-root/instance:
uuid: "74adf59e5b184226bf0216b352c9e1dd"
format_stamp: "Formatted at 2026-06-30 12:36:30 on dist-test-slave-k49h"
I20260630 12:36:30.815160   803 fs_manager.cc:696] Time spent creating directory manager: real 0.005s	user 0.004s	sys 0.002s
I20260630 12:36:30.819015  5313 log_block_manager.cc:4031] Time spent loading block containers with low live blocks: real 0.000s	user 0.000s	sys 0.000s
I20260630 12:36:30.820135   803 fs_manager.cc:730] Time spent opening block manager: real 0.003s	user 0.000s	sys 0.002s
I20260630 12:36:30.820492   803 fs_manager.cc:647] Opened local filesystem: /tmp/dist-test-taskeIaXDn/test-tmp/auto_rebalancer-test.0.AutoRebalancerTest.TestMaxMovesPerServer.1782822867650414-803-0/minicluster-data/ts-0-root
uuid: "74adf59e5b184226bf0216b352c9e1dd"
format_stamp: "Formatted at 2026-06-30 12:36:30 on dist-test-slave-k49h"
I20260630 12:36:30.820888   803 fs_report.cc:389] FS layout report
--------------------
wal directory: /tmp/dist-test-taskeIaXDn/test-tmp/auto_rebalancer-test.0.AutoRebalancerTest.TestMaxMovesPerServer.1782822867650414-803-0/minicluster-data/ts-0-root
metadata directory: /tmp/dist-test-taskeIaXDn/test-tmp/auto_rebalancer-test.0.AutoRebalancerTest.TestMaxMovesPerServer.1782822867650414-803-0/minicluster-data/ts-0-root
1 data directories: /tmp/dist-test-taskeIaXDn/test-tmp/auto_rebalancer-test.0.AutoRebalancerTest.TestMaxMovesPerServer.1782822867650414-803-0/minicluster-data/ts-0-root/data
Total live blocks: 0
Total live bytes: 0
Total live bytes (after alignment): 0
Total number of LBM containers: 0 (0 full)
Did not check for missing blocks
Did not check for orphaned blocks
Total full LBM containers with extra space: 0 (0 repaired)
Total full LBM container extra space in bytes: 0 (0 repaired)
Total incomplete LBM containers: 0 (0 repaired)
Total LBM partial records: 0 (0 repaired)
Total corrupted LBM metadata records in RocksDB: 0 (0 repaired)
I20260630 12:36:30.846834   803 rpc_server.cc:225] running with OpenSSL 1.1.1  11 Sep 2018
I20260630 12:36:30.848685   803 kserver.cc:163] Server-wide thread pool size limit: 3276
I20260630 12:36:30.850991   803 txn_system_client.cc:432] TxnSystemClient initialization is disabled...
I20260630 12:36:30.855046   803 ts_tablet_manager.cc:585] Loaded tablet metadata (0 total tablets, 0 live tablets)
I20260630 12:36:30.855309   803 ts_tablet_manager.cc:531] Time spent load tablet metadata: real 0.000s	user 0.000s	sys 0.000s
I20260630 12:36:30.855607   803 ts_tablet_manager.cc:616] Registered 0 tablets
I20260630 12:36:30.855851   803 ts_tablet_manager.cc:595] Time spent register tablets: real 0.000s	user 0.000s	sys 0.000s
I20260630 12:36:30.911952   803 rpc_server.cc:307] RPC server started. Bound to: 127.0.200.193:45349
I20260630 12:36:30.912019  5375 acceptor_pool.cc:272] collecting diagnostics on the listening RPC socket 127.0.200.193:45349 every 8 connection(s)
I20260630 12:36:30.917815   803 file_cache.cc:492] Constructed file cache file cache with capacity 419430
W20260630 12:36:30.925758  5380 instance_detector.cc:116] could not retrieve AWS instance metadata: Network error: curl error: HTTP response code said error: The requested URL returned error: 404
W20260630 12:36:30.926620  5381 instance_detector.cc:116] could not retrieve Azure instance metadata: Network error: curl error: HTTP response code said error: The requested URL returned error: 404
I20260630 12:36:30.931005   803 server_base.cc:1061] running on GCE node
W20260630 12:36:30.931731  5384 instance_detector.cc:116] could not retrieve OpenStack instance metadata: Network error: curl error: HTTP response code said error: The requested URL returned error: 404
I20260630 12:36:30.932503  5376 heartbeater.cc:344] Connected to a master server at 127.0.200.254:41491
I20260630 12:36:30.932910  5376 heartbeater.cc:461] Registering TS with master...
I20260630 12:36:30.932994   803 hybrid_clock.cc:584] initializing the hybrid clock with 'system_unsync' time source
W20260630 12:36:30.933315   803 system_unsync_time.cc:38] NTP support is disabled. Clock error bounds will not be accurate. This configuration is not suitable for distributed clusters.
I20260630 12:36:30.933502   803 hybrid_clock.cc:648] HybridClock initialized: now 1782822990933485 us; error 0 us; skew 500 ppm
I20260630 12:36:30.933815  5376 heartbeater.cc:507] Master 127.0.200.254:41491 requested a full tablet report, sending...
I20260630 12:36:30.934201   803 server_base.cc:861] Flag tcmalloc_max_total_thread_cache_bytes is not working since tcmalloc is not enabled.
I20260630 12:36:30.936338  5249 ts_manager.cc:194] Registered new tserver with Master: 74adf59e5b184226bf0216b352c9e1dd (127.0.200.193:45349)
I20260630 12:36:30.937146   803 webserver.cc:533] Webserver started at http://127.0.200.194:34351/ using document root <none> and password file <none>
I20260630 12:36:30.937605   803 fs_manager.cc:362] Metadata directory not provided
I20260630 12:36:30.937747   803 fs_manager.cc:368] Using write-ahead log directory (fs_wal_dir) as metadata directory
I20260630 12:36:30.937950   803 server_base.cc:909] This appears to be a new deployment of Kudu; creating new FS layout
I20260630 12:36:30.938233  5249 master_service.cc:502] Signed X509 certificate for tserver {username='slave'} at 127.0.0.1:51900
I20260630 12:36:30.939250   803 fs_manager.cc:1068] Generated new instance metadata in path /tmp/dist-test-taskeIaXDn/test-tmp/auto_rebalancer-test.0.AutoRebalancerTest.TestMaxMovesPerServer.1782822867650414-803-0/minicluster-data/ts-1-root/instance:
uuid: "c21171e0a95d4d158ca4a3f4c28e1c86"
format_stamp: "Formatted at 2026-06-30 12:36:30 on dist-test-slave-k49h"
I20260630 12:36:30.944069   803 fs_manager.cc:696] Time spent creating directory manager: real 0.004s	user 0.004s	sys 0.002s
I20260630 12:36:30.947646  5388 log_block_manager.cc:4031] Time spent loading block containers with low live blocks: real 0.000s	user 0.000s	sys 0.000s
I20260630 12:36:30.948671   803 fs_manager.cc:730] Time spent opening block manager: real 0.003s	user 0.003s	sys 0.000s
I20260630 12:36:30.948999   803 fs_manager.cc:647] Opened local filesystem: /tmp/dist-test-taskeIaXDn/test-tmp/auto_rebalancer-test.0.AutoRebalancerTest.TestMaxMovesPerServer.1782822867650414-803-0/minicluster-data/ts-1-root
uuid: "c21171e0a95d4d158ca4a3f4c28e1c86"
format_stamp: "Formatted at 2026-06-30 12:36:30 on dist-test-slave-k49h"
I20260630 12:36:30.949295   803 fs_report.cc:389] FS layout report
--------------------
wal directory: /tmp/dist-test-taskeIaXDn/test-tmp/auto_rebalancer-test.0.AutoRebalancerTest.TestMaxMovesPerServer.1782822867650414-803-0/minicluster-data/ts-1-root
metadata directory: /tmp/dist-test-taskeIaXDn/test-tmp/auto_rebalancer-test.0.AutoRebalancerTest.TestMaxMovesPerServer.1782822867650414-803-0/minicluster-data/ts-1-root
1 data directories: /tmp/dist-test-taskeIaXDn/test-tmp/auto_rebalancer-test.0.AutoRebalancerTest.TestMaxMovesPerServer.1782822867650414-803-0/minicluster-data/ts-1-root/data
Total live blocks: 0
Total live bytes: 0
Total live bytes (after alignment): 0
Total number of LBM containers: 0 (0 full)
Did not check for missing blocks
Did not check for orphaned blocks
Total full LBM containers with extra space: 0 (0 repaired)
Total full LBM container extra space in bytes: 0 (0 repaired)
Total incomplete LBM containers: 0 (0 repaired)
Total LBM partial records: 0 (0 repaired)
Total corrupted LBM metadata records in RocksDB: 0 (0 repaired)
I20260630 12:36:30.983978   803 rpc_server.cc:225] running with OpenSSL 1.1.1  11 Sep 2018
I20260630 12:36:30.985236   803 kserver.cc:163] Server-wide thread pool size limit: 3276
I20260630 12:36:30.986752   803 txn_system_client.cc:432] TxnSystemClient initialization is disabled...
I20260630 12:36:30.989138   803 ts_tablet_manager.cc:585] Loaded tablet metadata (0 total tablets, 0 live tablets)
I20260630 12:36:30.989369   803 ts_tablet_manager.cc:531] Time spent load tablet metadata: real 0.000s	user 0.000s	sys 0.000s
I20260630 12:36:30.989634   803 ts_tablet_manager.cc:616] Registered 0 tablets
I20260630 12:36:30.989806   803 ts_tablet_manager.cc:595] Time spent register tablets: real 0.000s	user 0.000s	sys 0.000s
I20260630 12:36:31.033702   803 rpc_server.cc:307] RPC server started. Bound to: 127.0.200.194:45731
I20260630 12:36:31.034052  5450 acceptor_pool.cc:272] collecting diagnostics on the listening RPC socket 127.0.200.194:45731 every 8 connection(s)
I20260630 12:36:31.038492   803 file_cache.cc:492] Constructed file cache file cache with capacity 419430
W20260630 12:36:31.046794  5455 instance_detector.cc:116] could not retrieve Azure instance metadata: Network error: curl error: HTTP response code said error: The requested URL returned error: 404
W20260630 12:36:31.047748  5454 instance_detector.cc:116] could not retrieve AWS instance metadata: Network error: curl error: HTTP response code said error: The requested URL returned error: 404
I20260630 12:36:31.050222   803 server_base.cc:1061] running on GCE node
I20260630 12:36:31.050927  5451 heartbeater.cc:344] Connected to a master server at 127.0.200.254:41491
W20260630 12:36:31.051162  5458 instance_detector.cc:116] could not retrieve OpenStack instance metadata: Network error: curl error: HTTP response code said error: The requested URL returned error: 404
I20260630 12:36:31.051308  5451 heartbeater.cc:461] Registering TS with master...
I20260630 12:36:31.052158   803 hybrid_clock.cc:584] initializing the hybrid clock with 'system_unsync' time source
I20260630 12:36:31.052194  5451 heartbeater.cc:507] Master 127.0.200.254:41491 requested a full tablet report, sending...
W20260630 12:36:31.052438   803 system_unsync_time.cc:38] NTP support is disabled. Clock error bounds will not be accurate. This configuration is not suitable for distributed clusters.
I20260630 12:36:31.052752   803 hybrid_clock.cc:648] HybridClock initialized: now 1782822991052720 us; error 0 us; skew 500 ppm
I20260630 12:36:31.053339   803 server_base.cc:861] Flag tcmalloc_max_total_thread_cache_bytes is not working since tcmalloc is not enabled.
I20260630 12:36:31.054898  5249 ts_manager.cc:194] Registered new tserver with Master: c21171e0a95d4d158ca4a3f4c28e1c86 (127.0.200.194:45731)
I20260630 12:36:31.056128   803 webserver.cc:533] Webserver started at http://127.0.200.195:42923/ using document root <none> and password file <none>
I20260630 12:36:31.056633  5249 master_service.cc:502] Signed X509 certificate for tserver {username='slave'} at 127.0.0.1:51916
I20260630 12:36:31.056721   803 fs_manager.cc:362] Metadata directory not provided
I20260630 12:36:31.057039   803 fs_manager.cc:368] Using write-ahead log directory (fs_wal_dir) as metadata directory
I20260630 12:36:31.057318   803 server_base.cc:909] This appears to be a new deployment of Kudu; creating new FS layout
I20260630 12:36:31.058646   803 fs_manager.cc:1068] Generated new instance metadata in path /tmp/dist-test-taskeIaXDn/test-tmp/auto_rebalancer-test.0.AutoRebalancerTest.TestMaxMovesPerServer.1782822867650414-803-0/minicluster-data/ts-2-root/instance:
uuid: "e00f93540d8b41b7b46f6fed9ad796f5"
format_stamp: "Formatted at 2026-06-30 12:36:31 on dist-test-slave-k49h"
I20260630 12:36:31.063374   803 fs_manager.cc:696] Time spent creating directory manager: real 0.004s	user 0.006s	sys 0.000s
I20260630 12:36:31.066870  5462 log_block_manager.cc:4031] Time spent loading block containers with low live blocks: real 0.000s	user 0.000s	sys 0.000s
I20260630 12:36:31.067713   803 fs_manager.cc:730] Time spent opening block manager: real 0.002s	user 0.002s	sys 0.000s
I20260630 12:36:31.068058   803 fs_manager.cc:647] Opened local filesystem: /tmp/dist-test-taskeIaXDn/test-tmp/auto_rebalancer-test.0.AutoRebalancerTest.TestMaxMovesPerServer.1782822867650414-803-0/minicluster-data/ts-2-root
uuid: "e00f93540d8b41b7b46f6fed9ad796f5"
format_stamp: "Formatted at 2026-06-30 12:36:31 on dist-test-slave-k49h"
I20260630 12:36:31.068399   803 fs_report.cc:389] FS layout report
--------------------
wal directory: /tmp/dist-test-taskeIaXDn/test-tmp/auto_rebalancer-test.0.AutoRebalancerTest.TestMaxMovesPerServer.1782822867650414-803-0/minicluster-data/ts-2-root
metadata directory: /tmp/dist-test-taskeIaXDn/test-tmp/auto_rebalancer-test.0.AutoRebalancerTest.TestMaxMovesPerServer.1782822867650414-803-0/minicluster-data/ts-2-root
1 data directories: /tmp/dist-test-taskeIaXDn/test-tmp/auto_rebalancer-test.0.AutoRebalancerTest.TestMaxMovesPerServer.1782822867650414-803-0/minicluster-data/ts-2-root/data
Total live blocks: 0
Total live bytes: 0
Total live bytes (after alignment): 0
Total number of LBM containers: 0 (0 full)
Did not check for missing blocks
Did not check for orphaned blocks
Total full LBM containers with extra space: 0 (0 repaired)
Total full LBM container extra space in bytes: 0 (0 repaired)
Total incomplete LBM containers: 0 (0 repaired)
Total LBM partial records: 0 (0 repaired)
Total corrupted LBM metadata records in RocksDB: 0 (0 repaired)
I20260630 12:36:31.092270   803 rpc_server.cc:225] running with OpenSSL 1.1.1  11 Sep 2018
I20260630 12:36:31.093566   803 kserver.cc:163] Server-wide thread pool size limit: 3276
I20260630 12:36:31.095058   803 txn_system_client.cc:432] TxnSystemClient initialization is disabled...
I20260630 12:36:31.097458   803 ts_tablet_manager.cc:585] Loaded tablet metadata (0 total tablets, 0 live tablets)
I20260630 12:36:31.097697   803 ts_tablet_manager.cc:531] Time spent load tablet metadata: real 0.000s	user 0.000s	sys 0.000s
I20260630 12:36:31.097941   803 ts_tablet_manager.cc:616] Registered 0 tablets
I20260630 12:36:31.098117   803 ts_tablet_manager.cc:595] Time spent register tablets: real 0.000s	user 0.000s	sys 0.000s
I20260630 12:36:31.140363   803 rpc_server.cc:307] RPC server started. Bound to: 127.0.200.195:46069
I20260630 12:36:31.140456  5524 acceptor_pool.cc:272] collecting diagnostics on the listening RPC socket 127.0.200.195:46069 every 8 connection(s)
I20260630 12:36:31.155225  5525 heartbeater.cc:344] Connected to a master server at 127.0.200.254:41491
I20260630 12:36:31.155623  5525 heartbeater.cc:461] Registering TS with master...
I20260630 12:36:31.156416  5525 heartbeater.cc:507] Master 127.0.200.254:41491 requested a full tablet report, sending...
I20260630 12:36:31.158595  5249 ts_manager.cc:194] Registered new tserver with Master: e00f93540d8b41b7b46f6fed9ad796f5 (127.0.200.195:46069)
I20260630 12:36:31.159103   803 internal_mini_cluster.cc:371] 3 TS(s) registered with all masters after 0.015319219s
I20260630 12:36:31.160054  5249 master_service.cc:502] Signed X509 certificate for tserver {username='slave'} at 127.0.0.1:51930
I20260630 12:36:31.941080  5376 heartbeater.cc:499] Master 127.0.200.254:41491 was elected leader, sending a full tablet report...
I20260630 12:36:32.059409  5451 heartbeater.cc:499] Master 127.0.200.254:41491 was elected leader, sending a full tablet report...
I20260630 12:36:32.162968  5525 heartbeater.cc:499] Master 127.0.200.254:41491 was elected leader, sending a full tablet report...
I20260630 12:36:32.218812  5249 catalog_manager.cc:2283] Servicing CreateTable request from {username='slave'} at 127.0.0.1:51942:
name: "test-workload"
schema {
  columns {
    name: "key"
    type: INT32
    is_key: true
    is_nullable: false
    encoding: AUTO_ENCODING
    compression: DEFAULT_COMPRESSION
    cfile_block_size: 0
    immutable: false
  }
  columns {
    name: "int_val"
    type: INT32
    is_key: false
    is_nullable: false
    encoding: AUTO_ENCODING
    compression: DEFAULT_COMPRESSION
    cfile_block_size: 0
    immutable: false
  }
  columns {
    name: "string_val"
    type: STRING
    is_key: false
    is_nullable: true
    encoding: AUTO_ENCODING
    compression: DEFAULT_COMPRESSION
    cfile_block_size: 0
    immutable: false
  }
}
num_replicas: 3
split_rows_range_bounds {
  rows: "\004\001\000\252\252\252\n\004\001\000TUU\025\004\001\000\376\377\377\037\004\001\000\250\252\252*\004\001\000RUU5\004\001\000\374\377\377?\004\001\000\246\252\252J\004\001\000PUUU\004\001\000\372\377\377_\004\001\000\244\252\252j\004\001\000NUUu""\004\001\000\252\252\252\n\004\001\000TUU\025\004\001\000\376\377\377\037\004\001\000\250\252\252*\004\001\000RUU5\004\001\000\374\377\377?\004\001\000\246\252\252J\004\001\000PUUU\004\001\000\372\377\377_\004\001\000\244\252\252j\004\001\000NUUu"
  indirect_data: """"
}
partition_schema {
  range_schema {
    columns {
      name: "key"
    }
  }
}
W20260630 12:36:32.222030  5249 catalog_manager.cc:7077] The number of live tablet servers is not enough to re-replicate a tablet replica of the newly created table test-workload in case of a server failure: 4 tablet servers would be needed, 3 are available. Consider bringing up more tablet servers.
I20260630 12:36:32.316344  5341 tablet_service.cc:1511] Processing CreateTablet for tablet 61480656e9474a1d8aea0e7a6888ecc7 (DEFAULT_TABLE table=test-workload [id=a50e4ffc36d64e8497c1129a114b6b7e]), partition=RANGE (key) PARTITION VALUES < 178956970
I20260630 12:36:32.317912  5341 data_dirs.cc:400] Could only allocate 1 dirs of requested 3 for tablet 61480656e9474a1d8aea0e7a6888ecc7. 1 dirs total, 0 dirs full, 0 dirs failed
I20260630 12:36:32.319007  5338 tablet_service.cc:1511] Processing CreateTablet for tablet a1de2851afdf42fda149f6f9dc26e1cc (DEFAULT_TABLE table=test-workload [id=a50e4ffc36d64e8497c1129a114b6b7e]), partition=RANGE (key) PARTITION 536870910 <= VALUES < 715827880
I20260630 12:36:32.321576  5336 tablet_service.cc:1511] Processing CreateTablet for tablet 571925053acd40f9b28680f500b0854a (DEFAULT_TABLE table=test-workload [id=a50e4ffc36d64e8497c1129a114b6b7e]), partition=RANGE (key) PARTITION 894784850 <= VALUES < 1073741820
I20260630 12:36:32.320464  5338 data_dirs.cc:400] Could only allocate 1 dirs of requested 3 for tablet a1de2851afdf42fda149f6f9dc26e1cc. 1 dirs total, 0 dirs full, 0 dirs failed
I20260630 12:36:32.323143  5336 data_dirs.cc:400] Could only allocate 1 dirs of requested 3 for tablet 571925053acd40f9b28680f500b0854a. 1 dirs total, 0 dirs full, 0 dirs failed
I20260630 12:36:32.321658  5337 tablet_service.cc:1511] Processing CreateTablet for tablet f9b32a2d082b421785edce08570089e8 (DEFAULT_TABLE table=test-workload [id=a50e4ffc36d64e8497c1129a114b6b7e]), partition=RANGE (key) PARTITION 715827880 <= VALUES < 894784850
I20260630 12:36:32.324915  5337 data_dirs.cc:400] Could only allocate 1 dirs of requested 3 for tablet f9b32a2d082b421785edce08570089e8. 1 dirs total, 0 dirs full, 0 dirs failed
I20260630 12:36:32.323577  5490 tablet_service.cc:1511] Processing CreateTablet for tablet 61480656e9474a1d8aea0e7a6888ecc7 (DEFAULT_TABLE table=test-workload [id=a50e4ffc36d64e8497c1129a114b6b7e]), partition=RANGE (key) PARTITION VALUES < 178956970
I20260630 12:36:32.325374  5489 tablet_service.cc:1511] Processing CreateTablet for tablet dba4b4313473448abe2336c72967d0e6 (DEFAULT_TABLE table=test-workload [id=a50e4ffc36d64e8497c1129a114b6b7e]), partition=RANGE (key) PARTITION 178956970 <= VALUES < 357913940
I20260630 12:36:32.317942  5340 tablet_service.cc:1511] Processing CreateTablet for tablet dba4b4313473448abe2336c72967d0e6 (DEFAULT_TABLE table=test-workload [id=a50e4ffc36d64e8497c1129a114b6b7e]), partition=RANGE (key) PARTITION 178956970 <= VALUES < 357913940
I20260630 12:36:32.326699  5490 data_dirs.cc:400] Could only allocate 1 dirs of requested 3 for tablet 61480656e9474a1d8aea0e7a6888ecc7. 1 dirs total, 0 dirs full, 0 dirs failed
I20260630 12:36:32.327250  5340 data_dirs.cc:400] Could only allocate 1 dirs of requested 3 for tablet dba4b4313473448abe2336c72967d0e6. 1 dirs total, 0 dirs full, 0 dirs failed
I20260630 12:36:32.327323  5488 tablet_service.cc:1511] Processing CreateTablet for tablet 801b4716c1d940589a21c50282833b30 (DEFAULT_TABLE table=test-workload [id=a50e4ffc36d64e8497c1129a114b6b7e]), partition=RANGE (key) PARTITION 357913940 <= VALUES < 536870910
I20260630 12:36:32.328225  5489 data_dirs.cc:400] Could only allocate 1 dirs of requested 3 for tablet dba4b4313473448abe2336c72967d0e6. 1 dirs total, 0 dirs full, 0 dirs failed
I20260630 12:36:32.328933  5488 data_dirs.cc:400] Could only allocate 1 dirs of requested 3 for tablet 801b4716c1d940589a21c50282833b30. 1 dirs total, 0 dirs full, 0 dirs failed
I20260630 12:36:32.321753  5339 tablet_service.cc:1511] Processing CreateTablet for tablet 801b4716c1d940589a21c50282833b30 (DEFAULT_TABLE table=test-workload [id=a50e4ffc36d64e8497c1129a114b6b7e]), partition=RANGE (key) PARTITION 357913940 <= VALUES < 536870910
I20260630 12:36:32.330204  5339 data_dirs.cc:400] Could only allocate 1 dirs of requested 3 for tablet 801b4716c1d940589a21c50282833b30. 1 dirs total, 0 dirs full, 0 dirs failed
I20260630 12:36:32.339422  5486 tablet_service.cc:1511] Processing CreateTablet for tablet f9b32a2d082b421785edce08570089e8 (DEFAULT_TABLE table=test-workload [id=a50e4ffc36d64e8497c1129a114b6b7e]), partition=RANGE (key) PARTITION 715827880 <= VALUES < 894784850
I20260630 12:36:32.335947  5487 tablet_service.cc:1511] Processing CreateTablet for tablet a1de2851afdf42fda149f6f9dc26e1cc (DEFAULT_TABLE table=test-workload [id=a50e4ffc36d64e8497c1129a114b6b7e]), partition=RANGE (key) PARTITION 536870910 <= VALUES < 715827880
I20260630 12:36:32.342192  5487 data_dirs.cc:400] Could only allocate 1 dirs of requested 3 for tablet a1de2851afdf42fda149f6f9dc26e1cc. 1 dirs total, 0 dirs full, 0 dirs failed
I20260630 12:36:32.344167  5486 data_dirs.cc:400] Could only allocate 1 dirs of requested 3 for tablet f9b32a2d082b421785edce08570089e8. 1 dirs total, 0 dirs full, 0 dirs failed
I20260630 12:36:32.353678  5416 tablet_service.cc:1511] Processing CreateTablet for tablet 61480656e9474a1d8aea0e7a6888ecc7 (DEFAULT_TABLE table=test-workload [id=a50e4ffc36d64e8497c1129a114b6b7e]), partition=RANGE (key) PARTITION VALUES < 178956970
I20260630 12:36:32.355093  5416 data_dirs.cc:400] Could only allocate 1 dirs of requested 3 for tablet 61480656e9474a1d8aea0e7a6888ecc7. 1 dirs total, 0 dirs full, 0 dirs failed
I20260630 12:36:32.356709  5485 tablet_service.cc:1511] Processing CreateTablet for tablet 571925053acd40f9b28680f500b0854a (DEFAULT_TABLE table=test-workload [id=a50e4ffc36d64e8497c1129a114b6b7e]), partition=RANGE (key) PARTITION 894784850 <= VALUES < 1073741820
I20260630 12:36:32.358150  5485 data_dirs.cc:400] Could only allocate 1 dirs of requested 3 for tablet 571925053acd40f9b28680f500b0854a. 1 dirs total, 0 dirs full, 0 dirs failed
I20260630 12:36:32.357856  5415 tablet_service.cc:1511] Processing CreateTablet for tablet dba4b4313473448abe2336c72967d0e6 (DEFAULT_TABLE table=test-workload [id=a50e4ffc36d64e8497c1129a114b6b7e]), partition=RANGE (key) PARTITION 178956970 <= VALUES < 357913940
I20260630 12:36:32.359190  5415 data_dirs.cc:400] Could only allocate 1 dirs of requested 3 for tablet dba4b4313473448abe2336c72967d0e6. 1 dirs total, 0 dirs full, 0 dirs failed
I20260630 12:36:32.361841  5414 tablet_service.cc:1511] Processing CreateTablet for tablet 801b4716c1d940589a21c50282833b30 (DEFAULT_TABLE table=test-workload [id=a50e4ffc36d64e8497c1129a114b6b7e]), partition=RANGE (key) PARTITION 357913940 <= VALUES < 536870910
I20260630 12:36:32.363215  5414 data_dirs.cc:400] Could only allocate 1 dirs of requested 3 for tablet 801b4716c1d940589a21c50282833b30. 1 dirs total, 0 dirs full, 0 dirs failed
I20260630 12:36:32.364152  5335 tablet_service.cc:1511] Processing CreateTablet for tablet f7b455f34aad420ca4e823a769f1d593 (DEFAULT_TABLE table=test-workload [id=a50e4ffc36d64e8497c1129a114b6b7e]), partition=RANGE (key) PARTITION 1073741820 <= VALUES < 1252698790
I20260630 12:36:32.365464  5335 data_dirs.cc:400] Could only allocate 1 dirs of requested 3 for tablet f7b455f34aad420ca4e823a769f1d593. 1 dirs total, 0 dirs full, 0 dirs failed
I20260630 12:36:32.365835  5412 tablet_service.cc:1511] Processing CreateTablet for tablet f9b32a2d082b421785edce08570089e8 (DEFAULT_TABLE table=test-workload [id=a50e4ffc36d64e8497c1129a114b6b7e]), partition=RANGE (key) PARTITION 715827880 <= VALUES < 894784850
I20260630 12:36:32.367103  5412 data_dirs.cc:400] Could only allocate 1 dirs of requested 3 for tablet f9b32a2d082b421785edce08570089e8. 1 dirs total, 0 dirs full, 0 dirs failed
I20260630 12:36:32.369772  5484 tablet_service.cc:1511] Processing CreateTablet for tablet f7b455f34aad420ca4e823a769f1d593 (DEFAULT_TABLE table=test-workload [id=a50e4ffc36d64e8497c1129a114b6b7e]), partition=RANGE (key) PARTITION 1073741820 <= VALUES < 1252698790
I20260630 12:36:32.371146  5484 data_dirs.cc:400] Could only allocate 1 dirs of requested 3 for tablet f7b455f34aad420ca4e823a769f1d593. 1 dirs total, 0 dirs full, 0 dirs failed
I20260630 12:36:32.369799  5413 tablet_service.cc:1511] Processing CreateTablet for tablet a1de2851afdf42fda149f6f9dc26e1cc (DEFAULT_TABLE table=test-workload [id=a50e4ffc36d64e8497c1129a114b6b7e]), partition=RANGE (key) PARTITION 536870910 <= VALUES < 715827880
I20260630 12:36:32.373790  5410 tablet_service.cc:1511] Processing CreateTablet for tablet f7b455f34aad420ca4e823a769f1d593 (DEFAULT_TABLE table=test-workload [id=a50e4ffc36d64e8497c1129a114b6b7e]), partition=RANGE (key) PARTITION 1073741820 <= VALUES < 1252698790
I20260630 12:36:32.374686  5413 data_dirs.cc:400] Could only allocate 1 dirs of requested 3 for tablet a1de2851afdf42fda149f6f9dc26e1cc. 1 dirs total, 0 dirs full, 0 dirs failed
I20260630 12:36:32.375716  5410 data_dirs.cc:400] Could only allocate 1 dirs of requested 3 for tablet f7b455f34aad420ca4e823a769f1d593. 1 dirs total, 0 dirs full, 0 dirs failed
I20260630 12:36:32.372190  5411 tablet_service.cc:1511] Processing CreateTablet for tablet 571925053acd40f9b28680f500b0854a (DEFAULT_TABLE table=test-workload [id=a50e4ffc36d64e8497c1129a114b6b7e]), partition=RANGE (key) PARTITION 894784850 <= VALUES < 1073741820
I20260630 12:36:32.376518  5409 tablet_service.cc:1511] Processing CreateTablet for tablet b3466692e48247c08b1aa590d65e6819 (DEFAULT_TABLE table=test-workload [id=a50e4ffc36d64e8497c1129a114b6b7e]), partition=RANGE (key) PARTITION 1252698790 <= VALUES < 1431655760
I20260630 12:36:32.377128  5411 data_dirs.cc:400] Could only allocate 1 dirs of requested 3 for tablet 571925053acd40f9b28680f500b0854a. 1 dirs total, 0 dirs full, 0 dirs failed
I20260630 12:36:32.377923  5409 data_dirs.cc:400] Could only allocate 1 dirs of requested 3 for tablet b3466692e48247c08b1aa590d65e6819. 1 dirs total, 0 dirs full, 0 dirs failed
I20260630 12:36:32.409814  5489 tablet_service.cc:1511] Processing CreateTablet for tablet b3466692e48247c08b1aa590d65e6819 (DEFAULT_TABLE table=test-workload [id=a50e4ffc36d64e8497c1129a114b6b7e]), partition=RANGE (key) PARTITION 1252698790 <= VALUES < 1431655760
I20260630 12:36:32.411998  5489 data_dirs.cc:400] Could only allocate 1 dirs of requested 3 for tablet b3466692e48247c08b1aa590d65e6819. 1 dirs total, 0 dirs full, 0 dirs failed
I20260630 12:36:32.414537  5334 tablet_service.cc:1511] Processing CreateTablet for tablet 1cbc267b66b946488b885923a783e5fc (DEFAULT_TABLE table=test-workload [id=a50e4ffc36d64e8497c1129a114b6b7e]), partition=RANGE (key) PARTITION 1431655760 <= VALUES < 1610612730
I20260630 12:36:32.415992  5334 data_dirs.cc:400] Could only allocate 1 dirs of requested 3 for tablet 1cbc267b66b946488b885923a783e5fc. 1 dirs total, 0 dirs full, 0 dirs failed
I20260630 12:36:32.428323  5416 tablet_service.cc:1511] Processing CreateTablet for tablet 1cbc267b66b946488b885923a783e5fc (DEFAULT_TABLE table=test-workload [id=a50e4ffc36d64e8497c1129a114b6b7e]), partition=RANGE (key) PARTITION 1431655760 <= VALUES < 1610612730
I20260630 12:36:32.430589  5416 data_dirs.cc:400] Could only allocate 1 dirs of requested 3 for tablet 1cbc267b66b946488b885923a783e5fc. 1 dirs total, 0 dirs full, 0 dirs failed
I20260630 12:36:32.437635  5339 tablet_service.cc:1511] Processing CreateTablet for tablet b3466692e48247c08b1aa590d65e6819 (DEFAULT_TABLE table=test-workload [id=a50e4ffc36d64e8497c1129a114b6b7e]), partition=RANGE (key) PARTITION 1252698790 <= VALUES < 1431655760
I20260630 12:36:32.439561  5339 data_dirs.cc:400] Could only allocate 1 dirs of requested 3 for tablet b3466692e48247c08b1aa590d65e6819. 1 dirs total, 0 dirs full, 0 dirs failed
I20260630 12:36:32.464097  5485 tablet_service.cc:1511] Processing CreateTablet for tablet 1cbc267b66b946488b885923a783e5fc (DEFAULT_TABLE table=test-workload [id=a50e4ffc36d64e8497c1129a114b6b7e]), partition=RANGE (key) PARTITION 1431655760 <= VALUES < 1610612730
I20260630 12:36:32.465675  5485 data_dirs.cc:400] Could only allocate 1 dirs of requested 3 for tablet 1cbc267b66b946488b885923a783e5fc. 1 dirs total, 0 dirs full, 0 dirs failed
I20260630 12:36:32.474104  5333 tablet_service.cc:1511] Processing CreateTablet for tablet dbc18cf540b141428c0b8d91ad39368b (DEFAULT_TABLE table=test-workload [id=a50e4ffc36d64e8497c1129a114b6b7e]), partition=RANGE (key) PARTITION 1610612730 <= VALUES < 1789569700
I20260630 12:36:32.475670  5333 data_dirs.cc:400] Could only allocate 1 dirs of requested 3 for tablet dbc18cf540b141428c0b8d91ad39368b. 1 dirs total, 0 dirs full, 0 dirs failed
I20260630 12:36:32.489099  5486 tablet_service.cc:1511] Processing CreateTablet for tablet dbc18cf540b141428c0b8d91ad39368b (DEFAULT_TABLE table=test-workload [id=a50e4ffc36d64e8497c1129a114b6b7e]), partition=RANGE (key) PARTITION 1610612730 <= VALUES < 1789569700
I20260630 12:36:32.500033  5547 tablet_bootstrap.cc:492] T dba4b4313473448abe2336c72967d0e6 P c21171e0a95d4d158ca4a3f4c28e1c86: Bootstrap starting.
I20260630 12:36:32.500104  5546 tablet_bootstrap.cc:492] T dba4b4313473448abe2336c72967d0e6 P 74adf59e5b184226bf0216b352c9e1dd: Bootstrap starting.
I20260630 12:36:32.505447  5545 tablet_bootstrap.cc:492] T 801b4716c1d940589a21c50282833b30 P e00f93540d8b41b7b46f6fed9ad796f5: Bootstrap starting.
I20260630 12:36:32.506870  5546 tablet_bootstrap.cc:654] T dba4b4313473448abe2336c72967d0e6 P 74adf59e5b184226bf0216b352c9e1dd: Neither blocks nor log segments found. Creating new log.
I20260630 12:36:32.510808  5335 tablet_service.cc:1511] Processing CreateTablet for tablet e1fe09bc6aab43cb95738de3519b443c (DEFAULT_TABLE table=test-workload [id=a50e4ffc36d64e8497c1129a114b6b7e]), partition=RANGE (key) PARTITION 1789569700 <= VALUES < 1968526670
I20260630 12:36:32.517088  5486 data_dirs.cc:400] Could only allocate 1 dirs of requested 3 for tablet dbc18cf540b141428c0b8d91ad39368b. 1 dirs total, 0 dirs full, 0 dirs failed
I20260630 12:36:32.521641  5335 data_dirs.cc:400] Could only allocate 1 dirs of requested 3 for tablet e1fe09bc6aab43cb95738de3519b443c. 1 dirs total, 0 dirs full, 0 dirs failed
I20260630 12:36:32.524114  5488 tablet_service.cc:1511] Processing CreateTablet for tablet e1fe09bc6aab43cb95738de3519b443c (DEFAULT_TABLE table=test-workload [id=a50e4ffc36d64e8497c1129a114b6b7e]), partition=RANGE (key) PARTITION 1789569700 <= VALUES < 1968526670
I20260630 12:36:32.531548  5545 tablet_bootstrap.cc:654] T 801b4716c1d940589a21c50282833b30 P e00f93540d8b41b7b46f6fed9ad796f5: Neither blocks nor log segments found. Creating new log.
I20260630 12:36:32.533458  5409 tablet_service.cc:1511] Processing CreateTablet for tablet dbc18cf540b141428c0b8d91ad39368b (DEFAULT_TABLE table=test-workload [id=a50e4ffc36d64e8497c1129a114b6b7e]), partition=RANGE (key) PARTITION 1610612730 <= VALUES < 1789569700
I20260630 12:36:32.533680  5413 tablet_service.cc:1511] Processing CreateTablet for tablet e1fe09bc6aab43cb95738de3519b443c (DEFAULT_TABLE table=test-workload [id=a50e4ffc36d64e8497c1129a114b6b7e]), partition=RANGE (key) PARTITION 1789569700 <= VALUES < 1968526670
I20260630 12:36:32.534859  5409 data_dirs.cc:400] Could only allocate 1 dirs of requested 3 for tablet dbc18cf540b141428c0b8d91ad39368b. 1 dirs total, 0 dirs full, 0 dirs failed
I20260630 12:36:32.525609  5547 tablet_bootstrap.cc:654] T dba4b4313473448abe2336c72967d0e6 P c21171e0a95d4d158ca4a3f4c28e1c86: Neither blocks nor log segments found. Creating new log.
I20260630 12:36:32.525797  5339 tablet_service.cc:1511] Processing CreateTablet for tablet 1b4bac8968c24d88b3a33b4ee4e42204 (DEFAULT_TABLE table=test-workload [id=a50e4ffc36d64e8497c1129a114b6b7e]), partition=RANGE (key) PARTITION 1968526670 <= VALUES
I20260630 12:36:32.537312  5413 data_dirs.cc:400] Could only allocate 1 dirs of requested 3 for tablet e1fe09bc6aab43cb95738de3519b443c. 1 dirs total, 0 dirs full, 0 dirs failed
I20260630 12:36:32.540565  5339 data_dirs.cc:400] Could only allocate 1 dirs of requested 3 for tablet 1b4bac8968c24d88b3a33b4ee4e42204. 1 dirs total, 0 dirs full, 0 dirs failed
I20260630 12:36:32.541819  5488 data_dirs.cc:400] Could only allocate 1 dirs of requested 3 for tablet e1fe09bc6aab43cb95738de3519b443c. 1 dirs total, 0 dirs full, 0 dirs failed
