I20260630 12:36:03.690430  4552 raft_consensus.cc:2955] T ee88634087284ba68eb1bab4bf14ad47 P 9f9ac392b4c642da8fd6380cb2a5fe32 [term 1 LEADER]: Committing config change with OpId 1.2: config changed from index -1 to 2, NON_VOTER 5498aaebd0eb45c088b5a2a280feecee (127.1.5.195) added. New config: { opid_index: 2 OBSOLETE_local: false peers { permanent_uuid: "6c36a35c03e348e2bf0daa9e65dce215" member_type: VOTER last_known_addr { host: "127.1.5.196" port: 42399 } attrs { replace: true } } peers { permanent_uuid: "5dadee2129b14d0482261cca16b9e07b" member_type: VOTER last_known_addr { host: "127.1.5.193" port: 41255 } } peers { permanent_uuid: "9f9ac392b4c642da8fd6380cb2a5fe32" member_type: VOTER last_known_addr { host: "127.1.5.194" port: 41681 } } peers { permanent_uuid: "5498aaebd0eb45c088b5a2a280feecee" member_type: NON_VOTER last_known_addr { host: "127.1.5.195" port: 46693 } attrs { promote: true } } }
I20260630 12:36:03.693068  4055 raft_consensus.cc:2955] T ee88634087284ba68eb1bab4bf14ad47 P 5dadee2129b14d0482261cca16b9e07b [term 1 FOLLOWER]: Committing config change with OpId 1.2: config changed from index -1 to 2, NON_VOTER 5498aaebd0eb45c088b5a2a280feecee (127.1.5.195) added. New config: { opid_index: 2 OBSOLETE_local: false peers { permanent_uuid: "6c36a35c03e348e2bf0daa9e65dce215" member_type: VOTER last_known_addr { host: "127.1.5.196" port: 42399 } attrs { replace: true } } peers { permanent_uuid: "5dadee2129b14d0482261cca16b9e07b" member_type: VOTER last_known_addr { host: "127.1.5.193" port: 41255 } } peers { permanent_uuid: "9f9ac392b4c642da8fd6380cb2a5fe32" member_type: VOTER last_known_addr { host: "127.1.5.194" port: 41681 } } peers { permanent_uuid: "5498aaebd0eb45c088b5a2a280feecee" member_type: NON_VOTER last_known_addr { host: "127.1.5.195" port: 46693 } attrs { promote: true } } }
I20260630 12:36:03.694344  4371 raft_consensus.cc:2955] T ee88634087284ba68eb1bab4bf14ad47 P 6c36a35c03e348e2bf0daa9e65dce215 [term 1 FOLLOWER]: Committing config change with OpId 1.2: config changed from index -1 to 2, NON_VOTER 5498aaebd0eb45c088b5a2a280feecee (127.1.5.195) added. New config: { opid_index: 2 OBSOLETE_local: false peers { permanent_uuid: "6c36a35c03e348e2bf0daa9e65dce215" member_type: VOTER last_known_addr { host: "127.1.5.196" port: 42399 } attrs { replace: true } } peers { permanent_uuid: "5dadee2129b14d0482261cca16b9e07b" member_type: VOTER last_known_addr { host: "127.1.5.193" port: 41255 } } peers { permanent_uuid: "9f9ac392b4c642da8fd6380cb2a5fe32" member_type: VOTER last_known_addr { host: "127.1.5.194" port: 41681 } } peers { permanent_uuid: "5498aaebd0eb45c088b5a2a280feecee" member_type: NON_VOTER last_known_addr { host: "127.1.5.195" port: 46693 } attrs { promote: true } } }
I20260630 12:36:03.703620  4132 consensus_queue.cc:237] T 826ab32ca9f842f78c10cee511e069fc P 9f9ac392b4c642da8fd6380cb2a5fe32 [LEADER]: Queue going to LEADER mode. State: All replicated index: 0, Majority replicated index: 1, Committed index: 1, Last appended: 1.1, Last appended by leader: 0, Current term: 1, Majority size: 2, State: 0, Mode: LEADER, active raft config: opid_index: 2 OBSOLETE_local: false peers { permanent_uuid: "9f9ac392b4c642da8fd6380cb2a5fe32" member_type: VOTER last_known_addr { host: "127.1.5.194" port: 41681 } } peers { permanent_uuid: "5dadee2129b14d0482261cca16b9e07b" member_type: VOTER last_known_addr { host: "127.1.5.193" port: 41255 } } peers { permanent_uuid: "5498aaebd0eb45c088b5a2a280feecee" member_type: VOTER last_known_addr { host: "127.1.5.195" port: 46693 } attrs { replace: true } } peers { permanent_uuid: "6c36a35c03e348e2bf0daa9e65dce215" member_type: NON_VOTER last_known_addr { host: "127.1.5.196" port: 42399 } attrs { promote: true } }
I20260630 12:36:03.704010  3950 catalog_manager.cc:5697] T ee88634087284ba68eb1bab4bf14ad47 P 9f9ac392b4c642da8fd6380cb2a5fe32 reported cstate change: config changed from index -1 to 2, NON_VOTER 5498aaebd0eb45c088b5a2a280feecee (127.1.5.195) added. New cstate: current_term: 1 leader_uuid: "9f9ac392b4c642da8fd6380cb2a5fe32" committed_config { opid_index: 2 OBSOLETE_local: false peers { permanent_uuid: "6c36a35c03e348e2bf0daa9e65dce215" member_type: VOTER last_known_addr { host: "127.1.5.196" port: 42399 } attrs { replace: true } health_report { overall_health: HEALTHY } } peers { permanent_uuid: "5dadee2129b14d0482261cca16b9e07b" member_type: VOTER last_known_addr { host: "127.1.5.193" port: 41255 } health_report { overall_health: HEALTHY } } peers { permanent_uuid: "9f9ac392b4c642da8fd6380cb2a5fe32" member_type: VOTER last_known_addr { host: "127.1.5.194" port: 41681 } health_report { overall_health: HEALTHY } } peers { permanent_uuid: "5498aaebd0eb45c088b5a2a280feecee" member_type: NON_VOTER last_known_addr { host: "127.1.5.195" port: 46693 } attrs { promote: true } health_report { overall_health: UNKNOWN } } }
I20260630 12:36:03.711866  4055 raft_consensus.cc:1275] T 826ab32ca9f842f78c10cee511e069fc P 5dadee2129b14d0482261cca16b9e07b [term 1 FOLLOWER]: Refusing update from remote peer 9f9ac392b4c642da8fd6380cb2a5fe32: Log matching property violated. Preceding OpId in replica: term: 1 index: 1. Preceding OpId from leader: term: 1 index: 2. (index mismatch)
W20260630 12:36:03.712225  4095 consensus_peers.cc:597] T 826ab32ca9f842f78c10cee511e069fc P 9f9ac392b4c642da8fd6380cb2a5fe32 -> Peer 6c36a35c03e348e2bf0daa9e65dce215 (127.1.5.196:42399): Couldn't send request to peer 6c36a35c03e348e2bf0daa9e65dce215. Error code: TABLET_NOT_FOUND (6). Status: Not found: Tablet not found: 826ab32ca9f842f78c10cee511e069fc. This is attempt 1: this message will repeat every 5th retry.
I20260630 12:36:03.712548  4205 raft_consensus.cc:1275] T 826ab32ca9f842f78c10cee511e069fc P 5498aaebd0eb45c088b5a2a280feecee [term 1 FOLLOWER]: Refusing update from remote peer 9f9ac392b4c642da8fd6380cb2a5fe32: Log matching property violated. Preceding OpId in replica: term: 1 index: 1. Preceding OpId from leader: term: 1 index: 2. (index mismatch)
I20260630 12:36:03.713510  4552 consensus_queue.cc:1048] T 826ab32ca9f842f78c10cee511e069fc P 9f9ac392b4c642da8fd6380cb2a5fe32 [LEADER]: Connected to new peer: Peer: permanent_uuid: "5dadee2129b14d0482261cca16b9e07b" member_type: VOTER last_known_addr { host: "127.1.5.193" port: 41255 }, Status: LMP_MISMATCH, Last received: 0.0, Next index: 2, Last known committed idx: 1, Time since last communication: 0.000s
I20260630 12:36:03.715349  4568 consensus_queue.cc:1048] T 826ab32ca9f842f78c10cee511e069fc P 9f9ac392b4c642da8fd6380cb2a5fe32 [LEADER]: Connected to new peer: Peer: permanent_uuid: "5498aaebd0eb45c088b5a2a280feecee" member_type: VOTER last_known_addr { host: "127.1.5.195" port: 46693 } attrs { replace: true }, Status: LMP_MISMATCH, Last received: 0.0, Next index: 2, Last known committed idx: 1, Time since last communication: 0.000s
I20260630 12:36:03.722783  4568 raft_consensus.cc:2955] T 826ab32ca9f842f78c10cee511e069fc P 9f9ac392b4c642da8fd6380cb2a5fe32 [term 1 LEADER]: Committing config change with OpId 1.2: config changed from index -1 to 2, NON_VOTER 6c36a35c03e348e2bf0daa9e65dce215 (127.1.5.196) added. New config: { opid_index: 2 OBSOLETE_local: false peers { permanent_uuid: "9f9ac392b4c642da8fd6380cb2a5fe32" member_type: VOTER last_known_addr { host: "127.1.5.194" port: 41681 } } peers { permanent_uuid: "5dadee2129b14d0482261cca16b9e07b" member_type: VOTER last_known_addr { host: "127.1.5.193" port: 41255 } } peers { permanent_uuid: "5498aaebd0eb45c088b5a2a280feecee" member_type: VOTER last_known_addr { host: "127.1.5.195" port: 46693 } attrs { replace: true } } peers { permanent_uuid: "6c36a35c03e348e2bf0daa9e65dce215" member_type: NON_VOTER last_known_addr { host: "127.1.5.196" port: 42399 } attrs { promote: true } } }
I20260630 12:36:03.724457  4205 raft_consensus.cc:2955] T 826ab32ca9f842f78c10cee511e069fc P 5498aaebd0eb45c088b5a2a280feecee [term 1 FOLLOWER]: Committing config change with OpId 1.2: config changed from index -1 to 2, NON_VOTER 6c36a35c03e348e2bf0daa9e65dce215 (127.1.5.196) added. New config: { opid_index: 2 OBSOLETE_local: false peers { permanent_uuid: "9f9ac392b4c642da8fd6380cb2a5fe32" member_type: VOTER last_known_addr { host: "127.1.5.194" port: 41681 } } peers { permanent_uuid: "5dadee2129b14d0482261cca16b9e07b" member_type: VOTER last_known_addr { host: "127.1.5.193" port: 41255 } } peers { permanent_uuid: "5498aaebd0eb45c088b5a2a280feecee" member_type: VOTER last_known_addr { host: "127.1.5.195" port: 46693 } attrs { replace: true } } peers { permanent_uuid: "6c36a35c03e348e2bf0daa9e65dce215" member_type: NON_VOTER last_known_addr { host: "127.1.5.196" port: 42399 } attrs { promote: true } } }
I20260630 12:36:03.728024  4055 raft_consensus.cc:2955] T 826ab32ca9f842f78c10cee511e069fc P 5dadee2129b14d0482261cca16b9e07b [term 1 FOLLOWER]: Committing config change with OpId 1.2: config changed from index -1 to 2, NON_VOTER 6c36a35c03e348e2bf0daa9e65dce215 (127.1.5.196) added. New config: { opid_index: 2 OBSOLETE_local: false peers { permanent_uuid: "9f9ac392b4c642da8fd6380cb2a5fe32" member_type: VOTER last_known_addr { host: "127.1.5.194" port: 41681 } } peers { permanent_uuid: "5dadee2129b14d0482261cca16b9e07b" member_type: VOTER last_known_addr { host: "127.1.5.193" port: 41255 } } peers { permanent_uuid: "5498aaebd0eb45c088b5a2a280feecee" member_type: VOTER last_known_addr { host: "127.1.5.195" port: 46693 } attrs { replace: true } } peers { permanent_uuid: "6c36a35c03e348e2bf0daa9e65dce215" member_type: NON_VOTER last_known_addr { host: "127.1.5.196" port: 42399 } attrs { promote: true } } }
I20260630 12:36:03.736281  3953 catalog_manager.cc:5697] T 826ab32ca9f842f78c10cee511e069fc P 5498aaebd0eb45c088b5a2a280feecee reported cstate change: config changed from index -1 to 2, NON_VOTER 6c36a35c03e348e2bf0daa9e65dce215 (127.1.5.196) added. New cstate: current_term: 1 leader_uuid: "9f9ac392b4c642da8fd6380cb2a5fe32" committed_config { opid_index: 2 OBSOLETE_local: false peers { permanent_uuid: "9f9ac392b4c642da8fd6380cb2a5fe32" member_type: VOTER last_known_addr { host: "127.1.5.194" port: 41681 } } peers { permanent_uuid: "5dadee2129b14d0482261cca16b9e07b" member_type: VOTER last_known_addr { host: "127.1.5.193" port: 41255 } } peers { permanent_uuid: "5498aaebd0eb45c088b5a2a280feecee" member_type: VOTER last_known_addr { host: "127.1.5.195" port: 46693 } attrs { replace: true } } peers { permanent_uuid: "6c36a35c03e348e2bf0daa9e65dce215" member_type: NON_VOTER last_known_addr { host: "127.1.5.196" port: 42399 } attrs { promote: true } } }
I20260630 12:36:03.737982  4205 consensus_queue.cc:237] T d1dc26827c644737875fdca4f327ae92 P 5498aaebd0eb45c088b5a2a280feecee [LEADER]: Queue going to LEADER mode. State: All replicated index: 0, Majority replicated index: 1, Committed index: 1, Last appended: 1.1, Last appended by leader: 0, Current term: 1, Majority size: 2, State: 0, Mode: LEADER, active raft config: opid_index: 2 OBSOLETE_local: false peers { permanent_uuid: "5dadee2129b14d0482261cca16b9e07b" member_type: VOTER last_known_addr { host: "127.1.5.193" port: 41255 } } peers { permanent_uuid: "6c36a35c03e348e2bf0daa9e65dce215" member_type: VOTER last_known_addr { host: "127.1.5.196" port: 42399 } attrs { replace: true } } peers { permanent_uuid: "5498aaebd0eb45c088b5a2a280feecee" member_type: VOTER last_known_addr { host: "127.1.5.195" port: 46693 } } peers { permanent_uuid: "9f9ac392b4c642da8fd6380cb2a5fe32" member_type: NON_VOTER last_known_addr { host: "127.1.5.194" port: 41681 } attrs { promote: true } }
I20260630 12:36:03.747457  4373 raft_consensus.cc:1275] T d1dc26827c644737875fdca4f327ae92 P 6c36a35c03e348e2bf0daa9e65dce215 [term 1 FOLLOWER]: Refusing update from remote peer 5498aaebd0eb45c088b5a2a280feecee: Log matching property violated. Preceding OpId in replica: term: 1 index: 1. Preceding OpId from leader: term: 1 index: 2. (index mismatch)
I20260630 12:36:03.747859  4055 raft_consensus.cc:1275] T d1dc26827c644737875fdca4f327ae92 P 5dadee2129b14d0482261cca16b9e07b [term 1 FOLLOWER]: Refusing update from remote peer 5498aaebd0eb45c088b5a2a280feecee: Log matching property violated. Preceding OpId in replica: term: 1 index: 1. Preceding OpId from leader: term: 1 index: 2. (index mismatch)
I20260630 12:36:03.749001  4542 consensus_queue.cc:1048] T d1dc26827c644737875fdca4f327ae92 P 5498aaebd0eb45c088b5a2a280feecee [LEADER]: Connected to new peer: Peer: permanent_uuid: "6c36a35c03e348e2bf0daa9e65dce215" member_type: VOTER last_known_addr { host: "127.1.5.196" port: 42399 } attrs { replace: true }, Status: LMP_MISMATCH, Last received: 0.0, Next index: 2, Last known committed idx: 1, Time since last communication: 0.000s
I20260630 12:36:03.749900  4570 consensus_queue.cc:1048] T d1dc26827c644737875fdca4f327ae92 P 5498aaebd0eb45c088b5a2a280feecee [LEADER]: Connected to new peer: Peer: permanent_uuid: "5dadee2129b14d0482261cca16b9e07b" member_type: VOTER last_known_addr { host: "127.1.5.193" port: 41255 }, Status: LMP_MISMATCH, Last received: 0.0, Next index: 2, Last known committed idx: 1, Time since last communication: 0.000s
W20260630 12:36:03.752835  4171 consensus_peers.cc:597] T d1dc26827c644737875fdca4f327ae92 P 5498aaebd0eb45c088b5a2a280feecee -> Peer 9f9ac392b4c642da8fd6380cb2a5fe32 (127.1.5.194:41681): Couldn't send request to peer 9f9ac392b4c642da8fd6380cb2a5fe32. Error code: TABLET_NOT_FOUND (6). Status: Not found: Tablet not found: d1dc26827c644737875fdca4f327ae92. This is attempt 1: this message will repeat every 5th retry.
I20260630 12:36:03.757314  4542 raft_consensus.cc:2955] T d1dc26827c644737875fdca4f327ae92 P 5498aaebd0eb45c088b5a2a280feecee [term 1 LEADER]: Committing config change with OpId 1.2: config changed from index -1 to 2, NON_VOTER 9f9ac392b4c642da8fd6380cb2a5fe32 (127.1.5.194) added. New config: { opid_index: 2 OBSOLETE_local: false peers { permanent_uuid: "5dadee2129b14d0482261cca16b9e07b" member_type: VOTER last_known_addr { host: "127.1.5.193" port: 41255 } } peers { permanent_uuid: "6c36a35c03e348e2bf0daa9e65dce215" member_type: VOTER last_known_addr { host: "127.1.5.196" port: 42399 } attrs { replace: true } } peers { permanent_uuid: "5498aaebd0eb45c088b5a2a280feecee" member_type: VOTER last_known_addr { host: "127.1.5.195" port: 46693 } } peers { permanent_uuid: "9f9ac392b4c642da8fd6380cb2a5fe32" member_type: NON_VOTER last_known_addr { host: "127.1.5.194" port: 41681 } attrs { promote: true } } }
I20260630 12:36:03.758977  4055 raft_consensus.cc:2955] T d1dc26827c644737875fdca4f327ae92 P 5dadee2129b14d0482261cca16b9e07b [term 1 FOLLOWER]: Committing config change with OpId 1.2: config changed from index -1 to 2, NON_VOTER 9f9ac392b4c642da8fd6380cb2a5fe32 (127.1.5.194) added. New config: { opid_index: 2 OBSOLETE_local: false peers { permanent_uuid: "5dadee2129b14d0482261cca16b9e07b" member_type: VOTER last_known_addr { host: "127.1.5.193" port: 41255 } } peers { permanent_uuid: "6c36a35c03e348e2bf0daa9e65dce215" member_type: VOTER last_known_addr { host: "127.1.5.196" port: 42399 } attrs { replace: true } } peers { permanent_uuid: "5498aaebd0eb45c088b5a2a280feecee" member_type: VOTER last_known_addr { host: "127.1.5.195" port: 46693 } } peers { permanent_uuid: "9f9ac392b4c642da8fd6380cb2a5fe32" member_type: NON_VOTER last_known_addr { host: "127.1.5.194" port: 41681 } attrs { promote: true } } }
I20260630 12:36:03.760324  4373 raft_consensus.cc:2955] T d1dc26827c644737875fdca4f327ae92 P 6c36a35c03e348e2bf0daa9e65dce215 [term 1 FOLLOWER]: Committing config change with OpId 1.2: config changed from index -1 to 2, NON_VOTER 9f9ac392b4c642da8fd6380cb2a5fe32 (127.1.5.194) added. New config: { opid_index: 2 OBSOLETE_local: false peers { permanent_uuid: "5dadee2129b14d0482261cca16b9e07b" member_type: VOTER last_known_addr { host: "127.1.5.193" port: 41255 } } peers { permanent_uuid: "6c36a35c03e348e2bf0daa9e65dce215" member_type: VOTER last_known_addr { host: "127.1.5.196" port: 42399 } attrs { replace: true } } peers { permanent_uuid: "5498aaebd0eb45c088b5a2a280feecee" member_type: VOTER last_known_addr { host: "127.1.5.195" port: 46693 } } peers { permanent_uuid: "9f9ac392b4c642da8fd6380cb2a5fe32" member_type: NON_VOTER last_known_addr { host: "127.1.5.194" port: 41681 } attrs { promote: true } } }
I20260630 12:36:03.770481  3950 catalog_manager.cc:5697] T d1dc26827c644737875fdca4f327ae92 P 5dadee2129b14d0482261cca16b9e07b reported cstate change: config changed from index -1 to 2, NON_VOTER 9f9ac392b4c642da8fd6380cb2a5fe32 (127.1.5.194) added. New cstate: current_term: 1 leader_uuid: "5498aaebd0eb45c088b5a2a280feecee" committed_config { opid_index: 2 OBSOLETE_local: false peers { permanent_uuid: "5dadee2129b14d0482261cca16b9e07b" member_type: VOTER last_known_addr { host: "127.1.5.193" port: 41255 } } peers { permanent_uuid: "6c36a35c03e348e2bf0daa9e65dce215" member_type: VOTER last_known_addr { host: "127.1.5.196" port: 42399 } attrs { replace: true } } peers { permanent_uuid: "5498aaebd0eb45c088b5a2a280feecee" member_type: VOTER last_known_addr { host: "127.1.5.195" port: 46693 } } peers { permanent_uuid: "9f9ac392b4c642da8fd6380cb2a5fe32" member_type: NON_VOTER last_known_addr { host: "127.1.5.194" port: 41681 } attrs { promote: true } } }
I20260630 12:36:04.085391  4592 ts_tablet_manager.cc:933] T e68904b05b6944e8a1e87cb3666687a5 P 6c36a35c03e348e2bf0daa9e65dce215: Initiating tablet copy from peer 5498aaebd0eb45c088b5a2a280feecee (127.1.5.195:46693)
I20260630 12:36:04.087004  4592 tablet_copy_client.cc:323] T e68904b05b6944e8a1e87cb3666687a5 P 6c36a35c03e348e2bf0daa9e65dce215: tablet copy: Beginning tablet copy session from remote peer at address 127.1.5.195:46693
I20260630 12:36:04.088445  4216 tablet_copy_service.cc:140] P 5498aaebd0eb45c088b5a2a280feecee: Received BeginTabletCopySession request for tablet e68904b05b6944e8a1e87cb3666687a5 from peer 6c36a35c03e348e2bf0daa9e65dce215 ({username='slave'} at 127.0.0.1:40636)
I20260630 12:36:04.088900  4216 tablet_copy_service.cc:161] P 5498aaebd0eb45c088b5a2a280feecee: Beginning new tablet copy session on tablet e68904b05b6944e8a1e87cb3666687a5 from peer 6c36a35c03e348e2bf0daa9e65dce215 at {username='slave'} at 127.0.0.1:40636: session id = 6c36a35c03e348e2bf0daa9e65dce215-e68904b05b6944e8a1e87cb3666687a5
I20260630 12:36:04.093457  4216 tablet_copy_source_session.cc:215] T e68904b05b6944e8a1e87cb3666687a5 P 5498aaebd0eb45c088b5a2a280feecee: Tablet Copy: opened 0 blocks and 1 log segments
I20260630 12:36:04.095999  4592 data_dirs.cc:400] Could only allocate 1 dirs of requested 3 for tablet e68904b05b6944e8a1e87cb3666687a5. 1 dirs total, 0 dirs full, 0 dirs failed
I20260630 12:36:04.105809  4592 tablet_copy_client.cc:806] T e68904b05b6944e8a1e87cb3666687a5 P 6c36a35c03e348e2bf0daa9e65dce215: tablet copy: Starting download of 0 data blocks...
I20260630 12:36:04.106338  4592 tablet_copy_client.cc:670] T e68904b05b6944e8a1e87cb3666687a5 P 6c36a35c03e348e2bf0daa9e65dce215: tablet copy: Starting download of 1 WAL segments...
I20260630 12:36:04.109563  4592 tablet_copy_client.cc:538] T e68904b05b6944e8a1e87cb3666687a5 P 6c36a35c03e348e2bf0daa9e65dce215: tablet copy: Tablet Copy complete. Replacing tablet superblock.
I20260630 12:36:04.115770  4592 tablet_bootstrap.cc:492] T e68904b05b6944e8a1e87cb3666687a5 P 6c36a35c03e348e2bf0daa9e65dce215: Bootstrap starting.
I20260630 12:36:04.131613  4592 tablet_bootstrap.cc:492] T e68904b05b6944e8a1e87cb3666687a5 P 6c36a35c03e348e2bf0daa9e65dce215: Bootstrap replayed 1/1 log segments. Stats: ops{read=3 overwritten=0 applied=3 ignored=0} inserts{seen=0 ignored=0} mutations{seen=0 ignored=0} orphaned_commits=0. Pending: 0 replicates
I20260630 12:36:04.132357  4592 tablet_bootstrap.cc:492] T e68904b05b6944e8a1e87cb3666687a5 P 6c36a35c03e348e2bf0daa9e65dce215: Bootstrap complete.
I20260630 12:36:04.132854  4592 ts_tablet_manager.cc:1403] T e68904b05b6944e8a1e87cb3666687a5 P 6c36a35c03e348e2bf0daa9e65dce215: Time spent bootstrapping tablet: real 0.017s	user 0.007s	sys 0.012s
I20260630 12:36:04.134814  4592 raft_consensus.cc:359] T e68904b05b6944e8a1e87cb3666687a5 P 6c36a35c03e348e2bf0daa9e65dce215 [term 2 LEARNER]: Replica starting. Triggering 0 pending ops. Active config: opid_index: 3 OBSOLETE_local: false peers { permanent_uuid: "5dadee2129b14d0482261cca16b9e07b" member_type: VOTER last_known_addr { host: "127.1.5.193" port: 41255 } attrs { replace: true } } peers { permanent_uuid: "9f9ac392b4c642da8fd6380cb2a5fe32" member_type: VOTER last_known_addr { host: "127.1.5.194" port: 41681 } } peers { permanent_uuid: "5498aaebd0eb45c088b5a2a280feecee" member_type: VOTER last_known_addr { host: "127.1.5.195" port: 46693 } } peers { permanent_uuid: "6c36a35c03e348e2bf0daa9e65dce215" member_type: NON_VOTER last_known_addr { host: "127.1.5.196" port: 42399 } attrs { promote: true } }
I20260630 12:36:04.135407  4592 raft_consensus.cc:740] T e68904b05b6944e8a1e87cb3666687a5 P 6c36a35c03e348e2bf0daa9e65dce215 [term 2 LEARNER]: Becoming Follower/Learner. State: Replica: 6c36a35c03e348e2bf0daa9e65dce215, State: Initialized, Role: LEARNER
I20260630 12:36:04.135926  4592 consensus_queue.cc:260] T e68904b05b6944e8a1e87cb3666687a5 P 6c36a35c03e348e2bf0daa9e65dce215 [NON_LEADER]: Queue going to NON_LEADER mode. State: All replicated index: 0, Majority replicated index: 0, Committed index: 3, Last appended: 2.3, Last appended by leader: 3, Current term: 0, Majority size: -1, State: 0, Mode: NON_LEADER, active raft config: opid_index: 3 OBSOLETE_local: false peers { permanent_uuid: "5dadee2129b14d0482261cca16b9e07b" member_type: VOTER last_known_addr { host: "127.1.5.193" port: 41255 } attrs { replace: true } } peers { permanent_uuid: "9f9ac392b4c642da8fd6380cb2a5fe32" member_type: VOTER last_known_addr { host: "127.1.5.194" port: 41681 } } peers { permanent_uuid: "5498aaebd0eb45c088b5a2a280feecee" member_type: VOTER last_known_addr { host: "127.1.5.195" port: 46693 } } peers { permanent_uuid: "6c36a35c03e348e2bf0daa9e65dce215" member_type: NON_VOTER last_known_addr { host: "127.1.5.196" port: 42399 } attrs { promote: true } }
I20260630 12:36:04.137642  4592 ts_tablet_manager.cc:1434] T e68904b05b6944e8a1e87cb3666687a5 P 6c36a35c03e348e2bf0daa9e65dce215: Time spent starting tablet: real 0.005s	user 0.004s	sys 0.000s
I20260630 12:36:04.139379  4216 tablet_copy_service.cc:342] P 5498aaebd0eb45c088b5a2a280feecee: Request end of tablet copy session 6c36a35c03e348e2bf0daa9e65dce215-e68904b05b6944e8a1e87cb3666687a5 received from {username='slave'} at 127.0.0.1:40636
I20260630 12:36:04.139744  4216 tablet_copy_service.cc:434] P 5498aaebd0eb45c088b5a2a280feecee: ending tablet copy session 6c36a35c03e348e2bf0daa9e65dce215-e68904b05b6944e8a1e87cb3666687a5 on tablet e68904b05b6944e8a1e87cb3666687a5 with peer 6c36a35c03e348e2bf0daa9e65dce215
I20260630 12:36:04.262262  4595 ts_tablet_manager.cc:933] T ee88634087284ba68eb1bab4bf14ad47 P 5498aaebd0eb45c088b5a2a280feecee: Initiating tablet copy from peer 9f9ac392b4c642da8fd6380cb2a5fe32 (127.1.5.194:41681)
I20260630 12:36:04.262792  4592 ts_tablet_manager.cc:933] T 826ab32ca9f842f78c10cee511e069fc P 6c36a35c03e348e2bf0daa9e65dce215: Initiating tablet copy from peer 9f9ac392b4c642da8fd6380cb2a5fe32 (127.1.5.194:41681)
I20260630 12:36:04.263866  4595 tablet_copy_client.cc:323] T ee88634087284ba68eb1bab4bf14ad47 P 5498aaebd0eb45c088b5a2a280feecee: tablet copy: Beginning tablet copy session from remote peer at address 127.1.5.194:41681
I20260630 12:36:04.265275  4592 tablet_copy_client.cc:323] T 826ab32ca9f842f78c10cee511e069fc P 6c36a35c03e348e2bf0daa9e65dce215: tablet copy: Beginning tablet copy session from remote peer at address 127.1.5.194:41681
I20260630 12:36:04.265717  4142 tablet_copy_service.cc:140] P 9f9ac392b4c642da8fd6380cb2a5fe32: Received BeginTabletCopySession request for tablet ee88634087284ba68eb1bab4bf14ad47 from peer 5498aaebd0eb45c088b5a2a280feecee ({username='slave'} at 127.0.0.1:44812)
I20260630 12:36:04.266240  4142 tablet_copy_service.cc:161] P 9f9ac392b4c642da8fd6380cb2a5fe32: Beginning new tablet copy session on tablet ee88634087284ba68eb1bab4bf14ad47 from peer 5498aaebd0eb45c088b5a2a280feecee at {username='slave'} at 127.0.0.1:44812: session id = 5498aaebd0eb45c088b5a2a280feecee-ee88634087284ba68eb1bab4bf14ad47
I20260630 12:36:04.267055  4141 tablet_copy_service.cc:140] P 9f9ac392b4c642da8fd6380cb2a5fe32: Received BeginTabletCopySession request for tablet 826ab32ca9f842f78c10cee511e069fc from peer 6c36a35c03e348e2bf0daa9e65dce215 ({username='slave'} at 127.0.0.1:44828)
I20260630 12:36:04.267560  4141 tablet_copy_service.cc:161] P 9f9ac392b4c642da8fd6380cb2a5fe32: Beginning new tablet copy session on tablet 826ab32ca9f842f78c10cee511e069fc from peer 6c36a35c03e348e2bf0daa9e65dce215 at {username='slave'} at 127.0.0.1:44828: session id = 6c36a35c03e348e2bf0daa9e65dce215-826ab32ca9f842f78c10cee511e069fc
I20260630 12:36:04.274633  4142 tablet_copy_source_session.cc:215] T ee88634087284ba68eb1bab4bf14ad47 P 9f9ac392b4c642da8fd6380cb2a5fe32: Tablet Copy: opened 0 blocks and 1 log segments
I20260630 12:36:04.276528  4141 tablet_copy_source_session.cc:215] T 826ab32ca9f842f78c10cee511e069fc P 9f9ac392b4c642da8fd6380cb2a5fe32: Tablet Copy: opened 0 blocks and 1 log segments
I20260630 12:36:04.277149  4598 ts_tablet_manager.cc:933] T d1dc26827c644737875fdca4f327ae92 P 9f9ac392b4c642da8fd6380cb2a5fe32: Initiating tablet copy from peer 5498aaebd0eb45c088b5a2a280feecee (127.1.5.195:46693)
I20260630 12:36:04.277647  4595 data_dirs.cc:400] Could only allocate 1 dirs of requested 3 for tablet ee88634087284ba68eb1bab4bf14ad47. 1 dirs total, 0 dirs full, 0 dirs failed
I20260630 12:36:04.280022  4592 data_dirs.cc:400] Could only allocate 1 dirs of requested 3 for tablet 826ab32ca9f842f78c10cee511e069fc. 1 dirs total, 0 dirs full, 0 dirs failed
I20260630 12:36:04.279110  4598 tablet_copy_client.cc:323] T d1dc26827c644737875fdca4f327ae92 P 9f9ac392b4c642da8fd6380cb2a5fe32: tablet copy: Beginning tablet copy session from remote peer at address 127.1.5.195:46693
I20260630 12:36:04.282258  4216 tablet_copy_service.cc:140] P 5498aaebd0eb45c088b5a2a280feecee: Received BeginTabletCopySession request for tablet d1dc26827c644737875fdca4f327ae92 from peer 9f9ac392b4c642da8fd6380cb2a5fe32 ({username='slave'} at 127.0.0.1:40624)
I20260630 12:36:04.282764  4216 tablet_copy_service.cc:161] P 5498aaebd0eb45c088b5a2a280feecee: Beginning new tablet copy session on tablet d1dc26827c644737875fdca4f327ae92 from peer 9f9ac392b4c642da8fd6380cb2a5fe32 at {username='slave'} at 127.0.0.1:40624: session id = 9f9ac392b4c642da8fd6380cb2a5fe32-d1dc26827c644737875fdca4f327ae92
I20260630 12:36:04.289956  4216 tablet_copy_source_session.cc:215] T d1dc26827c644737875fdca4f327ae92 P 5498aaebd0eb45c088b5a2a280feecee: Tablet Copy: opened 0 blocks and 1 log segments
I20260630 12:36:04.292778  4598 data_dirs.cc:400] Could only allocate 1 dirs of requested 3 for tablet d1dc26827c644737875fdca4f327ae92. 1 dirs total, 0 dirs full, 0 dirs failed
I20260630 12:36:04.297629  4592 tablet_copy_client.cc:806] T 826ab32ca9f842f78c10cee511e069fc P 6c36a35c03e348e2bf0daa9e65dce215: tablet copy: Starting download of 0 data blocks...
I20260630 12:36:04.298239  4592 tablet_copy_client.cc:670] T 826ab32ca9f842f78c10cee511e069fc P 6c36a35c03e348e2bf0daa9e65dce215: tablet copy: Starting download of 1 WAL segments...
I20260630 12:36:04.301436  4595 tablet_copy_client.cc:806] T ee88634087284ba68eb1bab4bf14ad47 P 5498aaebd0eb45c088b5a2a280feecee: tablet copy: Starting download of 0 data blocks...
I20260630 12:36:04.301981  4595 tablet_copy_client.cc:670] T ee88634087284ba68eb1bab4bf14ad47 P 5498aaebd0eb45c088b5a2a280feecee: tablet copy: Starting download of 1 WAL segments...
I20260630 12:36:04.302218  4592 tablet_copy_client.cc:538] T 826ab32ca9f842f78c10cee511e069fc P 6c36a35c03e348e2bf0daa9e65dce215: tablet copy: Tablet Copy complete. Replacing tablet superblock.
I20260630 12:36:04.305397  4595 tablet_copy_client.cc:538] T ee88634087284ba68eb1bab4bf14ad47 P 5498aaebd0eb45c088b5a2a280feecee: tablet copy: Tablet Copy complete. Replacing tablet superblock.
I20260630 12:36:04.309023  4598 tablet_copy_client.cc:806] T d1dc26827c644737875fdca4f327ae92 P 9f9ac392b4c642da8fd6380cb2a5fe32: tablet copy: Starting download of 0 data blocks...
I20260630 12:36:04.309577  4598 tablet_copy_client.cc:670] T d1dc26827c644737875fdca4f327ae92 P 9f9ac392b4c642da8fd6380cb2a5fe32: tablet copy: Starting download of 1 WAL segments...
I20260630 12:36:04.311486  4592 tablet_bootstrap.cc:492] T 826ab32ca9f842f78c10cee511e069fc P 6c36a35c03e348e2bf0daa9e65dce215: Bootstrap starting.
I20260630 12:36:04.313443  4598 tablet_copy_client.cc:538] T d1dc26827c644737875fdca4f327ae92 P 9f9ac392b4c642da8fd6380cb2a5fe32: tablet copy: Tablet Copy complete. Replacing tablet superblock.
I20260630 12:36:04.313870  4595 tablet_bootstrap.cc:492] T ee88634087284ba68eb1bab4bf14ad47 P 5498aaebd0eb45c088b5a2a280feecee: Bootstrap starting.
I20260630 12:36:04.321465  4598 tablet_bootstrap.cc:492] T d1dc26827c644737875fdca4f327ae92 P 9f9ac392b4c642da8fd6380cb2a5fe32: Bootstrap starting.
I20260630 12:36:04.341454  4592 tablet_bootstrap.cc:492] T 826ab32ca9f842f78c10cee511e069fc P 6c36a35c03e348e2bf0daa9e65dce215: Bootstrap replayed 1/1 log segments. Stats: ops{read=2 overwritten=0 applied=2 ignored=0} inserts{seen=0 ignored=0} mutations{seen=0 ignored=0} orphaned_commits=0. Pending: 0 replicates
I20260630 12:36:04.342468  4592 tablet_bootstrap.cc:492] T 826ab32ca9f842f78c10cee511e069fc P 6c36a35c03e348e2bf0daa9e65dce215: Bootstrap complete.
I20260630 12:36:04.343178  4592 ts_tablet_manager.cc:1403] T 826ab32ca9f842f78c10cee511e069fc P 6c36a35c03e348e2bf0daa9e65dce215: Time spent bootstrapping tablet: real 0.032s	user 0.021s	sys 0.008s
I20260630 12:36:04.346338  4592 raft_consensus.cc:359] T 826ab32ca9f842f78c10cee511e069fc P 6c36a35c03e348e2bf0daa9e65dce215 [term 1 LEARNER]: Replica starting. Triggering 0 pending ops. Active config: opid_index: 2 OBSOLETE_local: false peers { permanent_uuid: "9f9ac392b4c642da8fd6380cb2a5fe32" member_type: VOTER last_known_addr { host: "127.1.5.194" port: 41681 } } peers { permanent_uuid: "5dadee2129b14d0482261cca16b9e07b" member_type: VOTER last_known_addr { host: "127.1.5.193" port: 41255 } } peers { permanent_uuid: "5498aaebd0eb45c088b5a2a280feecee" member_type: VOTER last_known_addr { host: "127.1.5.195" port: 46693 } attrs { replace: true } } peers { permanent_uuid: "6c36a35c03e348e2bf0daa9e65dce215" member_type: NON_VOTER last_known_addr { host: "127.1.5.196" port: 42399 } attrs { promote: true } }
I20260630 12:36:04.347193  4592 raft_consensus.cc:740] T 826ab32ca9f842f78c10cee511e069fc P 6c36a35c03e348e2bf0daa9e65dce215 [term 1 LEARNER]: Becoming Follower/Learner. State: Replica: 6c36a35c03e348e2bf0daa9e65dce215, State: Initialized, Role: LEARNER
I20260630 12:36:04.347327  4595 tablet_bootstrap.cc:492] T ee88634087284ba68eb1bab4bf14ad47 P 5498aaebd0eb45c088b5a2a280feecee: Bootstrap replayed 1/1 log segments. Stats: ops{read=2 overwritten=0 applied=2 ignored=0} inserts{seen=0 ignored=0} mutations{seen=0 ignored=0} orphaned_commits=0. Pending: 0 replicates
I20260630 12:36:04.348326  4595 tablet_bootstrap.cc:492] T ee88634087284ba68eb1bab4bf14ad47 P 5498aaebd0eb45c088b5a2a280feecee: Bootstrap complete.
I20260630 12:36:04.347973  4592 consensus_queue.cc:260] T 826ab32ca9f842f78c10cee511e069fc P 6c36a35c03e348e2bf0daa9e65dce215 [NON_LEADER]: Queue going to NON_LEADER mode. State: All replicated index: 0, Majority replicated index: 0, Committed index: 2, Last appended: 1.2, Last appended by leader: 2, Current term: 0, Majority size: -1, State: 0, Mode: NON_LEADER, active raft config: opid_index: 2 OBSOLETE_local: false peers { permanent_uuid: "9f9ac392b4c642da8fd6380cb2a5fe32" member_type: VOTER last_known_addr { host: "127.1.5.194" port: 41681 } } peers { permanent_uuid: "5dadee2129b14d0482261cca16b9e07b" member_type: VOTER last_known_addr { host: "127.1.5.193" port: 41255 } } peers { permanent_uuid: "5498aaebd0eb45c088b5a2a280feecee" member_type: VOTER last_known_addr { host: "127.1.5.195" port: 46693 } attrs { replace: true } } peers { permanent_uuid: "6c36a35c03e348e2bf0daa9e65dce215" member_type: NON_VOTER last_known_addr { host: "127.1.5.196" port: 42399 } attrs { promote: true } }
I20260630 12:36:04.349054  4595 ts_tablet_manager.cc:1403] T ee88634087284ba68eb1bab4bf14ad47 P 5498aaebd0eb45c088b5a2a280feecee: Time spent bootstrapping tablet: real 0.035s	user 0.016s	sys 0.019s
I20260630 12:36:04.351866  4595 raft_consensus.cc:359] T ee88634087284ba68eb1bab4bf14ad47 P 5498aaebd0eb45c088b5a2a280feecee [term 1 LEARNER]: Replica starting. Triggering 0 pending ops. Active config: opid_index: 2 OBSOLETE_local: false peers { permanent_uuid: "6c36a35c03e348e2bf0daa9e65dce215" member_type: VOTER last_known_addr { host: "127.1.5.196" port: 42399 } attrs { replace: true } } peers { permanent_uuid: "5dadee2129b14d0482261cca16b9e07b" member_type: VOTER last_known_addr { host: "127.1.5.193" port: 41255 } } peers { permanent_uuid: "9f9ac392b4c642da8fd6380cb2a5fe32" member_type: VOTER last_known_addr { host: "127.1.5.194" port: 41681 } } peers { permanent_uuid: "5498aaebd0eb45c088b5a2a280feecee" member_type: NON_VOTER last_known_addr { host: "127.1.5.195" port: 46693 } attrs { promote: true } }
I20260630 12:36:04.352746  4595 raft_consensus.cc:740] T ee88634087284ba68eb1bab4bf14ad47 P 5498aaebd0eb45c088b5a2a280feecee [term 1 LEARNER]: Becoming Follower/Learner. State: Replica: 5498aaebd0eb45c088b5a2a280feecee, State: Initialized, Role: LEARNER
I20260630 12:36:04.353152  4592 ts_tablet_manager.cc:1434] T 826ab32ca9f842f78c10cee511e069fc P 6c36a35c03e348e2bf0daa9e65dce215: Time spent starting tablet: real 0.010s	user 0.006s	sys 0.000s
I20260630 12:36:04.353441  4595 consensus_queue.cc:260] T ee88634087284ba68eb1bab4bf14ad47 P 5498aaebd0eb45c088b5a2a280feecee [NON_LEADER]: Queue going to NON_LEADER mode. State: All replicated index: 0, Majority replicated index: 0, Committed index: 2, Last appended: 1.2, Last appended by leader: 2, Current term: 0, Majority size: -1, State: 0, Mode: NON_LEADER, active raft config: opid_index: 2 OBSOLETE_local: false peers { permanent_uuid: "6c36a35c03e348e2bf0daa9e65dce215" member_type: VOTER last_known_addr { host: "127.1.5.196" port: 42399 } attrs { replace: true } } peers { permanent_uuid: "5dadee2129b14d0482261cca16b9e07b" member_type: VOTER last_known_addr { host: "127.1.5.193" port: 41255 } } peers { permanent_uuid: "9f9ac392b4c642da8fd6380cb2a5fe32" member_type: VOTER last_known_addr { host: "127.1.5.194" port: 41681 } } peers { permanent_uuid: "5498aaebd0eb45c088b5a2a280feecee" member_type: NON_VOTER last_known_addr { host: "127.1.5.195" port: 46693 } attrs { promote: true } }
I20260630 12:36:04.356614  4141 tablet_copy_service.cc:342] P 9f9ac392b4c642da8fd6380cb2a5fe32: Request end of tablet copy session 6c36a35c03e348e2bf0daa9e65dce215-826ab32ca9f842f78c10cee511e069fc received from {username='slave'} at 127.0.0.1:44828
I20260630 12:36:04.357019  4141 tablet_copy_service.cc:434] P 9f9ac392b4c642da8fd6380cb2a5fe32: ending tablet copy session 6c36a35c03e348e2bf0daa9e65dce215-826ab32ca9f842f78c10cee511e069fc on tablet 826ab32ca9f842f78c10cee511e069fc with peer 6c36a35c03e348e2bf0daa9e65dce215
I20260630 12:36:04.359351  4595 ts_tablet_manager.cc:1434] T ee88634087284ba68eb1bab4bf14ad47 P 5498aaebd0eb45c088b5a2a280feecee: Time spent starting tablet: real 0.010s	user 0.001s	sys 0.004s
I20260630 12:36:04.362174  4598 tablet_bootstrap.cc:492] T d1dc26827c644737875fdca4f327ae92 P 9f9ac392b4c642da8fd6380cb2a5fe32: Bootstrap replayed 1/1 log segments. Stats: ops{read=2 overwritten=0 applied=2 ignored=0} inserts{seen=0 ignored=0} mutations{seen=0 ignored=0} orphaned_commits=0. Pending: 0 replicates
I20260630 12:36:04.363068  4598 tablet_bootstrap.cc:492] T d1dc26827c644737875fdca4f327ae92 P 9f9ac392b4c642da8fd6380cb2a5fe32: Bootstrap complete.
I20260630 12:36:04.363746  4598 ts_tablet_manager.cc:1403] T d1dc26827c644737875fdca4f327ae92 P 9f9ac392b4c642da8fd6380cb2a5fe32: Time spent bootstrapping tablet: real 0.042s	user 0.023s	sys 0.004s
I20260630 12:36:04.363752  4141 tablet_copy_service.cc:342] P 9f9ac392b4c642da8fd6380cb2a5fe32: Request end of tablet copy session 5498aaebd0eb45c088b5a2a280feecee-ee88634087284ba68eb1bab4bf14ad47 received from {username='slave'} at 127.0.0.1:44812
I20260630 12:36:04.364533  4141 tablet_copy_service.cc:434] P 9f9ac392b4c642da8fd6380cb2a5fe32: ending tablet copy session 5498aaebd0eb45c088b5a2a280feecee-ee88634087284ba68eb1bab4bf14ad47 on tablet ee88634087284ba68eb1bab4bf14ad47 with peer 5498aaebd0eb45c088b5a2a280feecee
I20260630 12:36:04.366900  4598 raft_consensus.cc:359] T d1dc26827c644737875fdca4f327ae92 P 9f9ac392b4c642da8fd6380cb2a5fe32 [term 1 LEARNER]: Replica starting. Triggering 0 pending ops. Active config: opid_index: 2 OBSOLETE_local: false peers { permanent_uuid: "5dadee2129b14d0482261cca16b9e07b" member_type: VOTER last_known_addr { host: "127.1.5.193" port: 41255 } } peers { permanent_uuid: "6c36a35c03e348e2bf0daa9e65dce215" member_type: VOTER last_known_addr { host: "127.1.5.196" port: 42399 } attrs { replace: true } } peers { permanent_uuid: "5498aaebd0eb45c088b5a2a280feecee" member_type: VOTER last_known_addr { host: "127.1.5.195" port: 46693 } } peers { permanent_uuid: "9f9ac392b4c642da8fd6380cb2a5fe32" member_type: NON_VOTER last_known_addr { host: "127.1.5.194" port: 41681 } attrs { promote: true } }
I20260630 12:36:04.367727  4598 raft_consensus.cc:740] T d1dc26827c644737875fdca4f327ae92 P 9f9ac392b4c642da8fd6380cb2a5fe32 [term 1 LEARNER]: Becoming Follower/Learner. State: Replica: 9f9ac392b4c642da8fd6380cb2a5fe32, State: Initialized, Role: LEARNER
I20260630 12:36:04.368355  4598 consensus_queue.cc:260] T d1dc26827c644737875fdca4f327ae92 P 9f9ac392b4c642da8fd6380cb2a5fe32 [NON_LEADER]: Queue going to NON_LEADER mode. State: All replicated index: 0, Majority replicated index: 0, Committed index: 2, Last appended: 1.2, Last appended by leader: 2, Current term: 0, Majority size: -1, State: 0, Mode: NON_LEADER, active raft config: opid_index: 2 OBSOLETE_local: false peers { permanent_uuid: "5dadee2129b14d0482261cca16b9e07b" member_type: VOTER last_known_addr { host: "127.1.5.193" port: 41255 } } peers { permanent_uuid: "6c36a35c03e348e2bf0daa9e65dce215" member_type: VOTER last_known_addr { host: "127.1.5.196" port: 42399 } attrs { replace: true } } peers { permanent_uuid: "5498aaebd0eb45c088b5a2a280feecee" member_type: VOTER last_known_addr { host: "127.1.5.195" port: 46693 } } peers { permanent_uuid: "9f9ac392b4c642da8fd6380cb2a5fe32" member_type: NON_VOTER last_known_addr { host: "127.1.5.194" port: 41681 } attrs { promote: true } }
I20260630 12:36:04.371169  4598 ts_tablet_manager.cc:1434] T d1dc26827c644737875fdca4f327ae92 P 9f9ac392b4c642da8fd6380cb2a5fe32: Time spent starting tablet: real 0.007s	user 0.006s	sys 0.000s
I20260630 12:36:04.372764  4216 tablet_copy_service.cc:342] P 5498aaebd0eb45c088b5a2a280feecee: Request end of tablet copy session 9f9ac392b4c642da8fd6380cb2a5fe32-d1dc26827c644737875fdca4f327ae92 received from {username='slave'} at 127.0.0.1:40624
I20260630 12:36:04.373142  4216 tablet_copy_service.cc:434] P 5498aaebd0eb45c088b5a2a280feecee: ending tablet copy session 9f9ac392b4c642da8fd6380cb2a5fe32-d1dc26827c644737875fdca4f327ae92 on tablet d1dc26827c644737875fdca4f327ae92 with peer 9f9ac392b4c642da8fd6380cb2a5fe32
I20260630 12:36:04.648442  4373 raft_consensus.cc:1217] T e68904b05b6944e8a1e87cb3666687a5 P 6c36a35c03e348e2bf0daa9e65dce215 [term 2 LEARNER]: Deduplicated request from leader. Original: 2.2->[2.3-2.3]   Dedup: 2.3->[]
I20260630 12:36:04.766820  4008 auto_leader_rebalancer.cc:141] leader rebalance for table range_aware_rebalance_new_range
I20260630 12:36:04.786835  4205 raft_consensus.cc:1217] T ee88634087284ba68eb1bab4bf14ad47 P 5498aaebd0eb45c088b5a2a280feecee [term 1 LEARNER]: Deduplicated request from leader. Original: 1.1->[1.2-1.2]   Dedup: 1.2->[]
I20260630 12:36:04.801895  4132 raft_consensus.cc:1217] T d1dc26827c644737875fdca4f327ae92 P 9f9ac392b4c642da8fd6380cb2a5fe32 [term 1 LEARNER]: Deduplicated request from leader. Original: 1.1->[1.2-1.2]   Dedup: 1.2->[]
I20260630 12:36:04.808593  4205 tablet_service.cc:2072] Received LeaderStepDown RPC: tablet_id: "97a99db6a0bd42c4b3d2a974d4ceed5d"
dest_uuid: "5498aaebd0eb45c088b5a2a280feecee"
mode: GRACEFUL
new_leader_uuid: "6c36a35c03e348e2bf0daa9e65dce215"
 from {username='slave'} at 127.0.0.1:57878
I20260630 12:36:04.809147  4205 raft_consensus.cc:606] T 97a99db6a0bd42c4b3d2a974d4ceed5d P 5498aaebd0eb45c088b5a2a280feecee [term 1 LEADER]: Received request to transfer leadership to TS 6c36a35c03e348e2bf0daa9e65dce215
I20260630 12:36:04.810350  4008 auto_leader_rebalancer.cc:440] table: range_aware_rebalance_new_range, leader rebalance finish, leader transfer count: 1
I20260630 12:36:04.810913  4008 auto_leader_rebalancer.cc:515] All tables' leader rebalancing finished this round
I20260630 12:36:04.818147  4373 raft_consensus.cc:1217] T 826ab32ca9f842f78c10cee511e069fc P 6c36a35c03e348e2bf0daa9e65dce215 [term 1 LEARNER]: Deduplicated request from leader. Original: 1.1->[1.2-1.2]   Dedup: 1.2->[]
I20260630 12:36:04.841706  4590 raft_consensus.cc:993] T 97a99db6a0bd42c4b3d2a974d4ceed5d P 5498aaebd0eb45c088b5a2a280feecee: : Instructing follower 6c36a35c03e348e2bf0daa9e65dce215 to start an election
I20260630 12:36:04.842239  4603 raft_consensus.cc:1081] T 97a99db6a0bd42c4b3d2a974d4ceed5d P 5498aaebd0eb45c088b5a2a280feecee [term 1 LEADER]: Signalling peer 6c36a35c03e348e2bf0daa9e65dce215 to start an election
I20260630 12:36:04.843824  4373 tablet_service.cc:2044] Received Run Leader Election RPC: tablet_id: "97a99db6a0bd42c4b3d2a974d4ceed5d"
dest_uuid: "6c36a35c03e348e2bf0daa9e65dce215"
 from {username='slave'} at 127.0.0.1:52026
I20260630 12:36:04.844385  4373 raft_consensus.cc:493] T 97a99db6a0bd42c4b3d2a974d4ceed5d P 6c36a35c03e348e2bf0daa9e65dce215 [term 1 FOLLOWER]: Starting forced leader election (received explicit request)
I20260630 12:36:04.844713  4373 raft_consensus.cc:3060] T 97a99db6a0bd42c4b3d2a974d4ceed5d P 6c36a35c03e348e2bf0daa9e65dce215 [term 1 FOLLOWER]: Advancing to term 2
I20260630 12:36:04.849231  4373 raft_consensus.cc:515] T 97a99db6a0bd42c4b3d2a974d4ceed5d P 6c36a35c03e348e2bf0daa9e65dce215 [term 2 FOLLOWER]: Starting forced leader election with config: opid_index: -1 OBSOLETE_local: false peers { permanent_uuid: "9f9ac392b4c642da8fd6380cb2a5fe32" member_type: VOTER last_known_addr { host: "127.1.5.194" port: 41681 } } peers { permanent_uuid: "6c36a35c03e348e2bf0daa9e65dce215" member_type: VOTER last_known_addr { host: "127.1.5.196" port: 42399 } } peers { permanent_uuid: "5498aaebd0eb45c088b5a2a280feecee" member_type: VOTER last_known_addr { host: "127.1.5.195" port: 46693 } }
I20260630 12:36:04.850648  4373 leader_election.cc:290] T 97a99db6a0bd42c4b3d2a974d4ceed5d P 6c36a35c03e348e2bf0daa9e65dce215 [CANDIDATE]: Term 2 election: Requested vote from peers 9f9ac392b4c642da8fd6380cb2a5fe32 (127.1.5.194:41681), 5498aaebd0eb45c088b5a2a280feecee (127.1.5.195:46693)
I20260630 12:36:04.851517  4132 tablet_service.cc:1917] Received RequestConsensusVote() RPC: tablet_id: "97a99db6a0bd42c4b3d2a974d4ceed5d" candidate_uuid: "6c36a35c03e348e2bf0daa9e65dce215" candidate_term: 2 candidate_status { last_received { term: 1 index: 1 } } ignore_live_leader: true dest_uuid: "9f9ac392b4c642da8fd6380cb2a5fe32"
I20260630 12:36:04.851853  4205 tablet_service.cc:1917] Received RequestConsensusVote() RPC: tablet_id: "97a99db6a0bd42c4b3d2a974d4ceed5d" candidate_uuid: "6c36a35c03e348e2bf0daa9e65dce215" candidate_term: 2 candidate_status { last_received { term: 1 index: 1 } } ignore_live_leader: true dest_uuid: "5498aaebd0eb45c088b5a2a280feecee"
I20260630 12:36:04.852080  4132 raft_consensus.cc:3060] T 97a99db6a0bd42c4b3d2a974d4ceed5d P 9f9ac392b4c642da8fd6380cb2a5fe32 [term 1 FOLLOWER]: Advancing to term 2
I20260630 12:36:04.852428  4205 raft_consensus.cc:3055] T 97a99db6a0bd42c4b3d2a974d4ceed5d P 5498aaebd0eb45c088b5a2a280feecee [term 1 LEADER]: Stepping down as leader of term 1
I20260630 12:36:04.852741  4205 raft_consensus.cc:740] T 97a99db6a0bd42c4b3d2a974d4ceed5d P 5498aaebd0eb45c088b5a2a280feecee [term 1 LEADER]: Becoming Follower/Learner. State: Replica: 5498aaebd0eb45c088b5a2a280feecee, State: Running, Role: LEADER
I20260630 12:36:04.853430  4205 consensus_queue.cc:260] T 97a99db6a0bd42c4b3d2a974d4ceed5d P 5498aaebd0eb45c088b5a2a280feecee [NON_LEADER]: Queue going to NON_LEADER mode. State: All replicated index: 0, Majority replicated index: 1, Committed index: 1, Last appended: 1.1, Last appended by leader: 1, Current term: 1, Majority size: -1, State: 0, Mode: NON_LEADER, active raft config: opid_index: -1 OBSOLETE_local: false peers { permanent_uuid: "9f9ac392b4c642da8fd6380cb2a5fe32" member_type: VOTER last_known_addr { host: "127.1.5.194" port: 41681 } } peers { permanent_uuid: "6c36a35c03e348e2bf0daa9e65dce215" member_type: VOTER last_known_addr { host: "127.1.5.196" port: 42399 } } peers { permanent_uuid: "5498aaebd0eb45c088b5a2a280feecee" member_type: VOTER last_known_addr { host: "127.1.5.195" port: 46693 } }
I20260630 12:36:04.854502  4205 raft_consensus.cc:3060] T 97a99db6a0bd42c4b3d2a974d4ceed5d P 5498aaebd0eb45c088b5a2a280feecee [term 1 FOLLOWER]: Advancing to term 2
I20260630 12:36:04.856585  4132 raft_consensus.cc:2468] T 97a99db6a0bd42c4b3d2a974d4ceed5d P 9f9ac392b4c642da8fd6380cb2a5fe32 [term 2 FOLLOWER]: Leader election vote request: Granting yes vote for candidate 6c36a35c03e348e2bf0daa9e65dce215 in term 2.
I20260630 12:36:04.857648  4319 leader_election.cc:304] T 97a99db6a0bd42c4b3d2a974d4ceed5d P 6c36a35c03e348e2bf0daa9e65dce215 [CANDIDATE]: Term 2 election: Election decided. Result: candidate won. Election summary: received 2 responses out of 3 voters: 2 yes votes; 0 no votes. yes voters: 6c36a35c03e348e2bf0daa9e65dce215, 9f9ac392b4c642da8fd6380cb2a5fe32; no voters: 
I20260630 12:36:04.858341  4532 raft_consensus.cc:2804] T 97a99db6a0bd42c4b3d2a974d4ceed5d P 6c36a35c03e348e2bf0daa9e65dce215 [term 2 FOLLOWER]: Leader election won for term 2
I20260630 12:36:04.860134  4532 raft_consensus.cc:697] T 97a99db6a0bd42c4b3d2a974d4ceed5d P 6c36a35c03e348e2bf0daa9e65dce215 [term 2 LEADER]: Becoming Leader. State: Replica: 6c36a35c03e348e2bf0daa9e65dce215, State: Running, Role: LEADER
I20260630 12:36:04.860821  4205 raft_consensus.cc:2468] T 97a99db6a0bd42c4b3d2a974d4ceed5d P 5498aaebd0eb45c088b5a2a280feecee [term 2 FOLLOWER]: Leader election vote request: Granting yes vote for candidate 6c36a35c03e348e2bf0daa9e65dce215 in term 2.
I20260630 12:36:04.861002  4532 consensus_queue.cc:237] T 97a99db6a0bd42c4b3d2a974d4ceed5d P 6c36a35c03e348e2bf0daa9e65dce215 [LEADER]: Queue going to LEADER mode. State: All replicated index: 0, Majority replicated index: 1, Committed index: 1, Last appended: 1.1, Last appended by leader: 1, Current term: 2, Majority size: 2, State: 0, Mode: LEADER, active raft config: opid_index: -1 OBSOLETE_local: false peers { permanent_uuid: "9f9ac392b4c642da8fd6380cb2a5fe32" member_type: VOTER last_known_addr { host: "127.1.5.194" port: 41681 } } peers { permanent_uuid: "6c36a35c03e348e2bf0daa9e65dce215" member_type: VOTER last_known_addr { host: "127.1.5.196" port: 42399 } } peers { permanent_uuid: "5498aaebd0eb45c088b5a2a280feecee" member_type: VOTER last_known_addr { host: "127.1.5.195" port: 46693 } }
I20260630 12:36:04.868717  3950 catalog_manager.cc:5697] T 97a99db6a0bd42c4b3d2a974d4ceed5d P 6c36a35c03e348e2bf0daa9e65dce215 reported cstate change: term changed from 1 to 2, leader changed from 5498aaebd0eb45c088b5a2a280feecee (127.1.5.195) to 6c36a35c03e348e2bf0daa9e65dce215 (127.1.5.196). New cstate: current_term: 2 leader_uuid: "6c36a35c03e348e2bf0daa9e65dce215" committed_config { opid_index: -1 OBSOLETE_local: false peers { permanent_uuid: "9f9ac392b4c642da8fd6380cb2a5fe32" member_type: VOTER last_known_addr { host: "127.1.5.194" port: 41681 } health_report { overall_health: UNKNOWN } } peers { permanent_uuid: "6c36a35c03e348e2bf0daa9e65dce215" member_type: VOTER last_known_addr { host: "127.1.5.196" port: 42399 } health_report { overall_health: HEALTHY } } peers { permanent_uuid: "5498aaebd0eb45c088b5a2a280feecee" member_type: VOTER last_known_addr { host: "127.1.5.195" port: 46693 } health_report { overall_health: UNKNOWN } } }
I20260630 12:36:05.045423  4603 raft_consensus.cc:1064] T e68904b05b6944e8a1e87cb3666687a5 P 5498aaebd0eb45c088b5a2a280feecee: attempting to promote NON_VOTER 6c36a35c03e348e2bf0daa9e65dce215 to VOTER
I20260630 12:36:05.047226  4603 consensus_queue.cc:237] T e68904b05b6944e8a1e87cb3666687a5 P 5498aaebd0eb45c088b5a2a280feecee [LEADER]: Queue going to LEADER mode. State: All replicated index: 0, Majority replicated index: 3, Committed index: 3, Last appended: 2.3, Last appended by leader: 1, Current term: 2, Majority size: 3, State: 0, Mode: LEADER, active raft config: opid_index: 4 OBSOLETE_local: false peers { permanent_uuid: "5dadee2129b14d0482261cca16b9e07b" member_type: VOTER last_known_addr { host: "127.1.5.193" port: 41255 } attrs { replace: true } } peers { permanent_uuid: "9f9ac392b4c642da8fd6380cb2a5fe32" member_type: VOTER last_known_addr { host: "127.1.5.194" port: 41681 } } peers { permanent_uuid: "5498aaebd0eb45c088b5a2a280feecee" member_type: VOTER last_known_addr { host: "127.1.5.195" port: 46693 } } peers { permanent_uuid: "6c36a35c03e348e2bf0daa9e65dce215" member_type: VOTER last_known_addr { host: "127.1.5.196" port: 42399 } attrs { promote: false } }
I20260630 12:36:05.054109  4132 raft_consensus.cc:1275] T e68904b05b6944e8a1e87cb3666687a5 P 9f9ac392b4c642da8fd6380cb2a5fe32 [term 2 FOLLOWER]: Refusing update from remote peer 5498aaebd0eb45c088b5a2a280feecee: Log matching property violated. Preceding OpId in replica: term: 2 index: 3. Preceding OpId from leader: term: 2 index: 4. (index mismatch)
