I20260630 12:12:40.688048  3572 raft_consensus.cc:2468] T 6e90e07b2e8c4f1ba06ec45789b179e0 P ee0e620a32b249a981f7c814c27e70d9 [term 0 FOLLOWER]: Leader pre-election vote request: Granting yes vote for candidate d3f0fe2ebfdc444abafff2b1aae155b1 in term 0.
I20260630 12:12:40.689579  3627 raft_consensus.cc:493] T 8f0363d8abb64b34b3c411be31c2c6ad P d3f0fe2ebfdc444abafff2b1aae155b1 [term 0 FOLLOWER]: Starting leader election (no leader contacted us within the election timeout)
I20260630 12:12:40.690073  3627 raft_consensus.cc:3060] T 8f0363d8abb64b34b3c411be31c2c6ad P d3f0fe2ebfdc444abafff2b1aae155b1 [term 0 FOLLOWER]: Advancing to term 1
W20260630 12:12:40.691054  3462 leader_election.cc:343] T 8f0363d8abb64b34b3c411be31c2c6ad P d3f0fe2ebfdc444abafff2b1aae155b1 [CANDIDATE]: Term 1 pre-election: Tablet error from VoteRequest() call to peer ee0e620a32b249a981f7c814c27e70d9 (127.0.107.195:36987): Illegal state: must be running to vote when last-logged opid is not known
I20260630 12:12:40.692098  3462 leader_election.cc:304] T 6e90e07b2e8c4f1ba06ec45789b179e0 P d3f0fe2ebfdc444abafff2b1aae155b1 [CANDIDATE]: Term 1 pre-election: Election decided. Result: candidate won. Election summary: received 2 responses out of 3 voters: 2 yes votes; 0 no votes. yes voters: d3f0fe2ebfdc444abafff2b1aae155b1, ee0e620a32b249a981f7c814c27e70d9; no voters: 
I20260630 12:12:40.687186  3639 raft_consensus.cc:515] T 6e90e07b2e8c4f1ba06ec45789b179e0 P 5bf9d2fec4154765bcb6f675183fd806 [term 1 FOLLOWER]: Starting leader election with config: opid_index: -1 OBSOLETE_local: false peers { permanent_uuid: "5bf9d2fec4154765bcb6f675183fd806" member_type: VOTER last_known_addr { host: "127.0.107.193" port: 36431 } } peers { permanent_uuid: "d3f0fe2ebfdc444abafff2b1aae155b1" member_type: VOTER last_known_addr { host: "127.0.107.194" port: 42067 } } peers { permanent_uuid: "ee0e620a32b249a981f7c814c27e70d9" member_type: VOTER last_known_addr { host: "127.0.107.195" port: 36987 } }
I20260630 12:12:40.700268  3424 raft_consensus.cc:2393] T 6e90e07b2e8c4f1ba06ec45789b179e0 P 5bf9d2fec4154765bcb6f675183fd806 [term 1 FOLLOWER]: Leader pre-election vote request: Denying vote to candidate d3f0fe2ebfdc444abafff2b1aae155b1 in current term 1: Already voted for candidate 5bf9d2fec4154765bcb6f675183fd806 in this term.
I20260630 12:12:40.703418  3639 leader_election.cc:290] T 6e90e07b2e8c4f1ba06ec45789b179e0 P 5bf9d2fec4154765bcb6f675183fd806 [CANDIDATE]: Term 1 election: Requested vote from peers d3f0fe2ebfdc444abafff2b1aae155b1 (127.0.107.194:42067), ee0e620a32b249a981f7c814c27e70d9 (127.0.107.195:36987)
I20260630 12:12:40.703732  3499 tablet_service.cc:1917] Received RequestConsensusVote() RPC: tablet_id: "6e90e07b2e8c4f1ba06ec45789b179e0" candidate_uuid: "5bf9d2fec4154765bcb6f675183fd806" candidate_term: 1 candidate_status { last_received { term: 0 index: 0 } } ignore_live_leader: false dest_uuid: "d3f0fe2ebfdc444abafff2b1aae155b1"
I20260630 12:12:40.704200  3618 tablet_bootstrap.cc:492] T 95cae0d35ba741029c257b04b034a014 P d3f0fe2ebfdc444abafff2b1aae155b1: No bootstrap required, opened a new log
I20260630 12:12:40.704329  3499 raft_consensus.cc:3060] T 6e90e07b2e8c4f1ba06ec45789b179e0 P d3f0fe2ebfdc444abafff2b1aae155b1 [term 0 FOLLOWER]: Advancing to term 1
I20260630 12:12:40.704486  3639 raft_consensus.cc:493] T d182ba0777e04d659b81d50c59c94863 P 5bf9d2fec4154765bcb6f675183fd806 [term 0 FOLLOWER]: Starting pre-election (no leader contacted us within the election timeout)
I20260630 12:12:40.704720  3618 ts_tablet_manager.cc:1403] T 95cae0d35ba741029c257b04b034a014 P d3f0fe2ebfdc444abafff2b1aae155b1: Time spent bootstrapping tablet: real 0.119s	user 0.011s	sys 0.004s
I20260630 12:12:40.706538  3572 tablet_service.cc:1917] Received RequestConsensusVote() RPC: tablet_id: "6e90e07b2e8c4f1ba06ec45789b179e0" candidate_uuid: "5bf9d2fec4154765bcb6f675183fd806" candidate_term: 1 candidate_status { last_received { term: 0 index: 0 } } ignore_live_leader: false dest_uuid: "ee0e620a32b249a981f7c814c27e70d9"
I20260630 12:12:40.707151  3572 raft_consensus.cc:3060] T 6e90e07b2e8c4f1ba06ec45789b179e0 P ee0e620a32b249a981f7c814c27e70d9 [term 0 FOLLOWER]: Advancing to term 1
I20260630 12:12:40.707059  3320 catalog_manager.cc:5697] T e2c7e31c576f4df9a6e3029ab38827c3 P ee0e620a32b249a981f7c814c27e70d9 reported cstate change: term changed from 0 to 1, leader changed from <none> to ee0e620a32b249a981f7c814c27e70d9 (127.0.107.195). New cstate: current_term: 1 leader_uuid: "ee0e620a32b249a981f7c814c27e70d9" committed_config { opid_index: -1 OBSOLETE_local: false peers { permanent_uuid: "5bf9d2fec4154765bcb6f675183fd806" member_type: VOTER last_known_addr { host: "127.0.107.193" port: 36431 } health_report { overall_health: UNKNOWN } } peers { permanent_uuid: "d3f0fe2ebfdc444abafff2b1aae155b1" member_type: VOTER last_known_addr { host: "127.0.107.194" port: 42067 } health_report { overall_health: UNKNOWN } } peers { permanent_uuid: "ee0e620a32b249a981f7c814c27e70d9" member_type: VOTER last_known_addr { host: "127.0.107.195" port: 36987 } health_report { overall_health: HEALTHY } } }
I20260630 12:12:40.708623  3639 raft_consensus.cc:515] T d182ba0777e04d659b81d50c59c94863 P 5bf9d2fec4154765bcb6f675183fd806 [term 0 FOLLOWER]: Starting pre-election with config: opid_index: -1 OBSOLETE_local: false peers { permanent_uuid: "5bf9d2fec4154765bcb6f675183fd806" member_type: VOTER last_known_addr { host: "127.0.107.193" port: 36431 } } peers { permanent_uuid: "d3f0fe2ebfdc444abafff2b1aae155b1" member_type: VOTER last_known_addr { host: "127.0.107.194" port: 42067 } } peers { permanent_uuid: "ee0e620a32b249a981f7c814c27e70d9" member_type: VOTER last_known_addr { host: "127.0.107.195" port: 36987 } }
I20260630 12:12:40.711227  3639 leader_election.cc:290] T d182ba0777e04d659b81d50c59c94863 P 5bf9d2fec4154765bcb6f675183fd806 [CANDIDATE]: Term 1 pre-election: Requested pre-vote from peers d3f0fe2ebfdc444abafff2b1aae155b1 (127.0.107.194:42067), ee0e620a32b249a981f7c814c27e70d9 (127.0.107.195:36987)
I20260630 12:12:40.711597  3498 tablet_service.cc:1917] Received RequestConsensusVote() RPC: tablet_id: "d182ba0777e04d659b81d50c59c94863" candidate_uuid: "5bf9d2fec4154765bcb6f675183fd806" candidate_term: 1 candidate_status { last_received { term: 0 index: 0 } } ignore_live_leader: false dest_uuid: "d3f0fe2ebfdc444abafff2b1aae155b1" is_pre_election: true
I20260630 12:12:40.711827  3322 catalog_manager.cc:5697] T 95cae0d35ba741029c257b04b034a014 P 5bf9d2fec4154765bcb6f675183fd806 reported cstate change: term changed from 0 to 1, leader changed from <none> to 5bf9d2fec4154765bcb6f675183fd806 (127.0.107.193). New cstate: current_term: 1 leader_uuid: "5bf9d2fec4154765bcb6f675183fd806" committed_config { opid_index: -1 OBSOLETE_local: false peers { permanent_uuid: "d3f0fe2ebfdc444abafff2b1aae155b1" member_type: VOTER last_known_addr { host: "127.0.107.194" port: 42067 } health_report { overall_health: UNKNOWN } } peers { permanent_uuid: "5bf9d2fec4154765bcb6f675183fd806" member_type: VOTER last_known_addr { host: "127.0.107.193" port: 36431 } health_report { overall_health: HEALTHY } } peers { permanent_uuid: "ee0e620a32b249a981f7c814c27e70d9" member_type: VOTER last_known_addr { host: "127.0.107.195" port: 36987 } health_report { overall_health: UNKNOWN } } }
W20260630 12:12:40.713598  3388 leader_election.cc:343] T d182ba0777e04d659b81d50c59c94863 P 5bf9d2fec4154765bcb6f675183fd806 [CANDIDATE]: Term 1 pre-election: Tablet error from VoteRequest() call to peer d3f0fe2ebfdc444abafff2b1aae155b1 (127.0.107.194:42067): Illegal state: must be running to vote when last-logged opid is not known
I20260630 12:12:40.714787  3573 tablet_service.cc:1917] Received RequestConsensusVote() RPC: tablet_id: "d182ba0777e04d659b81d50c59c94863" candidate_uuid: "5bf9d2fec4154765bcb6f675183fd806" candidate_term: 1 candidate_status { last_received { term: 0 index: 0 } } ignore_live_leader: false dest_uuid: "ee0e620a32b249a981f7c814c27e70d9" is_pre_election: true
W20260630 12:12:40.716459  3387 leader_election.cc:343] T d182ba0777e04d659b81d50c59c94863 P 5bf9d2fec4154765bcb6f675183fd806 [CANDIDATE]: Term 1 pre-election: Tablet error from VoteRequest() call to peer ee0e620a32b249a981f7c814c27e70d9 (127.0.107.195:36987): Illegal state: must be running to vote when last-logged opid is not known
I20260630 12:12:40.716905  3387 leader_election.cc:304] T d182ba0777e04d659b81d50c59c94863 P 5bf9d2fec4154765bcb6f675183fd806 [CANDIDATE]: Term 1 pre-election: Election decided. Result: candidate lost. Election summary: received 3 responses out of 3 voters: 1 yes votes; 2 no votes. yes voters: 5bf9d2fec4154765bcb6f675183fd806; no voters: d3f0fe2ebfdc444abafff2b1aae155b1, ee0e620a32b249a981f7c814c27e70d9
I20260630 12:12:40.717630  3639 raft_consensus.cc:2749] T d182ba0777e04d659b81d50c59c94863 P 5bf9d2fec4154765bcb6f675183fd806 [term 0 FOLLOWER]: Leader pre-election lost for term 1. Reason: could not achieve majority
I20260630 12:12:40.714003  3499 raft_consensus.cc:2468] T 6e90e07b2e8c4f1ba06ec45789b179e0 P d3f0fe2ebfdc444abafff2b1aae155b1 [term 1 FOLLOWER]: Leader election vote request: Granting yes vote for candidate 5bf9d2fec4154765bcb6f675183fd806 in term 1.
I20260630 12:12:40.708395  3618 raft_consensus.cc:359] T 95cae0d35ba741029c257b04b034a014 P d3f0fe2ebfdc444abafff2b1aae155b1 [term 0 FOLLOWER]: Replica starting. Triggering 0 pending ops. Active config: opid_index: -1 OBSOLETE_local: false peers { permanent_uuid: "d3f0fe2ebfdc444abafff2b1aae155b1" member_type: VOTER last_known_addr { host: "127.0.107.194" port: 42067 } } peers { permanent_uuid: "5bf9d2fec4154765bcb6f675183fd806" member_type: VOTER last_known_addr { host: "127.0.107.193" port: 36431 } } peers { permanent_uuid: "ee0e620a32b249a981f7c814c27e70d9" member_type: VOTER last_known_addr { host: "127.0.107.195" port: 36987 } }
I20260630 12:12:40.719209  3388 leader_election.cc:304] T 6e90e07b2e8c4f1ba06ec45789b179e0 P 5bf9d2fec4154765bcb6f675183fd806 [CANDIDATE]: Term 1 election: Election decided. Result: candidate won. Election summary: received 2 responses out of 3 voters: 2 yes votes; 0 no votes. yes voters: 5bf9d2fec4154765bcb6f675183fd806, d3f0fe2ebfdc444abafff2b1aae155b1; no voters: 
I20260630 12:12:40.719827  3618 raft_consensus.cc:385] T 95cae0d35ba741029c257b04b034a014 P d3f0fe2ebfdc444abafff2b1aae155b1 [term 0 FOLLOWER]: Consensus starting up: Expiring failure detector timer to make a prompt election more likely
I20260630 12:12:40.720156  3618 raft_consensus.cc:740] T 95cae0d35ba741029c257b04b034a014 P d3f0fe2ebfdc444abafff2b1aae155b1 [term 0 FOLLOWER]: Becoming Follower/Learner. State: Replica: d3f0fe2ebfdc444abafff2b1aae155b1, State: Initialized, Role: FOLLOWER
I20260630 12:12:40.721228  3621 tablet_bootstrap.cc:654] T d182ba0777e04d659b81d50c59c94863 P ee0e620a32b249a981f7c814c27e70d9: Neither blocks nor log segments found. Creating new log.
I20260630 12:12:40.722645  3572 raft_consensus.cc:2468] T 6e90e07b2e8c4f1ba06ec45789b179e0 P ee0e620a32b249a981f7c814c27e70d9 [term 1 FOLLOWER]: Leader election vote request: Granting yes vote for candidate 5bf9d2fec4154765bcb6f675183fd806 in term 1.
I20260630 12:12:40.724129  3618 consensus_queue.cc:260] T 95cae0d35ba741029c257b04b034a014 P d3f0fe2ebfdc444abafff2b1aae155b1 [NON_LEADER]: Queue going to NON_LEADER mode. State: All replicated index: 0, Majority replicated index: 0, Committed index: 0, Last appended: 0.0, Last appended by leader: 0, Current term: 0, Majority size: -1, State: 0, Mode: NON_LEADER, active raft config: opid_index: -1 OBSOLETE_local: false peers { permanent_uuid: "d3f0fe2ebfdc444abafff2b1aae155b1" member_type: VOTER last_known_addr { host: "127.0.107.194" port: 42067 } } peers { permanent_uuid: "5bf9d2fec4154765bcb6f675183fd806" member_type: VOTER last_known_addr { host: "127.0.107.193" port: 36431 } } peers { permanent_uuid: "ee0e620a32b249a981f7c814c27e70d9" member_type: VOTER last_known_addr { host: "127.0.107.195" port: 36987 } }
I20260630 12:12:40.725543  3661 raft_consensus.cc:2764] T 6e90e07b2e8c4f1ba06ec45789b179e0 P d3f0fe2ebfdc444abafff2b1aae155b1 [term 1 FOLLOWER]: Leader pre-election decision vote started in defunct term 0: won
I20260630 12:12:40.724983  3639 raft_consensus.cc:2804] T 6e90e07b2e8c4f1ba06ec45789b179e0 P 5bf9d2fec4154765bcb6f675183fd806 [term 1 FOLLOWER]: Leader election won for term 1
I20260630 12:12:40.725294  3619 tablet_bootstrap.cc:654] T e56a9d4975844f9f9feccfc0dd078011 P 5bf9d2fec4154765bcb6f675183fd806: Neither blocks nor log segments found. Creating new log.
I20260630 12:12:40.724933  3627 raft_consensus.cc:515] T 8f0363d8abb64b34b3c411be31c2c6ad P d3f0fe2ebfdc444abafff2b1aae155b1 [term 1 FOLLOWER]: Starting leader election with config: opid_index: -1 OBSOLETE_local: false peers { permanent_uuid: "d3f0fe2ebfdc444abafff2b1aae155b1" member_type: VOTER last_known_addr { host: "127.0.107.194" port: 42067 } } peers { permanent_uuid: "5bf9d2fec4154765bcb6f675183fd806" member_type: VOTER last_known_addr { host: "127.0.107.193" port: 36431 } } peers { permanent_uuid: "ee0e620a32b249a981f7c814c27e70d9" member_type: VOTER last_known_addr { host: "127.0.107.195" port: 36987 } }
I20260630 12:12:40.734081  3661 raft_consensus.cc:493] T 95cae0d35ba741029c257b04b034a014 P d3f0fe2ebfdc444abafff2b1aae155b1 [term 0 FOLLOWER]: Starting pre-election (no leader contacted us within the election timeout)
I20260630 12:12:40.734611  3661 raft_consensus.cc:515] T 95cae0d35ba741029c257b04b034a014 P d3f0fe2ebfdc444abafff2b1aae155b1 [term 0 FOLLOWER]: Starting pre-election with config: opid_index: -1 OBSOLETE_local: false peers { permanent_uuid: "d3f0fe2ebfdc444abafff2b1aae155b1" member_type: VOTER last_known_addr { host: "127.0.107.194" port: 42067 } } peers { permanent_uuid: "5bf9d2fec4154765bcb6f675183fd806" member_type: VOTER last_known_addr { host: "127.0.107.193" port: 36431 } } peers { permanent_uuid: "ee0e620a32b249a981f7c814c27e70d9" member_type: VOTER last_known_addr { host: "127.0.107.195" port: 36987 } }
I20260630 12:12:40.735993  3627 leader_election.cc:290] T 8f0363d8abb64b34b3c411be31c2c6ad P d3f0fe2ebfdc444abafff2b1aae155b1 [CANDIDATE]: Term 1 election: Requested vote from peers 5bf9d2fec4154765bcb6f675183fd806 (127.0.107.193:36431), ee0e620a32b249a981f7c814c27e70d9 (127.0.107.195:36987)
I20260630 12:12:40.736603  3661 leader_election.cc:290] T 95cae0d35ba741029c257b04b034a014 P d3f0fe2ebfdc444abafff2b1aae155b1 [CANDIDATE]: Term 1 pre-election: Requested pre-vote from peers 5bf9d2fec4154765bcb6f675183fd806 (127.0.107.193:36431), ee0e620a32b249a981f7c814c27e70d9 (127.0.107.195:36987)
I20260630 12:12:40.738461  3618 ts_tablet_manager.cc:1434] T 95cae0d35ba741029c257b04b034a014 P d3f0fe2ebfdc444abafff2b1aae155b1: Time spent starting tablet: real 0.033s	user 0.007s	sys 0.002s
I20260630 12:12:40.739425  3618 tablet_bootstrap.cc:492] T d182ba0777e04d659b81d50c59c94863 P d3f0fe2ebfdc444abafff2b1aae155b1: Bootstrap starting.
I20260630 12:12:40.741693  3573 tablet_service.cc:1917] Received RequestConsensusVote() RPC: tablet_id: "95cae0d35ba741029c257b04b034a014" candidate_uuid: "d3f0fe2ebfdc444abafff2b1aae155b1" candidate_term: 1 candidate_status { last_received { term: 0 index: 0 } } ignore_live_leader: false dest_uuid: "ee0e620a32b249a981f7c814c27e70d9" is_pre_election: true
I20260630 12:12:40.743209  3573 raft_consensus.cc:2393] T 95cae0d35ba741029c257b04b034a014 P ee0e620a32b249a981f7c814c27e70d9 [term 1 FOLLOWER]: Leader pre-election vote request: Denying vote to candidate d3f0fe2ebfdc444abafff2b1aae155b1 in current term 1: Already voted for candidate 5bf9d2fec4154765bcb6f675183fd806 in this term.
I20260630 12:12:40.742139  3639 raft_consensus.cc:697] T 6e90e07b2e8c4f1ba06ec45789b179e0 P 5bf9d2fec4154765bcb6f675183fd806 [term 1 LEADER]: Becoming Leader. State: Replica: 5bf9d2fec4154765bcb6f675183fd806, State: Running, Role: LEADER
I20260630 12:12:40.746539  3572 tablet_service.cc:1917] Received RequestConsensusVote() RPC: tablet_id: "8f0363d8abb64b34b3c411be31c2c6ad" candidate_uuid: "d3f0fe2ebfdc444abafff2b1aae155b1" candidate_term: 1 candidate_status { last_received { term: 0 index: 0 } } ignore_live_leader: false dest_uuid: "ee0e620a32b249a981f7c814c27e70d9"
I20260630 12:12:40.746292  3639 consensus_queue.cc:237] T 6e90e07b2e8c4f1ba06ec45789b179e0 P 5bf9d2fec4154765bcb6f675183fd806 [LEADER]: Queue going to LEADER mode. State: All replicated index: 0, Majority replicated index: 0, Committed index: 0, Last appended: 0.0, Last appended by leader: 0, Current term: 1, Majority size: 2, State: 0, Mode: LEADER, active raft config: opid_index: -1 OBSOLETE_local: false peers { permanent_uuid: "5bf9d2fec4154765bcb6f675183fd806" member_type: VOTER last_known_addr { host: "127.0.107.193" port: 36431 } } peers { permanent_uuid: "d3f0fe2ebfdc444abafff2b1aae155b1" member_type: VOTER last_known_addr { host: "127.0.107.194" port: 42067 } } peers { permanent_uuid: "ee0e620a32b249a981f7c814c27e70d9" member_type: VOTER last_known_addr { host: "127.0.107.195" port: 36987 } }
W20260630 12:12:40.747964  3462 leader_election.cc:343] T 8f0363d8abb64b34b3c411be31c2c6ad P d3f0fe2ebfdc444abafff2b1aae155b1 [CANDIDATE]: Term 1 election: Tablet error from VoteRequest() call to peer ee0e620a32b249a981f7c814c27e70d9 (127.0.107.195:36987): Illegal state: must be running to vote when last-logged opid is not known
I20260630 12:12:40.749387  3424 tablet_service.cc:1917] Received RequestConsensusVote() RPC: tablet_id: "8f0363d8abb64b34b3c411be31c2c6ad" candidate_uuid: "d3f0fe2ebfdc444abafff2b1aae155b1" candidate_term: 1 candidate_status { last_received { term: 0 index: 0 } } ignore_live_leader: false dest_uuid: "5bf9d2fec4154765bcb6f675183fd806"
I20260630 12:12:40.749550  3423 tablet_service.cc:1917] Received RequestConsensusVote() RPC: tablet_id: "95cae0d35ba741029c257b04b034a014" candidate_uuid: "d3f0fe2ebfdc444abafff2b1aae155b1" candidate_term: 1 candidate_status { last_received { term: 0 index: 0 } } ignore_live_leader: false dest_uuid: "5bf9d2fec4154765bcb6f675183fd806" is_pre_election: true
I20260630 12:12:40.749976  3424 raft_consensus.cc:3060] T 8f0363d8abb64b34b3c411be31c2c6ad P 5bf9d2fec4154765bcb6f675183fd806 [term 0 FOLLOWER]: Advancing to term 1
I20260630 12:12:40.751618  3621 tablet_bootstrap.cc:492] T d182ba0777e04d659b81d50c59c94863 P ee0e620a32b249a981f7c814c27e70d9: No bootstrap required, opened a new log
I20260630 12:12:40.751554  3463 leader_election.cc:304] T 95cae0d35ba741029c257b04b034a014 P d3f0fe2ebfdc444abafff2b1aae155b1 [CANDIDATE]: Term 1 pre-election: Election decided. Result: candidate lost. Election summary: received 3 responses out of 3 voters: 1 yes votes; 2 no votes. yes voters: d3f0fe2ebfdc444abafff2b1aae155b1; no voters: 5bf9d2fec4154765bcb6f675183fd806, ee0e620a32b249a981f7c814c27e70d9
I20260630 12:12:40.752668  3621 ts_tablet_manager.cc:1403] T d182ba0777e04d659b81d50c59c94863 P ee0e620a32b249a981f7c814c27e70d9: Time spent bootstrapping tablet: real 0.064s	user 0.008s	sys 0.005s
I20260630 12:12:40.754032  3663 raft_consensus.cc:3060] T 95cae0d35ba741029c257b04b034a014 P d3f0fe2ebfdc444abafff2b1aae155b1 [term 0 FOLLOWER]: Advancing to term 1
I20260630 12:12:40.755961  3621 raft_consensus.cc:359] T d182ba0777e04d659b81d50c59c94863 P ee0e620a32b249a981f7c814c27e70d9 [term 0 FOLLOWER]: Replica starting. Triggering 0 pending ops. Active config: opid_index: -1 OBSOLETE_local: false peers { permanent_uuid: "5bf9d2fec4154765bcb6f675183fd806" member_type: VOTER last_known_addr { host: "127.0.107.193" port: 36431 } } peers { permanent_uuid: "d3f0fe2ebfdc444abafff2b1aae155b1" member_type: VOTER last_known_addr { host: "127.0.107.194" port: 42067 } } peers { permanent_uuid: "ee0e620a32b249a981f7c814c27e70d9" member_type: VOTER last_known_addr { host: "127.0.107.195" port: 36987 } }
I20260630 12:12:40.756691  3621 raft_consensus.cc:385] T d182ba0777e04d659b81d50c59c94863 P ee0e620a32b249a981f7c814c27e70d9 [term 0 FOLLOWER]: Consensus starting up: Expiring failure detector timer to make a prompt election more likely
I20260630 12:12:40.757040  3621 raft_consensus.cc:740] T d182ba0777e04d659b81d50c59c94863 P ee0e620a32b249a981f7c814c27e70d9 [term 0 FOLLOWER]: Becoming Follower/Learner. State: Replica: ee0e620a32b249a981f7c814c27e70d9, State: Initialized, Role: FOLLOWER
I20260630 12:12:40.757766  3621 consensus_queue.cc:260] T d182ba0777e04d659b81d50c59c94863 P ee0e620a32b249a981f7c814c27e70d9 [NON_LEADER]: Queue going to NON_LEADER mode. State: All replicated index: 0, Majority replicated index: 0, Committed index: 0, Last appended: 0.0, Last appended by leader: 0, Current term: 0, Majority size: -1, State: 0, Mode: NON_LEADER, active raft config: opid_index: -1 OBSOLETE_local: false peers { permanent_uuid: "5bf9d2fec4154765bcb6f675183fd806" member_type: VOTER last_known_addr { host: "127.0.107.193" port: 36431 } } peers { permanent_uuid: "d3f0fe2ebfdc444abafff2b1aae155b1" member_type: VOTER last_known_addr { host: "127.0.107.194" port: 42067 } } peers { permanent_uuid: "ee0e620a32b249a981f7c814c27e70d9" member_type: VOTER last_known_addr { host: "127.0.107.195" port: 36987 } }
I20260630 12:12:40.760093  3424 raft_consensus.cc:2468] T 8f0363d8abb64b34b3c411be31c2c6ad P 5bf9d2fec4154765bcb6f675183fd806 [term 1 FOLLOWER]: Leader election vote request: Granting yes vote for candidate d3f0fe2ebfdc444abafff2b1aae155b1 in term 1.
I20260630 12:12:40.762100  3663 raft_consensus.cc:2749] T 95cae0d35ba741029c257b04b034a014 P d3f0fe2ebfdc444abafff2b1aae155b1 [term 1 FOLLOWER]: Leader pre-election lost for term 1. Reason: could not achieve majority
I20260630 12:12:40.763639  3618 tablet_bootstrap.cc:654] T d182ba0777e04d659b81d50c59c94863 P d3f0fe2ebfdc444abafff2b1aae155b1: Neither blocks nor log segments found. Creating new log.
I20260630 12:12:40.764572  3619 tablet_bootstrap.cc:492] T e56a9d4975844f9f9feccfc0dd078011 P 5bf9d2fec4154765bcb6f675183fd806: No bootstrap required, opened a new log
I20260630 12:12:40.765000  3619 ts_tablet_manager.cc:1403] T e56a9d4975844f9f9feccfc0dd078011 P 5bf9d2fec4154765bcb6f675183fd806: Time spent bootstrapping tablet: real 0.101s	user 0.011s	sys 0.002s
I20260630 12:12:40.767592  3619 raft_consensus.cc:359] T e56a9d4975844f9f9feccfc0dd078011 P 5bf9d2fec4154765bcb6f675183fd806 [term 0 FOLLOWER]: Replica starting. Triggering 0 pending ops. Active config: opid_index: -1 OBSOLETE_local: false peers { permanent_uuid: "5bf9d2fec4154765bcb6f675183fd806" member_type: VOTER last_known_addr { host: "127.0.107.193" port: 36431 } } peers { permanent_uuid: "d3f0fe2ebfdc444abafff2b1aae155b1" member_type: VOTER last_known_addr { host: "127.0.107.194" port: 42067 } } peers { permanent_uuid: "ee0e620a32b249a981f7c814c27e70d9" member_type: VOTER last_known_addr { host: "127.0.107.195" port: 36987 } }
I20260630 12:12:40.768493  3619 raft_consensus.cc:385] T e56a9d4975844f9f9feccfc0dd078011 P 5bf9d2fec4154765bcb6f675183fd806 [term 0 FOLLOWER]: Consensus starting up: Expiring failure detector timer to make a prompt election more likely
I20260630 12:12:40.768775  3619 raft_consensus.cc:740] T e56a9d4975844f9f9feccfc0dd078011 P 5bf9d2fec4154765bcb6f675183fd806 [term 0 FOLLOWER]: Becoming Follower/Learner. State: Replica: 5bf9d2fec4154765bcb6f675183fd806, State: Initialized, Role: FOLLOWER
I20260630 12:12:40.767993  3320 catalog_manager.cc:5697] T 6e90e07b2e8c4f1ba06ec45789b179e0 P 5bf9d2fec4154765bcb6f675183fd806 reported cstate change: term changed from 0 to 1, leader changed from <none> to 5bf9d2fec4154765bcb6f675183fd806 (127.0.107.193). New cstate: current_term: 1 leader_uuid: "5bf9d2fec4154765bcb6f675183fd806" committed_config { opid_index: -1 OBSOLETE_local: false peers { permanent_uuid: "5bf9d2fec4154765bcb6f675183fd806" member_type: VOTER last_known_addr { host: "127.0.107.193" port: 36431 } health_report { overall_health: HEALTHY } } peers { permanent_uuid: "d3f0fe2ebfdc444abafff2b1aae155b1" member_type: VOTER last_known_addr { host: "127.0.107.194" port: 42067 } health_report { overall_health: UNKNOWN } } peers { permanent_uuid: "ee0e620a32b249a981f7c814c27e70d9" member_type: VOTER last_known_addr { host: "127.0.107.195" port: 36987 } health_report { overall_health: UNKNOWN } } }
I20260630 12:12:40.769694  3619 consensus_queue.cc:260] T e56a9d4975844f9f9feccfc0dd078011 P 5bf9d2fec4154765bcb6f675183fd806 [NON_LEADER]: Queue going to NON_LEADER mode. State: All replicated index: 0, Majority replicated index: 0, Committed index: 0, Last appended: 0.0, Last appended by leader: 0, Current term: 0, Majority size: -1, State: 0, Mode: NON_LEADER, active raft config: opid_index: -1 OBSOLETE_local: false peers { permanent_uuid: "5bf9d2fec4154765bcb6f675183fd806" member_type: VOTER last_known_addr { host: "127.0.107.193" port: 36431 } } peers { permanent_uuid: "d3f0fe2ebfdc444abafff2b1aae155b1" member_type: VOTER last_known_addr { host: "127.0.107.194" port: 42067 } } peers { permanent_uuid: "ee0e620a32b249a981f7c814c27e70d9" member_type: VOTER last_known_addr { host: "127.0.107.195" port: 36987 } }
I20260630 12:12:40.774188  3463 leader_election.cc:304] T 8f0363d8abb64b34b3c411be31c2c6ad P d3f0fe2ebfdc444abafff2b1aae155b1 [CANDIDATE]: Term 1 election: Election decided. Result: candidate won. Election summary: received 3 responses out of 3 voters: 2 yes votes; 1 no votes. yes voters: 5bf9d2fec4154765bcb6f675183fd806, d3f0fe2ebfdc444abafff2b1aae155b1; no voters: ee0e620a32b249a981f7c814c27e70d9
I20260630 12:12:40.778285  3639 raft_consensus.cc:493] T e56a9d4975844f9f9feccfc0dd078011 P 5bf9d2fec4154765bcb6f675183fd806 [term 0 FOLLOWER]: Starting pre-election (no leader contacted us within the election timeout)
I20260630 12:12:40.778956  3647 raft_consensus.cc:493] T 52ff37155b944df1b6d907fa595ef8d1 P ee0e620a32b249a981f7c814c27e70d9 [term 0 FOLLOWER]: Starting pre-election (no leader contacted us within the election timeout)
I20260630 12:12:40.779604  3647 raft_consensus.cc:515] T 52ff37155b944df1b6d907fa595ef8d1 P ee0e620a32b249a981f7c814c27e70d9 [term 0 FOLLOWER]: Starting pre-election with config: opid_index: -1 OBSOLETE_local: false peers { permanent_uuid: "5bf9d2fec4154765bcb6f675183fd806" member_type: VOTER last_known_addr { host: "127.0.107.193" port: 36431 } } peers { permanent_uuid: "d3f0fe2ebfdc444abafff2b1aae155b1" member_type: VOTER last_known_addr { host: "127.0.107.194" port: 42067 } } peers { permanent_uuid: "ee0e620a32b249a981f7c814c27e70d9" member_type: VOTER last_known_addr { host: "127.0.107.195" port: 36987 } }
I20260630 12:12:40.778852  3639 raft_consensus.cc:515] T e56a9d4975844f9f9feccfc0dd078011 P 5bf9d2fec4154765bcb6f675183fd806 [term 0 FOLLOWER]: Starting pre-election with config: opid_index: -1 OBSOLETE_local: false peers { permanent_uuid: "5bf9d2fec4154765bcb6f675183fd806" member_type: VOTER last_known_addr { host: "127.0.107.193" port: 36431 } } peers { permanent_uuid: "d3f0fe2ebfdc444abafff2b1aae155b1" member_type: VOTER last_known_addr { host: "127.0.107.194" port: 42067 } } peers { permanent_uuid: "ee0e620a32b249a981f7c814c27e70d9" member_type: VOTER last_known_addr { host: "127.0.107.195" port: 36987 } }
I20260630 12:12:40.781844  3647 leader_election.cc:290] T 52ff37155b944df1b6d907fa595ef8d1 P ee0e620a32b249a981f7c814c27e70d9 [CANDIDATE]: Term 1 pre-election: Requested pre-vote from peers 5bf9d2fec4154765bcb6f675183fd806 (127.0.107.193:36431), d3f0fe2ebfdc444abafff2b1aae155b1 (127.0.107.194:42067)
I20260630 12:12:40.782199  3618 tablet_bootstrap.cc:492] T d182ba0777e04d659b81d50c59c94863 P d3f0fe2ebfdc444abafff2b1aae155b1: No bootstrap required, opened a new log
I20260630 12:12:40.782621  3618 ts_tablet_manager.cc:1403] T d182ba0777e04d659b81d50c59c94863 P d3f0fe2ebfdc444abafff2b1aae155b1: Time spent bootstrapping tablet: real 0.043s	user 0.009s	sys 0.015s
I20260630 12:12:40.783118  3424 tablet_service.cc:1917] Received RequestConsensusVote() RPC: tablet_id: "52ff37155b944df1b6d907fa595ef8d1" candidate_uuid: "ee0e620a32b249a981f7c814c27e70d9" candidate_term: 1 candidate_status { last_received { term: 0 index: 0 } } ignore_live_leader: false dest_uuid: "5bf9d2fec4154765bcb6f675183fd806" is_pre_election: true
I20260630 12:12:40.783708  3663 raft_consensus.cc:2804] T 8f0363d8abb64b34b3c411be31c2c6ad P d3f0fe2ebfdc444abafff2b1aae155b1 [term 1 FOLLOWER]: Leader election won for term 1
I20260630 12:12:40.783819  3424 raft_consensus.cc:2468] T 52ff37155b944df1b6d907fa595ef8d1 P 5bf9d2fec4154765bcb6f675183fd806 [term 0 FOLLOWER]: Leader pre-election vote request: Granting yes vote for candidate ee0e620a32b249a981f7c814c27e70d9 in term 0.
I20260630 12:12:40.784492  3663 raft_consensus.cc:697] T 8f0363d8abb64b34b3c411be31c2c6ad P d3f0fe2ebfdc444abafff2b1aae155b1 [term 1 LEADER]: Becoming Leader. State: Replica: d3f0fe2ebfdc444abafff2b1aae155b1, State: Running, Role: LEADER
I20260630 12:12:40.785265  3499 tablet_service.cc:1917] Received RequestConsensusVote() RPC: tablet_id: "52ff37155b944df1b6d907fa595ef8d1" candidate_uuid: "ee0e620a32b249a981f7c814c27e70d9" candidate_term: 1 candidate_status { last_received { term: 0 index: 0 } } ignore_live_leader: false dest_uuid: "d3f0fe2ebfdc444abafff2b1aae155b1" is_pre_election: true
I20260630 12:12:40.785408  3663 consensus_queue.cc:237] T 8f0363d8abb64b34b3c411be31c2c6ad P d3f0fe2ebfdc444abafff2b1aae155b1 [LEADER]: Queue going to LEADER mode. State: All replicated index: 0, Majority replicated index: 0, Committed index: 0, Last appended: 0.0, Last appended by leader: 0, Current term: 1, Majority size: 2, State: 0, Mode: LEADER, active raft config: opid_index: -1 OBSOLETE_local: false peers { permanent_uuid: "d3f0fe2ebfdc444abafff2b1aae155b1" member_type: VOTER last_known_addr { host: "127.0.107.194" port: 42067 } } peers { permanent_uuid: "5bf9d2fec4154765bcb6f675183fd806" member_type: VOTER last_known_addr { host: "127.0.107.193" port: 36431 } } peers { permanent_uuid: "ee0e620a32b249a981f7c814c27e70d9" member_type: VOTER last_known_addr { host: "127.0.107.195" port: 36987 } }
I20260630 12:12:40.786588  3537 leader_election.cc:304] T 52ff37155b944df1b6d907fa595ef8d1 P ee0e620a32b249a981f7c814c27e70d9 [CANDIDATE]: Term 1 pre-election: Election decided. Result: candidate won. Election summary: received 2 responses out of 3 voters: 2 yes votes; 0 no votes. yes voters: 5bf9d2fec4154765bcb6f675183fd806, ee0e620a32b249a981f7c814c27e70d9; no voters: 
I20260630 12:12:40.785969  3499 raft_consensus.cc:2468] T 52ff37155b944df1b6d907fa595ef8d1 P d3f0fe2ebfdc444abafff2b1aae155b1 [term 0 FOLLOWER]: Leader pre-election vote request: Granting yes vote for candidate ee0e620a32b249a981f7c814c27e70d9 in term 0.
I20260630 12:12:40.787678  3662 raft_consensus.cc:493] T e56a9d4975844f9f9feccfc0dd078011 P d3f0fe2ebfdc444abafff2b1aae155b1 [term 0 FOLLOWER]: Starting pre-election (no leader contacted us within the election timeout)
I20260630 12:12:40.788065  3639 leader_election.cc:290] T e56a9d4975844f9f9feccfc0dd078011 P 5bf9d2fec4154765bcb6f675183fd806 [CANDIDATE]: Term 1 pre-election: Requested pre-vote from peers d3f0fe2ebfdc444abafff2b1aae155b1 (127.0.107.194:42067), ee0e620a32b249a981f7c814c27e70d9 (127.0.107.195:36987)
I20260630 12:12:40.788170  3662 raft_consensus.cc:515] T e56a9d4975844f9f9feccfc0dd078011 P d3f0fe2ebfdc444abafff2b1aae155b1 [term 0 FOLLOWER]: Starting pre-election with config: opid_index: -1 OBSOLETE_local: false peers { permanent_uuid: "5bf9d2fec4154765bcb6f675183fd806" member_type: VOTER last_known_addr { host: "127.0.107.193" port: 36431 } } peers { permanent_uuid: "d3f0fe2ebfdc444abafff2b1aae155b1" member_type: VOTER last_known_addr { host: "127.0.107.194" port: 42067 } } peers { permanent_uuid: "ee0e620a32b249a981f7c814c27e70d9" member_type: VOTER last_known_addr { host: "127.0.107.195" port: 36987 } }
I20260630 12:12:40.789721  3647 raft_consensus.cc:2804] T 52ff37155b944df1b6d907fa595ef8d1 P ee0e620a32b249a981f7c814c27e70d9 [term 0 FOLLOWER]: Leader pre-election won for term 1
I20260630 12:12:40.790154  3647 raft_consensus.cc:493] T 52ff37155b944df1b6d907fa595ef8d1 P ee0e620a32b249a981f7c814c27e70d9 [term 0 FOLLOWER]: Starting leader election (no leader contacted us within the election timeout)
I20260630 12:12:40.790654  3662 leader_election.cc:290] T e56a9d4975844f9f9feccfc0dd078011 P d3f0fe2ebfdc444abafff2b1aae155b1 [CANDIDATE]: Term 1 pre-election: Requested pre-vote from peers 5bf9d2fec4154765bcb6f675183fd806 (127.0.107.193:36431), ee0e620a32b249a981f7c814c27e70d9 (127.0.107.195:36987)
I20260630 12:12:40.791798  3573 tablet_service.cc:1917] Received RequestConsensusVote() RPC: tablet_id: "e56a9d4975844f9f9feccfc0dd078011" candidate_uuid: "d3f0fe2ebfdc444abafff2b1aae155b1" candidate_term: 1 candidate_status { last_received { term: 0 index: 0 } } ignore_live_leader: false dest_uuid: "ee0e620a32b249a981f7c814c27e70d9" is_pre_election: true
I20260630 12:12:40.792322  3572 tablet_service.cc:1917] Received RequestConsensusVote() RPC: tablet_id: "e56a9d4975844f9f9feccfc0dd078011" candidate_uuid: "5bf9d2fec4154765bcb6f675183fd806" candidate_term: 1 candidate_status { last_received { term: 0 index: 0 } } ignore_live_leader: false dest_uuid: "ee0e620a32b249a981f7c814c27e70d9" is_pre_election: true
I20260630 12:12:40.792486  3573 raft_consensus.cc:2468] T e56a9d4975844f9f9feccfc0dd078011 P ee0e620a32b249a981f7c814c27e70d9 [term 0 FOLLOWER]: Leader pre-election vote request: Granting yes vote for candidate d3f0fe2ebfdc444abafff2b1aae155b1 in term 0.
I20260630 12:12:40.776640  3621 ts_tablet_manager.cc:1434] T d182ba0777e04d659b81d50c59c94863 P ee0e620a32b249a981f7c814c27e70d9: Time spent starting tablet: real 0.023s	user 0.005s	sys 0.000s
I20260630 12:12:40.794665  3621 tablet_bootstrap.cc:492] T 8f0363d8abb64b34b3c411be31c2c6ad P ee0e620a32b249a981f7c814c27e70d9: Bootstrap starting.
I20260630 12:12:40.794710  3423 tablet_service.cc:1917] Received RequestConsensusVote() RPC: tablet_id: "e56a9d4975844f9f9feccfc0dd078011" candidate_uuid: "d3f0fe2ebfdc444abafff2b1aae155b1" candidate_term: 1 candidate_status { last_received { term: 0 index: 0 } } ignore_live_leader: false dest_uuid: "5bf9d2fec4154765bcb6f675183fd806" is_pre_election: true
I20260630 12:12:40.786760  3618 raft_consensus.cc:359] T d182ba0777e04d659b81d50c59c94863 P d3f0fe2ebfdc444abafff2b1aae155b1 [term 0 FOLLOWER]: Replica starting. Triggering 0 pending ops. Active config: opid_index: -1 OBSOLETE_local: false peers { permanent_uuid: "5bf9d2fec4154765bcb6f675183fd806" member_type: VOTER last_known_addr { host: "127.0.107.193" port: 36431 } } peers { permanent_uuid: "d3f0fe2ebfdc444abafff2b1aae155b1" member_type: VOTER last_known_addr { host: "127.0.107.194" port: 42067 } } peers { permanent_uuid: "ee0e620a32b249a981f7c814c27e70d9" member_type: VOTER last_known_addr { host: "127.0.107.195" port: 36987 } }
I20260630 12:12:40.795396  3618 raft_consensus.cc:385] T d182ba0777e04d659b81d50c59c94863 P d3f0fe2ebfdc444abafff2b1aae155b1 [term 0 FOLLOWER]: Consensus starting up: Expiring failure detector timer to make a prompt election more likely
I20260630 12:12:40.795432  3423 raft_consensus.cc:2468] T e56a9d4975844f9f9feccfc0dd078011 P 5bf9d2fec4154765bcb6f675183fd806 [term 0 FOLLOWER]: Leader pre-election vote request: Granting yes vote for candidate d3f0fe2ebfdc444abafff2b1aae155b1 in term 0.
I20260630 12:12:40.795872  3618 raft_consensus.cc:740] T d182ba0777e04d659b81d50c59c94863 P d3f0fe2ebfdc444abafff2b1aae155b1 [term 0 FOLLOWER]: Becoming Follower/Learner. State: Replica: d3f0fe2ebfdc444abafff2b1aae155b1, State: Initialized, Role: FOLLOWER
I20260630 12:12:40.797979  3462 leader_election.cc:304] T e56a9d4975844f9f9feccfc0dd078011 P d3f0fe2ebfdc444abafff2b1aae155b1 [CANDIDATE]: Term 1 pre-election: Election decided. Result: candidate won. Election summary: received 2 responses out of 3 voters: 2 yes votes; 0 no votes. yes voters: d3f0fe2ebfdc444abafff2b1aae155b1, ee0e620a32b249a981f7c814c27e70d9; no voters: 
I20260630 12:12:40.799536  3499 tablet_service.cc:1917] Received RequestConsensusVote() RPC: tablet_id: "e56a9d4975844f9f9feccfc0dd078011" candidate_uuid: "5bf9d2fec4154765bcb6f675183fd806" candidate_term: 1 candidate_status { last_received { term: 0 index: 0 } } ignore_live_leader: false dest_uuid: "d3f0fe2ebfdc444abafff2b1aae155b1" is_pre_election: true
I20260630 12:12:40.800258  3499 raft_consensus.cc:2468] T e56a9d4975844f9f9feccfc0dd078011 P d3f0fe2ebfdc444abafff2b1aae155b1 [term 0 FOLLOWER]: Leader pre-election vote request: Granting yes vote for candidate 5bf9d2fec4154765bcb6f675183fd806 in term 0.
I20260630 12:12:40.801501  3388 leader_election.cc:304] T e56a9d4975844f9f9feccfc0dd078011 P 5bf9d2fec4154765bcb6f675183fd806 [CANDIDATE]: Term 1 pre-election: Election decided. Result: candidate won. Election summary: received 3 responses out of 3 voters: 2 yes votes; 1 no votes. yes voters: 5bf9d2fec4154765bcb6f675183fd806, d3f0fe2ebfdc444abafff2b1aae155b1; no voters: ee0e620a32b249a981f7c814c27e70d9
I20260630 12:12:40.802802  3621 tablet_bootstrap.cc:654] T 8f0363d8abb64b34b3c411be31c2c6ad P ee0e620a32b249a981f7c814c27e70d9: Neither blocks nor log segments found. Creating new log.
I20260630 12:12:40.803912  3619 ts_tablet_manager.cc:1434] T e56a9d4975844f9f9feccfc0dd078011 P 5bf9d2fec4154765bcb6f675183fd806: Time spent starting tablet: real 0.039s	user 0.003s	sys 0.007s
I20260630 12:12:40.803853  3618 consensus_queue.cc:260] T d182ba0777e04d659b81d50c59c94863 P d3f0fe2ebfdc444abafff2b1aae155b1 [NON_LEADER]: Queue going to NON_LEADER mode. State: All replicated index: 0, Majority replicated index: 0, Committed index: 0, Last appended: 0.0, Last appended by leader: 0, Current term: 0, Majority size: -1, State: 0, Mode: NON_LEADER, active raft config: opid_index: -1 OBSOLETE_local: false peers { permanent_uuid: "5bf9d2fec4154765bcb6f675183fd806" member_type: VOTER last_known_addr { host: "127.0.107.193" port: 36431 } } peers { permanent_uuid: "d3f0fe2ebfdc444abafff2b1aae155b1" member_type: VOTER last_known_addr { host: "127.0.107.194" port: 42067 } } peers { permanent_uuid: "ee0e620a32b249a981f7c814c27e70d9" member_type: VOTER last_known_addr { host: "127.0.107.195" port: 36987 } }
I20260630 12:12:40.805490  3627 raft_consensus.cc:2804] T e56a9d4975844f9f9feccfc0dd078011 P d3f0fe2ebfdc444abafff2b1aae155b1 [term 0 FOLLOWER]: Leader pre-election won for term 1
I20260630 12:12:40.806001  3627 raft_consensus.cc:493] T e56a9d4975844f9f9feccfc0dd078011 P d3f0fe2ebfdc444abafff2b1aae155b1 [term 0 FOLLOWER]: Starting leader election (no leader contacted us within the election timeout)
I20260630 12:12:40.806437  3618 ts_tablet_manager.cc:1434] T d182ba0777e04d659b81d50c59c94863 P d3f0fe2ebfdc444abafff2b1aae155b1: Time spent starting tablet: real 0.024s	user 0.005s	sys 0.003s
I20260630 12:12:40.806449  3627 raft_consensus.cc:3060] T e56a9d4975844f9f9feccfc0dd078011 P d3f0fe2ebfdc444abafff2b1aae155b1 [term 0 FOLLOWER]: Advancing to term 1
I20260630 12:12:40.807685  3618 tablet_bootstrap.cc:492] T a6143ac8c68f477d92af38856e1ba637 P d3f0fe2ebfdc444abafff2b1aae155b1: Bootstrap starting.
I20260630 12:12:40.802736  3622 raft_consensus.cc:2804] T e56a9d4975844f9f9feccfc0dd078011 P 5bf9d2fec4154765bcb6f675183fd806 [term 0 FOLLOWER]: Leader pre-election won for term 1
I20260630 12:12:40.809212  3622 raft_consensus.cc:493] T e56a9d4975844f9f9feccfc0dd078011 P 5bf9d2fec4154765bcb6f675183fd806 [term 0 FOLLOWER]: Starting leader election (no leader contacted us within the election timeout)
I20260630 12:12:40.809582  3622 raft_consensus.cc:3060] T e56a9d4975844f9f9feccfc0dd078011 P 5bf9d2fec4154765bcb6f675183fd806 [term 0 FOLLOWER]: Advancing to term 1
I20260630 12:12:40.790498  3647 raft_consensus.cc:3060] T 52ff37155b944df1b6d907fa595ef8d1 P ee0e620a32b249a981f7c814c27e70d9 [term 0 FOLLOWER]: Advancing to term 1
I20260630 12:12:40.818025  3627 raft_consensus.cc:515] T e56a9d4975844f9f9feccfc0dd078011 P d3f0fe2ebfdc444abafff2b1aae155b1 [term 1 FOLLOWER]: Starting leader election with config: opid_index: -1 OBSOLETE_local: false peers { permanent_uuid: "5bf9d2fec4154765bcb6f675183fd806" member_type: VOTER last_known_addr { host: "127.0.107.193" port: 36431 } } peers { permanent_uuid: "d3f0fe2ebfdc444abafff2b1aae155b1" member_type: VOTER last_known_addr { host: "127.0.107.194" port: 42067 } } peers { permanent_uuid: "ee0e620a32b249a981f7c814c27e70d9" member_type: VOTER last_known_addr { host: "127.0.107.195" port: 36987 } }
I20260630 12:12:40.819175  3618 tablet_bootstrap.cc:654] T a6143ac8c68f477d92af38856e1ba637 P d3f0fe2ebfdc444abafff2b1aae155b1: Neither blocks nor log segments found. Creating new log.
I20260630 12:12:40.823271  3627 leader_election.cc:290] T e56a9d4975844f9f9feccfc0dd078011 P d3f0fe2ebfdc444abafff2b1aae155b1 [CANDIDATE]: Term 1 election: Requested vote from peers 5bf9d2fec4154765bcb6f675183fd806 (127.0.107.193:36431), ee0e620a32b249a981f7c814c27e70d9 (127.0.107.195:36987)
I20260630 12:12:40.824743  3618 tablet_bootstrap.cc:492] T a6143ac8c68f477d92af38856e1ba637 P d3f0fe2ebfdc444abafff2b1aae155b1: No bootstrap required, opened a new log
I20260630 12:12:40.824539  3573 tablet_service.cc:1917] Received RequestConsensusVote() RPC: tablet_id: "e56a9d4975844f9f9feccfc0dd078011" candidate_uuid: "d3f0fe2ebfdc444abafff2b1aae155b1" candidate_term: 1 candidate_status { last_received { term: 0 index: 0 } } ignore_live_leader: false dest_uuid: "ee0e620a32b249a981f7c814c27e70d9"
I20260630 12:12:40.825333  3618 ts_tablet_manager.cc:1403] T a6143ac8c68f477d92af38856e1ba637 P d3f0fe2ebfdc444abafff2b1aae155b1: Time spent bootstrapping tablet: real 0.018s	user 0.008s	sys 0.003s
I20260630 12:12:40.825534  3573 raft_consensus.cc:3060] T e56a9d4975844f9f9feccfc0dd078011 P ee0e620a32b249a981f7c814c27e70d9 [term 0 FOLLOWER]: Advancing to term 1
I20260630 12:12:40.827354  3621 tablet_bootstrap.cc:492] T 8f0363d8abb64b34b3c411be31c2c6ad P ee0e620a32b249a981f7c814c27e70d9: No bootstrap required, opened a new log
I20260630 12:12:40.824502  3424 tablet_service.cc:1917] Received RequestConsensusVote() RPC: tablet_id: "e56a9d4975844f9f9feccfc0dd078011" candidate_uuid: "d3f0fe2ebfdc444abafff2b1aae155b1" candidate_term: 1 candidate_status { last_received { term: 0 index: 0 } } ignore_live_leader: false dest_uuid: "5bf9d2fec4154765bcb6f675183fd806"
I20260630 12:12:40.827845  3621 ts_tablet_manager.cc:1403] T 8f0363d8abb64b34b3c411be31c2c6ad P ee0e620a32b249a981f7c814c27e70d9: Time spent bootstrapping tablet: real 0.033s	user 0.012s	sys 0.000s
I20260630 12:12:40.821404  3647 raft_consensus.cc:515] T 52ff37155b944df1b6d907fa595ef8d1 P ee0e620a32b249a981f7c814c27e70d9 [term 1 FOLLOWER]: Starting leader election with config: opid_index: -1 OBSOLETE_local: false peers { permanent_uuid: "5bf9d2fec4154765bcb6f675183fd806" member_type: VOTER last_known_addr { host: "127.0.107.193" port: 36431 } } peers { permanent_uuid: "d3f0fe2ebfdc444abafff2b1aae155b1" member_type: VOTER last_known_addr { host: "127.0.107.194" port: 42067 } } peers { permanent_uuid: "ee0e620a32b249a981f7c814c27e70d9" member_type: VOTER last_known_addr { host: "127.0.107.195" port: 36987 } }
I20260630 12:12:40.830854  3423 tablet_service.cc:1917] Received RequestConsensusVote() RPC: tablet_id: "52ff37155b944df1b6d907fa595ef8d1" candidate_uuid: "ee0e620a32b249a981f7c814c27e70d9" candidate_term: 1 candidate_status { last_received { term: 0 index: 0 } } ignore_live_leader: false dest_uuid: "5bf9d2fec4154765bcb6f675183fd806"
I20260630 12:12:40.830760  3621 raft_consensus.cc:359] T 8f0363d8abb64b34b3c411be31c2c6ad P ee0e620a32b249a981f7c814c27e70d9 [term 0 FOLLOWER]: Replica starting. Triggering 0 pending ops. Active config: opid_index: -1 OBSOLETE_local: false peers { permanent_uuid: "d3f0fe2ebfdc444abafff2b1aae155b1" member_type: VOTER last_known_addr { host: "127.0.107.194" port: 42067 } } peers { permanent_uuid: "5bf9d2fec4154765bcb6f675183fd806" member_type: VOTER last_known_addr { host: "127.0.107.193" port: 36431 } } peers { permanent_uuid: "ee0e620a32b249a981f7c814c27e70d9" member_type: VOTER last_known_addr { host: "127.0.107.195" port: 36987 } }
I20260630 12:12:40.831514  3621 raft_consensus.cc:385] T 8f0363d8abb64b34b3c411be31c2c6ad P ee0e620a32b249a981f7c814c27e70d9 [term 0 FOLLOWER]: Consensus starting up: Expiring failure detector timer to make a prompt election more likely
I20260630 12:12:40.831540  3423 raft_consensus.cc:3060] T 52ff37155b944df1b6d907fa595ef8d1 P 5bf9d2fec4154765bcb6f675183fd806 [term 0 FOLLOWER]: Advancing to term 1
I20260630 12:12:40.831941  3621 raft_consensus.cc:740] T 8f0363d8abb64b34b3c411be31c2c6ad P ee0e620a32b249a981f7c814c27e70d9 [term 0 FOLLOWER]: Becoming Follower/Learner. State: Replica: ee0e620a32b249a981f7c814c27e70d9, State: Initialized, Role: FOLLOWER
I20260630 12:12:40.832690  3621 consensus_queue.cc:260] T 8f0363d8abb64b34b3c411be31c2c6ad P ee0e620a32b249a981f7c814c27e70d9 [NON_LEADER]: Queue going to NON_LEADER mode. State: All replicated index: 0, Majority replicated index: 0, Committed index: 0, Last appended: 0.0, Last appended by leader: 0, Current term: 0, Majority size: -1, State: 0, Mode: NON_LEADER, active raft config: opid_index: -1 OBSOLETE_local: false peers { permanent_uuid: "d3f0fe2ebfdc444abafff2b1aae155b1" member_type: VOTER last_known_addr { host: "127.0.107.194" port: 42067 } } peers { permanent_uuid: "5bf9d2fec4154765bcb6f675183fd806" member_type: VOTER last_known_addr { host: "127.0.107.193" port: 36431 } } peers { permanent_uuid: "ee0e620a32b249a981f7c814c27e70d9" member_type: VOTER last_known_addr { host: "127.0.107.195" port: 36987 } }
I20260630 12:12:40.835060  3621 ts_tablet_manager.cc:1434] T 8f0363d8abb64b34b3c411be31c2c6ad P ee0e620a32b249a981f7c814c27e70d9: Time spent starting tablet: real 0.007s	user 0.006s	sys 0.000s
I20260630 12:12:40.837874  3618 raft_consensus.cc:359] T a6143ac8c68f477d92af38856e1ba637 P d3f0fe2ebfdc444abafff2b1aae155b1 [term 0 FOLLOWER]: Replica starting. Triggering 0 pending ops. Active config: opid_index: -1 OBSOLETE_local: false peers { permanent_uuid: "5bf9d2fec4154765bcb6f675183fd806" member_type: VOTER last_known_addr { host: "127.0.107.193" port: 36431 } } peers { permanent_uuid: "d3f0fe2ebfdc444abafff2b1aae155b1" member_type: VOTER last_known_addr { host: "127.0.107.194" port: 42067 } } peers { permanent_uuid: "ee0e620a32b249a981f7c814c27e70d9" member_type: VOTER last_known_addr { host: "127.0.107.195" port: 36987 } }
I20260630 12:12:40.838213  3573 raft_consensus.cc:2468] T e56a9d4975844f9f9feccfc0dd078011 P ee0e620a32b249a981f7c814c27e70d9 [term 1 FOLLOWER]: Leader election vote request: Granting yes vote for candidate d3f0fe2ebfdc444abafff2b1aae155b1 in term 1.
I20260630 12:12:40.826967  3622 raft_consensus.cc:515] T e56a9d4975844f9f9feccfc0dd078011 P 5bf9d2fec4154765bcb6f675183fd806 [term 1 FOLLOWER]: Starting leader election with config: opid_index: -1 OBSOLETE_local: false peers { permanent_uuid: "5bf9d2fec4154765bcb6f675183fd806" member_type: VOTER last_known_addr { host: "127.0.107.193" port: 36431 } } peers { permanent_uuid: "d3f0fe2ebfdc444abafff2b1aae155b1" member_type: VOTER last_known_addr { host: "127.0.107.194" port: 42067 } } peers { permanent_uuid: "ee0e620a32b249a981f7c814c27e70d9" member_type: VOTER last_known_addr { host: "127.0.107.195" port: 36987 } }
I20260630 12:12:40.839421  3424 raft_consensus.cc:2393] T e56a9d4975844f9f9feccfc0dd078011 P 5bf9d2fec4154765bcb6f675183fd806 [term 1 FOLLOWER]: Leader election vote request: Denying vote to candidate d3f0fe2ebfdc444abafff2b1aae155b1 in current term 1: Already voted for candidate 5bf9d2fec4154765bcb6f675183fd806 in this term.
I20260630 12:12:40.839952  3462 leader_election.cc:304] T e56a9d4975844f9f9feccfc0dd078011 P d3f0fe2ebfdc444abafff2b1aae155b1 [CANDIDATE]: Term 1 election: Election decided. Result: candidate won. Election summary: received 2 responses out of 3 voters: 2 yes votes; 0 no votes. yes voters: d3f0fe2ebfdc444abafff2b1aae155b1, ee0e620a32b249a981f7c814c27e70d9; no voters: 
I20260630 12:12:40.840507  3622 leader_election.cc:290] T e56a9d4975844f9f9feccfc0dd078011 P 5bf9d2fec4154765bcb6f675183fd806 [CANDIDATE]: Term 1 election: Requested vote from peers d3f0fe2ebfdc444abafff2b1aae155b1 (127.0.107.194:42067), ee0e620a32b249a981f7c814c27e70d9 (127.0.107.195:36987)
I20260630 12:12:40.838635  3618 raft_consensus.cc:385] T a6143ac8c68f477d92af38856e1ba637 P d3f0fe2ebfdc444abafff2b1aae155b1 [term 0 FOLLOWER]: Consensus starting up: Expiring failure detector timer to make a prompt election more likely
I20260630 12:12:40.841262  3627 raft_consensus.cc:2804] T e56a9d4975844f9f9feccfc0dd078011 P d3f0fe2ebfdc444abafff2b1aae155b1 [term 1 FOLLOWER]: Leader election won for term 1
I20260630 12:12:40.841351  3618 raft_consensus.cc:740] T a6143ac8c68f477d92af38856e1ba637 P d3f0fe2ebfdc444abafff2b1aae155b1 [term 0 FOLLOWER]: Becoming Follower/Learner. State: Replica: d3f0fe2ebfdc444abafff2b1aae155b1, State: Initialized, Role: FOLLOWER
I20260630 12:12:40.842332  3627 raft_consensus.cc:697] T e56a9d4975844f9f9feccfc0dd078011 P d3f0fe2ebfdc444abafff2b1aae155b1 [term 1 LEADER]: Becoming Leader. State: Replica: d3f0fe2ebfdc444abafff2b1aae155b1, State: Running, Role: LEADER
I20260630 12:12:40.842677  3618 consensus_queue.cc:260] T a6143ac8c68f477d92af38856e1ba637 P d3f0fe2ebfdc444abafff2b1aae155b1 [NON_LEADER]: Queue going to NON_LEADER mode. State: All replicated index: 0, Majority replicated index: 0, Committed index: 0, Last appended: 0.0, Last appended by leader: 0, Current term: 0, Majority size: -1, State: 0, Mode: NON_LEADER, active raft config: opid_index: -1 OBSOLETE_local: false peers { permanent_uuid: "5bf9d2fec4154765bcb6f675183fd806" member_type: VOTER last_known_addr { host: "127.0.107.193" port: 36431 } } peers { permanent_uuid: "d3f0fe2ebfdc444abafff2b1aae155b1" member_type: VOTER last_known_addr { host: "127.0.107.194" port: 42067 } } peers { permanent_uuid: "ee0e620a32b249a981f7c814c27e70d9" member_type: VOTER last_known_addr { host: "127.0.107.195" port: 36987 } }
