I20260630 12:35:57.334805  3921 raft_consensus.cc:1275] T 5c5894d70e0745d28dea3e8e2059943e P 5d19527e25664092800cf7943846602b [term 1 FOLLOWER]: Refusing update from remote peer 7c4191ab0c68430780b120da028e6a64: Log matching property violated. Preceding OpId in replica: term: 1 index: 1. Preceding OpId from leader: term: 1 index: 2. (index mismatch)
I20260630 12:35:57.335780  4224 raft_consensus.cc:1275] T 5c5894d70e0745d28dea3e8e2059943e P 7c0c6703d242418ba99050dec1affdc8 [term 1 FOLLOWER]: Refusing update from remote peer 7c4191ab0c68430780b120da028e6a64: Log matching property violated. Preceding OpId in replica: term: 1 index: 1. Preceding OpId from leader: term: 1 index: 2. (index mismatch)
I20260630 12:35:57.336865  4437 consensus_queue.cc:1048] T 5c5894d70e0745d28dea3e8e2059943e P 7c4191ab0c68430780b120da028e6a64 [LEADER]: Connected to new peer: Peer: permanent_uuid: "5d19527e25664092800cf7943846602b" member_type: VOTER last_known_addr { host: "127.0.235.193" port: 45219 }, Status: LMP_MISMATCH, Last received: 0.0, Next index: 2, Last known committed idx: 1, Time since last communication: 0.001s
I20260630 12:35:57.337836  4406 consensus_queue.cc:1048] T 5c5894d70e0745d28dea3e8e2059943e P 7c4191ab0c68430780b120da028e6a64 [LEADER]: Connected to new peer: Peer: permanent_uuid: "7c0c6703d242418ba99050dec1affdc8" member_type: VOTER last_known_addr { host: "127.0.235.196" port: 34763 } attrs { replace: true }, Status: LMP_MISMATCH, Last received: 0.0, Next index: 2, Last known committed idx: 1, Time since last communication: 0.000s
W20260630 12:35:57.339381  4035 consensus_peers.cc:597] T 5c5894d70e0745d28dea3e8e2059943e P 7c4191ab0c68430780b120da028e6a64 -> Peer a4d488aae7b047f8b065f03b39358e66 (127.0.235.194:33627): Couldn't send request to peer a4d488aae7b047f8b065f03b39358e66. Error code: TABLET_NOT_FOUND (6). Status: Not found: Tablet not found: 5c5894d70e0745d28dea3e8e2059943e. This is attempt 1: this message will repeat every 5th retry.
I20260630 12:35:57.351111  4406 raft_consensus.cc:2955] T 5c5894d70e0745d28dea3e8e2059943e P 7c4191ab0c68430780b120da028e6a64 [term 1 LEADER]: Committing config change with OpId 1.2: config changed from index -1 to 2, NON_VOTER a4d488aae7b047f8b065f03b39358e66 (127.0.235.194) added. New config: { opid_index: 2 OBSOLETE_local: false peers { permanent_uuid: "7c0c6703d242418ba99050dec1affdc8" member_type: VOTER last_known_addr { host: "127.0.235.196" port: 34763 } attrs { replace: true } } peers { permanent_uuid: "7c4191ab0c68430780b120da028e6a64" member_type: VOTER last_known_addr { host: "127.0.235.195" port: 38091 } } peers { permanent_uuid: "5d19527e25664092800cf7943846602b" member_type: VOTER last_known_addr { host: "127.0.235.193" port: 45219 } } peers { permanent_uuid: "a4d488aae7b047f8b065f03b39358e66" member_type: NON_VOTER last_known_addr { host: "127.0.235.194" port: 33627 } attrs { promote: true } } }
I20260630 12:35:57.359162  3921 raft_consensus.cc:2955] T 5c5894d70e0745d28dea3e8e2059943e P 5d19527e25664092800cf7943846602b [term 1 FOLLOWER]: Committing config change with OpId 1.2: config changed from index -1 to 2, NON_VOTER a4d488aae7b047f8b065f03b39358e66 (127.0.235.194) added. New config: { opid_index: 2 OBSOLETE_local: false peers { permanent_uuid: "7c0c6703d242418ba99050dec1affdc8" member_type: VOTER last_known_addr { host: "127.0.235.196" port: 34763 } attrs { replace: true } } peers { permanent_uuid: "7c4191ab0c68430780b120da028e6a64" member_type: VOTER last_known_addr { host: "127.0.235.195" port: 38091 } } peers { permanent_uuid: "5d19527e25664092800cf7943846602b" member_type: VOTER last_known_addr { host: "127.0.235.193" port: 45219 } } peers { permanent_uuid: "a4d488aae7b047f8b065f03b39358e66" member_type: NON_VOTER last_known_addr { host: "127.0.235.194" port: 33627 } attrs { promote: true } } }
I20260630 12:35:57.365347  3819 catalog_manager.cc:5697] T 5c5894d70e0745d28dea3e8e2059943e P 7c4191ab0c68430780b120da028e6a64 reported cstate change: config changed from index -1 to 2, NON_VOTER a4d488aae7b047f8b065f03b39358e66 (127.0.235.194) added. New cstate: current_term: 1 leader_uuid: "7c4191ab0c68430780b120da028e6a64" committed_config { opid_index: 2 OBSOLETE_local: false peers { permanent_uuid: "7c0c6703d242418ba99050dec1affdc8" member_type: VOTER last_known_addr { host: "127.0.235.196" port: 34763 } attrs { replace: true } health_report { overall_health: HEALTHY } } peers { permanent_uuid: "7c4191ab0c68430780b120da028e6a64" member_type: VOTER last_known_addr { host: "127.0.235.195" port: 38091 } health_report { overall_health: HEALTHY } } peers { permanent_uuid: "5d19527e25664092800cf7943846602b" member_type: VOTER last_known_addr { host: "127.0.235.193" port: 45219 } health_report { overall_health: HEALTHY } } peers { permanent_uuid: "a4d488aae7b047f8b065f03b39358e66" member_type: NON_VOTER last_known_addr { host: "127.0.235.194" port: 33627 } attrs { promote: true } health_report { overall_health: UNKNOWN } } }
I20260630 12:35:57.365412  4224 raft_consensus.cc:2955] T 5c5894d70e0745d28dea3e8e2059943e P 7c0c6703d242418ba99050dec1affdc8 [term 1 FOLLOWER]: Committing config change with OpId 1.2: config changed from index -1 to 2, NON_VOTER a4d488aae7b047f8b065f03b39358e66 (127.0.235.194) added. New config: { opid_index: 2 OBSOLETE_local: false peers { permanent_uuid: "7c0c6703d242418ba99050dec1affdc8" member_type: VOTER last_known_addr { host: "127.0.235.196" port: 34763 } attrs { replace: true } } peers { permanent_uuid: "7c4191ab0c68430780b120da028e6a64" member_type: VOTER last_known_addr { host: "127.0.235.195" port: 38091 } } peers { permanent_uuid: "5d19527e25664092800cf7943846602b" member_type: VOTER last_known_addr { host: "127.0.235.193" port: 45219 } } peers { permanent_uuid: "a4d488aae7b047f8b065f03b39358e66" member_type: NON_VOTER last_known_addr { host: "127.0.235.194" port: 33627 } attrs { promote: true } } }
I20260630 12:35:57.367691  3922 consensus_queue.cc:237] T 6964ea2a7c6141498998c8ebe92c5478 P 5d19527e25664092800cf7943846602b [LEADER]: Queue going to LEADER mode. State: All replicated index: 0, Majority replicated index: 1, Committed index: 1, Last appended: 1.1, Last appended by leader: 0, Current term: 1, Majority size: 2, State: 0, Mode: LEADER, active raft config: opid_index: 2 OBSOLETE_local: false peers { permanent_uuid: "5d19527e25664092800cf7943846602b" member_type: VOTER last_known_addr { host: "127.0.235.193" port: 45219 } } peers { permanent_uuid: "a4d488aae7b047f8b065f03b39358e66" member_type: VOTER last_known_addr { host: "127.0.235.194" port: 33627 } attrs { replace: true } } peers { permanent_uuid: "7c4191ab0c68430780b120da028e6a64" member_type: VOTER last_known_addr { host: "127.0.235.195" port: 38091 } } peers { permanent_uuid: "7c0c6703d242418ba99050dec1affdc8" member_type: NON_VOTER last_known_addr { host: "127.0.235.196" port: 34763 } attrs { promote: true } }
I20260630 12:35:57.384717  4072 raft_consensus.cc:1275] T 6964ea2a7c6141498998c8ebe92c5478 P 7c4191ab0c68430780b120da028e6a64 [term 1 FOLLOWER]: Refusing update from remote peer 5d19527e25664092800cf7943846602b: Log matching property violated. Preceding OpId in replica: term: 1 index: 1. Preceding OpId from leader: term: 1 index: 2. (index mismatch)
W20260630 12:35:57.386466  3887 consensus_peers.cc:597] T 6964ea2a7c6141498998c8ebe92c5478 P 5d19527e25664092800cf7943846602b -> Peer 7c0c6703d242418ba99050dec1affdc8 (127.0.235.196:34763): Couldn't send request to peer 7c0c6703d242418ba99050dec1affdc8. Error code: TABLET_NOT_FOUND (6). Status: Not found: Tablet not found: 6964ea2a7c6141498998c8ebe92c5478. This is attempt 1: this message will repeat every 5th retry.
I20260630 12:35:57.386772  3996 raft_consensus.cc:1275] T 6964ea2a7c6141498998c8ebe92c5478 P a4d488aae7b047f8b065f03b39358e66 [term 1 FOLLOWER]: Refusing update from remote peer 5d19527e25664092800cf7943846602b: Log matching property violated. Preceding OpId in replica: term: 1 index: 1. Preceding OpId from leader: term: 1 index: 2. (index mismatch)
I20260630 12:35:57.386446  4440 consensus_queue.cc:1048] T 6964ea2a7c6141498998c8ebe92c5478 P 5d19527e25664092800cf7943846602b [LEADER]: Connected to new peer: Peer: permanent_uuid: "7c4191ab0c68430780b120da028e6a64" member_type: VOTER last_known_addr { host: "127.0.235.195" port: 38091 }, Status: LMP_MISMATCH, Last received: 0.0, Next index: 2, Last known committed idx: 1, Time since last communication: 0.001s
I20260630 12:35:57.388572  4433 consensus_queue.cc:1048] T 6964ea2a7c6141498998c8ebe92c5478 P 5d19527e25664092800cf7943846602b [LEADER]: Connected to new peer: Peer: permanent_uuid: "a4d488aae7b047f8b065f03b39358e66" member_type: VOTER last_known_addr { host: "127.0.235.194" port: 33627 } attrs { replace: true }, Status: LMP_MISMATCH, Last received: 0.0, Next index: 2, Last known committed idx: 1, Time since last communication: 0.000s
I20260630 12:35:57.395524  4440 raft_consensus.cc:2955] T 6964ea2a7c6141498998c8ebe92c5478 P 5d19527e25664092800cf7943846602b [term 1 LEADER]: Committing config change with OpId 1.2: config changed from index -1 to 2, NON_VOTER 7c0c6703d242418ba99050dec1affdc8 (127.0.235.196) added. New config: { opid_index: 2 OBSOLETE_local: false peers { permanent_uuid: "5d19527e25664092800cf7943846602b" member_type: VOTER last_known_addr { host: "127.0.235.193" port: 45219 } } peers { permanent_uuid: "a4d488aae7b047f8b065f03b39358e66" member_type: VOTER last_known_addr { host: "127.0.235.194" port: 33627 } attrs { replace: true } } peers { permanent_uuid: "7c4191ab0c68430780b120da028e6a64" member_type: VOTER last_known_addr { host: "127.0.235.195" port: 38091 } } peers { permanent_uuid: "7c0c6703d242418ba99050dec1affdc8" member_type: NON_VOTER last_known_addr { host: "127.0.235.196" port: 34763 } attrs { promote: true } } }
I20260630 12:35:57.397248  4072 raft_consensus.cc:2955] T 6964ea2a7c6141498998c8ebe92c5478 P 7c4191ab0c68430780b120da028e6a64 [term 1 FOLLOWER]: Committing config change with OpId 1.2: config changed from index -1 to 2, NON_VOTER 7c0c6703d242418ba99050dec1affdc8 (127.0.235.196) added. New config: { opid_index: 2 OBSOLETE_local: false peers { permanent_uuid: "5d19527e25664092800cf7943846602b" member_type: VOTER last_known_addr { host: "127.0.235.193" port: 45219 } } peers { permanent_uuid: "a4d488aae7b047f8b065f03b39358e66" member_type: VOTER last_known_addr { host: "127.0.235.194" port: 33627 } attrs { replace: true } } peers { permanent_uuid: "7c4191ab0c68430780b120da028e6a64" member_type: VOTER last_known_addr { host: "127.0.235.195" port: 38091 } } peers { permanent_uuid: "7c0c6703d242418ba99050dec1affdc8" member_type: NON_VOTER last_known_addr { host: "127.0.235.196" port: 34763 } attrs { promote: true } } }
I20260630 12:35:57.398978  3996 raft_consensus.cc:2955] T 6964ea2a7c6141498998c8ebe92c5478 P a4d488aae7b047f8b065f03b39358e66 [term 1 FOLLOWER]: Committing config change with OpId 1.2: config changed from index -1 to 2, NON_VOTER 7c0c6703d242418ba99050dec1affdc8 (127.0.235.196) added. New config: { opid_index: 2 OBSOLETE_local: false peers { permanent_uuid: "5d19527e25664092800cf7943846602b" member_type: VOTER last_known_addr { host: "127.0.235.193" port: 45219 } } peers { permanent_uuid: "a4d488aae7b047f8b065f03b39358e66" member_type: VOTER last_known_addr { host: "127.0.235.194" port: 33627 } attrs { replace: true } } peers { permanent_uuid: "7c4191ab0c68430780b120da028e6a64" member_type: VOTER last_known_addr { host: "127.0.235.195" port: 38091 } } peers { permanent_uuid: "7c0c6703d242418ba99050dec1affdc8" member_type: NON_VOTER last_known_addr { host: "127.0.235.196" port: 34763 } attrs { promote: true } } }
I20260630 12:35:57.411342  3819 catalog_manager.cc:5697] T 6964ea2a7c6141498998c8ebe92c5478 P a4d488aae7b047f8b065f03b39358e66 reported cstate change: config changed from index -1 to 2, NON_VOTER 7c0c6703d242418ba99050dec1affdc8 (127.0.235.196) added. New cstate: current_term: 1 leader_uuid: "5d19527e25664092800cf7943846602b" committed_config { opid_index: 2 OBSOLETE_local: false peers { permanent_uuid: "5d19527e25664092800cf7943846602b" member_type: VOTER last_known_addr { host: "127.0.235.193" port: 45219 } } peers { permanent_uuid: "a4d488aae7b047f8b065f03b39358e66" member_type: VOTER last_known_addr { host: "127.0.235.194" port: 33627 } attrs { replace: true } } peers { permanent_uuid: "7c4191ab0c68430780b120da028e6a64" member_type: VOTER last_known_addr { host: "127.0.235.195" port: 38091 } } peers { permanent_uuid: "7c0c6703d242418ba99050dec1affdc8" member_type: NON_VOTER last_known_addr { host: "127.0.235.196" port: 34763 } attrs { promote: true } } }
I20260630 12:35:57.562093  4293 raft_consensus.cc:993] T eb1f517cb3694f2f999ca53dfa439794 P a4d488aae7b047f8b065f03b39358e66: : Instructing follower 7c0c6703d242418ba99050dec1affdc8 to start an election
I20260630 12:35:57.562800  4290 raft_consensus.cc:1081] T eb1f517cb3694f2f999ca53dfa439794 P a4d488aae7b047f8b065f03b39358e66 [term 1 LEADER]: Signalling peer 7c0c6703d242418ba99050dec1affdc8 to start an election
I20260630 12:35:57.564442  4224 tablet_service.cc:2044] Received Run Leader Election RPC: tablet_id: "eb1f517cb3694f2f999ca53dfa439794"
dest_uuid: "7c0c6703d242418ba99050dec1affdc8"
 from {username='slave'} at 127.0.0.1:47538
I20260630 12:35:57.565274  4224 raft_consensus.cc:493] T eb1f517cb3694f2f999ca53dfa439794 P 7c0c6703d242418ba99050dec1affdc8 [term 1 FOLLOWER]: Starting forced leader election (received explicit request)
I20260630 12:35:57.565618  4224 raft_consensus.cc:3060] T eb1f517cb3694f2f999ca53dfa439794 P 7c0c6703d242418ba99050dec1affdc8 [term 1 FOLLOWER]: Advancing to term 2
I20260630 12:35:57.570637  4224 raft_consensus.cc:515] T eb1f517cb3694f2f999ca53dfa439794 P 7c0c6703d242418ba99050dec1affdc8 [term 2 FOLLOWER]: Starting forced leader election with config: opid_index: 4 OBSOLETE_local: false peers { permanent_uuid: "a4d488aae7b047f8b065f03b39358e66" member_type: VOTER last_known_addr { host: "127.0.235.194" port: 33627 } } peers { permanent_uuid: "7c4191ab0c68430780b120da028e6a64" member_type: VOTER last_known_addr { host: "127.0.235.195" port: 38091 } } peers { permanent_uuid: "7c0c6703d242418ba99050dec1affdc8" member_type: VOTER last_known_addr { host: "127.0.235.196" port: 34763 } attrs { promote: false } }
I20260630 12:35:57.572523  4224 leader_election.cc:290] T eb1f517cb3694f2f999ca53dfa439794 P 7c0c6703d242418ba99050dec1affdc8 [CANDIDATE]: Term 2 election: Requested vote from peers a4d488aae7b047f8b065f03b39358e66 (127.0.235.194:33627), 7c4191ab0c68430780b120da028e6a64 (127.0.235.195:38091)
I20260630 12:35:57.573710  3996 tablet_service.cc:1917] Received RequestConsensusVote() RPC: tablet_id: "eb1f517cb3694f2f999ca53dfa439794" candidate_uuid: "7c0c6703d242418ba99050dec1affdc8" candidate_term: 2 candidate_status { last_received { term: 1 index: 4 } } ignore_live_leader: true dest_uuid: "a4d488aae7b047f8b065f03b39358e66"
I20260630 12:35:57.573699  4072 tablet_service.cc:1917] Received RequestConsensusVote() RPC: tablet_id: "eb1f517cb3694f2f999ca53dfa439794" candidate_uuid: "7c0c6703d242418ba99050dec1affdc8" candidate_term: 2 candidate_status { last_received { term: 1 index: 4 } } ignore_live_leader: true dest_uuid: "7c4191ab0c68430780b120da028e6a64"
I20260630 12:35:57.574590  4072 raft_consensus.cc:3060] T eb1f517cb3694f2f999ca53dfa439794 P 7c4191ab0c68430780b120da028e6a64 [term 1 FOLLOWER]: Advancing to term 2
I20260630 12:35:57.577301  3996 raft_consensus.cc:3055] T eb1f517cb3694f2f999ca53dfa439794 P a4d488aae7b047f8b065f03b39358e66 [term 1 LEADER]: Stepping down as leader of term 1
I20260630 12:35:57.577586  3996 raft_consensus.cc:740] T eb1f517cb3694f2f999ca53dfa439794 P a4d488aae7b047f8b065f03b39358e66 [term 1 LEADER]: Becoming Follower/Learner. State: Replica: a4d488aae7b047f8b065f03b39358e66, State: Running, Role: LEADER
I20260630 12:35:57.578368  3996 consensus_queue.cc:260] T eb1f517cb3694f2f999ca53dfa439794 P a4d488aae7b047f8b065f03b39358e66 [NON_LEADER]: Queue going to NON_LEADER mode. State: All replicated index: 0, Majority replicated index: 4, Committed index: 4, Last appended: 1.4, Last appended by leader: 4, Current term: 1, Majority size: -1, State: 0, Mode: NON_LEADER, active raft config: opid_index: 4 OBSOLETE_local: false peers { permanent_uuid: "a4d488aae7b047f8b065f03b39358e66" member_type: VOTER last_known_addr { host: "127.0.235.194" port: 33627 } } peers { permanent_uuid: "7c4191ab0c68430780b120da028e6a64" member_type: VOTER last_known_addr { host: "127.0.235.195" port: 38091 } } peers { permanent_uuid: "7c0c6703d242418ba99050dec1affdc8" member_type: VOTER last_known_addr { host: "127.0.235.196" port: 34763 } attrs { promote: false } }
I20260630 12:35:57.579274  3996 raft_consensus.cc:3060] T eb1f517cb3694f2f999ca53dfa439794 P a4d488aae7b047f8b065f03b39358e66 [term 1 FOLLOWER]: Advancing to term 2
I20260630 12:35:57.581616  4072 raft_consensus.cc:2468] T eb1f517cb3694f2f999ca53dfa439794 P 7c4191ab0c68430780b120da028e6a64 [term 2 FOLLOWER]: Leader election vote request: Granting yes vote for candidate 7c0c6703d242418ba99050dec1affdc8 in term 2.
I20260630 12:35:57.583251  4189 leader_election.cc:304] T eb1f517cb3694f2f999ca53dfa439794 P 7c0c6703d242418ba99050dec1affdc8 [CANDIDATE]: Term 2 election: Election decided. Result: candidate won. Election summary: received 2 responses out of 3 voters: 2 yes votes; 0 no votes. yes voters: 7c0c6703d242418ba99050dec1affdc8, 7c4191ab0c68430780b120da028e6a64; no voters: 
I20260630 12:35:57.584393  4458 raft_consensus.cc:2804] T eb1f517cb3694f2f999ca53dfa439794 P 7c0c6703d242418ba99050dec1affdc8 [term 2 FOLLOWER]: Leader election won for term 2
I20260630 12:35:57.584949  3996 raft_consensus.cc:2468] T eb1f517cb3694f2f999ca53dfa439794 P a4d488aae7b047f8b065f03b39358e66 [term 2 FOLLOWER]: Leader election vote request: Granting yes vote for candidate 7c0c6703d242418ba99050dec1affdc8 in term 2.
I20260630 12:35:57.584966  4458 raft_consensus.cc:697] T eb1f517cb3694f2f999ca53dfa439794 P 7c0c6703d242418ba99050dec1affdc8 [term 2 LEADER]: Becoming Leader. State: Replica: 7c0c6703d242418ba99050dec1affdc8, State: Running, Role: LEADER
I20260630 12:35:57.586796  4458 consensus_queue.cc:237] T eb1f517cb3694f2f999ca53dfa439794 P 7c0c6703d242418ba99050dec1affdc8 [LEADER]: Queue going to LEADER mode. State: All replicated index: 0, Majority replicated index: 4, Committed index: 4, Last appended: 1.4, Last appended by leader: 4, Current term: 2, Majority size: 2, State: 0, Mode: LEADER, active raft config: opid_index: 4 OBSOLETE_local: false peers { permanent_uuid: "a4d488aae7b047f8b065f03b39358e66" member_type: VOTER last_known_addr { host: "127.0.235.194" port: 33627 } } peers { permanent_uuid: "7c4191ab0c68430780b120da028e6a64" member_type: VOTER last_known_addr { host: "127.0.235.195" port: 38091 } } peers { permanent_uuid: "7c0c6703d242418ba99050dec1affdc8" member_type: VOTER last_known_addr { host: "127.0.235.196" port: 34763 } attrs { promote: false } }
I20260630 12:35:57.595294  3817 catalog_manager.cc:5697] T eb1f517cb3694f2f999ca53dfa439794 P 7c0c6703d242418ba99050dec1affdc8 reported cstate change: term changed from 1 to 2, leader changed from a4d488aae7b047f8b065f03b39358e66 (127.0.235.194) to 7c0c6703d242418ba99050dec1affdc8 (127.0.235.196). New cstate: current_term: 2 leader_uuid: "7c0c6703d242418ba99050dec1affdc8" committed_config { opid_index: 4 OBSOLETE_local: false peers { permanent_uuid: "a4d488aae7b047f8b065f03b39358e66" member_type: VOTER last_known_addr { host: "127.0.235.194" port: 33627 } health_report { overall_health: UNKNOWN } } peers { permanent_uuid: "7c4191ab0c68430780b120da028e6a64" member_type: VOTER last_known_addr { host: "127.0.235.195" port: 38091 } health_report { overall_health: UNKNOWN } } peers { permanent_uuid: "7c0c6703d242418ba99050dec1affdc8" member_type: VOTER last_known_addr { host: "127.0.235.196" port: 34763 } attrs { promote: false } health_report { overall_health: HEALTHY } } }
I20260630 12:35:57.748822  4460 ts_tablet_manager.cc:933] T 2444cb286c6b48118b994557988f0244 P 7c0c6703d242418ba99050dec1affdc8: Initiating tablet copy from peer 5d19527e25664092800cf7943846602b (127.0.235.193:45219)
I20260630 12:35:57.750839  4460 tablet_copy_client.cc:323] T 2444cb286c6b48118b994557988f0244 P 7c0c6703d242418ba99050dec1affdc8: tablet copy: Beginning tablet copy session from remote peer at address 127.0.235.193:45219
I20260630 12:35:57.752732  3932 tablet_copy_service.cc:140] P 5d19527e25664092800cf7943846602b: Received BeginTabletCopySession request for tablet 2444cb286c6b48118b994557988f0244 from peer 7c0c6703d242418ba99050dec1affdc8 ({username='slave'} at 127.0.0.1:51052)
I20260630 12:35:57.753221  3932 tablet_copy_service.cc:161] P 5d19527e25664092800cf7943846602b: Beginning new tablet copy session on tablet 2444cb286c6b48118b994557988f0244 from peer 7c0c6703d242418ba99050dec1affdc8 at {username='slave'} at 127.0.0.1:51052: session id = 7c0c6703d242418ba99050dec1affdc8-2444cb286c6b48118b994557988f0244
I20260630 12:35:57.758020  4462 ts_tablet_manager.cc:933] T 1471812ac1464309b69aaf5a78a79bae P 7c4191ab0c68430780b120da028e6a64: Initiating tablet copy from peer 5d19527e25664092800cf7943846602b (127.0.235.193:45219)
I20260630 12:35:57.760219  4462 tablet_copy_client.cc:323] T 1471812ac1464309b69aaf5a78a79bae P 7c4191ab0c68430780b120da028e6a64: tablet copy: Beginning tablet copy session from remote peer at address 127.0.235.193:45219
I20260630 12:35:57.760881  3932 tablet_copy_source_session.cc:215] T 2444cb286c6b48118b994557988f0244 P 5d19527e25664092800cf7943846602b: Tablet Copy: opened 0 blocks and 1 log segments
I20260630 12:35:57.762116  3933 tablet_copy_service.cc:140] P 5d19527e25664092800cf7943846602b: Received BeginTabletCopySession request for tablet 1471812ac1464309b69aaf5a78a79bae from peer 7c4191ab0c68430780b120da028e6a64 ({username='slave'} at 127.0.0.1:51032)
I20260630 12:35:57.762715  3933 tablet_copy_service.cc:161] P 5d19527e25664092800cf7943846602b: Beginning new tablet copy session on tablet 1471812ac1464309b69aaf5a78a79bae from peer 7c4191ab0c68430780b120da028e6a64 at {username='slave'} at 127.0.0.1:51032: session id = 7c4191ab0c68430780b120da028e6a64-1471812ac1464309b69aaf5a78a79bae
I20260630 12:35:57.764230  4460 data_dirs.cc:400] Could only allocate 1 dirs of requested 3 for tablet 2444cb286c6b48118b994557988f0244. 1 dirs total, 0 dirs full, 0 dirs failed
I20260630 12:35:57.770898  3933 tablet_copy_source_session.cc:215] T 1471812ac1464309b69aaf5a78a79bae P 5d19527e25664092800cf7943846602b: Tablet Copy: opened 0 blocks and 1 log segments
I20260630 12:35:57.774235  4462 data_dirs.cc:400] Could only allocate 1 dirs of requested 3 for tablet 1471812ac1464309b69aaf5a78a79bae. 1 dirs total, 0 dirs full, 0 dirs failed
I20260630 12:35:57.778759  4460 tablet_copy_client.cc:806] T 2444cb286c6b48118b994557988f0244 P 7c0c6703d242418ba99050dec1affdc8: tablet copy: Starting download of 0 data blocks...
I20260630 12:35:57.779434  4460 tablet_copy_client.cc:670] T 2444cb286c6b48118b994557988f0244 P 7c0c6703d242418ba99050dec1affdc8: tablet copy: Starting download of 1 WAL segments...
I20260630 12:35:57.783097  4460 tablet_copy_client.cc:538] T 2444cb286c6b48118b994557988f0244 P 7c0c6703d242418ba99050dec1affdc8: tablet copy: Tablet Copy complete. Replacing tablet superblock.
I20260630 12:35:57.789776  4460 tablet_bootstrap.cc:492] T 2444cb286c6b48118b994557988f0244 P 7c0c6703d242418ba99050dec1affdc8: Bootstrap starting.
I20260630 12:35:57.790256  4462 tablet_copy_client.cc:806] T 1471812ac1464309b69aaf5a78a79bae P 7c4191ab0c68430780b120da028e6a64: tablet copy: Starting download of 0 data blocks...
I20260630 12:35:57.790861  4462 tablet_copy_client.cc:670] T 1471812ac1464309b69aaf5a78a79bae P 7c4191ab0c68430780b120da028e6a64: tablet copy: Starting download of 1 WAL segments...
I20260630 12:35:57.794667  4462 tablet_copy_client.cc:538] T 1471812ac1464309b69aaf5a78a79bae P 7c4191ab0c68430780b120da028e6a64: tablet copy: Tablet Copy complete. Replacing tablet superblock.
I20260630 12:35:57.804873  4462 tablet_bootstrap.cc:492] T 1471812ac1464309b69aaf5a78a79bae P 7c4191ab0c68430780b120da028e6a64: Bootstrap starting.
I20260630 12:35:57.807474  4460 tablet_bootstrap.cc:492] T 2444cb286c6b48118b994557988f0244 P 7c0c6703d242418ba99050dec1affdc8: Bootstrap replayed 1/1 log segments. Stats: ops{read=2 overwritten=0 applied=2 ignored=0} inserts{seen=0 ignored=0} mutations{seen=0 ignored=0} orphaned_commits=0. Pending: 0 replicates
I20260630 12:35:57.808362  4460 tablet_bootstrap.cc:492] T 2444cb286c6b48118b994557988f0244 P 7c0c6703d242418ba99050dec1affdc8: Bootstrap complete.
I20260630 12:35:57.808971  4460 ts_tablet_manager.cc:1403] T 2444cb286c6b48118b994557988f0244 P 7c0c6703d242418ba99050dec1affdc8: Time spent bootstrapping tablet: real 0.019s	user 0.013s	sys 0.002s
I20260630 12:35:57.811466  4460 raft_consensus.cc:359] T 2444cb286c6b48118b994557988f0244 P 7c0c6703d242418ba99050dec1affdc8 [term 1 LEARNER]: Replica starting. Triggering 0 pending ops. Active config: opid_index: 2 OBSOLETE_local: false peers { permanent_uuid: "7c4191ab0c68430780b120da028e6a64" member_type: VOTER last_known_addr { host: "127.0.235.195" port: 38091 } attrs { replace: true } } peers { permanent_uuid: "a4d488aae7b047f8b065f03b39358e66" member_type: VOTER last_known_addr { host: "127.0.235.194" port: 33627 } } peers { permanent_uuid: "5d19527e25664092800cf7943846602b" member_type: VOTER last_known_addr { host: "127.0.235.193" port: 45219 } } peers { permanent_uuid: "7c0c6703d242418ba99050dec1affdc8" member_type: NON_VOTER last_known_addr { host: "127.0.235.196" port: 34763 } attrs { promote: true } }
I20260630 12:35:57.812109  4460 raft_consensus.cc:740] T 2444cb286c6b48118b994557988f0244 P 7c0c6703d242418ba99050dec1affdc8 [term 1 LEARNER]: Becoming Follower/Learner. State: Replica: 7c0c6703d242418ba99050dec1affdc8, State: Initialized, Role: LEARNER
I20260630 12:35:57.812636  4460 consensus_queue.cc:260] T 2444cb286c6b48118b994557988f0244 P 7c0c6703d242418ba99050dec1affdc8 [NON_LEADER]: Queue going to NON_LEADER mode. State: All replicated index: 0, Majority replicated index: 0, Committed index: 2, Last appended: 1.2, Last appended by leader: 2, Current term: 0, Majority size: -1, State: 0, Mode: NON_LEADER, active raft config: opid_index: 2 OBSOLETE_local: false peers { permanent_uuid: "7c4191ab0c68430780b120da028e6a64" member_type: VOTER last_known_addr { host: "127.0.235.195" port: 38091 } attrs { replace: true } } peers { permanent_uuid: "a4d488aae7b047f8b065f03b39358e66" member_type: VOTER last_known_addr { host: "127.0.235.194" port: 33627 } } peers { permanent_uuid: "5d19527e25664092800cf7943846602b" member_type: VOTER last_known_addr { host: "127.0.235.193" port: 45219 } } peers { permanent_uuid: "7c0c6703d242418ba99050dec1affdc8" member_type: NON_VOTER last_known_addr { host: "127.0.235.196" port: 34763 } attrs { promote: true } }
I20260630 12:35:57.817126  4460 ts_tablet_manager.cc:1434] T 2444cb286c6b48118b994557988f0244 P 7c0c6703d242418ba99050dec1affdc8: Time spent starting tablet: real 0.008s	user 0.000s	sys 0.004s
I20260630 12:35:57.820371  3933 tablet_copy_service.cc:342] P 5d19527e25664092800cf7943846602b: Request end of tablet copy session 7c0c6703d242418ba99050dec1affdc8-2444cb286c6b48118b994557988f0244 received from {username='slave'} at 127.0.0.1:51052
I20260630 12:35:57.820827  3933 tablet_copy_service.cc:434] P 5d19527e25664092800cf7943846602b: ending tablet copy session 7c0c6703d242418ba99050dec1affdc8-2444cb286c6b48118b994557988f0244 on tablet 2444cb286c6b48118b994557988f0244 with peer 7c0c6703d242418ba99050dec1affdc8
I20260630 12:35:57.825258  4462 tablet_bootstrap.cc:492] T 1471812ac1464309b69aaf5a78a79bae P 7c4191ab0c68430780b120da028e6a64: Bootstrap replayed 1/1 log segments. Stats: ops{read=2 overwritten=0 applied=2 ignored=0} inserts{seen=0 ignored=0} mutations{seen=0 ignored=0} orphaned_commits=0. Pending: 0 replicates
I20260630 12:35:57.826207  4462 tablet_bootstrap.cc:492] T 1471812ac1464309b69aaf5a78a79bae P 7c4191ab0c68430780b120da028e6a64: Bootstrap complete.
I20260630 12:35:57.826867  4462 ts_tablet_manager.cc:1403] T 1471812ac1464309b69aaf5a78a79bae P 7c4191ab0c68430780b120da028e6a64: Time spent bootstrapping tablet: real 0.022s	user 0.016s	sys 0.008s
I20260630 12:35:57.829847  4462 raft_consensus.cc:359] T 1471812ac1464309b69aaf5a78a79bae P 7c4191ab0c68430780b120da028e6a64 [term 1 LEARNER]: Replica starting. Triggering 0 pending ops. Active config: opid_index: 2 OBSOLETE_local: false peers { permanent_uuid: "5d19527e25664092800cf7943846602b" member_type: VOTER last_known_addr { host: "127.0.235.193" port: 45219 } } peers { permanent_uuid: "7c0c6703d242418ba99050dec1affdc8" member_type: VOTER last_known_addr { host: "127.0.235.196" port: 34763 } attrs { replace: true } } peers { permanent_uuid: "a4d488aae7b047f8b065f03b39358e66" member_type: VOTER last_known_addr { host: "127.0.235.194" port: 33627 } } peers { permanent_uuid: "7c4191ab0c68430780b120da028e6a64" member_type: NON_VOTER last_known_addr { host: "127.0.235.195" port: 38091 } attrs { promote: true } }
I20260630 12:35:57.830679  4462 raft_consensus.cc:740] T 1471812ac1464309b69aaf5a78a79bae P 7c4191ab0c68430780b120da028e6a64 [term 1 LEARNER]: Becoming Follower/Learner. State: Replica: 7c4191ab0c68430780b120da028e6a64, State: Initialized, Role: LEARNER
I20260630 12:35:57.831313  4462 consensus_queue.cc:260] T 1471812ac1464309b69aaf5a78a79bae P 7c4191ab0c68430780b120da028e6a64 [NON_LEADER]: Queue going to NON_LEADER mode. State: All replicated index: 0, Majority replicated index: 0, Committed index: 2, Last appended: 1.2, Last appended by leader: 2, Current term: 0, Majority size: -1, State: 0, Mode: NON_LEADER, active raft config: opid_index: 2 OBSOLETE_local: false peers { permanent_uuid: "5d19527e25664092800cf7943846602b" member_type: VOTER last_known_addr { host: "127.0.235.193" port: 45219 } } peers { permanent_uuid: "7c0c6703d242418ba99050dec1affdc8" member_type: VOTER last_known_addr { host: "127.0.235.196" port: 34763 } attrs { replace: true } } peers { permanent_uuid: "a4d488aae7b047f8b065f03b39358e66" member_type: VOTER last_known_addr { host: "127.0.235.194" port: 33627 } } peers { permanent_uuid: "7c4191ab0c68430780b120da028e6a64" member_type: NON_VOTER last_known_addr { host: "127.0.235.195" port: 38091 } attrs { promote: true } }
I20260630 12:35:57.833853  4462 ts_tablet_manager.cc:1434] T 1471812ac1464309b69aaf5a78a79bae P 7c4191ab0c68430780b120da028e6a64: Time spent starting tablet: real 0.007s	user 0.003s	sys 0.003s
I20260630 12:35:57.835602  3933 tablet_copy_service.cc:342] P 5d19527e25664092800cf7943846602b: Request end of tablet copy session 7c4191ab0c68430780b120da028e6a64-1471812ac1464309b69aaf5a78a79bae received from {username='slave'} at 127.0.0.1:51032
I20260630 12:35:57.836007  3933 tablet_copy_service.cc:434] P 5d19527e25664092800cf7943846602b: ending tablet copy session 7c4191ab0c68430780b120da028e6a64-1471812ac1464309b69aaf5a78a79bae on tablet 1471812ac1464309b69aaf5a78a79bae with peer 7c4191ab0c68430780b120da028e6a64
I20260630 12:35:57.852581  4466 ts_tablet_manager.cc:933] T 5c5894d70e0745d28dea3e8e2059943e P a4d488aae7b047f8b065f03b39358e66: Initiating tablet copy from peer 7c4191ab0c68430780b120da028e6a64 (127.0.235.195:38091)
I20260630 12:35:57.854323  4466 tablet_copy_client.cc:323] T 5c5894d70e0745d28dea3e8e2059943e P a4d488aae7b047f8b065f03b39358e66: tablet copy: Beginning tablet copy session from remote peer at address 127.0.235.195:38091
I20260630 12:35:57.855967  4082 tablet_copy_service.cc:140] P 7c4191ab0c68430780b120da028e6a64: Received BeginTabletCopySession request for tablet 5c5894d70e0745d28dea3e8e2059943e from peer a4d488aae7b047f8b065f03b39358e66 ({username='slave'} at 127.0.0.1:35420)
I20260630 12:35:57.856495  4082 tablet_copy_service.cc:161] P 7c4191ab0c68430780b120da028e6a64: Beginning new tablet copy session on tablet 5c5894d70e0745d28dea3e8e2059943e from peer a4d488aae7b047f8b065f03b39358e66 at {username='slave'} at 127.0.0.1:35420: session id = a4d488aae7b047f8b065f03b39358e66-5c5894d70e0745d28dea3e8e2059943e
I20260630 12:35:57.864660  4082 tablet_copy_source_session.cc:215] T 5c5894d70e0745d28dea3e8e2059943e P 7c4191ab0c68430780b120da028e6a64: Tablet Copy: opened 0 blocks and 1 log segments
I20260630 12:35:57.867952  4466 data_dirs.cc:400] Could only allocate 1 dirs of requested 3 for tablet 5c5894d70e0745d28dea3e8e2059943e. 1 dirs total, 0 dirs full, 0 dirs failed
I20260630 12:35:57.879117  4466 tablet_copy_client.cc:806] T 5c5894d70e0745d28dea3e8e2059943e P a4d488aae7b047f8b065f03b39358e66: tablet copy: Starting download of 0 data blocks...
I20260630 12:35:57.879719  4466 tablet_copy_client.cc:670] T 5c5894d70e0745d28dea3e8e2059943e P a4d488aae7b047f8b065f03b39358e66: tablet copy: Starting download of 1 WAL segments...
I20260630 12:35:57.883395  4460 ts_tablet_manager.cc:933] T 6964ea2a7c6141498998c8ebe92c5478 P 7c0c6703d242418ba99050dec1affdc8: Initiating tablet copy from peer 5d19527e25664092800cf7943846602b (127.0.235.193:45219)
I20260630 12:35:57.883661  4466 tablet_copy_client.cc:538] T 5c5894d70e0745d28dea3e8e2059943e P a4d488aae7b047f8b065f03b39358e66: tablet copy: Tablet Copy complete. Replacing tablet superblock.
I20260630 12:35:57.886267  4460 tablet_copy_client.cc:323] T 6964ea2a7c6141498998c8ebe92c5478 P 7c0c6703d242418ba99050dec1affdc8: tablet copy: Beginning tablet copy session from remote peer at address 127.0.235.193:45219
I20260630 12:35:57.887954  3933 tablet_copy_service.cc:140] P 5d19527e25664092800cf7943846602b: Received BeginTabletCopySession request for tablet 6964ea2a7c6141498998c8ebe92c5478 from peer 7c0c6703d242418ba99050dec1affdc8 ({username='slave'} at 127.0.0.1:51052)
I20260630 12:35:57.888476  3933 tablet_copy_service.cc:161] P 5d19527e25664092800cf7943846602b: Beginning new tablet copy session on tablet 6964ea2a7c6141498998c8ebe92c5478 from peer 7c0c6703d242418ba99050dec1affdc8 at {username='slave'} at 127.0.0.1:51052: session id = 7c0c6703d242418ba99050dec1affdc8-6964ea2a7c6141498998c8ebe92c5478
I20260630 12:35:57.892388  4466 tablet_bootstrap.cc:492] T 5c5894d70e0745d28dea3e8e2059943e P a4d488aae7b047f8b065f03b39358e66: Bootstrap starting.
I20260630 12:35:57.896153  3933 tablet_copy_source_session.cc:215] T 6964ea2a7c6141498998c8ebe92c5478 P 5d19527e25664092800cf7943846602b: Tablet Copy: opened 0 blocks and 1 log segments
I20260630 12:35:57.899619  4460 data_dirs.cc:400] Could only allocate 1 dirs of requested 3 for tablet 6964ea2a7c6141498998c8ebe92c5478. 1 dirs total, 0 dirs full, 0 dirs failed
I20260630 12:35:57.915206  4460 tablet_copy_client.cc:806] T 6964ea2a7c6141498998c8ebe92c5478 P 7c0c6703d242418ba99050dec1affdc8: tablet copy: Starting download of 0 data blocks...
I20260630 12:35:57.915858  4460 tablet_copy_client.cc:670] T 6964ea2a7c6141498998c8ebe92c5478 P 7c0c6703d242418ba99050dec1affdc8: tablet copy: Starting download of 1 WAL segments...
I20260630 12:35:57.919497  4466 tablet_bootstrap.cc:492] T 5c5894d70e0745d28dea3e8e2059943e P a4d488aae7b047f8b065f03b39358e66: Bootstrap replayed 1/1 log segments. Stats: ops{read=2 overwritten=0 applied=2 ignored=0} inserts{seen=0 ignored=0} mutations{seen=0 ignored=0} orphaned_commits=0. Pending: 0 replicates
I20260630 12:35:57.919584  4460 tablet_copy_client.cc:538] T 6964ea2a7c6141498998c8ebe92c5478 P 7c0c6703d242418ba99050dec1affdc8: tablet copy: Tablet Copy complete. Replacing tablet superblock.
I20260630 12:35:57.920419  4466 tablet_bootstrap.cc:492] T 5c5894d70e0745d28dea3e8e2059943e P a4d488aae7b047f8b065f03b39358e66: Bootstrap complete.
I20260630 12:35:57.921121  4466 ts_tablet_manager.cc:1403] T 5c5894d70e0745d28dea3e8e2059943e P a4d488aae7b047f8b065f03b39358e66: Time spent bootstrapping tablet: real 0.029s	user 0.021s	sys 0.008s
I20260630 12:35:57.924093  4466 raft_consensus.cc:359] T 5c5894d70e0745d28dea3e8e2059943e P a4d488aae7b047f8b065f03b39358e66 [term 1 LEARNER]: Replica starting. Triggering 0 pending ops. Active config: opid_index: 2 OBSOLETE_local: false peers { permanent_uuid: "7c0c6703d242418ba99050dec1affdc8" member_type: VOTER last_known_addr { host: "127.0.235.196" port: 34763 } attrs { replace: true } } peers { permanent_uuid: "7c4191ab0c68430780b120da028e6a64" member_type: VOTER last_known_addr { host: "127.0.235.195" port: 38091 } } peers { permanent_uuid: "5d19527e25664092800cf7943846602b" member_type: VOTER last_known_addr { host: "127.0.235.193" port: 45219 } } peers { permanent_uuid: "a4d488aae7b047f8b065f03b39358e66" member_type: NON_VOTER last_known_addr { host: "127.0.235.194" port: 33627 } attrs { promote: true } }
I20260630 12:35:57.924768  4466 raft_consensus.cc:740] T 5c5894d70e0745d28dea3e8e2059943e P a4d488aae7b047f8b065f03b39358e66 [term 1 LEARNER]: Becoming Follower/Learner. State: Replica: a4d488aae7b047f8b065f03b39358e66, State: Initialized, Role: LEARNER
I20260630 12:35:57.925355  4466 consensus_queue.cc:260] T 5c5894d70e0745d28dea3e8e2059943e P a4d488aae7b047f8b065f03b39358e66 [NON_LEADER]: Queue going to NON_LEADER mode. State: All replicated index: 0, Majority replicated index: 0, Committed index: 2, Last appended: 1.2, Last appended by leader: 2, Current term: 0, Majority size: -1, State: 0, Mode: NON_LEADER, active raft config: opid_index: 2 OBSOLETE_local: false peers { permanent_uuid: "7c0c6703d242418ba99050dec1affdc8" member_type: VOTER last_known_addr { host: "127.0.235.196" port: 34763 } attrs { replace: true } } peers { permanent_uuid: "7c4191ab0c68430780b120da028e6a64" member_type: VOTER last_known_addr { host: "127.0.235.195" port: 38091 } } peers { permanent_uuid: "5d19527e25664092800cf7943846602b" member_type: VOTER last_known_addr { host: "127.0.235.193" port: 45219 } } peers { permanent_uuid: "a4d488aae7b047f8b065f03b39358e66" member_type: NON_VOTER last_known_addr { host: "127.0.235.194" port: 33627 } attrs { promote: true } }
I20260630 12:35:57.927511  4466 ts_tablet_manager.cc:1434] T 5c5894d70e0745d28dea3e8e2059943e P a4d488aae7b047f8b065f03b39358e66: Time spent starting tablet: real 0.006s	user 0.004s	sys 0.000s
I20260630 12:35:57.928959  4460 tablet_bootstrap.cc:492] T 6964ea2a7c6141498998c8ebe92c5478 P 7c0c6703d242418ba99050dec1affdc8: Bootstrap starting.
I20260630 12:35:57.931588  4082 tablet_copy_service.cc:342] P 7c4191ab0c68430780b120da028e6a64: Request end of tablet copy session a4d488aae7b047f8b065f03b39358e66-5c5894d70e0745d28dea3e8e2059943e received from {username='slave'} at 127.0.0.1:35420
I20260630 12:35:57.932071  4082 tablet_copy_service.cc:434] P 7c4191ab0c68430780b120da028e6a64: ending tablet copy session a4d488aae7b047f8b065f03b39358e66-5c5894d70e0745d28dea3e8e2059943e on tablet 5c5894d70e0745d28dea3e8e2059943e with peer a4d488aae7b047f8b065f03b39358e66
I20260630 12:35:57.947597  4460 tablet_bootstrap.cc:492] T 6964ea2a7c6141498998c8ebe92c5478 P 7c0c6703d242418ba99050dec1affdc8: Bootstrap replayed 1/1 log segments. Stats: ops{read=2 overwritten=0 applied=2 ignored=0} inserts{seen=0 ignored=0} mutations{seen=0 ignored=0} orphaned_commits=0. Pending: 0 replicates
I20260630 12:35:57.948334  4460 tablet_bootstrap.cc:492] T 6964ea2a7c6141498998c8ebe92c5478 P 7c0c6703d242418ba99050dec1affdc8: Bootstrap complete.
I20260630 12:35:57.948854  4460 ts_tablet_manager.cc:1403] T 6964ea2a7c6141498998c8ebe92c5478 P 7c0c6703d242418ba99050dec1affdc8: Time spent bootstrapping tablet: real 0.021s	user 0.018s	sys 0.000s
I20260630 12:35:57.950939  4460 raft_consensus.cc:359] T 6964ea2a7c6141498998c8ebe92c5478 P 7c0c6703d242418ba99050dec1affdc8 [term 1 LEARNER]: Replica starting. Triggering 0 pending ops. Active config: opid_index: 2 OBSOLETE_local: false peers { permanent_uuid: "5d19527e25664092800cf7943846602b" member_type: VOTER last_known_addr { host: "127.0.235.193" port: 45219 } } peers { permanent_uuid: "a4d488aae7b047f8b065f03b39358e66" member_type: VOTER last_known_addr { host: "127.0.235.194" port: 33627 } attrs { replace: true } } peers { permanent_uuid: "7c4191ab0c68430780b120da028e6a64" member_type: VOTER last_known_addr { host: "127.0.235.195" port: 38091 } } peers { permanent_uuid: "7c0c6703d242418ba99050dec1affdc8" member_type: NON_VOTER last_known_addr { host: "127.0.235.196" port: 34763 } attrs { promote: true } }
I20260630 12:35:57.951555  4460 raft_consensus.cc:740] T 6964ea2a7c6141498998c8ebe92c5478 P 7c0c6703d242418ba99050dec1affdc8 [term 1 LEARNER]: Becoming Follower/Learner. State: Replica: 7c0c6703d242418ba99050dec1affdc8, State: Initialized, Role: LEARNER
I20260630 12:35:57.952054  4460 consensus_queue.cc:260] T 6964ea2a7c6141498998c8ebe92c5478 P 7c0c6703d242418ba99050dec1affdc8 [NON_LEADER]: Queue going to NON_LEADER mode. State: All replicated index: 0, Majority replicated index: 0, Committed index: 2, Last appended: 1.2, Last appended by leader: 2, Current term: 0, Majority size: -1, State: 0, Mode: NON_LEADER, active raft config: opid_index: 2 OBSOLETE_local: false peers { permanent_uuid: "5d19527e25664092800cf7943846602b" member_type: VOTER last_known_addr { host: "127.0.235.193" port: 45219 } } peers { permanent_uuid: "a4d488aae7b047f8b065f03b39358e66" member_type: VOTER last_known_addr { host: "127.0.235.194" port: 33627 } attrs { replace: true } } peers { permanent_uuid: "7c4191ab0c68430780b120da028e6a64" member_type: VOTER last_known_addr { host: "127.0.235.195" port: 38091 } } peers { permanent_uuid: "7c0c6703d242418ba99050dec1affdc8" member_type: NON_VOTER last_known_addr { host: "127.0.235.196" port: 34763 } attrs { promote: true } }
I20260630 12:35:57.954049  4460 ts_tablet_manager.cc:1434] T 6964ea2a7c6141498998c8ebe92c5478 P 7c0c6703d242418ba99050dec1affdc8: Time spent starting tablet: real 0.005s	user 0.004s	sys 0.004s
I20260630 12:35:57.955685  3933 tablet_copy_service.cc:342] P 5d19527e25664092800cf7943846602b: Request end of tablet copy session 7c0c6703d242418ba99050dec1affdc8-6964ea2a7c6141498998c8ebe92c5478 received from {username='slave'} at 127.0.0.1:51052
I20260630 12:35:57.956096  3933 tablet_copy_service.cc:434] P 5d19527e25664092800cf7943846602b: ending tablet copy session 7c0c6703d242418ba99050dec1affdc8-6964ea2a7c6141498998c8ebe92c5478 on tablet 6964ea2a7c6141498998c8ebe92c5478 with peer 7c0c6703d242418ba99050dec1affdc8
I20260630 12:35:58.024449  3996 raft_consensus.cc:1275] T eb1f517cb3694f2f999ca53dfa439794 P a4d488aae7b047f8b065f03b39358e66 [term 2 FOLLOWER]: Refusing update from remote peer 7c0c6703d242418ba99050dec1affdc8: Log matching property violated. Preceding OpId in replica: term: 1 index: 4. Preceding OpId from leader: term: 2 index: 5. (index mismatch)
I20260630 12:35:58.026401  4394 consensus_queue.cc:1048] T eb1f517cb3694f2f999ca53dfa439794 P 7c0c6703d242418ba99050dec1affdc8 [LEADER]: Connected to new peer: Peer: permanent_uuid: "a4d488aae7b047f8b065f03b39358e66" member_type: VOTER last_known_addr { host: "127.0.235.194" port: 33627 }, Status: LMP_MISMATCH, Last received: 0.0, Next index: 5, Last known committed idx: 4, Time since last communication: 0.000s
I20260630 12:35:58.050395  4072 raft_consensus.cc:1275] T eb1f517cb3694f2f999ca53dfa439794 P 7c4191ab0c68430780b120da028e6a64 [term 2 FOLLOWER]: Refusing update from remote peer 7c0c6703d242418ba99050dec1affdc8: Log matching property violated. Preceding OpId in replica: term: 1 index: 4. Preceding OpId from leader: term: 2 index: 5. (index mismatch)
I20260630 12:35:58.051695  4458 consensus_queue.cc:1048] T eb1f517cb3694f2f999ca53dfa439794 P 7c0c6703d242418ba99050dec1affdc8 [LEADER]: Connected to new peer: Peer: permanent_uuid: "7c4191ab0c68430780b120da028e6a64" member_type: VOTER last_known_addr { host: "127.0.235.195" port: 38091 }, Status: LMP_MISMATCH, Last received: 0.0, Next index: 5, Last known committed idx: 4, Time since last communication: 0.000s
I20260630 12:35:58.191674  4072 raft_consensus.cc:1217] T 1471812ac1464309b69aaf5a78a79bae P 7c4191ab0c68430780b120da028e6a64 [term 1 LEARNER]: Deduplicated request from leader. Original: 1.1->[1.2-1.2]   Dedup: 1.2->[]
I20260630 12:35:58.281558  4224 raft_consensus.cc:1217] T 2444cb286c6b48118b994557988f0244 P 7c0c6703d242418ba99050dec1affdc8 [term 1 LEARNER]: Deduplicated request from leader. Original: 1.1->[1.2-1.2]   Dedup: 1.2->[]
I20260630 12:35:58.331187  4224 raft_consensus.cc:1217] T 6964ea2a7c6141498998c8ebe92c5478 P 7c0c6703d242418ba99050dec1affdc8 [term 1 LEARNER]: Deduplicated request from leader. Original: 1.1->[1.2-1.2]   Dedup: 1.2->[]
I20260630 12:35:58.419634  3996 raft_consensus.cc:1217] T 5c5894d70e0745d28dea3e8e2059943e P a4d488aae7b047f8b065f03b39358e66 [term 1 LEARNER]: Deduplicated request from leader. Original: 1.1->[1.2-1.2]   Dedup: 1.2->[]
I20260630 12:35:58.575811  4433 raft_consensus.cc:1064] T 1471812ac1464309b69aaf5a78a79bae P 5d19527e25664092800cf7943846602b: attempting to promote NON_VOTER 7c4191ab0c68430780b120da028e6a64 to VOTER
I20260630 12:35:58.577872  4433 consensus_queue.cc:237] T 1471812ac1464309b69aaf5a78a79bae P 5d19527e25664092800cf7943846602b [LEADER]: Queue going to LEADER mode. State: All replicated index: 0, Majority replicated index: 2, Committed index: 2, Last appended: 1.2, Last appended by leader: 0, Current term: 1, Majority size: 3, State: 0, Mode: LEADER, active raft config: opid_index: 3 OBSOLETE_local: false peers { permanent_uuid: "5d19527e25664092800cf7943846602b" member_type: VOTER last_known_addr { host: "127.0.235.193" port: 45219 } } peers { permanent_uuid: "7c0c6703d242418ba99050dec1affdc8" member_type: VOTER last_known_addr { host: "127.0.235.196" port: 34763 } attrs { replace: true } } peers { permanent_uuid: "a4d488aae7b047f8b065f03b39358e66" member_type: VOTER last_known_addr { host: "127.0.235.194" port: 33627 } } peers { permanent_uuid: "7c4191ab0c68430780b120da028e6a64" member_type: VOTER last_known_addr { host: "127.0.235.195" port: 38091 } attrs { promote: false } }
I20260630 12:35:58.584193  4072 raft_consensus.cc:1275] T 1471812ac1464309b69aaf5a78a79bae P 7c4191ab0c68430780b120da028e6a64 [term 1 LEARNER]: Refusing update from remote peer 5d19527e25664092800cf7943846602b: Log matching property violated. Preceding OpId in replica: term: 1 index: 2. Preceding OpId from leader: term: 1 index: 3. (index mismatch)
I20260630 12:35:58.585991  4224 raft_consensus.cc:1275] T 1471812ac1464309b69aaf5a78a79bae P 7c0c6703d242418ba99050dec1affdc8 [term 1 FOLLOWER]: Refusing update from remote peer 5d19527e25664092800cf7943846602b: Log matching property violated. Preceding OpId in replica: term: 1 index: 2. Preceding OpId from leader: term: 1 index: 3. (index mismatch)
I20260630 12:35:58.585713  4433 consensus_queue.cc:1048] T 1471812ac1464309b69aaf5a78a79bae P 5d19527e25664092800cf7943846602b [LEADER]: Connected to new peer: Peer: permanent_uuid: "7c4191ab0c68430780b120da028e6a64" member_type: VOTER last_known_addr { host: "127.0.235.195" port: 38091 } attrs { promote: false }, Status: LMP_MISMATCH, Last received: 0.0, Next index: 3, Last known committed idx: 2, Time since last communication: 0.001s
I20260630 12:35:58.587492  4441 consensus_queue.cc:1048] T 1471812ac1464309b69aaf5a78a79bae P 5d19527e25664092800cf7943846602b [LEADER]: Connected to new peer: Peer: permanent_uuid: "7c0c6703d242418ba99050dec1affdc8" member_type: VOTER last_known_addr { host: "127.0.235.196" port: 34763 } attrs { replace: true }, Status: LMP_MISMATCH, Last received: 0.0, Next index: 3, Last known committed idx: 2, Time since last communication: 0.000s
I20260630 12:35:58.588225  3998 raft_consensus.cc:1275] T 1471812ac1464309b69aaf5a78a79bae P a4d488aae7b047f8b065f03b39358e66 [term 1 FOLLOWER]: Refusing update from remote peer 5d19527e25664092800cf7943846602b: Log matching property violated. Preceding OpId in replica: term: 1 index: 2. Preceding OpId from leader: term: 1 index: 3. (index mismatch)
I20260630 12:35:58.589745  4441 consensus_queue.cc:1048] T 1471812ac1464309b69aaf5a78a79bae P 5d19527e25664092800cf7943846602b [LEADER]: Connected to new peer: Peer: permanent_uuid: "a4d488aae7b047f8b065f03b39358e66" member_type: VOTER last_known_addr { host: "127.0.235.194" port: 33627 }, Status: LMP_MISMATCH, Last received: 0.0, Next index: 3, Last known committed idx: 2, Time since last communication: 0.000s
I20260630 12:35:58.611387  4433 raft_consensus.cc:2955] T 1471812ac1464309b69aaf5a78a79bae P 5d19527e25664092800cf7943846602b [term 1 LEADER]: Committing config change with OpId 1.3: config changed from index 2 to 3, 7c4191ab0c68430780b120da028e6a64 (127.0.235.195) changed from NON_VOTER to VOTER. New config: { opid_index: 3 OBSOLETE_local: false peers { permanent_uuid: "5d19527e25664092800cf7943846602b" member_type: VOTER last_known_addr { host: "127.0.235.193" port: 45219 } } peers { permanent_uuid: "7c0c6703d242418ba99050dec1affdc8" member_type: VOTER last_known_addr { host: "127.0.235.196" port: 34763 } attrs { replace: true } } peers { permanent_uuid: "a4d488aae7b047f8b065f03b39358e66" member_type: VOTER last_known_addr { host: "127.0.235.194" port: 33627 } } peers { permanent_uuid: "7c4191ab0c68430780b120da028e6a64" member_type: VOTER last_known_addr { host: "127.0.235.195" port: 38091 } attrs { promote: false } } }
