I20260630 12:34:56.819931  2789 consensus_queue.cc:260] T 00000000000000000000000000000000 P 1dcb908d32734597849ffbaec9a55960 [NON_LEADER]: Queue going to NON_LEADER mode. State: All replicated index: 0, Majority replicated index: 0, Committed index: 0, Last appended: 0.0, Last appended by leader: 0, Current term: 0, Majority size: -1, State: 0, Mode: NON_LEADER, active raft config: opid_index: -1 OBSOLETE_local: true peers { permanent_uuid: "1dcb908d32734597849ffbaec9a55960" member_type: VOTER }
I20260630 12:34:56.820376  2789 raft_consensus.cc:399] T 00000000000000000000000000000000 P 1dcb908d32734597849ffbaec9a55960 [term 0 FOLLOWER]: Only one voter in the Raft config. Triggering election immediately
I20260630 12:34:56.820576  2789 raft_consensus.cc:493] T 00000000000000000000000000000000 P 1dcb908d32734597849ffbaec9a55960 [term 0 FOLLOWER]: Starting leader election (initial election of a single-replica configuration)
I20260630 12:34:56.820796  2789 raft_consensus.cc:3060] T 00000000000000000000000000000000 P 1dcb908d32734597849ffbaec9a55960 [term 0 FOLLOWER]: Advancing to term 1
I20260630 12:34:56.825444  2789 raft_consensus.cc:515] T 00000000000000000000000000000000 P 1dcb908d32734597849ffbaec9a55960 [term 1 FOLLOWER]: Starting leader election with config: opid_index: -1 OBSOLETE_local: true peers { permanent_uuid: "1dcb908d32734597849ffbaec9a55960" member_type: VOTER }
I20260630 12:34:56.826042  2789 leader_election.cc:304] T 00000000000000000000000000000000 P 1dcb908d32734597849ffbaec9a55960 [CANDIDATE]: Term 1 election: Election decided. Result: candidate won. Election summary: received 1 responses out of 1 voters: 1 yes votes; 0 no votes. yes voters: 1dcb908d32734597849ffbaec9a55960; no voters: 
I20260630 12:34:56.827267  2789 leader_election.cc:290] T 00000000000000000000000000000000 P 1dcb908d32734597849ffbaec9a55960 [CANDIDATE]: Term 1 election: Requested vote from peers 
I20260630 12:34:56.827761  2792 raft_consensus.cc:2804] T 00000000000000000000000000000000 P 1dcb908d32734597849ffbaec9a55960 [term 1 FOLLOWER]: Leader election won for term 1
I20260630 12:34:56.829252  2792 raft_consensus.cc:697] T 00000000000000000000000000000000 P 1dcb908d32734597849ffbaec9a55960 [term 1 LEADER]: Becoming Leader. State: Replica: 1dcb908d32734597849ffbaec9a55960, State: Running, Role: LEADER
I20260630 12:34:56.830130  2792 consensus_queue.cc:237] T 00000000000000000000000000000000 P 1dcb908d32734597849ffbaec9a55960 [LEADER]: Queue going to LEADER mode. State: All replicated index: 0, Majority replicated index: 0, Committed index: 0, Last appended: 0.0, Last appended by leader: 0, Current term: 1, Majority size: 1, State: 0, Mode: LEADER, active raft config: opid_index: -1 OBSOLETE_local: true peers { permanent_uuid: "1dcb908d32734597849ffbaec9a55960" member_type: VOTER }
I20260630 12:34:56.830610  2789 sys_catalog.cc:565] T 00000000000000000000000000000000 P 1dcb908d32734597849ffbaec9a55960 [sys.catalog]: configured and running, proceeding with master startup.
I20260630 12:34:56.833631  2793 sys_catalog.cc:455] T 00000000000000000000000000000000 P 1dcb908d32734597849ffbaec9a55960 [sys.catalog]: SysCatalogTable state changed. Reason: RaftConsensus started. Latest consensus state: current_term: 1 leader_uuid: "1dcb908d32734597849ffbaec9a55960" committed_config { opid_index: -1 OBSOLETE_local: true peers { permanent_uuid: "1dcb908d32734597849ffbaec9a55960" member_type: VOTER } }
I20260630 12:34:56.833690  2794 sys_catalog.cc:455] T 00000000000000000000000000000000 P 1dcb908d32734597849ffbaec9a55960 [sys.catalog]: SysCatalogTable state changed. Reason: New leader 1dcb908d32734597849ffbaec9a55960. Latest consensus state: current_term: 1 leader_uuid: "1dcb908d32734597849ffbaec9a55960" committed_config { opid_index: -1 OBSOLETE_local: true peers { permanent_uuid: "1dcb908d32734597849ffbaec9a55960" member_type: VOTER } }
I20260630 12:34:56.834597  2793 sys_catalog.cc:458] T 00000000000000000000000000000000 P 1dcb908d32734597849ffbaec9a55960 [sys.catalog]: This master's current role is: LEADER
I20260630 12:34:56.834800  2794 sys_catalog.cc:458] T 00000000000000000000000000000000 P 1dcb908d32734597849ffbaec9a55960 [sys.catalog]: This master's current role is: LEADER
I20260630 12:34:56.841818  2798 catalog_manager.cc:1511] Loading table and tablet metadata into memory...
I20260630 12:34:56.850229  2798 catalog_manager.cc:1520] Initializing Kudu cluster ID...
I20260630 12:34:56.851369  1049 internal_mini_cluster.cc:184] Waiting to initialize catalog manager on master 0
I20260630 12:34:56.860534  2798 catalog_manager.cc:1383] Generated new cluster ID: ee0a0da512684b13be499d9efefde214
I20260630 12:34:56.860875  2798 catalog_manager.cc:1531] Initializing Kudu internal certificate authority...
I20260630 12:34:56.901232  2798 catalog_manager.cc:1406] Generated new certificate authority record
I20260630 12:34:56.902647  2798 catalog_manager.cc:1540] Loading token signing keys...
I20260630 12:34:56.915964  2798 catalog_manager.cc:6070] T 00000000000000000000000000000000 P 1dcb908d32734597849ffbaec9a55960: Generated new TSK 0
I20260630 12:34:56.916627  2798 catalog_manager.cc:1550] Initializing in-progress tserver states...
I20260630 12:34:56.982262  1049 file_cache.cc:492] Constructed file cache file cache with capacity 419430
W20260630 12:34:56.988385  2810 instance_detector.cc:116] could not retrieve AWS instance metadata: Network error: curl error: HTTP response code said error: The requested URL returned error: 404
W20260630 12:34:56.989917  2811 instance_detector.cc:116] could not retrieve Azure instance metadata: Network error: curl error: HTTP response code said error: The requested URL returned error: 404
W20260630 12:34:56.992548  2813 instance_detector.cc:116] could not retrieve OpenStack instance metadata: Network error: curl error: HTTP response code said error: The requested URL returned error: 404
I20260630 12:34:56.992825  1049 server_base.cc:1061] running on GCE node
I20260630 12:34:56.994004  1049 hybrid_clock.cc:584] initializing the hybrid clock with 'system_unsync' time source
W20260630 12:34:56.994261  1049 system_unsync_time.cc:38] NTP support is disabled. Clock error bounds will not be accurate. This configuration is not suitable for distributed clusters.
I20260630 12:34:56.994442  1049 hybrid_clock.cc:648] HybridClock initialized: now 1782822896994427 us; error 0 us; skew 500 ppm
I20260630 12:34:56.995008  1049 server_base.cc:861] Flag tcmalloc_max_total_thread_cache_bytes is not working since tcmalloc is not enabled.
I20260630 12:34:56.997380  1049 webserver.cc:533] Webserver started at http://127.1.6.65:40715/ using document root <none> and password file <none>
I20260630 12:34:56.997889  1049 fs_manager.cc:362] Metadata directory not provided
I20260630 12:34:56.998097  1049 fs_manager.cc:368] Using write-ahead log directory (fs_wal_dir) as metadata directory
I20260630 12:34:56.998397  1049 server_base.cc:909] This appears to be a new deployment of Kudu; creating new FS layout
I20260630 12:34:56.999538  1049 fs_manager.cc:1068] Generated new instance metadata in path /tmp/dist-test-taskTA_jLK/test-tmp/auto_rebalancer-test.0.AutoRebalancerTest.MovesScheduledIfAddTserver.1782822863936720-1049-0/minicluster-data/ts-0-root/instance:
uuid: "fae0e1b1c1304fdbbe1dc4692b49e725"
format_stamp: "Formatted at 2026-06-30 12:34:56 on dist-test-slave-lmfg"
I20260630 12:34:57.004060  1049 fs_manager.cc:696] Time spent creating directory manager: real 0.004s	user 0.004s	sys 0.001s
I20260630 12:34:57.007854  2818 log_block_manager.cc:4031] Time spent loading block containers with low live blocks: real 0.000s	user 0.000s	sys 0.000s
I20260630 12:34:57.008906  1049 fs_manager.cc:730] Time spent opening block manager: real 0.003s	user 0.002s	sys 0.001s
I20260630 12:34:57.009189  1049 fs_manager.cc:647] Opened local filesystem: /tmp/dist-test-taskTA_jLK/test-tmp/auto_rebalancer-test.0.AutoRebalancerTest.MovesScheduledIfAddTserver.1782822863936720-1049-0/minicluster-data/ts-0-root
uuid: "fae0e1b1c1304fdbbe1dc4692b49e725"
format_stamp: "Formatted at 2026-06-30 12:34:56 on dist-test-slave-lmfg"
I20260630 12:34:57.009439  1049 fs_report.cc:389] FS layout report
--------------------
wal directory: /tmp/dist-test-taskTA_jLK/test-tmp/auto_rebalancer-test.0.AutoRebalancerTest.MovesScheduledIfAddTserver.1782822863936720-1049-0/minicluster-data/ts-0-root
metadata directory: /tmp/dist-test-taskTA_jLK/test-tmp/auto_rebalancer-test.0.AutoRebalancerTest.MovesScheduledIfAddTserver.1782822863936720-1049-0/minicluster-data/ts-0-root
1 data directories: /tmp/dist-test-taskTA_jLK/test-tmp/auto_rebalancer-test.0.AutoRebalancerTest.MovesScheduledIfAddTserver.1782822863936720-1049-0/minicluster-data/ts-0-root/data
Total live blocks: 0
Total live bytes: 0
Total live bytes (after alignment): 0
Total number of LBM containers: 0 (0 full)
Did not check for missing blocks
Did not check for orphaned blocks
Total full LBM containers with extra space: 0 (0 repaired)
Total full LBM container extra space in bytes: 0 (0 repaired)
Total incomplete LBM containers: 0 (0 repaired)
Total LBM partial records: 0 (0 repaired)
Total corrupted LBM metadata records in RocksDB: 0 (0 repaired)
I20260630 12:34:57.024639  1049 rpc_server.cc:225] running with OpenSSL 1.1.1  11 Sep 2018
I20260630 12:34:57.025868  1049 kserver.cc:163] Server-wide thread pool size limit: 3276
I20260630 12:34:57.027518  1049 txn_system_client.cc:432] TxnSystemClient initialization is disabled...
I20260630 12:34:57.030164  1049 ts_tablet_manager.cc:585] Loaded tablet metadata (0 total tablets, 0 live tablets)
I20260630 12:34:57.030447  1049 ts_tablet_manager.cc:531] Time spent load tablet metadata: real 0.000s	user 0.000s	sys 0.000s
I20260630 12:34:57.030752  1049 ts_tablet_manager.cc:616] Registered 0 tablets
I20260630 12:34:57.030959  1049 ts_tablet_manager.cc:595] Time spent register tablets: real 0.000s	user 0.000s	sys 0.000s
I20260630 12:34:57.077276  1049 rpc_server.cc:307] RPC server started. Bound to: 127.1.6.65:36075
I20260630 12:34:57.077363  2880 acceptor_pool.cc:272] collecting diagnostics on the listening RPC socket 127.1.6.65:36075 every 8 connection(s)
I20260630 12:34:57.082442  1049 file_cache.cc:492] Constructed file cache file cache with capacity 419430
W20260630 12:34:57.091504  2886 instance_detector.cc:116] could not retrieve Azure instance metadata: Network error: curl error: HTTP response code said error: The requested URL returned error: 404
W20260630 12:34:57.091952  2885 instance_detector.cc:116] could not retrieve AWS instance metadata: Network error: curl error: HTTP response code said error: The requested URL returned error: 404
I20260630 12:34:57.094748  1049 server_base.cc:1061] running on GCE node
W20260630 12:34:57.096210  2888 instance_detector.cc:116] could not retrieve OpenStack instance metadata: Network error: curl error: HTTP response code said error: The requested URL returned error: 404
I20260630 12:34:57.097368  2881 heartbeater.cc:344] Connected to a master server at 127.1.6.126:36817
I20260630 12:34:57.097437  1049 hybrid_clock.cc:584] initializing the hybrid clock with 'system_unsync' time source
W20260630 12:34:57.097831  1049 system_unsync_time.cc:38] NTP support is disabled. Clock error bounds will not be accurate. This configuration is not suitable for distributed clusters.
I20260630 12:34:57.097934  2881 heartbeater.cc:461] Registering TS with master...
I20260630 12:34:57.098066  1049 hybrid_clock.cc:648] HybridClock initialized: now 1782822897098045 us; error 0 us; skew 500 ppm
I20260630 12:34:57.098857  1049 server_base.cc:861] Flag tcmalloc_max_total_thread_cache_bytes is not working since tcmalloc is not enabled.
I20260630 12:34:57.098948  2881 heartbeater.cc:507] Master 127.1.6.126:36817 requested a full tablet report, sending...
I20260630 12:34:57.101562  2754 ts_manager.cc:194] Registered new tserver with Master: fae0e1b1c1304fdbbe1dc4692b49e725 (127.1.6.65:36075)
I20260630 12:34:57.101954  1049 webserver.cc:533] Webserver started at http://127.1.6.66:35621/ using document root <none> and password file <none>
I20260630 12:34:57.102440  1049 fs_manager.cc:362] Metadata directory not provided
I20260630 12:34:57.102670  1049 fs_manager.cc:368] Using write-ahead log directory (fs_wal_dir) as metadata directory
I20260630 12:34:57.102903  1049 server_base.cc:909] This appears to be a new deployment of Kudu; creating new FS layout
I20260630 12:34:57.103545  2754 master_service.cc:502] Signed X509 certificate for tserver {username='slave'} at 127.0.0.1:53314
I20260630 12:34:57.103963  1049 fs_manager.cc:1068] Generated new instance metadata in path /tmp/dist-test-taskTA_jLK/test-tmp/auto_rebalancer-test.0.AutoRebalancerTest.MovesScheduledIfAddTserver.1782822863936720-1049-0/minicluster-data/ts-1-root/instance:
uuid: "3ea041b3aaef42af9cfa98bdf33dddf9"
format_stamp: "Formatted at 2026-06-30 12:34:57 on dist-test-slave-lmfg"
I20260630 12:34:57.109314  1049 fs_manager.cc:696] Time spent creating directory manager: real 0.005s	user 0.006s	sys 0.000s
I20260630 12:34:57.112819  2893 log_block_manager.cc:4031] Time spent loading block containers with low live blocks: real 0.000s	user 0.000s	sys 0.000s
I20260630 12:34:57.113662  1049 fs_manager.cc:730] Time spent opening block manager: real 0.002s	user 0.002s	sys 0.000s
I20260630 12:34:57.113940  1049 fs_manager.cc:647] Opened local filesystem: /tmp/dist-test-taskTA_jLK/test-tmp/auto_rebalancer-test.0.AutoRebalancerTest.MovesScheduledIfAddTserver.1782822863936720-1049-0/minicluster-data/ts-1-root
uuid: "3ea041b3aaef42af9cfa98bdf33dddf9"
format_stamp: "Formatted at 2026-06-30 12:34:57 on dist-test-slave-lmfg"
I20260630 12:34:57.114179  1049 fs_report.cc:389] FS layout report
--------------------
wal directory: /tmp/dist-test-taskTA_jLK/test-tmp/auto_rebalancer-test.0.AutoRebalancerTest.MovesScheduledIfAddTserver.1782822863936720-1049-0/minicluster-data/ts-1-root
metadata directory: /tmp/dist-test-taskTA_jLK/test-tmp/auto_rebalancer-test.0.AutoRebalancerTest.MovesScheduledIfAddTserver.1782822863936720-1049-0/minicluster-data/ts-1-root
1 data directories: /tmp/dist-test-taskTA_jLK/test-tmp/auto_rebalancer-test.0.AutoRebalancerTest.MovesScheduledIfAddTserver.1782822863936720-1049-0/minicluster-data/ts-1-root/data
Total live blocks: 0
Total live bytes: 0
Total live bytes (after alignment): 0
Total number of LBM containers: 0 (0 full)
Did not check for missing blocks
Did not check for orphaned blocks
Total full LBM containers with extra space: 0 (0 repaired)
Total full LBM container extra space in bytes: 0 (0 repaired)
Total incomplete LBM containers: 0 (0 repaired)
Total LBM partial records: 0 (0 repaired)
Total corrupted LBM metadata records in RocksDB: 0 (0 repaired)
I20260630 12:34:57.145011  1049 rpc_server.cc:225] running with OpenSSL 1.1.1  11 Sep 2018
I20260630 12:34:57.146166  1049 kserver.cc:163] Server-wide thread pool size limit: 3276
I20260630 12:34:57.147686  1049 txn_system_client.cc:432] TxnSystemClient initialization is disabled...
I20260630 12:34:57.150065  1049 ts_tablet_manager.cc:585] Loaded tablet metadata (0 total tablets, 0 live tablets)
I20260630 12:34:57.150279  1049 ts_tablet_manager.cc:531] Time spent load tablet metadata: real 0.000s	user 0.000s	sys 0.000s
I20260630 12:34:57.150635  1049 ts_tablet_manager.cc:616] Registered 0 tablets
I20260630 12:34:57.150790  1049 ts_tablet_manager.cc:595] Time spent register tablets: real 0.000s	user 0.000s	sys 0.000s
I20260630 12:34:57.190819  1049 rpc_server.cc:307] RPC server started. Bound to: 127.1.6.66:43839
I20260630 12:34:57.190917  2955 acceptor_pool.cc:272] collecting diagnostics on the listening RPC socket 127.1.6.66:43839 every 8 connection(s)
I20260630 12:34:57.195715  1049 file_cache.cc:492] Constructed file cache file cache with capacity 419430
W20260630 12:34:57.203514  2959 instance_detector.cc:116] could not retrieve AWS instance metadata: Network error: curl error: HTTP response code said error: The requested URL returned error: 404
W20260630 12:34:57.204967  2960 instance_detector.cc:116] could not retrieve Azure instance metadata: Network error: curl error: HTTP response code said error: The requested URL returned error: 404
I20260630 12:34:57.207531  1049 server_base.cc:1061] running on GCE node
W20260630 12:34:57.208374  2962 instance_detector.cc:116] could not retrieve OpenStack instance metadata: Network error: curl error: HTTP response code said error: The requested URL returned error: 404
I20260630 12:34:57.208724  2956 heartbeater.cc:344] Connected to a master server at 127.1.6.126:36817
I20260630 12:34:57.209182  2956 heartbeater.cc:461] Registering TS with master...
I20260630 12:34:57.209419  1049 hybrid_clock.cc:584] initializing the hybrid clock with 'system_unsync' time source
W20260630 12:34:57.209669  1049 system_unsync_time.cc:38] NTP support is disabled. Clock error bounds will not be accurate. This configuration is not suitable for distributed clusters.
I20260630 12:34:57.209856  1049 hybrid_clock.cc:648] HybridClock initialized: now 1782822897209841 us; error 0 us; skew 500 ppm
I20260630 12:34:57.210004  2956 heartbeater.cc:507] Master 127.1.6.126:36817 requested a full tablet report, sending...
I20260630 12:34:57.210448  1049 server_base.cc:861] Flag tcmalloc_max_total_thread_cache_bytes is not working since tcmalloc is not enabled.
I20260630 12:34:57.212311  2754 ts_manager.cc:194] Registered new tserver with Master: 3ea041b3aaef42af9cfa98bdf33dddf9 (127.1.6.66:43839)
I20260630 12:34:57.213526  1049 webserver.cc:533] Webserver started at http://127.1.6.67:44979/ using document root <none> and password file <none>
I20260630 12:34:57.213946  2754 master_service.cc:502] Signed X509 certificate for tserver {username='slave'} at 127.0.0.1:53328
I20260630 12:34:57.214066  1049 fs_manager.cc:362] Metadata directory not provided
I20260630 12:34:57.214388  1049 fs_manager.cc:368] Using write-ahead log directory (fs_wal_dir) as metadata directory
I20260630 12:34:57.214709  1049 server_base.cc:909] This appears to be a new deployment of Kudu; creating new FS layout
I20260630 12:34:57.216392  1049 fs_manager.cc:1068] Generated new instance metadata in path /tmp/dist-test-taskTA_jLK/test-tmp/auto_rebalancer-test.0.AutoRebalancerTest.MovesScheduledIfAddTserver.1782822863936720-1049-0/minicluster-data/ts-2-root/instance:
uuid: "66fd871606474bc7acfc336e191a8a76"
format_stamp: "Formatted at 2026-06-30 12:34:57 on dist-test-slave-lmfg"
I20260630 12:34:57.221661  1049 fs_manager.cc:696] Time spent creating directory manager: real 0.005s	user 0.006s	sys 0.000s
I20260630 12:34:57.225615  2967 log_block_manager.cc:4031] Time spent loading block containers with low live blocks: real 0.000s	user 0.000s	sys 0.000s
I20260630 12:34:57.226421  1049 fs_manager.cc:730] Time spent opening block manager: real 0.002s	user 0.003s	sys 0.000s
I20260630 12:34:57.226785  1049 fs_manager.cc:647] Opened local filesystem: /tmp/dist-test-taskTA_jLK/test-tmp/auto_rebalancer-test.0.AutoRebalancerTest.MovesScheduledIfAddTserver.1782822863936720-1049-0/minicluster-data/ts-2-root
uuid: "66fd871606474bc7acfc336e191a8a76"
format_stamp: "Formatted at 2026-06-30 12:34:57 on dist-test-slave-lmfg"
I20260630 12:34:57.227064  1049 fs_report.cc:389] FS layout report
--------------------
wal directory: /tmp/dist-test-taskTA_jLK/test-tmp/auto_rebalancer-test.0.AutoRebalancerTest.MovesScheduledIfAddTserver.1782822863936720-1049-0/minicluster-data/ts-2-root
metadata directory: /tmp/dist-test-taskTA_jLK/test-tmp/auto_rebalancer-test.0.AutoRebalancerTest.MovesScheduledIfAddTserver.1782822863936720-1049-0/minicluster-data/ts-2-root
1 data directories: /tmp/dist-test-taskTA_jLK/test-tmp/auto_rebalancer-test.0.AutoRebalancerTest.MovesScheduledIfAddTserver.1782822863936720-1049-0/minicluster-data/ts-2-root/data
Total live blocks: 0
Total live bytes: 0
Total live bytes (after alignment): 0
Total number of LBM containers: 0 (0 full)
Did not check for missing blocks
Did not check for orphaned blocks
Total full LBM containers with extra space: 0 (0 repaired)
Total full LBM container extra space in bytes: 0 (0 repaired)
Total incomplete LBM containers: 0 (0 repaired)
Total LBM partial records: 0 (0 repaired)
Total corrupted LBM metadata records in RocksDB: 0 (0 repaired)
I20260630 12:34:57.239976  1049 rpc_server.cc:225] running with OpenSSL 1.1.1  11 Sep 2018
I20260630 12:34:57.241154  1049 kserver.cc:163] Server-wide thread pool size limit: 3276
I20260630 12:34:57.242781  1049 txn_system_client.cc:432] TxnSystemClient initialization is disabled...
I20260630 12:34:57.245087  1049 ts_tablet_manager.cc:585] Loaded tablet metadata (0 total tablets, 0 live tablets)
I20260630 12:34:57.245306  1049 ts_tablet_manager.cc:531] Time spent load tablet metadata: real 0.000s	user 0.000s	sys 0.000s
I20260630 12:34:57.245558  1049 ts_tablet_manager.cc:616] Registered 0 tablets
I20260630 12:34:57.245714  1049 ts_tablet_manager.cc:595] Time spent register tablets: real 0.000s	user 0.000s	sys 0.000s
I20260630 12:34:57.287786  1049 rpc_server.cc:307] RPC server started. Bound to: 127.1.6.67:43833
I20260630 12:34:57.287876  3029 acceptor_pool.cc:272] collecting diagnostics on the listening RPC socket 127.1.6.67:43833 every 8 connection(s)
I20260630 12:34:57.302435  3030 heartbeater.cc:344] Connected to a master server at 127.1.6.126:36817
I20260630 12:34:57.302924  3030 heartbeater.cc:461] Registering TS with master...
I20260630 12:34:57.303767  3030 heartbeater.cc:507] Master 127.1.6.126:36817 requested a full tablet report, sending...
I20260630 12:34:57.305920  2754 ts_manager.cc:194] Registered new tserver with Master: 66fd871606474bc7acfc336e191a8a76 (127.1.6.67:43833)
I20260630 12:34:57.306228  1049 internal_mini_cluster.cc:371] 3 TS(s) registered with all masters after 0.014959147s
I20260630 12:34:57.307439  2754 master_service.cc:502] Signed X509 certificate for tserver {username='slave'} at 127.0.0.1:53340
I20260630 12:34:58.106750  2881 heartbeater.cc:499] Master 127.1.6.126:36817 was elected leader, sending a full tablet report...
I20260630 12:34:58.216874  2956 heartbeater.cc:499] Master 127.1.6.126:36817 was elected leader, sending a full tablet report...
I20260630 12:34:58.310281  3030 heartbeater.cc:499] Master 127.1.6.126:36817 was elected leader, sending a full tablet report...
I20260630 12:34:58.370193  2754 catalog_manager.cc:2283] Servicing CreateTable request from {username='slave'} at 127.0.0.1:53348:
name: "test-workload"
schema {
  columns {
    name: "key"
    type: INT32
    is_key: true
    is_nullable: false
    encoding: AUTO_ENCODING
    compression: DEFAULT_COMPRESSION
    cfile_block_size: 0
    immutable: false
  }
  columns {
    name: "int_val"
    type: INT32
    is_key: false
    is_nullable: false
    encoding: AUTO_ENCODING
    compression: DEFAULT_COMPRESSION
    cfile_block_size: 0
    immutable: false
  }
  columns {
    name: "string_val"
    type: STRING
    is_key: false
    is_nullable: true
    encoding: AUTO_ENCODING
    compression: DEFAULT_COMPRESSION
    cfile_block_size: 0
    immutable: false
  }
}
num_replicas: 3
split_rows_range_bounds {
  rows: "\004\001\000\377\377\377?""\004\001\000\377\377\377?"
  indirect_data: """"
}
partition_schema {
  range_schema {
    columns {
      name: "key"
    }
  }
}
W20260630 12:34:58.372519  2754 catalog_manager.cc:7077] The number of live tablet servers is not enough to re-replicate a tablet replica of the newly created table test-workload in case of a server failure: 4 tablet servers would be needed, 3 are available. Consider bringing up more tablet servers.
I20260630 12:34:58.426642  2846 tablet_service.cc:1511] Processing CreateTablet for tablet 6499671b26f94cb4b5c58617b212945f (DEFAULT_TABLE table=test-workload [id=5be02316026543e0bbc4f71b7a3a317b]), partition=RANGE (key) PARTITION VALUES < 1073741823
I20260630 12:34:58.428324  2846 data_dirs.cc:400] Could only allocate 1 dirs of requested 3 for tablet 6499671b26f94cb4b5c58617b212945f. 1 dirs total, 0 dirs full, 0 dirs failed
I20260630 12:34:58.430717  2845 tablet_service.cc:1511] Processing CreateTablet for tablet 5355069d61a243e9a88d542b7bc78753 (DEFAULT_TABLE table=test-workload [id=5be02316026543e0bbc4f71b7a3a317b]), partition=RANGE (key) PARTITION 1073741823 <= VALUES
I20260630 12:34:58.432868  2845 data_dirs.cc:400] Could only allocate 1 dirs of requested 3 for tablet 5355069d61a243e9a88d542b7bc78753. 1 dirs total, 0 dirs full, 0 dirs failed
I20260630 12:34:58.440969  2995 tablet_service.cc:1511] Processing CreateTablet for tablet 6499671b26f94cb4b5c58617b212945f (DEFAULT_TABLE table=test-workload [id=5be02316026543e0bbc4f71b7a3a317b]), partition=RANGE (key) PARTITION VALUES < 1073741823
I20260630 12:34:58.442517  2995 data_dirs.cc:400] Could only allocate 1 dirs of requested 3 for tablet 6499671b26f94cb4b5c58617b212945f. 1 dirs total, 0 dirs full, 0 dirs failed
I20260630 12:34:58.449762  2921 tablet_service.cc:1511] Processing CreateTablet for tablet 6499671b26f94cb4b5c58617b212945f (DEFAULT_TABLE table=test-workload [id=5be02316026543e0bbc4f71b7a3a317b]), partition=RANGE (key) PARTITION VALUES < 1073741823
I20260630 12:34:58.450079  2920 tablet_service.cc:1511] Processing CreateTablet for tablet 5355069d61a243e9a88d542b7bc78753 (DEFAULT_TABLE table=test-workload [id=5be02316026543e0bbc4f71b7a3a317b]), partition=RANGE (key) PARTITION 1073741823 <= VALUES
I20260630 12:34:58.451350  2921 data_dirs.cc:400] Could only allocate 1 dirs of requested 3 for tablet 6499671b26f94cb4b5c58617b212945f. 1 dirs total, 0 dirs full, 0 dirs failed
I20260630 12:34:58.452351  2920 data_dirs.cc:400] Could only allocate 1 dirs of requested 3 for tablet 5355069d61a243e9a88d542b7bc78753. 1 dirs total, 0 dirs full, 0 dirs failed
I20260630 12:34:58.463073  2994 tablet_service.cc:1511] Processing CreateTablet for tablet 5355069d61a243e9a88d542b7bc78753 (DEFAULT_TABLE table=test-workload [id=5be02316026543e0bbc4f71b7a3a317b]), partition=RANGE (key) PARTITION 1073741823 <= VALUES
I20260630 12:34:58.465435  2994 data_dirs.cc:400] Could only allocate 1 dirs of requested 3 for tablet 5355069d61a243e9a88d542b7bc78753. 1 dirs total, 0 dirs full, 0 dirs failed
I20260630 12:34:58.466745  3050 tablet_bootstrap.cc:492] T 6499671b26f94cb4b5c58617b212945f P fae0e1b1c1304fdbbe1dc4692b49e725: Bootstrap starting.
I20260630 12:34:58.479920  3051 tablet_bootstrap.cc:492] T 6499671b26f94cb4b5c58617b212945f P 66fd871606474bc7acfc336e191a8a76: Bootstrap starting.
I20260630 12:34:58.485875  3050 tablet_bootstrap.cc:654] T 6499671b26f94cb4b5c58617b212945f P fae0e1b1c1304fdbbe1dc4692b49e725: Neither blocks nor log segments found. Creating new log.
I20260630 12:34:58.486864  3051 tablet_bootstrap.cc:654] T 6499671b26f94cb4b5c58617b212945f P 66fd871606474bc7acfc336e191a8a76: Neither blocks nor log segments found. Creating new log.
I20260630 12:34:58.490247  3052 tablet_bootstrap.cc:492] T 5355069d61a243e9a88d542b7bc78753 P 3ea041b3aaef42af9cfa98bdf33dddf9: Bootstrap starting.
I20260630 12:34:58.492576  3050 tablet_bootstrap.cc:492] T 6499671b26f94cb4b5c58617b212945f P fae0e1b1c1304fdbbe1dc4692b49e725: No bootstrap required, opened a new log
I20260630 12:34:58.493155  3050 ts_tablet_manager.cc:1403] T 6499671b26f94cb4b5c58617b212945f P fae0e1b1c1304fdbbe1dc4692b49e725: Time spent bootstrapping tablet: real 0.027s	user 0.004s	sys 0.011s
I20260630 12:34:58.494899  3051 tablet_bootstrap.cc:492] T 6499671b26f94cb4b5c58617b212945f P 66fd871606474bc7acfc336e191a8a76: No bootstrap required, opened a new log
I20260630 12:34:58.495522  3051 ts_tablet_manager.cc:1403] T 6499671b26f94cb4b5c58617b212945f P 66fd871606474bc7acfc336e191a8a76: Time spent bootstrapping tablet: real 0.016s	user 0.002s	sys 0.013s
I20260630 12:34:58.496105  3050 raft_consensus.cc:359] T 6499671b26f94cb4b5c58617b212945f P fae0e1b1c1304fdbbe1dc4692b49e725 [term 0 FOLLOWER]: Replica starting. Triggering 0 pending ops. Active config: opid_index: -1 OBSOLETE_local: false peers { permanent_uuid: "fae0e1b1c1304fdbbe1dc4692b49e725" member_type: VOTER last_known_addr { host: "127.1.6.65" port: 36075 } } peers { permanent_uuid: "66fd871606474bc7acfc336e191a8a76" member_type: VOTER last_known_addr { host: "127.1.6.67" port: 43833 } } peers { permanent_uuid: "3ea041b3aaef42af9cfa98bdf33dddf9" member_type: VOTER last_known_addr { host: "127.1.6.66" port: 43839 } }
I20260630 12:34:58.496769  3050 raft_consensus.cc:385] T 6499671b26f94cb4b5c58617b212945f P fae0e1b1c1304fdbbe1dc4692b49e725 [term 0 FOLLOWER]: Consensus starting up: Expiring failure detector timer to make a prompt election more likely
I20260630 12:34:58.497035  3050 raft_consensus.cc:740] T 6499671b26f94cb4b5c58617b212945f P fae0e1b1c1304fdbbe1dc4692b49e725 [term 0 FOLLOWER]: Becoming Follower/Learner. State: Replica: fae0e1b1c1304fdbbe1dc4692b49e725, State: Initialized, Role: FOLLOWER
I20260630 12:34:58.497763  3050 consensus_queue.cc:260] T 6499671b26f94cb4b5c58617b212945f P fae0e1b1c1304fdbbe1dc4692b49e725 [NON_LEADER]: Queue going to NON_LEADER mode. State: All replicated index: 0, Majority replicated index: 0, Committed index: 0, Last appended: 0.0, Last appended by leader: 0, Current term: 0, Majority size: -1, State: 0, Mode: NON_LEADER, active raft config: opid_index: -1 OBSOLETE_local: false peers { permanent_uuid: "fae0e1b1c1304fdbbe1dc4692b49e725" member_type: VOTER last_known_addr { host: "127.1.6.65" port: 36075 } } peers { permanent_uuid: "66fd871606474bc7acfc336e191a8a76" member_type: VOTER last_known_addr { host: "127.1.6.67" port: 43833 } } peers { permanent_uuid: "3ea041b3aaef42af9cfa98bdf33dddf9" member_type: VOTER last_known_addr { host: "127.1.6.66" port: 43839 } }
I20260630 12:34:58.498415  3052 tablet_bootstrap.cc:654] T 5355069d61a243e9a88d542b7bc78753 P 3ea041b3aaef42af9cfa98bdf33dddf9: Neither blocks nor log segments found. Creating new log.
I20260630 12:34:58.498672  3051 raft_consensus.cc:359] T 6499671b26f94cb4b5c58617b212945f P 66fd871606474bc7acfc336e191a8a76 [term 0 FOLLOWER]: Replica starting. Triggering 0 pending ops. Active config: opid_index: -1 OBSOLETE_local: false peers { permanent_uuid: "fae0e1b1c1304fdbbe1dc4692b49e725" member_type: VOTER last_known_addr { host: "127.1.6.65" port: 36075 } } peers { permanent_uuid: "66fd871606474bc7acfc336e191a8a76" member_type: VOTER last_known_addr { host: "127.1.6.67" port: 43833 } } peers { permanent_uuid: "3ea041b3aaef42af9cfa98bdf33dddf9" member_type: VOTER last_known_addr { host: "127.1.6.66" port: 43839 } }
I20260630 12:34:58.499533  3051 raft_consensus.cc:385] T 6499671b26f94cb4b5c58617b212945f P 66fd871606474bc7acfc336e191a8a76 [term 0 FOLLOWER]: Consensus starting up: Expiring failure detector timer to make a prompt election more likely
I20260630 12:34:58.499972  3051 raft_consensus.cc:740] T 6499671b26f94cb4b5c58617b212945f P 66fd871606474bc7acfc336e191a8a76 [term 0 FOLLOWER]: Becoming Follower/Learner. State: Replica: 66fd871606474bc7acfc336e191a8a76, State: Initialized, Role: FOLLOWER
I20260630 12:34:58.500414  3050 ts_tablet_manager.cc:1434] T 6499671b26f94cb4b5c58617b212945f P fae0e1b1c1304fdbbe1dc4692b49e725: Time spent starting tablet: real 0.007s	user 0.007s	sys 0.000s
I20260630 12:34:58.500861  3051 consensus_queue.cc:260] T 6499671b26f94cb4b5c58617b212945f P 66fd871606474bc7acfc336e191a8a76 [NON_LEADER]: Queue going to NON_LEADER mode. State: All replicated index: 0, Majority replicated index: 0, Committed index: 0, Last appended: 0.0, Last appended by leader: 0, Current term: 0, Majority size: -1, State: 0, Mode: NON_LEADER, active raft config: opid_index: -1 OBSOLETE_local: false peers { permanent_uuid: "fae0e1b1c1304fdbbe1dc4692b49e725" member_type: VOTER last_known_addr { host: "127.1.6.65" port: 36075 } } peers { permanent_uuid: "66fd871606474bc7acfc336e191a8a76" member_type: VOTER last_known_addr { host: "127.1.6.67" port: 43833 } } peers { permanent_uuid: "3ea041b3aaef42af9cfa98bdf33dddf9" member_type: VOTER last_known_addr { host: "127.1.6.66" port: 43839 } }
I20260630 12:34:58.501489  3050 tablet_bootstrap.cc:492] T 5355069d61a243e9a88d542b7bc78753 P fae0e1b1c1304fdbbe1dc4692b49e725: Bootstrap starting.
I20260630 12:34:58.507997  3050 tablet_bootstrap.cc:654] T 5355069d61a243e9a88d542b7bc78753 P fae0e1b1c1304fdbbe1dc4692b49e725: Neither blocks nor log segments found. Creating new log.
I20260630 12:34:58.524451  3052 tablet_bootstrap.cc:492] T 5355069d61a243e9a88d542b7bc78753 P 3ea041b3aaef42af9cfa98bdf33dddf9: No bootstrap required, opened a new log
I20260630 12:34:58.525027  3052 ts_tablet_manager.cc:1403] T 5355069d61a243e9a88d542b7bc78753 P 3ea041b3aaef42af9cfa98bdf33dddf9: Time spent bootstrapping tablet: real 0.036s	user 0.008s	sys 0.025s
I20260630 12:34:58.525233  3051 ts_tablet_manager.cc:1434] T 6499671b26f94cb4b5c58617b212945f P 66fd871606474bc7acfc336e191a8a76: Time spent starting tablet: real 0.029s	user 0.014s	sys 0.015s
I20260630 12:34:58.526610  3051 tablet_bootstrap.cc:492] T 5355069d61a243e9a88d542b7bc78753 P 66fd871606474bc7acfc336e191a8a76: Bootstrap starting.
I20260630 12:34:58.527724  3050 tablet_bootstrap.cc:492] T 5355069d61a243e9a88d542b7bc78753 P fae0e1b1c1304fdbbe1dc4692b49e725: No bootstrap required, opened a new log
I20260630 12:34:58.528371  3050 ts_tablet_manager.cc:1403] T 5355069d61a243e9a88d542b7bc78753 P fae0e1b1c1304fdbbe1dc4692b49e725: Time spent bootstrapping tablet: real 0.027s	user 0.014s	sys 0.008s
I20260630 12:34:58.528059  3052 raft_consensus.cc:359] T 5355069d61a243e9a88d542b7bc78753 P 3ea041b3aaef42af9cfa98bdf33dddf9 [term 0 FOLLOWER]: Replica starting. Triggering 0 pending ops. Active config: opid_index: -1 OBSOLETE_local: false peers { permanent_uuid: "fae0e1b1c1304fdbbe1dc4692b49e725" member_type: VOTER last_known_addr { host: "127.1.6.65" port: 36075 } } peers { permanent_uuid: "3ea041b3aaef42af9cfa98bdf33dddf9" member_type: VOTER last_known_addr { host: "127.1.6.66" port: 43839 } } peers { permanent_uuid: "66fd871606474bc7acfc336e191a8a76" member_type: VOTER last_known_addr { host: "127.1.6.67" port: 43833 } }
I20260630 12:34:58.528961  3052 raft_consensus.cc:385] T 5355069d61a243e9a88d542b7bc78753 P 3ea041b3aaef42af9cfa98bdf33dddf9 [term 0 FOLLOWER]: Consensus starting up: Expiring failure detector timer to make a prompt election more likely
I20260630 12:34:58.529353  3052 raft_consensus.cc:740] T 5355069d61a243e9a88d542b7bc78753 P 3ea041b3aaef42af9cfa98bdf33dddf9 [term 0 FOLLOWER]: Becoming Follower/Learner. State: Replica: 3ea041b3aaef42af9cfa98bdf33dddf9, State: Initialized, Role: FOLLOWER
I20260630 12:34:58.531678  3050 raft_consensus.cc:359] T 5355069d61a243e9a88d542b7bc78753 P fae0e1b1c1304fdbbe1dc4692b49e725 [term 0 FOLLOWER]: Replica starting. Triggering 0 pending ops. Active config: opid_index: -1 OBSOLETE_local: false peers { permanent_uuid: "fae0e1b1c1304fdbbe1dc4692b49e725" member_type: VOTER last_known_addr { host: "127.1.6.65" port: 36075 } } peers { permanent_uuid: "3ea041b3aaef42af9cfa98bdf33dddf9" member_type: VOTER last_known_addr { host: "127.1.6.66" port: 43839 } } peers { permanent_uuid: "66fd871606474bc7acfc336e191a8a76" member_type: VOTER last_known_addr { host: "127.1.6.67" port: 43833 } }
I20260630 12:34:58.532673  3050 raft_consensus.cc:385] T 5355069d61a243e9a88d542b7bc78753 P fae0e1b1c1304fdbbe1dc4692b49e725 [term 0 FOLLOWER]: Consensus starting up: Expiring failure detector timer to make a prompt election more likely
I20260630 12:34:58.533056  3050 raft_consensus.cc:740] T 5355069d61a243e9a88d542b7bc78753 P fae0e1b1c1304fdbbe1dc4692b49e725 [term 0 FOLLOWER]: Becoming Follower/Learner. State: Replica: fae0e1b1c1304fdbbe1dc4692b49e725, State: Initialized, Role: FOLLOWER
I20260630 12:34:58.534137  3051 tablet_bootstrap.cc:654] T 5355069d61a243e9a88d542b7bc78753 P 66fd871606474bc7acfc336e191a8a76: Neither blocks nor log segments found. Creating new log.
I20260630 12:34:58.534025  3050 consensus_queue.cc:260] T 5355069d61a243e9a88d542b7bc78753 P fae0e1b1c1304fdbbe1dc4692b49e725 [NON_LEADER]: Queue going to NON_LEADER mode. State: All replicated index: 0, Majority replicated index: 0, Committed index: 0, Last appended: 0.0, Last appended by leader: 0, Current term: 0, Majority size: -1, State: 0, Mode: NON_LEADER, active raft config: opid_index: -1 OBSOLETE_local: false peers { permanent_uuid: "fae0e1b1c1304fdbbe1dc4692b49e725" member_type: VOTER last_known_addr { host: "127.1.6.65" port: 36075 } } peers { permanent_uuid: "3ea041b3aaef42af9cfa98bdf33dddf9" member_type: VOTER last_known_addr { host: "127.1.6.66" port: 43839 } } peers { permanent_uuid: "66fd871606474bc7acfc336e191a8a76" member_type: VOTER last_known_addr { host: "127.1.6.67" port: 43833 } }
I20260630 12:34:58.536916  3050 ts_tablet_manager.cc:1434] T 5355069d61a243e9a88d542b7bc78753 P fae0e1b1c1304fdbbe1dc4692b49e725: Time spent starting tablet: real 0.008s	user 0.006s	sys 0.000s
I20260630 12:34:58.539801  3052 consensus_queue.cc:260] T 5355069d61a243e9a88d542b7bc78753 P 3ea041b3aaef42af9cfa98bdf33dddf9 [NON_LEADER]: Queue going to NON_LEADER mode. State: All replicated index: 0, Majority replicated index: 0, Committed index: 0, Last appended: 0.0, Last appended by leader: 0, Current term: 0, Majority size: -1, State: 0, Mode: NON_LEADER, active raft config: opid_index: -1 OBSOLETE_local: false peers { permanent_uuid: "fae0e1b1c1304fdbbe1dc4692b49e725" member_type: VOTER last_known_addr { host: "127.1.6.65" port: 36075 } } peers { permanent_uuid: "3ea041b3aaef42af9cfa98bdf33dddf9" member_type: VOTER last_known_addr { host: "127.1.6.66" port: 43839 } } peers { permanent_uuid: "66fd871606474bc7acfc336e191a8a76" member_type: VOTER last_known_addr { host: "127.1.6.67" port: 43833 } }
I20260630 12:34:58.540910  3051 tablet_bootstrap.cc:492] T 5355069d61a243e9a88d542b7bc78753 P 66fd871606474bc7acfc336e191a8a76: No bootstrap required, opened a new log
I20260630 12:34:58.541527  3051 ts_tablet_manager.cc:1403] T 5355069d61a243e9a88d542b7bc78753 P 66fd871606474bc7acfc336e191a8a76: Time spent bootstrapping tablet: real 0.015s	user 0.013s	sys 0.001s
W20260630 12:34:58.543350  3031 tablet.cc:2406] T 6499671b26f94cb4b5c58617b212945f P 66fd871606474bc7acfc336e191a8a76: Can't schedule compaction. Clean time has not been advanced past its initial value.
I20260630 12:34:58.543455  3059 raft_consensus.cc:493] T 5355069d61a243e9a88d542b7bc78753 P 3ea041b3aaef42af9cfa98bdf33dddf9 [term 0 FOLLOWER]: Starting pre-election (no leader contacted us within the election timeout)
I20260630 12:34:58.544103  3059 raft_consensus.cc:515] T 5355069d61a243e9a88d542b7bc78753 P 3ea041b3aaef42af9cfa98bdf33dddf9 [term 0 FOLLOWER]: Starting pre-election with config: opid_index: -1 OBSOLETE_local: false peers { permanent_uuid: "fae0e1b1c1304fdbbe1dc4692b49e725" member_type: VOTER last_known_addr { host: "127.1.6.65" port: 36075 } } peers { permanent_uuid: "3ea041b3aaef42af9cfa98bdf33dddf9" member_type: VOTER last_known_addr { host: "127.1.6.66" port: 43839 } } peers { permanent_uuid: "66fd871606474bc7acfc336e191a8a76" member_type: VOTER last_known_addr { host: "127.1.6.67" port: 43833 } }
I20260630 12:34:58.544740  3051 raft_consensus.cc:359] T 5355069d61a243e9a88d542b7bc78753 P 66fd871606474bc7acfc336e191a8a76 [term 0 FOLLOWER]: Replica starting. Triggering 0 pending ops. Active config: opid_index: -1 OBSOLETE_local: false peers { permanent_uuid: "fae0e1b1c1304fdbbe1dc4692b49e725" member_type: VOTER last_known_addr { host: "127.1.6.65" port: 36075 } } peers { permanent_uuid: "3ea041b3aaef42af9cfa98bdf33dddf9" member_type: VOTER last_known_addr { host: "127.1.6.66" port: 43839 } } peers { permanent_uuid: "66fd871606474bc7acfc336e191a8a76" member_type: VOTER last_known_addr { host: "127.1.6.67" port: 43833 } }
I20260630 12:34:58.545588  3051 raft_consensus.cc:385] T 5355069d61a243e9a88d542b7bc78753 P 66fd871606474bc7acfc336e191a8a76 [term 0 FOLLOWER]: Consensus starting up: Expiring failure detector timer to make a prompt election more likely
I20260630 12:34:58.545950  3051 raft_consensus.cc:740] T 5355069d61a243e9a88d542b7bc78753 P 66fd871606474bc7acfc336e191a8a76 [term 0 FOLLOWER]: Becoming Follower/Learner. State: Replica: 66fd871606474bc7acfc336e191a8a76, State: Initialized, Role: FOLLOWER
I20260630 12:34:58.546938  3051 consensus_queue.cc:260] T 5355069d61a243e9a88d542b7bc78753 P 66fd871606474bc7acfc336e191a8a76 [NON_LEADER]: Queue going to NON_LEADER mode. State: All replicated index: 0, Majority replicated index: 0, Committed index: 0, Last appended: 0.0, Last appended by leader: 0, Current term: 0, Majority size: -1, State: 0, Mode: NON_LEADER, active raft config: opid_index: -1 OBSOLETE_local: false peers { permanent_uuid: "fae0e1b1c1304fdbbe1dc4692b49e725" member_type: VOTER last_known_addr { host: "127.1.6.65" port: 36075 } } peers { permanent_uuid: "3ea041b3aaef42af9cfa98bdf33dddf9" member_type: VOTER last_known_addr { host: "127.1.6.66" port: 43839 } } peers { permanent_uuid: "66fd871606474bc7acfc336e191a8a76" member_type: VOTER last_known_addr { host: "127.1.6.67" port: 43833 } }
I20260630 12:34:58.549203  3051 ts_tablet_manager.cc:1434] T 5355069d61a243e9a88d542b7bc78753 P 66fd871606474bc7acfc336e191a8a76: Time spent starting tablet: real 0.007s	user 0.005s	sys 0.001s
I20260630 12:34:58.551362  3052 ts_tablet_manager.cc:1434] T 5355069d61a243e9a88d542b7bc78753 P 3ea041b3aaef42af9cfa98bdf33dddf9: Time spent starting tablet: real 0.026s	user 0.013s	sys 0.010s
I20260630 12:34:58.551707  3059 leader_election.cc:290] T 5355069d61a243e9a88d542b7bc78753 P 3ea041b3aaef42af9cfa98bdf33dddf9 [CANDIDATE]: Term 1 pre-election: Requested pre-vote from peers fae0e1b1c1304fdbbe1dc4692b49e725 (127.1.6.65:36075), 66fd871606474bc7acfc336e191a8a76 (127.1.6.67:43833)
I20260630 12:34:58.558979  3052 tablet_bootstrap.cc:492] T 6499671b26f94cb4b5c58617b212945f P 3ea041b3aaef42af9cfa98bdf33dddf9: Bootstrap starting.
I20260630 12:34:58.567847  3052 tablet_bootstrap.cc:654] T 6499671b26f94cb4b5c58617b212945f P 3ea041b3aaef42af9cfa98bdf33dddf9: Neither blocks nor log segments found. Creating new log.
I20260630 12:34:58.578847  2856 tablet_service.cc:1917] Received RequestConsensusVote() RPC: tablet_id: "5355069d61a243e9a88d542b7bc78753" candidate_uuid: "3ea041b3aaef42af9cfa98bdf33dddf9" candidate_term: 1 candidate_status { last_received { term: 0 index: 0 } } ignore_live_leader: false dest_uuid: "fae0e1b1c1304fdbbe1dc4692b49e725" is_pre_election: true
I20260630 12:34:58.579989  2856 raft_consensus.cc:2468] T 5355069d61a243e9a88d542b7bc78753 P fae0e1b1c1304fdbbe1dc4692b49e725 [term 0 FOLLOWER]: Leader pre-election vote request: Granting yes vote for candidate 3ea041b3aaef42af9cfa98bdf33dddf9 in term 0.
I20260630 12:34:58.581840  2895 leader_election.cc:304] T 5355069d61a243e9a88d542b7bc78753 P 3ea041b3aaef42af9cfa98bdf33dddf9 [CANDIDATE]: Term 1 pre-election: Election decided. Result: candidate won. Election summary: received 2 responses out of 3 voters: 2 yes votes; 0 no votes. yes voters: 3ea041b3aaef42af9cfa98bdf33dddf9, fae0e1b1c1304fdbbe1dc4692b49e725; no voters: 
I20260630 12:34:58.583211  3061 raft_consensus.cc:2804] T 5355069d61a243e9a88d542b7bc78753 P 3ea041b3aaef42af9cfa98bdf33dddf9 [term 0 FOLLOWER]: Leader pre-election won for term 1
I20260630 12:34:58.583631  3061 raft_consensus.cc:493] T 5355069d61a243e9a88d542b7bc78753 P 3ea041b3aaef42af9cfa98bdf33dddf9 [term 0 FOLLOWER]: Starting leader election (no leader contacted us within the election timeout)
I20260630 12:34:58.584026  3061 raft_consensus.cc:3060] T 5355069d61a243e9a88d542b7bc78753 P 3ea041b3aaef42af9cfa98bdf33dddf9 [term 0 FOLLOWER]: Advancing to term 1
I20260630 12:34:58.588080  3052 tablet_bootstrap.cc:492] T 6499671b26f94cb4b5c58617b212945f P 3ea041b3aaef42af9cfa98bdf33dddf9: No bootstrap required, opened a new log
I20260630 12:34:58.587890  3005 tablet_service.cc:1917] Received RequestConsensusVote() RPC: tablet_id: "5355069d61a243e9a88d542b7bc78753" candidate_uuid: "3ea041b3aaef42af9cfa98bdf33dddf9" candidate_term: 1 candidate_status { last_received { term: 0 index: 0 } } ignore_live_leader: false dest_uuid: "66fd871606474bc7acfc336e191a8a76" is_pre_election: true
I20260630 12:34:58.588599  3052 ts_tablet_manager.cc:1403] T 6499671b26f94cb4b5c58617b212945f P 3ea041b3aaef42af9cfa98bdf33dddf9: Time spent bootstrapping tablet: real 0.032s	user 0.008s	sys 0.019s
I20260630 12:34:58.588706  3005 raft_consensus.cc:2468] T 5355069d61a243e9a88d542b7bc78753 P 66fd871606474bc7acfc336e191a8a76 [term 0 FOLLOWER]: Leader pre-election vote request: Granting yes vote for candidate 3ea041b3aaef42af9cfa98bdf33dddf9 in term 0.
I20260630 12:34:58.590389  3061 raft_consensus.cc:515] T 5355069d61a243e9a88d542b7bc78753 P 3ea041b3aaef42af9cfa98bdf33dddf9 [term 1 FOLLOWER]: Starting leader election with config: opid_index: -1 OBSOLETE_local: false peers { permanent_uuid: "fae0e1b1c1304fdbbe1dc4692b49e725" member_type: VOTER last_known_addr { host: "127.1.6.65" port: 36075 } } peers { permanent_uuid: "3ea041b3aaef42af9cfa98bdf33dddf9" member_type: VOTER last_known_addr { host: "127.1.6.66" port: 43839 } } peers { permanent_uuid: "66fd871606474bc7acfc336e191a8a76" member_type: VOTER last_known_addr { host: "127.1.6.67" port: 43833 } }
I20260630 12:34:58.591477  3052 raft_consensus.cc:359] T 6499671b26f94cb4b5c58617b212945f P 3ea041b3aaef42af9cfa98bdf33dddf9 [term 0 FOLLOWER]: Replica starting. Triggering 0 pending ops. Active config: opid_index: -1 OBSOLETE_local: false peers { permanent_uuid: "fae0e1b1c1304fdbbe1dc4692b49e725" member_type: VOTER last_known_addr { host: "127.1.6.65" port: 36075 } } peers { permanent_uuid: "66fd871606474bc7acfc336e191a8a76" member_type: VOTER last_known_addr { host: "127.1.6.67" port: 43833 } } peers { permanent_uuid: "3ea041b3aaef42af9cfa98bdf33dddf9" member_type: VOTER last_known_addr { host: "127.1.6.66" port: 43839 } }
I20260630 12:34:58.592115  3052 raft_consensus.cc:385] T 6499671b26f94cb4b5c58617b212945f P 3ea041b3aaef42af9cfa98bdf33dddf9 [term 0 FOLLOWER]: Consensus starting up: Expiring failure detector timer to make a prompt election more likely
I20260630 12:34:58.592258  3061 leader_election.cc:290] T 5355069d61a243e9a88d542b7bc78753 P 3ea041b3aaef42af9cfa98bdf33dddf9 [CANDIDATE]: Term 1 election: Requested vote from peers fae0e1b1c1304fdbbe1dc4692b49e725 (127.1.6.65:36075), 66fd871606474bc7acfc336e191a8a76 (127.1.6.67:43833)
I20260630 12:34:58.592549  3052 raft_consensus.cc:740] T 6499671b26f94cb4b5c58617b212945f P 3ea041b3aaef42af9cfa98bdf33dddf9 [term 0 FOLLOWER]: Becoming Follower/Learner. State: Replica: 3ea041b3aaef42af9cfa98bdf33dddf9, State: Initialized, Role: FOLLOWER
I20260630 12:34:58.593209  2856 tablet_service.cc:1917] Received RequestConsensusVote() RPC: tablet_id: "5355069d61a243e9a88d542b7bc78753" candidate_uuid: "3ea041b3aaef42af9cfa98bdf33dddf9" candidate_term: 1 candidate_status { last_received { term: 0 index: 0 } } ignore_live_leader: false dest_uuid: "fae0e1b1c1304fdbbe1dc4692b49e725"
I20260630 12:34:58.593379  3005 tablet_service.cc:1917] Received RequestConsensusVote() RPC: tablet_id: "5355069d61a243e9a88d542b7bc78753" candidate_uuid: "3ea041b3aaef42af9cfa98bdf33dddf9" candidate_term: 1 candidate_status { last_received { term: 0 index: 0 } } ignore_live_leader: false dest_uuid: "66fd871606474bc7acfc336e191a8a76"
I20260630 12:34:58.593827  2856 raft_consensus.cc:3060] T 5355069d61a243e9a88d542b7bc78753 P fae0e1b1c1304fdbbe1dc4692b49e725 [term 0 FOLLOWER]: Advancing to term 1
I20260630 12:34:58.593438  3052 consensus_queue.cc:260] T 6499671b26f94cb4b5c58617b212945f P 3ea041b3aaef42af9cfa98bdf33dddf9 [NON_LEADER]: Queue going to NON_LEADER mode. State: All replicated index: 0, Majority replicated index: 0, Committed index: 0, Last appended: 0.0, Last appended by leader: 0, Current term: 0, Majority size: -1, State: 0, Mode: NON_LEADER, active raft config: opid_index: -1 OBSOLETE_local: false peers { permanent_uuid: "fae0e1b1c1304fdbbe1dc4692b49e725" member_type: VOTER last_known_addr { host: "127.1.6.65" port: 36075 } } peers { permanent_uuid: "66fd871606474bc7acfc336e191a8a76" member_type: VOTER last_known_addr { host: "127.1.6.67" port: 43833 } } peers { permanent_uuid: "3ea041b3aaef42af9cfa98bdf33dddf9" member_type: VOTER last_known_addr { host: "127.1.6.66" port: 43839 } }
I20260630 12:34:58.594033  3005 raft_consensus.cc:3060] T 5355069d61a243e9a88d542b7bc78753 P 66fd871606474bc7acfc336e191a8a76 [term 0 FOLLOWER]: Advancing to term 1
I20260630 12:34:58.595938  3052 ts_tablet_manager.cc:1434] T 6499671b26f94cb4b5c58617b212945f P 3ea041b3aaef42af9cfa98bdf33dddf9: Time spent starting tablet: real 0.007s	user 0.006s	sys 0.002s
I20260630 12:34:58.600402  2856 raft_consensus.cc:2468] T 5355069d61a243e9a88d542b7bc78753 P fae0e1b1c1304fdbbe1dc4692b49e725 [term 1 FOLLOWER]: Leader election vote request: Granting yes vote for candidate 3ea041b3aaef42af9cfa98bdf33dddf9 in term 1.
I20260630 12:34:58.601545  2895 leader_election.cc:304] T 5355069d61a243e9a88d542b7bc78753 P 3ea041b3aaef42af9cfa98bdf33dddf9 [CANDIDATE]: Term 1 election: Election decided. Result: candidate won. Election summary: received 2 responses out of 3 voters: 2 yes votes; 0 no votes. yes voters: 3ea041b3aaef42af9cfa98bdf33dddf9, fae0e1b1c1304fdbbe1dc4692b49e725; no voters: 
I20260630 12:34:58.602315  3061 raft_consensus.cc:2804] T 5355069d61a243e9a88d542b7bc78753 P 3ea041b3aaef42af9cfa98bdf33dddf9 [term 1 FOLLOWER]: Leader election won for term 1
I20260630 12:34:58.601984  3005 raft_consensus.cc:2468] T 5355069d61a243e9a88d542b7bc78753 P 66fd871606474bc7acfc336e191a8a76 [term 1 FOLLOWER]: Leader election vote request: Granting yes vote for candidate 3ea041b3aaef42af9cfa98bdf33dddf9 in term 1.
I20260630 12:34:58.603080  3061 raft_consensus.cc:697] T 5355069d61a243e9a88d542b7bc78753 P 3ea041b3aaef42af9cfa98bdf33dddf9 [term 1 LEADER]: Becoming Leader. State: Replica: 3ea041b3aaef42af9cfa98bdf33dddf9, State: Running, Role: LEADER
