I20260630 12:35:39.218515  1204 fs_manager.cc:730] Time spent opening block manager: real 0.002s	user 0.002s	sys 0.001s
I20260630 12:35:39.218847  1204 fs_manager.cc:647] Opened local filesystem: /tmp/dist-test-taskGpsrJI/test-tmp/auto_rebalancer-test.0.AutoRebalancerTest.RangeAwareBuildClusterInfoGroupsByRange.1782822862921764-1204-0/minicluster-data/ts-2-root
uuid: "196e75f517d6439da09e705b4f0801a6"
format_stamp: "Formatted at 2026-06-30 12:35:39 on dist-test-slave-nzvj"
I20260630 12:35:39.219172  1204 fs_report.cc:389] FS layout report
--------------------
wal directory: /tmp/dist-test-taskGpsrJI/test-tmp/auto_rebalancer-test.0.AutoRebalancerTest.RangeAwareBuildClusterInfoGroupsByRange.1782822862921764-1204-0/minicluster-data/ts-2-root
metadata directory: /tmp/dist-test-taskGpsrJI/test-tmp/auto_rebalancer-test.0.AutoRebalancerTest.RangeAwareBuildClusterInfoGroupsByRange.1782822862921764-1204-0/minicluster-data/ts-2-root
1 data directories: /tmp/dist-test-taskGpsrJI/test-tmp/auto_rebalancer-test.0.AutoRebalancerTest.RangeAwareBuildClusterInfoGroupsByRange.1782822862921764-1204-0/minicluster-data/ts-2-root/data
Total live blocks: 0
Total live bytes: 0
Total live bytes (after alignment): 0
Total number of LBM containers: 0 (0 full)
Did not check for missing blocks
Did not check for orphaned blocks
Total full LBM containers with extra space: 0 (0 repaired)
Total full LBM container extra space in bytes: 0 (0 repaired)
Total incomplete LBM containers: 0 (0 repaired)
Total LBM partial records: 0 (0 repaired)
Total corrupted LBM metadata records in RocksDB: 0 (0 repaired)
I20260630 12:35:39.235873  1204 rpc_server.cc:225] running with OpenSSL 1.1.1  11 Sep 2018
I20260630 12:35:39.237136  1204 kserver.cc:163] Server-wide thread pool size limit: 3276
I20260630 12:35:39.238664  1204 txn_system_client.cc:432] TxnSystemClient initialization is disabled...
I20260630 12:35:39.241019  1204 ts_tablet_manager.cc:585] Loaded tablet metadata (0 total tablets, 0 live tablets)
I20260630 12:35:39.241284  1204 ts_tablet_manager.cc:531] Time spent load tablet metadata: real 0.000s	user 0.000s	sys 0.000s
I20260630 12:35:39.241571  1204 ts_tablet_manager.cc:616] Registered 0 tablets
I20260630 12:35:39.241818  1204 ts_tablet_manager.cc:595] Time spent register tablets: real 0.000s	user 0.000s	sys 0.001s
I20260630 12:35:39.283680  1204 rpc_server.cc:307] RPC server started. Bound to: 127.1.45.3:43195
I20260630 12:35:39.283789  3979 acceptor_pool.cc:272] collecting diagnostics on the listening RPC socket 127.1.45.3:43195 every 8 connection(s)
I20260630 12:35:39.298658  3980 heartbeater.cc:344] Connected to a master server at 127.1.45.62:33903
I20260630 12:35:39.299018  3980 heartbeater.cc:461] Registering TS with master...
I20260630 12:35:39.299871  3980 heartbeater.cc:507] Master 127.1.45.62:33903 requested a full tablet report, sending...
I20260630 12:35:39.302088  3704 ts_manager.cc:194] Registered new tserver with Master: 196e75f517d6439da09e705b4f0801a6 (127.1.45.3:43195)
I20260630 12:35:39.303138  1204 internal_mini_cluster.cc:371] 3 TS(s) registered with all masters after 0.016184366s
I20260630 12:35:39.303684  3704 master_service.cc:502] Signed X509 certificate for tserver {username='slave'} at 127.0.0.1:41166
I20260630 12:35:40.120093  3831 heartbeater.cc:499] Master 127.1.45.62:33903 was elected leader, sending a full tablet report...
I20260630 12:35:40.209575  3906 heartbeater.cc:499] Master 127.1.45.62:33903 was elected leader, sending a full tablet report...
I20260630 12:35:40.306383  3980 heartbeater.cc:499] Master 127.1.45.62:33903 was elected leader, sending a full tablet report...
I20260630 12:35:40.360188  3704 catalog_manager.cc:2283] Servicing CreateTable request from {username='slave'} at 127.0.0.1:41170:
name: "range_aware_auto_rebalancer_test"
schema {
  columns {
    name: "key"
    type: INT32
    is_key: true
    is_nullable: false
    encoding: AUTO_ENCODING
    compression: DEFAULT_COMPRESSION
    cfile_block_size: 0
    immutable: false
  }
}
num_replicas: 3
split_rows_range_bounds {
  rows: "\006\001\000\000\000\000\007\001\n\000\000\000\006\001\n\000\000\000\007\001\024\000\000\000""\006\001\000\000\000\000\007\001\n\000\000\000\006\001\n\000\000\000\007\001\024\000\000\000"
  indirect_data: """"
}
partition_schema {
  hash_schema {
    columns {
      name: "key"
    }
    num_buckets: 2
    seed: 0
  }
  range_schema {
    columns {
      name: "key"
    }
  }
}
W20260630 12:35:40.362830  3704 catalog_manager.cc:7077] The number of live tablet servers is not enough to re-replicate a tablet replica of the newly created table range_aware_auto_rebalancer_test in case of a server failure: 4 tablet servers would be needed, 3 are available. Consider bringing up more tablet servers.
I20260630 12:35:40.428720  3945 tablet_service.cc:1511] Processing CreateTablet for tablet 752567fcbf2d45fd8bdc54f99181c441 (DEFAULT_TABLE table=range_aware_auto_rebalancer_test [id=f439eee6653444e5af2df1b555ef8cec]), partition=HASH (key) PARTITION 0, RANGE (key) PARTITION 0 <= VALUES < 10
I20260630 12:35:40.430100  3942 tablet_service.cc:1511] Processing CreateTablet for tablet a5f0867565444347b72cbe0a7bdcb4d6 (DEFAULT_TABLE table=range_aware_auto_rebalancer_test [id=f439eee6653444e5af2df1b555ef8cec]), partition=HASH (key) PARTITION 1, RANGE (key) PARTITION 10 <= VALUES < 20
I20260630 12:35:40.430486  3945 data_dirs.cc:400] Could only allocate 1 dirs of requested 3 for tablet 752567fcbf2d45fd8bdc54f99181c441. 1 dirs total, 0 dirs full, 0 dirs failed
I20260630 12:35:40.431368  3942 data_dirs.cc:400] Could only allocate 1 dirs of requested 3 for tablet a5f0867565444347b72cbe0a7bdcb4d6. 1 dirs total, 0 dirs full, 0 dirs failed
I20260630 12:35:40.436906  3796 tablet_service.cc:1511] Processing CreateTablet for tablet 752567fcbf2d45fd8bdc54f99181c441 (DEFAULT_TABLE table=range_aware_auto_rebalancer_test [id=f439eee6653444e5af2df1b555ef8cec]), partition=HASH (key) PARTITION 0, RANGE (key) PARTITION 0 <= VALUES < 10
I20260630 12:35:40.437914  3795 tablet_service.cc:1511] Processing CreateTablet for tablet b5dabe15b2b54555a5876d2252f65699 (DEFAULT_TABLE table=range_aware_auto_rebalancer_test [id=f439eee6653444e5af2df1b555ef8cec]), partition=HASH (key) PARTITION 0, RANGE (key) PARTITION 10 <= VALUES < 20
I20260630 12:35:40.438665  3796 data_dirs.cc:400] Could only allocate 1 dirs of requested 3 for tablet 752567fcbf2d45fd8bdc54f99181c441. 1 dirs total, 0 dirs full, 0 dirs failed
I20260630 12:35:40.439615  3795 data_dirs.cc:400] Could only allocate 1 dirs of requested 3 for tablet b5dabe15b2b54555a5876d2252f65699. 1 dirs total, 0 dirs full, 0 dirs failed
I20260630 12:35:40.439874  3944 tablet_service.cc:1511] Processing CreateTablet for tablet b5dabe15b2b54555a5876d2252f65699 (DEFAULT_TABLE table=range_aware_auto_rebalancer_test [id=f439eee6653444e5af2df1b555ef8cec]), partition=HASH (key) PARTITION 0, RANGE (key) PARTITION 10 <= VALUES < 20
I20260630 12:35:40.441447  3944 data_dirs.cc:400] Could only allocate 1 dirs of requested 3 for tablet b5dabe15b2b54555a5876d2252f65699. 1 dirs total, 0 dirs full, 0 dirs failed
I20260630 12:35:40.443683  3794 tablet_service.cc:1511] Processing CreateTablet for tablet 2c70acf9cfa4432ca3bd0e6fbbcb4d4c (DEFAULT_TABLE table=range_aware_auto_rebalancer_test [id=f439eee6653444e5af2df1b555ef8cec]), partition=HASH (key) PARTITION 1, RANGE (key) PARTITION 0 <= VALUES < 10
I20260630 12:35:40.445358  3794 data_dirs.cc:400] Could only allocate 1 dirs of requested 3 for tablet 2c70acf9cfa4432ca3bd0e6fbbcb4d4c. 1 dirs total, 0 dirs full, 0 dirs failed
I20260630 12:35:40.438546  3943 tablet_service.cc:1511] Processing CreateTablet for tablet 2c70acf9cfa4432ca3bd0e6fbbcb4d4c (DEFAULT_TABLE table=range_aware_auto_rebalancer_test [id=f439eee6653444e5af2df1b555ef8cec]), partition=HASH (key) PARTITION 1, RANGE (key) PARTITION 0 <= VALUES < 10
I20260630 12:35:40.447311  3943 data_dirs.cc:400] Could only allocate 1 dirs of requested 3 for tablet 2c70acf9cfa4432ca3bd0e6fbbcb4d4c. 1 dirs total, 0 dirs full, 0 dirs failed
I20260630 12:35:40.452072  3793 tablet_service.cc:1511] Processing CreateTablet for tablet a5f0867565444347b72cbe0a7bdcb4d6 (DEFAULT_TABLE table=range_aware_auto_rebalancer_test [id=f439eee6653444e5af2df1b555ef8cec]), partition=HASH (key) PARTITION 1, RANGE (key) PARTITION 10 <= VALUES < 20
I20260630 12:35:40.454515  3793 data_dirs.cc:400] Could only allocate 1 dirs of requested 3 for tablet a5f0867565444347b72cbe0a7bdcb4d6. 1 dirs total, 0 dirs full, 0 dirs failed
I20260630 12:35:40.456028  4000 tablet_bootstrap.cc:492] T 752567fcbf2d45fd8bdc54f99181c441 P 196e75f517d6439da09e705b4f0801a6: Bootstrap starting.
I20260630 12:35:40.464715  3871 tablet_service.cc:1511] Processing CreateTablet for tablet 752567fcbf2d45fd8bdc54f99181c441 (DEFAULT_TABLE table=range_aware_auto_rebalancer_test [id=f439eee6653444e5af2df1b555ef8cec]), partition=HASH (key) PARTITION 0, RANGE (key) PARTITION 0 <= VALUES < 10
I20260630 12:35:40.465390  4000 tablet_bootstrap.cc:654] T 752567fcbf2d45fd8bdc54f99181c441 P 196e75f517d6439da09e705b4f0801a6: Neither blocks nor log segments found. Creating new log.
I20260630 12:35:40.466534  3871 data_dirs.cc:400] Could only allocate 1 dirs of requested 3 for tablet 752567fcbf2d45fd8bdc54f99181c441. 1 dirs total, 0 dirs full, 0 dirs failed
I20260630 12:35:40.471392  3870 tablet_service.cc:1511] Processing CreateTablet for tablet b5dabe15b2b54555a5876d2252f65699 (DEFAULT_TABLE table=range_aware_auto_rebalancer_test [id=f439eee6653444e5af2df1b555ef8cec]), partition=HASH (key) PARTITION 0, RANGE (key) PARTITION 10 <= VALUES < 20
I20260630 12:35:40.475301  3869 tablet_service.cc:1511] Processing CreateTablet for tablet 2c70acf9cfa4432ca3bd0e6fbbcb4d4c (DEFAULT_TABLE table=range_aware_auto_rebalancer_test [id=f439eee6653444e5af2df1b555ef8cec]), partition=HASH (key) PARTITION 1, RANGE (key) PARTITION 0 <= VALUES < 10
I20260630 12:35:40.478109  4000 tablet_bootstrap.cc:492] T 752567fcbf2d45fd8bdc54f99181c441 P 196e75f517d6439da09e705b4f0801a6: No bootstrap required, opened a new log
I20260630 12:35:40.478281  3868 tablet_service.cc:1511] Processing CreateTablet for tablet a5f0867565444347b72cbe0a7bdcb4d6 (DEFAULT_TABLE table=range_aware_auto_rebalancer_test [id=f439eee6653444e5af2df1b555ef8cec]), partition=HASH (key) PARTITION 1, RANGE (key) PARTITION 10 <= VALUES < 20
I20260630 12:35:40.478889  4000 ts_tablet_manager.cc:1403] T 752567fcbf2d45fd8bdc54f99181c441 P 196e75f517d6439da09e705b4f0801a6: Time spent bootstrapping tablet: real 0.023s	user 0.015s	sys 0.005s
I20260630 12:35:40.480077  3870 data_dirs.cc:400] Could only allocate 1 dirs of requested 3 for tablet b5dabe15b2b54555a5876d2252f65699. 1 dirs total, 0 dirs full, 0 dirs failed
I20260630 12:35:40.482024  3868 data_dirs.cc:400] Could only allocate 1 dirs of requested 3 for tablet a5f0867565444347b72cbe0a7bdcb4d6. 1 dirs total, 0 dirs full, 0 dirs failed
I20260630 12:35:40.482440  4000 raft_consensus.cc:359] T 752567fcbf2d45fd8bdc54f99181c441 P 196e75f517d6439da09e705b4f0801a6 [term 0 FOLLOWER]: Replica starting. Triggering 0 pending ops. Active config: opid_index: -1 OBSOLETE_local: false peers { permanent_uuid: "196e75f517d6439da09e705b4f0801a6" member_type: VOTER last_known_addr { host: "127.1.45.3" port: 43195 } } peers { permanent_uuid: "872742157618407c8826d8d9da6ccf4a" member_type: VOTER last_known_addr { host: "127.1.45.2" port: 43111 } } peers { permanent_uuid: "645d470da0d2412e98ef28f35a233934" member_type: VOTER last_known_addr { host: "127.1.45.1" port: 42537 } }
I20260630 12:35:40.483341  4000 raft_consensus.cc:385] T 752567fcbf2d45fd8bdc54f99181c441 P 196e75f517d6439da09e705b4f0801a6 [term 0 FOLLOWER]: Consensus starting up: Expiring failure detector timer to make a prompt election more likely
I20260630 12:35:40.483702  4000 raft_consensus.cc:740] T 752567fcbf2d45fd8bdc54f99181c441 P 196e75f517d6439da09e705b4f0801a6 [term 0 FOLLOWER]: Becoming Follower/Learner. State: Replica: 196e75f517d6439da09e705b4f0801a6, State: Initialized, Role: FOLLOWER
I20260630 12:35:40.484201  3869 data_dirs.cc:400] Could only allocate 1 dirs of requested 3 for tablet 2c70acf9cfa4432ca3bd0e6fbbcb4d4c. 1 dirs total, 0 dirs full, 0 dirs failed
I20260630 12:35:40.484902  4000 consensus_queue.cc:260] T 752567fcbf2d45fd8bdc54f99181c441 P 196e75f517d6439da09e705b4f0801a6 [NON_LEADER]: Queue going to NON_LEADER mode. State: All replicated index: 0, Majority replicated index: 0, Committed index: 0, Last appended: 0.0, Last appended by leader: 0, Current term: 0, Majority size: -1, State: 0, Mode: NON_LEADER, active raft config: opid_index: -1 OBSOLETE_local: false peers { permanent_uuid: "196e75f517d6439da09e705b4f0801a6" member_type: VOTER last_known_addr { host: "127.1.45.3" port: 43195 } } peers { permanent_uuid: "872742157618407c8826d8d9da6ccf4a" member_type: VOTER last_known_addr { host: "127.1.45.2" port: 43111 } } peers { permanent_uuid: "645d470da0d2412e98ef28f35a233934" member_type: VOTER last_known_addr { host: "127.1.45.1" port: 42537 } }
I20260630 12:35:40.513991  4001 tablet_bootstrap.cc:492] T 752567fcbf2d45fd8bdc54f99181c441 P 645d470da0d2412e98ef28f35a233934: Bootstrap starting.
I20260630 12:35:40.529110  4001 tablet_bootstrap.cc:654] T 752567fcbf2d45fd8bdc54f99181c441 P 645d470da0d2412e98ef28f35a233934: Neither blocks nor log segments found. Creating new log.
I20260630 12:35:40.550446  4001 tablet_bootstrap.cc:492] T 752567fcbf2d45fd8bdc54f99181c441 P 645d470da0d2412e98ef28f35a233934: No bootstrap required, opened a new log
I20260630 12:35:40.551322  4001 ts_tablet_manager.cc:1403] T 752567fcbf2d45fd8bdc54f99181c441 P 645d470da0d2412e98ef28f35a233934: Time spent bootstrapping tablet: real 0.038s	user 0.016s	sys 0.011s
I20260630 12:35:40.555811  4001 raft_consensus.cc:359] T 752567fcbf2d45fd8bdc54f99181c441 P 645d470da0d2412e98ef28f35a233934 [term 0 FOLLOWER]: Replica starting. Triggering 0 pending ops. Active config: opid_index: -1 OBSOLETE_local: false peers { permanent_uuid: "196e75f517d6439da09e705b4f0801a6" member_type: VOTER last_known_addr { host: "127.1.45.3" port: 43195 } } peers { permanent_uuid: "872742157618407c8826d8d9da6ccf4a" member_type: VOTER last_known_addr { host: "127.1.45.2" port: 43111 } } peers { permanent_uuid: "645d470da0d2412e98ef28f35a233934" member_type: VOTER last_known_addr { host: "127.1.45.1" port: 42537 } }
I20260630 12:35:40.560770  4001 raft_consensus.cc:385] T 752567fcbf2d45fd8bdc54f99181c441 P 645d470da0d2412e98ef28f35a233934 [term 0 FOLLOWER]: Consensus starting up: Expiring failure detector timer to make a prompt election more likely
I20260630 12:35:40.561465  4001 raft_consensus.cc:740] T 752567fcbf2d45fd8bdc54f99181c441 P 645d470da0d2412e98ef28f35a233934 [term 0 FOLLOWER]: Becoming Follower/Learner. State: Replica: 645d470da0d2412e98ef28f35a233934, State: Initialized, Role: FOLLOWER
I20260630 12:35:40.558796  4005 tablet_bootstrap.cc:492] T 752567fcbf2d45fd8bdc54f99181c441 P 872742157618407c8826d8d9da6ccf4a: Bootstrap starting.
I20260630 12:35:40.567443  4000 ts_tablet_manager.cc:1434] T 752567fcbf2d45fd8bdc54f99181c441 P 196e75f517d6439da09e705b4f0801a6: Time spent starting tablet: real 0.088s	user 0.040s	sys 0.047s
I20260630 12:35:40.568693  4000 tablet_bootstrap.cc:492] T b5dabe15b2b54555a5876d2252f65699 P 196e75f517d6439da09e705b4f0801a6: Bootstrap starting.
I20260630 12:35:40.569607  4001 consensus_queue.cc:260] T 752567fcbf2d45fd8bdc54f99181c441 P 645d470da0d2412e98ef28f35a233934 [NON_LEADER]: Queue going to NON_LEADER mode. State: All replicated index: 0, Majority replicated index: 0, Committed index: 0, Last appended: 0.0, Last appended by leader: 0, Current term: 0, Majority size: -1, State: 0, Mode: NON_LEADER, active raft config: opid_index: -1 OBSOLETE_local: false peers { permanent_uuid: "196e75f517d6439da09e705b4f0801a6" member_type: VOTER last_known_addr { host: "127.1.45.3" port: 43195 } } peers { permanent_uuid: "872742157618407c8826d8d9da6ccf4a" member_type: VOTER last_known_addr { host: "127.1.45.2" port: 43111 } } peers { permanent_uuid: "645d470da0d2412e98ef28f35a233934" member_type: VOTER last_known_addr { host: "127.1.45.1" port: 42537 } }
I20260630 12:35:40.574774  4005 tablet_bootstrap.cc:654] T 752567fcbf2d45fd8bdc54f99181c441 P 872742157618407c8826d8d9da6ccf4a: Neither blocks nor log segments found. Creating new log.
I20260630 12:35:40.577215  4000 tablet_bootstrap.cc:654] T b5dabe15b2b54555a5876d2252f65699 P 196e75f517d6439da09e705b4f0801a6: Neither blocks nor log segments found. Creating new log.
I20260630 12:35:40.588313  4001 ts_tablet_manager.cc:1434] T 752567fcbf2d45fd8bdc54f99181c441 P 645d470da0d2412e98ef28f35a233934: Time spent starting tablet: real 0.036s	user 0.008s	sys 0.005s
I20260630 12:35:40.589359  4005 tablet_bootstrap.cc:492] T 752567fcbf2d45fd8bdc54f99181c441 P 872742157618407c8826d8d9da6ccf4a: No bootstrap required, opened a new log
I20260630 12:35:40.589756  4001 tablet_bootstrap.cc:492] T b5dabe15b2b54555a5876d2252f65699 P 645d470da0d2412e98ef28f35a233934: Bootstrap starting.
I20260630 12:35:40.589943  4005 ts_tablet_manager.cc:1403] T 752567fcbf2d45fd8bdc54f99181c441 P 872742157618407c8826d8d9da6ccf4a: Time spent bootstrapping tablet: real 0.032s	user 0.016s	sys 0.000s
I20260630 12:35:40.591336  4000 tablet_bootstrap.cc:492] T b5dabe15b2b54555a5876d2252f65699 P 196e75f517d6439da09e705b4f0801a6: No bootstrap required, opened a new log
I20260630 12:35:40.591926  4000 ts_tablet_manager.cc:1403] T b5dabe15b2b54555a5876d2252f65699 P 196e75f517d6439da09e705b4f0801a6: Time spent bootstrapping tablet: real 0.024s	user 0.015s	sys 0.003s
I20260630 12:35:40.593210  4005 raft_consensus.cc:359] T 752567fcbf2d45fd8bdc54f99181c441 P 872742157618407c8826d8d9da6ccf4a [term 0 FOLLOWER]: Replica starting. Triggering 0 pending ops. Active config: opid_index: -1 OBSOLETE_local: false peers { permanent_uuid: "196e75f517d6439da09e705b4f0801a6" member_type: VOTER last_known_addr { host: "127.1.45.3" port: 43195 } } peers { permanent_uuid: "872742157618407c8826d8d9da6ccf4a" member_type: VOTER last_known_addr { host: "127.1.45.2" port: 43111 } } peers { permanent_uuid: "645d470da0d2412e98ef28f35a233934" member_type: VOTER last_known_addr { host: "127.1.45.1" port: 42537 } }
I20260630 12:35:40.594255  4005 raft_consensus.cc:385] T 752567fcbf2d45fd8bdc54f99181c441 P 872742157618407c8826d8d9da6ccf4a [term 0 FOLLOWER]: Consensus starting up: Expiring failure detector timer to make a prompt election more likely
I20260630 12:35:40.594579  4005 raft_consensus.cc:740] T 752567fcbf2d45fd8bdc54f99181c441 P 872742157618407c8826d8d9da6ccf4a [term 0 FOLLOWER]: Becoming Follower/Learner. State: Replica: 872742157618407c8826d8d9da6ccf4a, State: Initialized, Role: FOLLOWER
I20260630 12:35:40.595060  4000 raft_consensus.cc:359] T b5dabe15b2b54555a5876d2252f65699 P 196e75f517d6439da09e705b4f0801a6 [term 0 FOLLOWER]: Replica starting. Triggering 0 pending ops. Active config: opid_index: -1 OBSOLETE_local: false peers { permanent_uuid: "645d470da0d2412e98ef28f35a233934" member_type: VOTER last_known_addr { host: "127.1.45.1" port: 42537 } } peers { permanent_uuid: "872742157618407c8826d8d9da6ccf4a" member_type: VOTER last_known_addr { host: "127.1.45.2" port: 43111 } } peers { permanent_uuid: "196e75f517d6439da09e705b4f0801a6" member_type: VOTER last_known_addr { host: "127.1.45.3" port: 43195 } }
I20260630 12:35:40.595911  4000 raft_consensus.cc:385] T b5dabe15b2b54555a5876d2252f65699 P 196e75f517d6439da09e705b4f0801a6 [term 0 FOLLOWER]: Consensus starting up: Expiring failure detector timer to make a prompt election more likely
I20260630 12:35:40.596239  4000 raft_consensus.cc:740] T b5dabe15b2b54555a5876d2252f65699 P 196e75f517d6439da09e705b4f0801a6 [term 0 FOLLOWER]: Becoming Follower/Learner. State: Replica: 196e75f517d6439da09e705b4f0801a6, State: Initialized, Role: FOLLOWER
W20260630 12:35:40.596694  3832 tablet.cc:2406] T 752567fcbf2d45fd8bdc54f99181c441 P 645d470da0d2412e98ef28f35a233934: Can't schedule compaction. Clean time has not been advanced past its initial value.
I20260630 12:35:40.595526  4005 consensus_queue.cc:260] T 752567fcbf2d45fd8bdc54f99181c441 P 872742157618407c8826d8d9da6ccf4a [NON_LEADER]: Queue going to NON_LEADER mode. State: All replicated index: 0, Majority replicated index: 0, Committed index: 0, Last appended: 0.0, Last appended by leader: 0, Current term: 0, Majority size: -1, State: 0, Mode: NON_LEADER, active raft config: opid_index: -1 OBSOLETE_local: false peers { permanent_uuid: "196e75f517d6439da09e705b4f0801a6" member_type: VOTER last_known_addr { host: "127.1.45.3" port: 43195 } } peers { permanent_uuid: "872742157618407c8826d8d9da6ccf4a" member_type: VOTER last_known_addr { host: "127.1.45.2" port: 43111 } } peers { permanent_uuid: "645d470da0d2412e98ef28f35a233934" member_type: VOTER last_known_addr { host: "127.1.45.1" port: 42537 } }
I20260630 12:35:40.597200  4000 consensus_queue.cc:260] T b5dabe15b2b54555a5876d2252f65699 P 196e75f517d6439da09e705b4f0801a6 [NON_LEADER]: Queue going to NON_LEADER mode. State: All replicated index: 0, Majority replicated index: 0, Committed index: 0, Last appended: 0.0, Last appended by leader: 0, Current term: 0, Majority size: -1, State: 0, Mode: NON_LEADER, active raft config: opid_index: -1 OBSOLETE_local: false peers { permanent_uuid: "645d470da0d2412e98ef28f35a233934" member_type: VOTER last_known_addr { host: "127.1.45.1" port: 42537 } } peers { permanent_uuid: "872742157618407c8826d8d9da6ccf4a" member_type: VOTER last_known_addr { host: "127.1.45.2" port: 43111 } } peers { permanent_uuid: "196e75f517d6439da09e705b4f0801a6" member_type: VOTER last_known_addr { host: "127.1.45.3" port: 43195 } }
I20260630 12:35:40.598086  4001 tablet_bootstrap.cc:654] T b5dabe15b2b54555a5876d2252f65699 P 645d470da0d2412e98ef28f35a233934: Neither blocks nor log segments found. Creating new log.
I20260630 12:35:40.602308  4000 ts_tablet_manager.cc:1434] T b5dabe15b2b54555a5876d2252f65699 P 196e75f517d6439da09e705b4f0801a6: Time spent starting tablet: real 0.010s	user 0.009s	sys 0.000s
I20260630 12:35:40.603935  4000 tablet_bootstrap.cc:492] T a5f0867565444347b72cbe0a7bdcb4d6 P 196e75f517d6439da09e705b4f0801a6: Bootstrap starting.
I20260630 12:35:40.610719  4001 tablet_bootstrap.cc:492] T b5dabe15b2b54555a5876d2252f65699 P 645d470da0d2412e98ef28f35a233934: No bootstrap required, opened a new log
I20260630 12:35:40.611383  4001 ts_tablet_manager.cc:1403] T b5dabe15b2b54555a5876d2252f65699 P 645d470da0d2412e98ef28f35a233934: Time spent bootstrapping tablet: real 0.022s	user 0.009s	sys 0.010s
I20260630 12:35:40.611524  4005 ts_tablet_manager.cc:1434] T 752567fcbf2d45fd8bdc54f99181c441 P 872742157618407c8826d8d9da6ccf4a: Time spent starting tablet: real 0.021s	user 0.011s	sys 0.008s
I20260630 12:35:40.612578  4000 tablet_bootstrap.cc:654] T a5f0867565444347b72cbe0a7bdcb4d6 P 196e75f517d6439da09e705b4f0801a6: Neither blocks nor log segments found. Creating new log.
I20260630 12:35:40.614740  4001 raft_consensus.cc:359] T b5dabe15b2b54555a5876d2252f65699 P 645d470da0d2412e98ef28f35a233934 [term 0 FOLLOWER]: Replica starting. Triggering 0 pending ops. Active config: opid_index: -1 OBSOLETE_local: false peers { permanent_uuid: "645d470da0d2412e98ef28f35a233934" member_type: VOTER last_known_addr { host: "127.1.45.1" port: 42537 } } peers { permanent_uuid: "872742157618407c8826d8d9da6ccf4a" member_type: VOTER last_known_addr { host: "127.1.45.2" port: 43111 } } peers { permanent_uuid: "196e75f517d6439da09e705b4f0801a6" member_type: VOTER last_known_addr { host: "127.1.45.3" port: 43195 } }
I20260630 12:35:40.615561  4001 raft_consensus.cc:385] T b5dabe15b2b54555a5876d2252f65699 P 645d470da0d2412e98ef28f35a233934 [term 0 FOLLOWER]: Consensus starting up: Expiring failure detector timer to make a prompt election more likely
I20260630 12:35:40.615948  4001 raft_consensus.cc:740] T b5dabe15b2b54555a5876d2252f65699 P 645d470da0d2412e98ef28f35a233934 [term 0 FOLLOWER]: Becoming Follower/Learner. State: Replica: 645d470da0d2412e98ef28f35a233934, State: Initialized, Role: FOLLOWER
I20260630 12:35:40.617170  4005 tablet_bootstrap.cc:492] T 2c70acf9cfa4432ca3bd0e6fbbcb4d4c P 872742157618407c8826d8d9da6ccf4a: Bootstrap starting.
I20260630 12:35:40.616852  4001 consensus_queue.cc:260] T b5dabe15b2b54555a5876d2252f65699 P 645d470da0d2412e98ef28f35a233934 [NON_LEADER]: Queue going to NON_LEADER mode. State: All replicated index: 0, Majority replicated index: 0, Committed index: 0, Last appended: 0.0, Last appended by leader: 0, Current term: 0, Majority size: -1, State: 0, Mode: NON_LEADER, active raft config: opid_index: -1 OBSOLETE_local: false peers { permanent_uuid: "645d470da0d2412e98ef28f35a233934" member_type: VOTER last_known_addr { host: "127.1.45.1" port: 42537 } } peers { permanent_uuid: "872742157618407c8826d8d9da6ccf4a" member_type: VOTER last_known_addr { host: "127.1.45.2" port: 43111 } } peers { permanent_uuid: "196e75f517d6439da09e705b4f0801a6" member_type: VOTER last_known_addr { host: "127.1.45.3" port: 43195 } }
I20260630 12:35:40.618649  4000 tablet_bootstrap.cc:492] T a5f0867565444347b72cbe0a7bdcb4d6 P 196e75f517d6439da09e705b4f0801a6: No bootstrap required, opened a new log
I20260630 12:35:40.619138  4001 ts_tablet_manager.cc:1434] T b5dabe15b2b54555a5876d2252f65699 P 645d470da0d2412e98ef28f35a233934: Time spent starting tablet: real 0.007s	user 0.003s	sys 0.003s
I20260630 12:35:40.619204  4000 ts_tablet_manager.cc:1403] T a5f0867565444347b72cbe0a7bdcb4d6 P 196e75f517d6439da09e705b4f0801a6: Time spent bootstrapping tablet: real 0.016s	user 0.010s	sys 0.003s
I20260630 12:35:40.620289  4001 tablet_bootstrap.cc:492] T 2c70acf9cfa4432ca3bd0e6fbbcb4d4c P 645d470da0d2412e98ef28f35a233934: Bootstrap starting.
I20260630 12:35:40.622965  4000 raft_consensus.cc:359] T a5f0867565444347b72cbe0a7bdcb4d6 P 196e75f517d6439da09e705b4f0801a6 [term 0 FOLLOWER]: Replica starting. Triggering 0 pending ops. Active config: opid_index: -1 OBSOLETE_local: false peers { permanent_uuid: "645d470da0d2412e98ef28f35a233934" member_type: VOTER last_known_addr { host: "127.1.45.1" port: 42537 } } peers { permanent_uuid: "872742157618407c8826d8d9da6ccf4a" member_type: VOTER last_known_addr { host: "127.1.45.2" port: 43111 } } peers { permanent_uuid: "196e75f517d6439da09e705b4f0801a6" member_type: VOTER last_known_addr { host: "127.1.45.3" port: 43195 } }
I20260630 12:35:40.623831  4000 raft_consensus.cc:385] T a5f0867565444347b72cbe0a7bdcb4d6 P 196e75f517d6439da09e705b4f0801a6 [term 0 FOLLOWER]: Consensus starting up: Expiring failure detector timer to make a prompt election more likely
I20260630 12:35:40.624171  4000 raft_consensus.cc:740] T a5f0867565444347b72cbe0a7bdcb4d6 P 196e75f517d6439da09e705b4f0801a6 [term 0 FOLLOWER]: Becoming Follower/Learner. State: Replica: 196e75f517d6439da09e705b4f0801a6, State: Initialized, Role: FOLLOWER
I20260630 12:35:40.624573  4005 tablet_bootstrap.cc:654] T 2c70acf9cfa4432ca3bd0e6fbbcb4d4c P 872742157618407c8826d8d9da6ccf4a: Neither blocks nor log segments found. Creating new log.
I20260630 12:35:40.625151  4000 consensus_queue.cc:260] T a5f0867565444347b72cbe0a7bdcb4d6 P 196e75f517d6439da09e705b4f0801a6 [NON_LEADER]: Queue going to NON_LEADER mode. State: All replicated index: 0, Majority replicated index: 0, Committed index: 0, Last appended: 0.0, Last appended by leader: 0, Current term: 0, Majority size: -1, State: 0, Mode: NON_LEADER, active raft config: opid_index: -1 OBSOLETE_local: false peers { permanent_uuid: "645d470da0d2412e98ef28f35a233934" member_type: VOTER last_known_addr { host: "127.1.45.1" port: 42537 } } peers { permanent_uuid: "872742157618407c8826d8d9da6ccf4a" member_type: VOTER last_known_addr { host: "127.1.45.2" port: 43111 } } peers { permanent_uuid: "196e75f517d6439da09e705b4f0801a6" member_type: VOTER last_known_addr { host: "127.1.45.3" port: 43195 } }
I20260630 12:35:40.627571  4000 ts_tablet_manager.cc:1434] T a5f0867565444347b72cbe0a7bdcb4d6 P 196e75f517d6439da09e705b4f0801a6: Time spent starting tablet: real 0.008s	user 0.003s	sys 0.003s
I20260630 12:35:40.628764  4000 tablet_bootstrap.cc:492] T 2c70acf9cfa4432ca3bd0e6fbbcb4d4c P 196e75f517d6439da09e705b4f0801a6: Bootstrap starting.
I20260630 12:35:40.627664  4001 tablet_bootstrap.cc:654] T 2c70acf9cfa4432ca3bd0e6fbbcb4d4c P 645d470da0d2412e98ef28f35a233934: Neither blocks nor log segments found. Creating new log.
I20260630 12:35:40.635366  4000 tablet_bootstrap.cc:654] T 2c70acf9cfa4432ca3bd0e6fbbcb4d4c P 196e75f517d6439da09e705b4f0801a6: Neither blocks nor log segments found. Creating new log.
I20260630 12:35:40.638751  4005 tablet_bootstrap.cc:492] T 2c70acf9cfa4432ca3bd0e6fbbcb4d4c P 872742157618407c8826d8d9da6ccf4a: No bootstrap required, opened a new log
I20260630 12:35:40.639452  4005 ts_tablet_manager.cc:1403] T 2c70acf9cfa4432ca3bd0e6fbbcb4d4c P 872742157618407c8826d8d9da6ccf4a: Time spent bootstrapping tablet: real 0.022s	user 0.012s	sys 0.007s
I20260630 12:35:40.643515  4005 raft_consensus.cc:359] T 2c70acf9cfa4432ca3bd0e6fbbcb4d4c P 872742157618407c8826d8d9da6ccf4a [term 0 FOLLOWER]: Replica starting. Triggering 0 pending ops. Active config: opid_index: -1 OBSOLETE_local: false peers { permanent_uuid: "645d470da0d2412e98ef28f35a233934" member_type: VOTER last_known_addr { host: "127.1.45.1" port: 42537 } } peers { permanent_uuid: "872742157618407c8826d8d9da6ccf4a" member_type: VOTER last_known_addr { host: "127.1.45.2" port: 43111 } } peers { permanent_uuid: "196e75f517d6439da09e705b4f0801a6" member_type: VOTER last_known_addr { host: "127.1.45.3" port: 43195 } }
I20260630 12:35:40.644605  4005 raft_consensus.cc:385] T 2c70acf9cfa4432ca3bd0e6fbbcb4d4c P 872742157618407c8826d8d9da6ccf4a [term 0 FOLLOWER]: Consensus starting up: Expiring failure detector timer to make a prompt election more likely
I20260630 12:35:40.645004  4005 raft_consensus.cc:740] T 2c70acf9cfa4432ca3bd0e6fbbcb4d4c P 872742157618407c8826d8d9da6ccf4a [term 0 FOLLOWER]: Becoming Follower/Learner. State: Replica: 872742157618407c8826d8d9da6ccf4a, State: Initialized, Role: FOLLOWER
I20260630 12:35:40.645951  4006 raft_consensus.cc:493] T b5dabe15b2b54555a5876d2252f65699 P 645d470da0d2412e98ef28f35a233934 [term 0 FOLLOWER]: Starting pre-election (no leader contacted us within the election timeout)
I20260630 12:35:40.646450  4005 consensus_queue.cc:260] T 2c70acf9cfa4432ca3bd0e6fbbcb4d4c P 872742157618407c8826d8d9da6ccf4a [NON_LEADER]: Queue going to NON_LEADER mode. State: All replicated index: 0, Majority replicated index: 0, Committed index: 0, Last appended: 0.0, Last appended by leader: 0, Current term: 0, Majority size: -1, State: 0, Mode: NON_LEADER, active raft config: opid_index: -1 OBSOLETE_local: false peers { permanent_uuid: "645d470da0d2412e98ef28f35a233934" member_type: VOTER last_known_addr { host: "127.1.45.1" port: 42537 } } peers { permanent_uuid: "872742157618407c8826d8d9da6ccf4a" member_type: VOTER last_known_addr { host: "127.1.45.2" port: 43111 } } peers { permanent_uuid: "196e75f517d6439da09e705b4f0801a6" member_type: VOTER last_known_addr { host: "127.1.45.3" port: 43195 } }
I20260630 12:35:40.646721  4006 raft_consensus.cc:515] T b5dabe15b2b54555a5876d2252f65699 P 645d470da0d2412e98ef28f35a233934 [term 0 FOLLOWER]: Starting pre-election with config: opid_index: -1 OBSOLETE_local: false peers { permanent_uuid: "645d470da0d2412e98ef28f35a233934" member_type: VOTER last_known_addr { host: "127.1.45.1" port: 42537 } } peers { permanent_uuid: "872742157618407c8826d8d9da6ccf4a" member_type: VOTER last_known_addr { host: "127.1.45.2" port: 43111 } } peers { permanent_uuid: "196e75f517d6439da09e705b4f0801a6" member_type: VOTER last_known_addr { host: "127.1.45.3" port: 43195 } }
I20260630 12:35:40.649667  4005 ts_tablet_manager.cc:1434] T 2c70acf9cfa4432ca3bd0e6fbbcb4d4c P 872742157618407c8826d8d9da6ccf4a: Time spent starting tablet: real 0.010s	user 0.007s	sys 0.003s
I20260630 12:35:40.651122  4005 tablet_bootstrap.cc:492] T a5f0867565444347b72cbe0a7bdcb4d6 P 872742157618407c8826d8d9da6ccf4a: Bootstrap starting.
I20260630 12:35:40.657714  4006 leader_election.cc:290] T b5dabe15b2b54555a5876d2252f65699 P 645d470da0d2412e98ef28f35a233934 [CANDIDATE]: Term 1 pre-election: Requested pre-vote from peers 872742157618407c8826d8d9da6ccf4a (127.1.45.2:43111), 196e75f517d6439da09e705b4f0801a6 (127.1.45.3:43195)
I20260630 12:35:40.663486  4005 tablet_bootstrap.cc:654] T a5f0867565444347b72cbe0a7bdcb4d6 P 872742157618407c8826d8d9da6ccf4a: Neither blocks nor log segments found. Creating new log.
I20260630 12:35:40.665654  4003 raft_consensus.cc:493] T b5dabe15b2b54555a5876d2252f65699 P 196e75f517d6439da09e705b4f0801a6 [term 0 FOLLOWER]: Starting pre-election (no leader contacted us within the election timeout)
I20260630 12:35:40.666268  4003 raft_consensus.cc:515] T b5dabe15b2b54555a5876d2252f65699 P 196e75f517d6439da09e705b4f0801a6 [term 0 FOLLOWER]: Starting pre-election with config: opid_index: -1 OBSOLETE_local: false peers { permanent_uuid: "645d470da0d2412e98ef28f35a233934" member_type: VOTER last_known_addr { host: "127.1.45.1" port: 42537 } } peers { permanent_uuid: "872742157618407c8826d8d9da6ccf4a" member_type: VOTER last_known_addr { host: "127.1.45.2" port: 43111 } } peers { permanent_uuid: "196e75f517d6439da09e705b4f0801a6" member_type: VOTER last_known_addr { host: "127.1.45.3" port: 43195 } }
I20260630 12:35:40.657382  4000 tablet_bootstrap.cc:492] T 2c70acf9cfa4432ca3bd0e6fbbcb4d4c P 196e75f517d6439da09e705b4f0801a6: No bootstrap required, opened a new log
I20260630 12:35:40.667877  4000 ts_tablet_manager.cc:1403] T 2c70acf9cfa4432ca3bd0e6fbbcb4d4c P 196e75f517d6439da09e705b4f0801a6: Time spent bootstrapping tablet: real 0.039s	user 0.021s	sys 0.007s
I20260630 12:35:40.670599  3881 tablet_service.cc:1917] Received RequestConsensusVote() RPC: tablet_id: "b5dabe15b2b54555a5876d2252f65699" candidate_uuid: "645d470da0d2412e98ef28f35a233934" candidate_term: 1 candidate_status { last_received { term: 0 index: 0 } } ignore_live_leader: false dest_uuid: "872742157618407c8826d8d9da6ccf4a" is_pre_election: true
I20260630 12:35:40.671162  4000 raft_consensus.cc:359] T 2c70acf9cfa4432ca3bd0e6fbbcb4d4c P 196e75f517d6439da09e705b4f0801a6 [term 0 FOLLOWER]: Replica starting. Triggering 0 pending ops. Active config: opid_index: -1 OBSOLETE_local: false peers { permanent_uuid: "645d470da0d2412e98ef28f35a233934" member_type: VOTER last_known_addr { host: "127.1.45.1" port: 42537 } } peers { permanent_uuid: "872742157618407c8826d8d9da6ccf4a" member_type: VOTER last_known_addr { host: "127.1.45.2" port: 43111 } } peers { permanent_uuid: "196e75f517d6439da09e705b4f0801a6" member_type: VOTER last_known_addr { host: "127.1.45.3" port: 43195 } }
I20260630 12:35:40.671983  4000 raft_consensus.cc:385] T 2c70acf9cfa4432ca3bd0e6fbbcb4d4c P 196e75f517d6439da09e705b4f0801a6 [term 0 FOLLOWER]: Consensus starting up: Expiring failure detector timer to make a prompt election more likely
I20260630 12:35:40.672364  4000 raft_consensus.cc:740] T 2c70acf9cfa4432ca3bd0e6fbbcb4d4c P 196e75f517d6439da09e705b4f0801a6 [term 0 FOLLOWER]: Becoming Follower/Learner. State: Replica: 196e75f517d6439da09e705b4f0801a6, State: Initialized, Role: FOLLOWER
W20260630 12:35:40.673156  3770 leader_election.cc:343] T b5dabe15b2b54555a5876d2252f65699 P 645d470da0d2412e98ef28f35a233934 [CANDIDATE]: Term 1 pre-election: Tablet error from VoteRequest() call to peer 872742157618407c8826d8d9da6ccf4a (127.1.45.2:43111): Illegal state: must be running to vote when last-logged opid is not known
I20260630 12:35:40.673182  4000 consensus_queue.cc:260] T 2c70acf9cfa4432ca3bd0e6fbbcb4d4c P 196e75f517d6439da09e705b4f0801a6 [NON_LEADER]: Queue going to NON_LEADER mode. State: All replicated index: 0, Majority replicated index: 0, Committed index: 0, Last appended: 0.0, Last appended by leader: 0, Current term: 0, Majority size: -1, State: 0, Mode: NON_LEADER, active raft config: opid_index: -1 OBSOLETE_local: false peers { permanent_uuid: "645d470da0d2412e98ef28f35a233934" member_type: VOTER last_known_addr { host: "127.1.45.1" port: 42537 } } peers { permanent_uuid: "872742157618407c8826d8d9da6ccf4a" member_type: VOTER last_known_addr { host: "127.1.45.2" port: 43111 } } peers { permanent_uuid: "196e75f517d6439da09e705b4f0801a6" member_type: VOTER last_known_addr { host: "127.1.45.3" port: 43195 } }
I20260630 12:35:40.676884  4003 leader_election.cc:290] T b5dabe15b2b54555a5876d2252f65699 P 196e75f517d6439da09e705b4f0801a6 [CANDIDATE]: Term 1 pre-election: Requested pre-vote from peers 645d470da0d2412e98ef28f35a233934 (127.1.45.1:42537), 872742157618407c8826d8d9da6ccf4a (127.1.45.2:43111)
I20260630 12:35:40.680258  4001 tablet_bootstrap.cc:492] T 2c70acf9cfa4432ca3bd0e6fbbcb4d4c P 645d470da0d2412e98ef28f35a233934: No bootstrap required, opened a new log
I20260630 12:35:40.680830  4001 ts_tablet_manager.cc:1403] T 2c70acf9cfa4432ca3bd0e6fbbcb4d4c P 645d470da0d2412e98ef28f35a233934: Time spent bootstrapping tablet: real 0.061s	user 0.016s	sys 0.012s
I20260630 12:35:40.682734  4003 raft_consensus.cc:493] T 752567fcbf2d45fd8bdc54f99181c441 P 196e75f517d6439da09e705b4f0801a6 [term 0 FOLLOWER]: Starting pre-election (no leader contacted us within the election timeout)
I20260630 12:35:40.683276  4003 raft_consensus.cc:515] T 752567fcbf2d45fd8bdc54f99181c441 P 196e75f517d6439da09e705b4f0801a6 [term 0 FOLLOWER]: Starting pre-election with config: opid_index: -1 OBSOLETE_local: false peers { permanent_uuid: "196e75f517d6439da09e705b4f0801a6" member_type: VOTER last_known_addr { host: "127.1.45.3" port: 43195 } } peers { permanent_uuid: "872742157618407c8826d8d9da6ccf4a" member_type: VOTER last_known_addr { host: "127.1.45.2" port: 43111 } } peers { permanent_uuid: "645d470da0d2412e98ef28f35a233934" member_type: VOTER last_known_addr { host: "127.1.45.1" port: 42537 } }
I20260630 12:35:40.684154  4001 raft_consensus.cc:359] T 2c70acf9cfa4432ca3bd0e6fbbcb4d4c P 645d470da0d2412e98ef28f35a233934 [term 0 FOLLOWER]: Replica starting. Triggering 0 pending ops. Active config: opid_index: -1 OBSOLETE_local: false peers { permanent_uuid: "645d470da0d2412e98ef28f35a233934" member_type: VOTER last_known_addr { host: "127.1.45.1" port: 42537 } } peers { permanent_uuid: "872742157618407c8826d8d9da6ccf4a" member_type: VOTER last_known_addr { host: "127.1.45.2" port: 43111 } } peers { permanent_uuid: "196e75f517d6439da09e705b4f0801a6" member_type: VOTER last_known_addr { host: "127.1.45.3" port: 43195 } }
I20260630 12:35:40.684903  4001 raft_consensus.cc:385] T 2c70acf9cfa4432ca3bd0e6fbbcb4d4c P 645d470da0d2412e98ef28f35a233934 [term 0 FOLLOWER]: Consensus starting up: Expiring failure detector timer to make a prompt election more likely
I20260630 12:35:40.685207  4001 raft_consensus.cc:740] T 2c70acf9cfa4432ca3bd0e6fbbcb4d4c P 645d470da0d2412e98ef28f35a233934 [term 0 FOLLOWER]: Becoming Follower/Learner. State: Replica: 645d470da0d2412e98ef28f35a233934, State: Initialized, Role: FOLLOWER
I20260630 12:35:40.686043  4005 tablet_bootstrap.cc:492] T a5f0867565444347b72cbe0a7bdcb4d6 P 872742157618407c8826d8d9da6ccf4a: No bootstrap required, opened a new log
I20260630 12:35:40.685499  4003 leader_election.cc:290] T 752567fcbf2d45fd8bdc54f99181c441 P 196e75f517d6439da09e705b4f0801a6 [CANDIDATE]: Term 1 pre-election: Requested pre-vote from peers 872742157618407c8826d8d9da6ccf4a (127.1.45.2:43111), 645d470da0d2412e98ef28f35a233934 (127.1.45.1:42537)
I20260630 12:35:40.688860  4005 ts_tablet_manager.cc:1403] T a5f0867565444347b72cbe0a7bdcb4d6 P 872742157618407c8826d8d9da6ccf4a: Time spent bootstrapping tablet: real 0.038s	user 0.002s	sys 0.020s
I20260630 12:35:40.693379  4005 raft_consensus.cc:359] T a5f0867565444347b72cbe0a7bdcb4d6 P 872742157618407c8826d8d9da6ccf4a [term 0 FOLLOWER]: Replica starting. Triggering 0 pending ops. Active config: opid_index: -1 OBSOLETE_local: false peers { permanent_uuid: "645d470da0d2412e98ef28f35a233934" member_type: VOTER last_known_addr { host: "127.1.45.1" port: 42537 } } peers { permanent_uuid: "872742157618407c8826d8d9da6ccf4a" member_type: VOTER last_known_addr { host: "127.1.45.2" port: 43111 } } peers { permanent_uuid: "196e75f517d6439da09e705b4f0801a6" member_type: VOTER last_known_addr { host: "127.1.45.3" port: 43195 } }
I20260630 12:35:40.694691  4005 raft_consensus.cc:385] T a5f0867565444347b72cbe0a7bdcb4d6 P 872742157618407c8826d8d9da6ccf4a [term 0 FOLLOWER]: Consensus starting up: Expiring failure detector timer to make a prompt election more likely
I20260630 12:35:40.695235  4005 raft_consensus.cc:740] T a5f0867565444347b72cbe0a7bdcb4d6 P 872742157618407c8826d8d9da6ccf4a [term 0 FOLLOWER]: Becoming Follower/Learner. State: Replica: 872742157618407c8826d8d9da6ccf4a, State: Initialized, Role: FOLLOWER
I20260630 12:35:40.696395  4005 consensus_queue.cc:260] T a5f0867565444347b72cbe0a7bdcb4d6 P 872742157618407c8826d8d9da6ccf4a [NON_LEADER]: Queue going to NON_LEADER mode. State: All replicated index: 0, Majority replicated index: 0, Committed index: 0, Last appended: 0.0, Last appended by leader: 0, Current term: 0, Majority size: -1, State: 0, Mode: NON_LEADER, active raft config: opid_index: -1 OBSOLETE_local: false peers { permanent_uuid: "645d470da0d2412e98ef28f35a233934" member_type: VOTER last_known_addr { host: "127.1.45.1" port: 42537 } } peers { permanent_uuid: "872742157618407c8826d8d9da6ccf4a" member_type: VOTER last_known_addr { host: "127.1.45.2" port: 43111 } } peers { permanent_uuid: "196e75f517d6439da09e705b4f0801a6" member_type: VOTER last_known_addr { host: "127.1.45.3" port: 43195 } }
I20260630 12:35:40.699676  4005 ts_tablet_manager.cc:1434] T a5f0867565444347b72cbe0a7bdcb4d6 P 872742157618407c8826d8d9da6ccf4a: Time spent starting tablet: real 0.010s	user 0.008s	sys 0.000s
I20260630 12:35:40.701253  4005 tablet_bootstrap.cc:492] T b5dabe15b2b54555a5876d2252f65699 P 872742157618407c8826d8d9da6ccf4a: Bootstrap starting.
I20260630 12:35:40.701977  4001 consensus_queue.cc:260] T 2c70acf9cfa4432ca3bd0e6fbbcb4d4c P 645d470da0d2412e98ef28f35a233934 [NON_LEADER]: Queue going to NON_LEADER mode. State: All replicated index: 0, Majority replicated index: 0, Committed index: 0, Last appended: 0.0, Last appended by leader: 0, Current term: 0, Majority size: -1, State: 0, Mode: NON_LEADER, active raft config: opid_index: -1 OBSOLETE_local: false peers { permanent_uuid: "645d470da0d2412e98ef28f35a233934" member_type: VOTER last_known_addr { host: "127.1.45.1" port: 42537 } } peers { permanent_uuid: "872742157618407c8826d8d9da6ccf4a" member_type: VOTER last_known_addr { host: "127.1.45.2" port: 43111 } } peers { permanent_uuid: "196e75f517d6439da09e705b4f0801a6" member_type: VOTER last_known_addr { host: "127.1.45.3" port: 43195 } }
I20260630 12:35:40.710604  4005 tablet_bootstrap.cc:654] T b5dabe15b2b54555a5876d2252f65699 P 872742157618407c8826d8d9da6ccf4a: Neither blocks nor log segments found. Creating new log.
I20260630 12:35:40.711540  4001 ts_tablet_manager.cc:1434] T 2c70acf9cfa4432ca3bd0e6fbbcb4d4c P 645d470da0d2412e98ef28f35a233934: Time spent starting tablet: real 0.030s	user 0.004s	sys 0.004s
I20260630 12:35:40.719992  3955 tablet_service.cc:1917] Received RequestConsensusVote() RPC: tablet_id: "b5dabe15b2b54555a5876d2252f65699" candidate_uuid: "645d470da0d2412e98ef28f35a233934" candidate_term: 1 candidate_status { last_received { term: 0 index: 0 } } ignore_live_leader: false dest_uuid: "196e75f517d6439da09e705b4f0801a6" is_pre_election: true
I20260630 12:35:40.720831  3955 raft_consensus.cc:2468] T b5dabe15b2b54555a5876d2252f65699 P 196e75f517d6439da09e705b4f0801a6 [term 0 FOLLOWER]: Leader pre-election vote request: Granting yes vote for candidate 645d470da0d2412e98ef28f35a233934 in term 0.
I20260630 12:35:40.721992  3806 tablet_service.cc:1917] Received RequestConsensusVote() RPC: tablet_id: "b5dabe15b2b54555a5876d2252f65699" candidate_uuid: "196e75f517d6439da09e705b4f0801a6" candidate_term: 1 candidate_status { last_received { term: 0 index: 0 } } ignore_live_leader: false dest_uuid: "645d470da0d2412e98ef28f35a233934" is_pre_election: true
I20260630 12:35:40.722767  3806 raft_consensus.cc:2468] T b5dabe15b2b54555a5876d2252f65699 P 645d470da0d2412e98ef28f35a233934 [term 0 FOLLOWER]: Leader pre-election vote request: Granting yes vote for candidate 196e75f517d6439da09e705b4f0801a6 in term 0.
I20260630 12:35:40.724159  3805 tablet_service.cc:1917] Received RequestConsensusVote() RPC: tablet_id: "752567fcbf2d45fd8bdc54f99181c441" candidate_uuid: "196e75f517d6439da09e705b4f0801a6" candidate_term: 1 candidate_status { last_received { term: 0 index: 0 } } ignore_live_leader: false dest_uuid: "645d470da0d2412e98ef28f35a233934" is_pre_election: true
I20260630 12:35:40.724925  3805 raft_consensus.cc:2468] T 752567fcbf2d45fd8bdc54f99181c441 P 645d470da0d2412e98ef28f35a233934 [term 0 FOLLOWER]: Leader pre-election vote request: Granting yes vote for candidate 196e75f517d6439da09e705b4f0801a6 in term 0.
I20260630 12:35:40.725409  4005 tablet_bootstrap.cc:492] T b5dabe15b2b54555a5876d2252f65699 P 872742157618407c8826d8d9da6ccf4a: No bootstrap required, opened a new log
I20260630 12:35:40.726378  4005 ts_tablet_manager.cc:1403] T b5dabe15b2b54555a5876d2252f65699 P 872742157618407c8826d8d9da6ccf4a: Time spent bootstrapping tablet: real 0.025s	user 0.015s	sys 0.008s
I20260630 12:35:40.726683  3921 leader_election.cc:304] T b5dabe15b2b54555a5876d2252f65699 P 196e75f517d6439da09e705b4f0801a6 [CANDIDATE]: Term 1 pre-election: Election decided. Result: candidate won. Election summary: received 2 responses out of 3 voters: 2 yes votes; 0 no votes. yes voters: 196e75f517d6439da09e705b4f0801a6, 645d470da0d2412e98ef28f35a233934; no voters: 
I20260630 12:35:40.728228  4003 raft_consensus.cc:2804] T b5dabe15b2b54555a5876d2252f65699 P 196e75f517d6439da09e705b4f0801a6 [term 0 FOLLOWER]: Leader pre-election won for term 1
I20260630 12:35:40.728399  3921 leader_election.cc:304] T 752567fcbf2d45fd8bdc54f99181c441 P 196e75f517d6439da09e705b4f0801a6 [CANDIDATE]: Term 1 pre-election: Election decided. Result: candidate won. Election summary: received 2 responses out of 3 voters: 2 yes votes; 0 no votes. yes voters: 196e75f517d6439da09e705b4f0801a6, 645d470da0d2412e98ef28f35a233934; no voters: 
I20260630 12:35:40.728667  4003 raft_consensus.cc:493] T b5dabe15b2b54555a5876d2252f65699 P 196e75f517d6439da09e705b4f0801a6 [term 0 FOLLOWER]: Starting leader election (no leader contacted us within the election timeout)
I20260630 12:35:40.729076  4003 raft_consensus.cc:3060] T b5dabe15b2b54555a5876d2252f65699 P 196e75f517d6439da09e705b4f0801a6 [term 0 FOLLOWER]: Advancing to term 1
I20260630 12:35:40.729810  3772 leader_election.cc:304] T b5dabe15b2b54555a5876d2252f65699 P 645d470da0d2412e98ef28f35a233934 [CANDIDATE]: Term 1 pre-election: Election decided. Result: candidate won. Election summary: received 3 responses out of 3 voters: 2 yes votes; 1 no votes. yes voters: 196e75f517d6439da09e705b4f0801a6, 645d470da0d2412e98ef28f35a233934; no voters: 872742157618407c8826d8d9da6ccf4a
I20260630 12:35:40.730737  4006 raft_consensus.cc:2804] T b5dabe15b2b54555a5876d2252f65699 P 645d470da0d2412e98ef28f35a233934 [term 0 FOLLOWER]: Leader pre-election won for term 1
I20260630 12:35:40.731137  4006 raft_consensus.cc:493] T b5dabe15b2b54555a5876d2252f65699 P 645d470da0d2412e98ef28f35a233934 [term 0 FOLLOWER]: Starting leader election (no leader contacted us within the election timeout)
I20260630 12:35:40.731515  4006 raft_consensus.cc:3060] T b5dabe15b2b54555a5876d2252f65699 P 645d470da0d2412e98ef28f35a233934 [term 0 FOLLOWER]: Advancing to term 1
I20260630 12:35:40.731312  4005 raft_consensus.cc:359] T b5dabe15b2b54555a5876d2252f65699 P 872742157618407c8826d8d9da6ccf4a [term 0 FOLLOWER]: Replica starting. Triggering 0 pending ops. Active config: opid_index: -1 OBSOLETE_local: false peers { permanent_uuid: "645d470da0d2412e98ef28f35a233934" member_type: VOTER last_known_addr { host: "127.1.45.1" port: 42537 } } peers { permanent_uuid: "872742157618407c8826d8d9da6ccf4a" member_type: VOTER last_known_addr { host: "127.1.45.2" port: 43111 } } peers { permanent_uuid: "196e75f517d6439da09e705b4f0801a6" member_type: VOTER last_known_addr { host: "127.1.45.3" port: 43195 } }
I20260630 12:35:40.732647  4005 raft_consensus.cc:385] T b5dabe15b2b54555a5876d2252f65699 P 872742157618407c8826d8d9da6ccf4a [term 0 FOLLOWER]: Consensus starting up: Expiring failure detector timer to make a prompt election more likely
I20260630 12:35:40.733124  4005 raft_consensus.cc:740] T b5dabe15b2b54555a5876d2252f65699 P 872742157618407c8826d8d9da6ccf4a [term 0 FOLLOWER]: Becoming Follower/Learner. State: Replica: 872742157618407c8826d8d9da6ccf4a, State: Initialized, Role: FOLLOWER
I20260630 12:35:40.734588  4005 consensus_queue.cc:260] T b5dabe15b2b54555a5876d2252f65699 P 872742157618407c8826d8d9da6ccf4a [NON_LEADER]: Queue going to NON_LEADER mode. State: All replicated index: 0, Majority replicated index: 0, Committed index: 0, Last appended: 0.0, Last appended by leader: 0, Current term: 0, Majority size: -1, State: 0, Mode: NON_LEADER, active raft config: opid_index: -1 OBSOLETE_local: false peers { permanent_uuid: "645d470da0d2412e98ef28f35a233934" member_type: VOTER last_known_addr { host: "127.1.45.1" port: 42537 } } peers { permanent_uuid: "872742157618407c8826d8d9da6ccf4a" member_type: VOTER last_known_addr { host: "127.1.45.2" port: 43111 } } peers { permanent_uuid: "196e75f517d6439da09e705b4f0801a6" member_type: VOTER last_known_addr { host: "127.1.45.3" port: 43195 } }
I20260630 12:35:40.738816  4000 ts_tablet_manager.cc:1434] T 2c70acf9cfa4432ca3bd0e6fbbcb4d4c P 196e75f517d6439da09e705b4f0801a6: Time spent starting tablet: real 0.071s	user 0.031s	sys 0.036s
