I20260630 12:35:42.776994  4096 consensus_queue.cc:260] T 054c6df52faf44f5a05d83bd0e92ccdc P 72ccbba6f01c4a7b85ed28cf5c493a8f [NON_LEADER]: Queue going to NON_LEADER mode. State: All replicated index: 0, Majority replicated index: 0, Committed index: 0, Last appended: 0.0, Last appended by leader: 0, Current term: 0, Majority size: -1, State: 0, Mode: NON_LEADER, active raft config: opid_index: -1 OBSOLETE_local: false peers { permanent_uuid: "72ccbba6f01c4a7b85ed28cf5c493a8f" member_type: VOTER last_known_addr { host: "127.0.197.2" port: 35273 } } peers { permanent_uuid: "14bc748627bc4346b0136df8b9de10ca" member_type: VOTER last_known_addr { host: "127.0.197.4" port: 36681 } } peers { permanent_uuid: "d8ba8d5a64154feab31d3b08896aab71" member_type: VOTER last_known_addr { host: "127.0.197.3" port: 45951 } }
I20260630 12:35:42.777510  4098 raft_consensus.cc:359] T 054c6df52faf44f5a05d83bd0e92ccdc P d8ba8d5a64154feab31d3b08896aab71 [term 0 FOLLOWER]: Replica starting. Triggering 0 pending ops. Active config: opid_index: -1 OBSOLETE_local: false peers { permanent_uuid: "72ccbba6f01c4a7b85ed28cf5c493a8f" member_type: VOTER last_known_addr { host: "127.0.197.2" port: 35273 } } peers { permanent_uuid: "14bc748627bc4346b0136df8b9de10ca" member_type: VOTER last_known_addr { host: "127.0.197.4" port: 36681 } } peers { permanent_uuid: "d8ba8d5a64154feab31d3b08896aab71" member_type: VOTER last_known_addr { host: "127.0.197.3" port: 45951 } }
I20260630 12:35:42.778283  4098 raft_consensus.cc:385] T 054c6df52faf44f5a05d83bd0e92ccdc P d8ba8d5a64154feab31d3b08896aab71 [term 0 FOLLOWER]: Consensus starting up: Expiring failure detector timer to make a prompt election more likely
I20260630 12:35:42.778664  4098 raft_consensus.cc:740] T 054c6df52faf44f5a05d83bd0e92ccdc P d8ba8d5a64154feab31d3b08896aab71 [term 0 FOLLOWER]: Becoming Follower/Learner. State: Replica: d8ba8d5a64154feab31d3b08896aab71, State: Initialized, Role: FOLLOWER
I20260630 12:35:42.777972  4101 raft_consensus.cc:515] T 0edb262626e640fea94976f2533ee736 P 0de2c5154a0c45d9a5105479af5a6fae [term 1 FOLLOWER]: Starting leader election with config: opid_index: -1 OBSOLETE_local: false peers { permanent_uuid: "d8ba8d5a64154feab31d3b08896aab71" member_type: VOTER last_known_addr { host: "127.0.197.3" port: 45951 } } peers { permanent_uuid: "0de2c5154a0c45d9a5105479af5a6fae" member_type: VOTER last_known_addr { host: "127.0.197.1" port: 45083 } } peers { permanent_uuid: "14bc748627bc4346b0136df8b9de10ca" member_type: VOTER last_known_addr { host: "127.0.197.4" port: 36681 } }
I20260630 12:35:42.781788  3900 tablet_service.cc:1917] Received RequestConsensusVote() RPC: tablet_id: "0edb262626e640fea94976f2533ee736" candidate_uuid: "0de2c5154a0c45d9a5105479af5a6fae" candidate_term: 1 candidate_status { last_received { term: 0 index: 0 } } ignore_live_leader: false dest_uuid: "d8ba8d5a64154feab31d3b08896aab71"
I20260630 12:35:42.782352  3900 raft_consensus.cc:3060] T 0edb262626e640fea94976f2533ee736 P d8ba8d5a64154feab31d3b08896aab71 [term 0 FOLLOWER]: Advancing to term 1
I20260630 12:35:42.782459  4096 ts_tablet_manager.cc:1434] T 054c6df52faf44f5a05d83bd0e92ccdc P 72ccbba6f01c4a7b85ed28cf5c493a8f: Time spent starting tablet: real 0.011s	user 0.007s	sys 0.000s
I20260630 12:35:42.783663  4096 tablet_bootstrap.cc:492] T b2c193ae42724840892a2a13e56eec92 P 72ccbba6f01c4a7b85ed28cf5c493a8f: Bootstrap starting.
I20260630 12:35:42.784179  4098 consensus_queue.cc:260] T 054c6df52faf44f5a05d83bd0e92ccdc P d8ba8d5a64154feab31d3b08896aab71 [NON_LEADER]: Queue going to NON_LEADER mode. State: All replicated index: 0, Majority replicated index: 0, Committed index: 0, Last appended: 0.0, Last appended by leader: 0, Current term: 0, Majority size: -1, State: 0, Mode: NON_LEADER, active raft config: opid_index: -1 OBSOLETE_local: false peers { permanent_uuid: "72ccbba6f01c4a7b85ed28cf5c493a8f" member_type: VOTER last_known_addr { host: "127.0.197.2" port: 35273 } } peers { permanent_uuid: "14bc748627bc4346b0136df8b9de10ca" member_type: VOTER last_known_addr { host: "127.0.197.4" port: 36681 } } peers { permanent_uuid: "d8ba8d5a64154feab31d3b08896aab71" member_type: VOTER last_known_addr { host: "127.0.197.3" port: 45951 } }
I20260630 12:35:42.789785  3900 raft_consensus.cc:2468] T 0edb262626e640fea94976f2533ee736 P d8ba8d5a64154feab31d3b08896aab71 [term 1 FOLLOWER]: Leader election vote request: Granting yes vote for candidate 0de2c5154a0c45d9a5105479af5a6fae in term 1.
I20260630 12:35:42.791066  3715 leader_election.cc:304] T 0edb262626e640fea94976f2533ee736 P 0de2c5154a0c45d9a5105479af5a6fae [CANDIDATE]: Term 1 election: Election decided. Result: candidate won. Election summary: received 2 responses out of 3 voters: 2 yes votes; 0 no votes. yes voters: 0de2c5154a0c45d9a5105479af5a6fae, d8ba8d5a64154feab31d3b08896aab71; no voters: 
I20260630 12:35:42.792090  3971 raft_consensus.cc:2804] T 0edb262626e640fea94976f2533ee736 P 0de2c5154a0c45d9a5105479af5a6fae [term 1 FOLLOWER]: Leader election won for term 1
I20260630 12:35:42.792701  3971 raft_consensus.cc:697] T 0edb262626e640fea94976f2533ee736 P 0de2c5154a0c45d9a5105479af5a6fae [term 1 LEADER]: Becoming Leader. State: Replica: 0de2c5154a0c45d9a5105479af5a6fae, State: Running, Role: LEADER
I20260630 12:35:42.794166  3971 consensus_queue.cc:237] T 0edb262626e640fea94976f2533ee736 P 0de2c5154a0c45d9a5105479af5a6fae [LEADER]: Queue going to LEADER mode. State: All replicated index: 0, Majority replicated index: 0, Committed index: 0, Last appended: 0.0, Last appended by leader: 0, Current term: 1, Majority size: 2, State: 0, Mode: LEADER, active raft config: opid_index: -1 OBSOLETE_local: false peers { permanent_uuid: "d8ba8d5a64154feab31d3b08896aab71" member_type: VOTER last_known_addr { host: "127.0.197.3" port: 45951 } } peers { permanent_uuid: "0de2c5154a0c45d9a5105479af5a6fae" member_type: VOTER last_known_addr { host: "127.0.197.1" port: 45083 } } peers { permanent_uuid: "14bc748627bc4346b0136df8b9de10ca" member_type: VOTER last_known_addr { host: "127.0.197.4" port: 36681 } }
I20260630 12:35:42.796296  4090 heartbeater.cc:499] Master 127.0.197.62:33371 was elected leader, sending a full tablet report...
I20260630 12:35:42.797701  4103 ts_tablet_manager.cc:1434] T b2c193ae42724840892a2a13e56eec92 P 14bc748627bc4346b0136df8b9de10ca: Time spent starting tablet: real 0.042s	user 0.003s	sys 0.009s
I20260630 12:35:42.798126  4096 tablet_bootstrap.cc:654] T b2c193ae42724840892a2a13e56eec92 P 72ccbba6f01c4a7b85ed28cf5c493a8f: Neither blocks nor log segments found. Creating new log.
I20260630 12:35:42.798714  4103 tablet_bootstrap.cc:492] T 054c6df52faf44f5a05d83bd0e92ccdc P 14bc748627bc4346b0136df8b9de10ca: Bootstrap starting.
I20260630 12:35:42.801091  4098 ts_tablet_manager.cc:1434] T 054c6df52faf44f5a05d83bd0e92ccdc P d8ba8d5a64154feab31d3b08896aab71: Time spent starting tablet: real 0.026s	user 0.006s	sys 0.001s
I20260630 12:35:42.805251  4097 tablet_bootstrap.cc:492] T b2c193ae42724840892a2a13e56eec92 P 0de2c5154a0c45d9a5105479af5a6fae: No bootstrap required, opened a new log
I20260630 12:35:42.806344  4103 tablet_bootstrap.cc:654] T 054c6df52faf44f5a05d83bd0e92ccdc P 14bc748627bc4346b0136df8b9de10ca: Neither blocks nor log segments found. Creating new log.
I20260630 12:35:42.807472  4097 ts_tablet_manager.cc:1403] T b2c193ae42724840892a2a13e56eec92 P 0de2c5154a0c45d9a5105479af5a6fae: Time spent bootstrapping tablet: real 0.064s	user 0.011s	sys 0.001s
W20260630 12:35:42.810032  3848 debug-util.cc:398] Leaking SignalData structure 0x7b080005be80 after lost signal to thread 791
I20260630 12:35:42.811196  4098 tablet_bootstrap.cc:492] T a262edd850eb417b8f0e8648b2ba1cd7 P d8ba8d5a64154feab31d3b08896aab71: Bootstrap starting.
W20260630 12:35:42.812271  3848 debug-util.cc:398] Leaking SignalData structure 0x7b08000388e0 after lost signal to thread 3776
W20260630 12:35:42.813467  3848 debug-util.cc:398] Leaking SignalData structure 0x7b08001feb40 after lost signal to thread 3851
W20260630 12:35:42.814567  3848 debug-util.cc:398] Leaking SignalData structure 0x7b08001f7b20 after lost signal to thread 3925
I20260630 12:35:42.818192  3647 catalog_manager.cc:5697] T 0edb262626e640fea94976f2533ee736 P 0de2c5154a0c45d9a5105479af5a6fae reported cstate change: term changed from 0 to 1, leader changed from <none> to 0de2c5154a0c45d9a5105479af5a6fae (127.0.197.1). New cstate: current_term: 1 leader_uuid: "0de2c5154a0c45d9a5105479af5a6fae" committed_config { opid_index: -1 OBSOLETE_local: false peers { permanent_uuid: "d8ba8d5a64154feab31d3b08896aab71" member_type: VOTER last_known_addr { host: "127.0.197.3" port: 45951 } health_report { overall_health: UNKNOWN } } peers { permanent_uuid: "0de2c5154a0c45d9a5105479af5a6fae" member_type: VOTER last_known_addr { host: "127.0.197.1" port: 45083 } health_report { overall_health: HEALTHY } } peers { permanent_uuid: "14bc748627bc4346b0136df8b9de10ca" member_type: VOTER last_known_addr { host: "127.0.197.4" port: 36681 } health_report { overall_health: UNKNOWN } } }
I20260630 12:35:42.819180  4065 tablet_service.cc:1917] Received RequestConsensusVote() RPC: tablet_id: "0edb262626e640fea94976f2533ee736" candidate_uuid: "0de2c5154a0c45d9a5105479af5a6fae" candidate_term: 1 candidate_status { last_received { term: 0 index: 0 } } ignore_live_leader: false dest_uuid: "14bc748627bc4346b0136df8b9de10ca" is_pre_election: true
W20260630 12:35:42.821084  3716 leader_election.cc:343] T 0edb262626e640fea94976f2533ee736 P 0de2c5154a0c45d9a5105479af5a6fae [CANDIDATE]: Term 1 pre-election: Tablet error from VoteRequest() call to peer 14bc748627bc4346b0136df8b9de10ca (127.0.197.4:36681): Illegal state: must be running to vote when last-logged opid is not known
I20260630 12:35:42.821633  4101 leader_election.cc:290] T 0edb262626e640fea94976f2533ee736 P 0de2c5154a0c45d9a5105479af5a6fae [CANDIDATE]: Term 1 election: Requested vote from peers d8ba8d5a64154feab31d3b08896aab71 (127.0.197.3:45951), 14bc748627bc4346b0136df8b9de10ca (127.0.197.4:36681)
I20260630 12:35:42.821785  4098 tablet_bootstrap.cc:654] T a262edd850eb417b8f0e8648b2ba1cd7 P d8ba8d5a64154feab31d3b08896aab71: Neither blocks nor log segments found. Creating new log.
I20260630 12:35:42.822968  4065 tablet_service.cc:1917] Received RequestConsensusVote() RPC: tablet_id: "0edb262626e640fea94976f2533ee736" candidate_uuid: "0de2c5154a0c45d9a5105479af5a6fae" candidate_term: 1 candidate_status { last_received { term: 0 index: 0 } } ignore_live_leader: false dest_uuid: "14bc748627bc4346b0136df8b9de10ca"
I20260630 12:35:42.820832  4097 raft_consensus.cc:359] T b2c193ae42724840892a2a13e56eec92 P 0de2c5154a0c45d9a5105479af5a6fae [term 0 FOLLOWER]: Replica starting. Triggering 0 pending ops. Active config: opid_index: -1 OBSOLETE_local: false peers { permanent_uuid: "14bc748627bc4346b0136df8b9de10ca" member_type: VOTER last_known_addr { host: "127.0.197.4" port: 36681 } } peers { permanent_uuid: "72ccbba6f01c4a7b85ed28cf5c493a8f" member_type: VOTER last_known_addr { host: "127.0.197.2" port: 35273 } } peers { permanent_uuid: "0de2c5154a0c45d9a5105479af5a6fae" member_type: VOTER last_known_addr { host: "127.0.197.1" port: 45083 } }
I20260630 12:35:42.823771  4097 raft_consensus.cc:385] T b2c193ae42724840892a2a13e56eec92 P 0de2c5154a0c45d9a5105479af5a6fae [term 0 FOLLOWER]: Consensus starting up: Expiring failure detector timer to make a prompt election more likely
I20260630 12:35:42.825527  4097 raft_consensus.cc:740] T b2c193ae42724840892a2a13e56eec92 P 0de2c5154a0c45d9a5105479af5a6fae [term 0 FOLLOWER]: Becoming Follower/Learner. State: Replica: 0de2c5154a0c45d9a5105479af5a6fae, State: Initialized, Role: FOLLOWER
W20260630 12:35:42.826304  3716 leader_election.cc:343] T 0edb262626e640fea94976f2533ee736 P 0de2c5154a0c45d9a5105479af5a6fae [CANDIDATE]: Term 1 election: Tablet error from VoteRequest() call to peer 14bc748627bc4346b0136df8b9de10ca (127.0.197.4:36681): Illegal state: must be running to vote when last-logged opid is not known
I20260630 12:35:42.826362  4097 consensus_queue.cc:260] T b2c193ae42724840892a2a13e56eec92 P 0de2c5154a0c45d9a5105479af5a6fae [NON_LEADER]: Queue going to NON_LEADER mode. State: All replicated index: 0, Majority replicated index: 0, Committed index: 0, Last appended: 0.0, Last appended by leader: 0, Current term: 0, Majority size: -1, State: 0, Mode: NON_LEADER, active raft config: opid_index: -1 OBSOLETE_local: false peers { permanent_uuid: "14bc748627bc4346b0136df8b9de10ca" member_type: VOTER last_known_addr { host: "127.0.197.4" port: 36681 } } peers { permanent_uuid: "72ccbba6f01c4a7b85ed28cf5c493a8f" member_type: VOTER last_known_addr { host: "127.0.197.2" port: 35273 } } peers { permanent_uuid: "0de2c5154a0c45d9a5105479af5a6fae" member_type: VOTER last_known_addr { host: "127.0.197.1" port: 45083 } }
I20260630 12:35:42.829080  4097 ts_tablet_manager.cc:1434] T b2c193ae42724840892a2a13e56eec92 P 0de2c5154a0c45d9a5105479af5a6fae: Time spent starting tablet: real 0.021s	user 0.006s	sys 0.000s
I20260630 12:35:42.830754  4097 tablet_bootstrap.cc:492] T f8992b71260447369fcaaee1c93beab1 P 0de2c5154a0c45d9a5105479af5a6fae: Bootstrap starting.
I20260630 12:35:42.833959  4096 tablet_bootstrap.cc:492] T b2c193ae42724840892a2a13e56eec92 P 72ccbba6f01c4a7b85ed28cf5c493a8f: No bootstrap required, opened a new log
I20260630 12:35:42.834745  4096 ts_tablet_manager.cc:1403] T b2c193ae42724840892a2a13e56eec92 P 72ccbba6f01c4a7b85ed28cf5c493a8f: Time spent bootstrapping tablet: real 0.051s	user 0.012s	sys 0.004s
I20260630 12:35:42.838709  4096 raft_consensus.cc:359] T b2c193ae42724840892a2a13e56eec92 P 72ccbba6f01c4a7b85ed28cf5c493a8f [term 0 FOLLOWER]: Replica starting. Triggering 0 pending ops. Active config: opid_index: -1 OBSOLETE_local: false peers { permanent_uuid: "14bc748627bc4346b0136df8b9de10ca" member_type: VOTER last_known_addr { host: "127.0.197.4" port: 36681 } } peers { permanent_uuid: "72ccbba6f01c4a7b85ed28cf5c493a8f" member_type: VOTER last_known_addr { host: "127.0.197.2" port: 35273 } } peers { permanent_uuid: "0de2c5154a0c45d9a5105479af5a6fae" member_type: VOTER last_known_addr { host: "127.0.197.1" port: 45083 } }
I20260630 12:35:42.841734  4096 raft_consensus.cc:385] T b2c193ae42724840892a2a13e56eec92 P 72ccbba6f01c4a7b85ed28cf5c493a8f [term 0 FOLLOWER]: Consensus starting up: Expiring failure detector timer to make a prompt election more likely
I20260630 12:35:42.842393  4096 raft_consensus.cc:740] T b2c193ae42724840892a2a13e56eec92 P 72ccbba6f01c4a7b85ed28cf5c493a8f [term 0 FOLLOWER]: Becoming Follower/Learner. State: Replica: 72ccbba6f01c4a7b85ed28cf5c493a8f, State: Initialized, Role: FOLLOWER
I20260630 12:35:42.843437  4096 consensus_queue.cc:260] T b2c193ae42724840892a2a13e56eec92 P 72ccbba6f01c4a7b85ed28cf5c493a8f [NON_LEADER]: Queue going to NON_LEADER mode. State: All replicated index: 0, Majority replicated index: 0, Committed index: 0, Last appended: 0.0, Last appended by leader: 0, Current term: 0, Majority size: -1, State: 0, Mode: NON_LEADER, active raft config: opid_index: -1 OBSOLETE_local: false peers { permanent_uuid: "14bc748627bc4346b0136df8b9de10ca" member_type: VOTER last_known_addr { host: "127.0.197.4" port: 36681 } } peers { permanent_uuid: "72ccbba6f01c4a7b85ed28cf5c493a8f" member_type: VOTER last_known_addr { host: "127.0.197.2" port: 35273 } } peers { permanent_uuid: "0de2c5154a0c45d9a5105479af5a6fae" member_type: VOTER last_known_addr { host: "127.0.197.1" port: 45083 } }
I20260630 12:35:42.844271  4098 tablet_bootstrap.cc:492] T a262edd850eb417b8f0e8648b2ba1cd7 P d8ba8d5a64154feab31d3b08896aab71: No bootstrap required, opened a new log
I20260630 12:35:42.848878  4098 ts_tablet_manager.cc:1403] T a262edd850eb417b8f0e8648b2ba1cd7 P d8ba8d5a64154feab31d3b08896aab71: Time spent bootstrapping tablet: real 0.038s	user 0.008s	sys 0.010s
I20260630 12:35:42.852762  4098 raft_consensus.cc:359] T a262edd850eb417b8f0e8648b2ba1cd7 P d8ba8d5a64154feab31d3b08896aab71 [term 0 FOLLOWER]: Replica starting. Triggering 0 pending ops. Active config: opid_index: -1 OBSOLETE_local: false peers { permanent_uuid: "d8ba8d5a64154feab31d3b08896aab71" member_type: VOTER last_known_addr { host: "127.0.197.3" port: 45951 } } peers { permanent_uuid: "14bc748627bc4346b0136df8b9de10ca" member_type: VOTER last_known_addr { host: "127.0.197.4" port: 36681 } } peers { permanent_uuid: "0de2c5154a0c45d9a5105479af5a6fae" member_type: VOTER last_known_addr { host: "127.0.197.1" port: 45083 } }
I20260630 12:35:42.853812  4098 raft_consensus.cc:385] T a262edd850eb417b8f0e8648b2ba1cd7 P d8ba8d5a64154feab31d3b08896aab71 [term 0 FOLLOWER]: Consensus starting up: Expiring failure detector timer to make a prompt election more likely
I20260630 12:35:42.851708  3974 raft_consensus.cc:493] T 054c6df52faf44f5a05d83bd0e92ccdc P 72ccbba6f01c4a7b85ed28cf5c493a8f [term 0 FOLLOWER]: Starting pre-election (no leader contacted us within the election timeout)
I20260630 12:35:42.854187  4098 raft_consensus.cc:740] T a262edd850eb417b8f0e8648b2ba1cd7 P d8ba8d5a64154feab31d3b08896aab71 [term 0 FOLLOWER]: Becoming Follower/Learner. State: Replica: d8ba8d5a64154feab31d3b08896aab71, State: Initialized, Role: FOLLOWER
I20260630 12:35:42.855094  3649 catalog_manager.cc:6242] T 00000000000000000000000000000000 P 00cca10b42c9425a8b6ea5a9affafe91: range_aware_rebalance_new_range [id=26fe597c10174b57a968b44ad291c709] alter complete (version 0)
I20260630 12:35:42.855985  4098 consensus_queue.cc:260] T a262edd850eb417b8f0e8648b2ba1cd7 P d8ba8d5a64154feab31d3b08896aab71 [NON_LEADER]: Queue going to NON_LEADER mode. State: All replicated index: 0, Majority replicated index: 0, Committed index: 0, Last appended: 0.0, Last appended by leader: 0, Current term: 0, Majority size: -1, State: 0, Mode: NON_LEADER, active raft config: opid_index: -1 OBSOLETE_local: false peers { permanent_uuid: "d8ba8d5a64154feab31d3b08896aab71" member_type: VOTER last_known_addr { host: "127.0.197.3" port: 45951 } } peers { permanent_uuid: "14bc748627bc4346b0136df8b9de10ca" member_type: VOTER last_known_addr { host: "127.0.197.4" port: 36681 } } peers { permanent_uuid: "0de2c5154a0c45d9a5105479af5a6fae" member_type: VOTER last_known_addr { host: "127.0.197.1" port: 45083 } }
I20260630 12:35:42.865342  4098 ts_tablet_manager.cc:1434] T a262edd850eb417b8f0e8648b2ba1cd7 P d8ba8d5a64154feab31d3b08896aab71: Time spent starting tablet: real 0.016s	user 0.005s	sys 0.004s
I20260630 12:35:42.866721  4098 tablet_bootstrap.cc:492] T f57cf49856434f4ebe4a505c569801c4 P d8ba8d5a64154feab31d3b08896aab71: Bootstrap starting.
I20260630 12:35:42.867708  4097 tablet_bootstrap.cc:654] T f8992b71260447369fcaaee1c93beab1 P 0de2c5154a0c45d9a5105479af5a6fae: Neither blocks nor log segments found. Creating new log.
I20260630 12:35:42.867017  3974 raft_consensus.cc:515] T 054c6df52faf44f5a05d83bd0e92ccdc P 72ccbba6f01c4a7b85ed28cf5c493a8f [term 0 FOLLOWER]: Starting pre-election with config: opid_index: -1 OBSOLETE_local: false peers { permanent_uuid: "72ccbba6f01c4a7b85ed28cf5c493a8f" member_type: VOTER last_known_addr { host: "127.0.197.2" port: 35273 } } peers { permanent_uuid: "14bc748627bc4346b0136df8b9de10ca" member_type: VOTER last_known_addr { host: "127.0.197.4" port: 36681 } } peers { permanent_uuid: "d8ba8d5a64154feab31d3b08896aab71" member_type: VOTER last_known_addr { host: "127.0.197.3" port: 45951 } }
I20260630 12:35:42.873045  4103 tablet_bootstrap.cc:492] T 054c6df52faf44f5a05d83bd0e92ccdc P 14bc748627bc4346b0136df8b9de10ca: No bootstrap required, opened a new log
I20260630 12:35:42.873560  4103 ts_tablet_manager.cc:1403] T 054c6df52faf44f5a05d83bd0e92ccdc P 14bc748627bc4346b0136df8b9de10ca: Time spent bootstrapping tablet: real 0.075s	user 0.015s	sys 0.002s
I20260630 12:35:42.886879  4103 raft_consensus.cc:359] T 054c6df52faf44f5a05d83bd0e92ccdc P 14bc748627bc4346b0136df8b9de10ca [term 0 FOLLOWER]: Replica starting. Triggering 0 pending ops. Active config: opid_index: -1 OBSOLETE_local: false peers { permanent_uuid: "72ccbba6f01c4a7b85ed28cf5c493a8f" member_type: VOTER last_known_addr { host: "127.0.197.2" port: 35273 } } peers { permanent_uuid: "14bc748627bc4346b0136df8b9de10ca" member_type: VOTER last_known_addr { host: "127.0.197.4" port: 36681 } } peers { permanent_uuid: "d8ba8d5a64154feab31d3b08896aab71" member_type: VOTER last_known_addr { host: "127.0.197.3" port: 45951 } }
I20260630 12:35:42.888110  4098 tablet_bootstrap.cc:654] T f57cf49856434f4ebe4a505c569801c4 P d8ba8d5a64154feab31d3b08896aab71: Neither blocks nor log segments found. Creating new log.
I20260630 12:35:42.889117  4103 raft_consensus.cc:385] T 054c6df52faf44f5a05d83bd0e92ccdc P 14bc748627bc4346b0136df8b9de10ca [term 0 FOLLOWER]: Consensus starting up: Expiring failure detector timer to make a prompt election more likely
I20260630 12:35:42.891124  4103 raft_consensus.cc:740] T 054c6df52faf44f5a05d83bd0e92ccdc P 14bc748627bc4346b0136df8b9de10ca [term 0 FOLLOWER]: Becoming Follower/Learner. State: Replica: 14bc748627bc4346b0136df8b9de10ca, State: Initialized, Role: FOLLOWER
I20260630 12:35:42.891877  3900 tablet_service.cc:1917] Received RequestConsensusVote() RPC: tablet_id: "054c6df52faf44f5a05d83bd0e92ccdc" candidate_uuid: "72ccbba6f01c4a7b85ed28cf5c493a8f" candidate_term: 1 candidate_status { last_received { term: 0 index: 0 } } ignore_live_leader: false dest_uuid: "d8ba8d5a64154feab31d3b08896aab71" is_pre_election: true
I20260630 12:35:42.892486  4096 ts_tablet_manager.cc:1434] T b2c193ae42724840892a2a13e56eec92 P 72ccbba6f01c4a7b85ed28cf5c493a8f: Time spent starting tablet: real 0.057s	user 0.019s	sys 0.014s
I20260630 12:35:42.892623  3900 raft_consensus.cc:2468] T 054c6df52faf44f5a05d83bd0e92ccdc P d8ba8d5a64154feab31d3b08896aab71 [term 0 FOLLOWER]: Leader pre-election vote request: Granting yes vote for candidate 72ccbba6f01c4a7b85ed28cf5c493a8f in term 0.
I20260630 12:35:42.890283  3974 leader_election.cc:290] T 054c6df52faf44f5a05d83bd0e92ccdc P 72ccbba6f01c4a7b85ed28cf5c493a8f [CANDIDATE]: Term 1 pre-election: Requested pre-vote from peers 14bc748627bc4346b0136df8b9de10ca (127.0.197.4:36681), d8ba8d5a64154feab31d3b08896aab71 (127.0.197.3:45951)
I20260630 12:35:42.892881  3949 raft_consensus.cc:493] T a262edd850eb417b8f0e8648b2ba1cd7 P d8ba8d5a64154feab31d3b08896aab71 [term 0 FOLLOWER]: Starting pre-election (no leader contacted us within the election timeout)
I20260630 12:35:42.893900  3949 raft_consensus.cc:515] T a262edd850eb417b8f0e8648b2ba1cd7 P d8ba8d5a64154feab31d3b08896aab71 [term 0 FOLLOWER]: Starting pre-election with config: opid_index: -1 OBSOLETE_local: false peers { permanent_uuid: "d8ba8d5a64154feab31d3b08896aab71" member_type: VOTER last_known_addr { host: "127.0.197.3" port: 45951 } } peers { permanent_uuid: "14bc748627bc4346b0136df8b9de10ca" member_type: VOTER last_known_addr { host: "127.0.197.4" port: 36681 } } peers { permanent_uuid: "0de2c5154a0c45d9a5105479af5a6fae" member_type: VOTER last_known_addr { host: "127.0.197.1" port: 45083 } }
I20260630 12:35:42.894564  4096 tablet_bootstrap.cc:492] T f57cf49856434f4ebe4a505c569801c4 P 72ccbba6f01c4a7b85ed28cf5c493a8f: Bootstrap starting.
I20260630 12:35:42.894423  3790 leader_election.cc:304] T 054c6df52faf44f5a05d83bd0e92ccdc P 72ccbba6f01c4a7b85ed28cf5c493a8f [CANDIDATE]: Term 1 pre-election: Election decided. Result: candidate won. Election summary: received 2 responses out of 3 voters: 2 yes votes; 0 no votes. yes voters: 72ccbba6f01c4a7b85ed28cf5c493a8f, d8ba8d5a64154feab31d3b08896aab71; no voters: 
I20260630 12:35:42.895329  3974 raft_consensus.cc:2804] T 054c6df52faf44f5a05d83bd0e92ccdc P 72ccbba6f01c4a7b85ed28cf5c493a8f [term 0 FOLLOWER]: Leader pre-election won for term 1
I20260630 12:35:42.896346  3949 leader_election.cc:290] T a262edd850eb417b8f0e8648b2ba1cd7 P d8ba8d5a64154feab31d3b08896aab71 [CANDIDATE]: Term 1 pre-election: Requested pre-vote from peers 14bc748627bc4346b0136df8b9de10ca (127.0.197.4:36681), 0de2c5154a0c45d9a5105479af5a6fae (127.0.197.1:45083)
I20260630 12:35:42.895670  3974 raft_consensus.cc:493] T 054c6df52faf44f5a05d83bd0e92ccdc P 72ccbba6f01c4a7b85ed28cf5c493a8f [term 0 FOLLOWER]: Starting leader election (no leader contacted us within the election timeout)
I20260630 12:35:42.902659  3751 tablet_service.cc:1917] Received RequestConsensusVote() RPC: tablet_id: "a262edd850eb417b8f0e8648b2ba1cd7" candidate_uuid: "d8ba8d5a64154feab31d3b08896aab71" candidate_term: 1 candidate_status { last_received { term: 0 index: 0 } } ignore_live_leader: false dest_uuid: "0de2c5154a0c45d9a5105479af5a6fae" is_pre_election: true
I20260630 12:35:42.892417  4103 consensus_queue.cc:260] T 054c6df52faf44f5a05d83bd0e92ccdc P 14bc748627bc4346b0136df8b9de10ca [NON_LEADER]: Queue going to NON_LEADER mode. State: All replicated index: 0, Majority replicated index: 0, Committed index: 0, Last appended: 0.0, Last appended by leader: 0, Current term: 0, Majority size: -1, State: 0, Mode: NON_LEADER, active raft config: opid_index: -1 OBSOLETE_local: false peers { permanent_uuid: "72ccbba6f01c4a7b85ed28cf5c493a8f" member_type: VOTER last_known_addr { host: "127.0.197.2" port: 35273 } } peers { permanent_uuid: "14bc748627bc4346b0136df8b9de10ca" member_type: VOTER last_known_addr { host: "127.0.197.4" port: 36681 } } peers { permanent_uuid: "d8ba8d5a64154feab31d3b08896aab71" member_type: VOTER last_known_addr { host: "127.0.197.3" port: 45951 } }
W20260630 12:35:42.904350  3867 leader_election.cc:343] T a262edd850eb417b8f0e8648b2ba1cd7 P d8ba8d5a64154feab31d3b08896aab71 [CANDIDATE]: Term 1 pre-election: Tablet error from VoteRequest() call to peer 0de2c5154a0c45d9a5105479af5a6fae (127.0.197.1:45083): Illegal state: must be running to vote when last-logged opid is not known
I20260630 12:35:42.904683  3974 raft_consensus.cc:3060] T 054c6df52faf44f5a05d83bd0e92ccdc P 72ccbba6f01c4a7b85ed28cf5c493a8f [term 0 FOLLOWER]: Advancing to term 1
I20260630 12:35:42.913450  4097 tablet_bootstrap.cc:492] T f8992b71260447369fcaaee1c93beab1 P 0de2c5154a0c45d9a5105479af5a6fae: No bootstrap required, opened a new log
I20260630 12:35:42.914098  4097 ts_tablet_manager.cc:1403] T f8992b71260447369fcaaee1c93beab1 P 0de2c5154a0c45d9a5105479af5a6fae: Time spent bootstrapping tablet: real 0.084s	user 0.020s	sys 0.008s
I20260630 12:35:42.916118  4112 raft_consensus.cc:493] T 054c6df52faf44f5a05d83bd0e92ccdc P 14bc748627bc4346b0136df8b9de10ca [term 0 FOLLOWER]: Starting pre-election (no leader contacted us within the election timeout)
I20260630 12:35:42.917399  4112 raft_consensus.cc:515] T 054c6df52faf44f5a05d83bd0e92ccdc P 14bc748627bc4346b0136df8b9de10ca [term 0 FOLLOWER]: Starting pre-election with config: opid_index: -1 OBSOLETE_local: false peers { permanent_uuid: "72ccbba6f01c4a7b85ed28cf5c493a8f" member_type: VOTER last_known_addr { host: "127.0.197.2" port: 35273 } } peers { permanent_uuid: "14bc748627bc4346b0136df8b9de10ca" member_type: VOTER last_known_addr { host: "127.0.197.4" port: 36681 } } peers { permanent_uuid: "d8ba8d5a64154feab31d3b08896aab71" member_type: VOTER last_known_addr { host: "127.0.197.3" port: 45951 } }
I20260630 12:35:42.927367  4112 leader_election.cc:290] T 054c6df52faf44f5a05d83bd0e92ccdc P 14bc748627bc4346b0136df8b9de10ca [CANDIDATE]: Term 1 pre-election: Requested pre-vote from peers 72ccbba6f01c4a7b85ed28cf5c493a8f (127.0.197.2:35273), d8ba8d5a64154feab31d3b08896aab71 (127.0.197.3:45951)
I20260630 12:35:42.948344  4103 ts_tablet_manager.cc:1434] T 054c6df52faf44f5a05d83bd0e92ccdc P 14bc748627bc4346b0136df8b9de10ca: Time spent starting tablet: real 0.074s	user 0.010s	sys 0.000s
I20260630 12:35:42.949493  4103 tablet_bootstrap.cc:492] T 0edb262626e640fea94976f2533ee736 P 14bc748627bc4346b0136df8b9de10ca: Bootstrap starting.
I20260630 12:35:42.959735  4103 tablet_bootstrap.cc:654] T 0edb262626e640fea94976f2533ee736 P 14bc748627bc4346b0136df8b9de10ca: Neither blocks nor log segments found. Creating new log.
I20260630 12:35:42.961292  4096 tablet_bootstrap.cc:654] T f57cf49856434f4ebe4a505c569801c4 P 72ccbba6f01c4a7b85ed28cf5c493a8f: Neither blocks nor log segments found. Creating new log.
I20260630 12:35:42.963912  4097 raft_consensus.cc:359] T f8992b71260447369fcaaee1c93beab1 P 0de2c5154a0c45d9a5105479af5a6fae [term 0 FOLLOWER]: Replica starting. Triggering 0 pending ops. Active config: opid_index: -1 OBSOLETE_local: false peers { permanent_uuid: "0de2c5154a0c45d9a5105479af5a6fae" member_type: VOTER last_known_addr { host: "127.0.197.1" port: 45083 } } peers { permanent_uuid: "14bc748627bc4346b0136df8b9de10ca" member_type: VOTER last_known_addr { host: "127.0.197.4" port: 36681 } } peers { permanent_uuid: "d8ba8d5a64154feab31d3b08896aab71" member_type: VOTER last_known_addr { host: "127.0.197.3" port: 45951 } }
I20260630 12:35:42.964740  4097 raft_consensus.cc:385] T f8992b71260447369fcaaee1c93beab1 P 0de2c5154a0c45d9a5105479af5a6fae [term 0 FOLLOWER]: Consensus starting up: Expiring failure detector timer to make a prompt election more likely
I20260630 12:35:42.965067  4097 raft_consensus.cc:740] T f8992b71260447369fcaaee1c93beab1 P 0de2c5154a0c45d9a5105479af5a6fae [term 0 FOLLOWER]: Becoming Follower/Learner. State: Replica: 0de2c5154a0c45d9a5105479af5a6fae, State: Initialized, Role: FOLLOWER
I20260630 12:35:42.967962  4098 tablet_bootstrap.cc:492] T f57cf49856434f4ebe4a505c569801c4 P d8ba8d5a64154feab31d3b08896aab71: No bootstrap required, opened a new log
I20260630 12:35:42.968526  4098 ts_tablet_manager.cc:1403] T f57cf49856434f4ebe4a505c569801c4 P d8ba8d5a64154feab31d3b08896aab71: Time spent bootstrapping tablet: real 0.102s	user 0.017s	sys 0.010s
I20260630 12:35:42.965143  3974 raft_consensus.cc:515] T 054c6df52faf44f5a05d83bd0e92ccdc P 72ccbba6f01c4a7b85ed28cf5c493a8f [term 1 FOLLOWER]: Starting leader election with config: opid_index: -1 OBSOLETE_local: false peers { permanent_uuid: "72ccbba6f01c4a7b85ed28cf5c493a8f" member_type: VOTER last_known_addr { host: "127.0.197.2" port: 35273 } } peers { permanent_uuid: "14bc748627bc4346b0136df8b9de10ca" member_type: VOTER last_known_addr { host: "127.0.197.4" port: 36681 } } peers { permanent_uuid: "d8ba8d5a64154feab31d3b08896aab71" member_type: VOTER last_known_addr { host: "127.0.197.3" port: 45951 } }
I20260630 12:35:42.971647  4065 tablet_service.cc:1917] Received RequestConsensusVote() RPC: tablet_id: "054c6df52faf44f5a05d83bd0e92ccdc" candidate_uuid: "72ccbba6f01c4a7b85ed28cf5c493a8f" candidate_term: 1 candidate_status { last_received { term: 0 index: 0 } } ignore_live_leader: false dest_uuid: "14bc748627bc4346b0136df8b9de10ca" is_pre_election: true
I20260630 12:35:42.971844  4098 raft_consensus.cc:359] T f57cf49856434f4ebe4a505c569801c4 P d8ba8d5a64154feab31d3b08896aab71 [term 0 FOLLOWER]: Replica starting. Triggering 0 pending ops. Active config: opid_index: -1 OBSOLETE_local: false peers { permanent_uuid: "14bc748627bc4346b0136df8b9de10ca" member_type: VOTER last_known_addr { host: "127.0.197.4" port: 36681 } } peers { permanent_uuid: "72ccbba6f01c4a7b85ed28cf5c493a8f" member_type: VOTER last_known_addr { host: "127.0.197.2" port: 35273 } } peers { permanent_uuid: "d8ba8d5a64154feab31d3b08896aab71" member_type: VOTER last_known_addr { host: "127.0.197.3" port: 45951 } }
I20260630 12:35:42.973358  3974 leader_election.cc:290] T 054c6df52faf44f5a05d83bd0e92ccdc P 72ccbba6f01c4a7b85ed28cf5c493a8f [CANDIDATE]: Term 1 election: Requested vote from peers 14bc748627bc4346b0136df8b9de10ca (127.0.197.4:36681), d8ba8d5a64154feab31d3b08896aab71 (127.0.197.3:45951)
I20260630 12:35:42.972494  4065 raft_consensus.cc:2468] T 054c6df52faf44f5a05d83bd0e92ccdc P 14bc748627bc4346b0136df8b9de10ca [term 0 FOLLOWER]: Leader pre-election vote request: Granting yes vote for candidate 72ccbba6f01c4a7b85ed28cf5c493a8f in term 0.
I20260630 12:35:42.975050  4097 consensus_queue.cc:260] T f8992b71260447369fcaaee1c93beab1 P 0de2c5154a0c45d9a5105479af5a6fae [NON_LEADER]: Queue going to NON_LEADER mode. State: All replicated index: 0, Majority replicated index: 0, Committed index: 0, Last appended: 0.0, Last appended by leader: 0, Current term: 0, Majority size: -1, State: 0, Mode: NON_LEADER, active raft config: opid_index: -1 OBSOLETE_local: false peers { permanent_uuid: "0de2c5154a0c45d9a5105479af5a6fae" member_type: VOTER last_known_addr { host: "127.0.197.1" port: 45083 } } peers { permanent_uuid: "14bc748627bc4346b0136df8b9de10ca" member_type: VOTER last_known_addr { host: "127.0.197.4" port: 36681 } } peers { permanent_uuid: "d8ba8d5a64154feab31d3b08896aab71" member_type: VOTER last_known_addr { host: "127.0.197.3" port: 45951 } }
I20260630 12:35:42.975752  4064 tablet_service.cc:1917] Received RequestConsensusVote() RPC: tablet_id: "054c6df52faf44f5a05d83bd0e92ccdc" candidate_uuid: "72ccbba6f01c4a7b85ed28cf5c493a8f" candidate_term: 1 candidate_status { last_received { term: 0 index: 0 } } ignore_live_leader: false dest_uuid: "14bc748627bc4346b0136df8b9de10ca"
I20260630 12:35:42.976879  4064 raft_consensus.cc:3060] T 054c6df52faf44f5a05d83bd0e92ccdc P 14bc748627bc4346b0136df8b9de10ca [term 0 FOLLOWER]: Advancing to term 1
I20260630 12:35:42.972550  4098 raft_consensus.cc:385] T f57cf49856434f4ebe4a505c569801c4 P d8ba8d5a64154feab31d3b08896aab71 [term 0 FOLLOWER]: Consensus starting up: Expiring failure detector timer to make a prompt election more likely
I20260630 12:35:42.980643  3900 tablet_service.cc:1917] Received RequestConsensusVote() RPC: tablet_id: "054c6df52faf44f5a05d83bd0e92ccdc" candidate_uuid: "72ccbba6f01c4a7b85ed28cf5c493a8f" candidate_term: 1 candidate_status { last_received { term: 0 index: 0 } } ignore_live_leader: false dest_uuid: "d8ba8d5a64154feab31d3b08896aab71"
I20260630 12:35:42.983716  3900 raft_consensus.cc:3060] T 054c6df52faf44f5a05d83bd0e92ccdc P d8ba8d5a64154feab31d3b08896aab71 [term 0 FOLLOWER]: Advancing to term 1
I20260630 12:35:42.985638  4065 tablet_service.cc:1917] Received RequestConsensusVote() RPC: tablet_id: "a262edd850eb417b8f0e8648b2ba1cd7" candidate_uuid: "d8ba8d5a64154feab31d3b08896aab71" candidate_term: 1 candidate_status { last_received { term: 0 index: 0 } } ignore_live_leader: false dest_uuid: "14bc748627bc4346b0136df8b9de10ca" is_pre_election: true
I20260630 12:35:42.981217  4098 raft_consensus.cc:740] T f57cf49856434f4ebe4a505c569801c4 P d8ba8d5a64154feab31d3b08896aab71 [term 0 FOLLOWER]: Becoming Follower/Learner. State: Replica: d8ba8d5a64154feab31d3b08896aab71, State: Initialized, Role: FOLLOWER
I20260630 12:35:42.988303  4098 consensus_queue.cc:260] T f57cf49856434f4ebe4a505c569801c4 P d8ba8d5a64154feab31d3b08896aab71 [NON_LEADER]: Queue going to NON_LEADER mode. State: All replicated index: 0, Majority replicated index: 0, Committed index: 0, Last appended: 0.0, Last appended by leader: 0, Current term: 0, Majority size: -1, State: 0, Mode: NON_LEADER, active raft config: opid_index: -1 OBSOLETE_local: false peers { permanent_uuid: "14bc748627bc4346b0136df8b9de10ca" member_type: VOTER last_known_addr { host: "127.0.197.4" port: 36681 } } peers { permanent_uuid: "72ccbba6f01c4a7b85ed28cf5c493a8f" member_type: VOTER last_known_addr { host: "127.0.197.2" port: 35273 } } peers { permanent_uuid: "d8ba8d5a64154feab31d3b08896aab71" member_type: VOTER last_known_addr { host: "127.0.197.3" port: 45951 } }
I20260630 12:35:42.989146  3949 raft_consensus.cc:493] T f57cf49856434f4ebe4a505c569801c4 P d8ba8d5a64154feab31d3b08896aab71 [term 0 FOLLOWER]: Starting pre-election (no leader contacted us within the election timeout)
I20260630 12:35:42.989617  3949 raft_consensus.cc:515] T f57cf49856434f4ebe4a505c569801c4 P d8ba8d5a64154feab31d3b08896aab71 [term 0 FOLLOWER]: Starting pre-election with config: opid_index: -1 OBSOLETE_local: false peers { permanent_uuid: "14bc748627bc4346b0136df8b9de10ca" member_type: VOTER last_known_addr { host: "127.0.197.4" port: 36681 } } peers { permanent_uuid: "72ccbba6f01c4a7b85ed28cf5c493a8f" member_type: VOTER last_known_addr { host: "127.0.197.2" port: 35273 } } peers { permanent_uuid: "d8ba8d5a64154feab31d3b08896aab71" member_type: VOTER last_known_addr { host: "127.0.197.3" port: 45951 } }
W20260630 12:35:42.992365  3865 leader_election.cc:343] T a262edd850eb417b8f0e8648b2ba1cd7 P d8ba8d5a64154feab31d3b08896aab71 [CANDIDATE]: Term 1 pre-election: Tablet error from VoteRequest() call to peer 14bc748627bc4346b0136df8b9de10ca (127.0.197.4:36681): Illegal state: must be running to vote when last-logged opid is not known
I20260630 12:35:42.993443  3865 leader_election.cc:304] T a262edd850eb417b8f0e8648b2ba1cd7 P d8ba8d5a64154feab31d3b08896aab71 [CANDIDATE]: Term 1 pre-election: Election decided. Result: candidate lost. Election summary: received 3 responses out of 3 voters: 1 yes votes; 2 no votes. yes voters: d8ba8d5a64154feab31d3b08896aab71; no voters: 0de2c5154a0c45d9a5105479af5a6fae, 14bc748627bc4346b0136df8b9de10ca
I20260630 12:35:42.994761  3900 raft_consensus.cc:2468] T 054c6df52faf44f5a05d83bd0e92ccdc P d8ba8d5a64154feab31d3b08896aab71 [term 1 FOLLOWER]: Leader election vote request: Granting yes vote for candidate 72ccbba6f01c4a7b85ed28cf5c493a8f in term 1.
I20260630 12:35:42.995976  3790 leader_election.cc:304] T 054c6df52faf44f5a05d83bd0e92ccdc P 72ccbba6f01c4a7b85ed28cf5c493a8f [CANDIDATE]: Term 1 election: Election decided. Result: candidate won. Election summary: received 2 responses out of 3 voters: 2 yes votes; 0 no votes. yes voters: 72ccbba6f01c4a7b85ed28cf5c493a8f, d8ba8d5a64154feab31d3b08896aab71; no voters: 
I20260630 12:35:42.996441  4065 tablet_service.cc:1917] Received RequestConsensusVote() RPC: tablet_id: "f57cf49856434f4ebe4a505c569801c4" candidate_uuid: "d8ba8d5a64154feab31d3b08896aab71" candidate_term: 1 candidate_status { last_received { term: 0 index: 0 } } ignore_live_leader: false dest_uuid: "14bc748627bc4346b0136df8b9de10ca" is_pre_election: true
I20260630 12:35:42.996948  4064 raft_consensus.cc:2468] T 054c6df52faf44f5a05d83bd0e92ccdc P 14bc748627bc4346b0136df8b9de10ca [term 1 FOLLOWER]: Leader election vote request: Granting yes vote for candidate 72ccbba6f01c4a7b85ed28cf5c493a8f in term 1.
I20260630 12:35:42.997045  3827 tablet_service.cc:1917] Received RequestConsensusVote() RPC: tablet_id: "f57cf49856434f4ebe4a505c569801c4" candidate_uuid: "d8ba8d5a64154feab31d3b08896aab71" candidate_term: 1 candidate_status { last_received { term: 0 index: 0 } } ignore_live_leader: false dest_uuid: "72ccbba6f01c4a7b85ed28cf5c493a8f" is_pre_election: true
I20260630 12:35:42.997640  3998 raft_consensus.cc:2749] T a262edd850eb417b8f0e8648b2ba1cd7 P d8ba8d5a64154feab31d3b08896aab71 [term 0 FOLLOWER]: Leader pre-election lost for term 1. Reason: could not achieve majority
I20260630 12:35:42.998528  3974 raft_consensus.cc:2804] T 054c6df52faf44f5a05d83bd0e92ccdc P 72ccbba6f01c4a7b85ed28cf5c493a8f [term 1 FOLLOWER]: Leader election won for term 1
W20260630 12:35:42.998821  3867 leader_election.cc:343] T f57cf49856434f4ebe4a505c569801c4 P d8ba8d5a64154feab31d3b08896aab71 [CANDIDATE]: Term 1 pre-election: Tablet error from VoteRequest() call to peer 72ccbba6f01c4a7b85ed28cf5c493a8f (127.0.197.2:35273): Illegal state: must be running to vote when last-logged opid is not known
I20260630 12:35:43.000938  3949 leader_election.cc:290] T f57cf49856434f4ebe4a505c569801c4 P d8ba8d5a64154feab31d3b08896aab71 [CANDIDATE]: Term 1 pre-election: Requested pre-vote from peers 14bc748627bc4346b0136df8b9de10ca (127.0.197.4:36681), 72ccbba6f01c4a7b85ed28cf5c493a8f (127.0.197.2:35273)
I20260630 12:35:42.999986  3974 raft_consensus.cc:697] T 054c6df52faf44f5a05d83bd0e92ccdc P 72ccbba6f01c4a7b85ed28cf5c493a8f [term 1 LEADER]: Becoming Leader. State: Replica: 72ccbba6f01c4a7b85ed28cf5c493a8f, State: Running, Role: LEADER
W20260630 12:35:43.001605  3865 leader_election.cc:343] T f57cf49856434f4ebe4a505c569801c4 P d8ba8d5a64154feab31d3b08896aab71 [CANDIDATE]: Term 1 pre-election: Tablet error from VoteRequest() call to peer 14bc748627bc4346b0136df8b9de10ca (127.0.197.4:36681): Illegal state: must be running to vote when last-logged opid is not known
I20260630 12:35:43.002079  3865 leader_election.cc:304] T f57cf49856434f4ebe4a505c569801c4 P d8ba8d5a64154feab31d3b08896aab71 [CANDIDATE]: Term 1 pre-election: Election decided. Result: candidate lost. Election summary: received 3 responses out of 3 voters: 1 yes votes; 2 no votes. yes voters: d8ba8d5a64154feab31d3b08896aab71; no voters: 14bc748627bc4346b0136df8b9de10ca, 72ccbba6f01c4a7b85ed28cf5c493a8f
I20260630 12:35:43.001766  4097 ts_tablet_manager.cc:1434] T f8992b71260447369fcaaee1c93beab1 P 0de2c5154a0c45d9a5105479af5a6fae: Time spent starting tablet: real 0.087s	user 0.007s	sys 0.001s
I20260630 12:35:43.003186  4098 ts_tablet_manager.cc:1434] T f57cf49856434f4ebe4a505c569801c4 P d8ba8d5a64154feab31d3b08896aab71: Time spent starting tablet: real 0.034s	user 0.002s	sys 0.006s
I20260630 12:35:43.002988  3949 raft_consensus.cc:2749] T f57cf49856434f4ebe4a505c569801c4 P d8ba8d5a64154feab31d3b08896aab71 [term 0 FOLLOWER]: Leader pre-election lost for term 1. Reason: could not achieve majority
I20260630 12:35:43.002799  3974 consensus_queue.cc:237] T 054c6df52faf44f5a05d83bd0e92ccdc P 72ccbba6f01c4a7b85ed28cf5c493a8f [LEADER]: Queue going to LEADER mode. State: All replicated index: 0, Majority replicated index: 0, Committed index: 0, Last appended: 0.0, Last appended by leader: 0, Current term: 1, Majority size: 2, State: 0, Mode: LEADER, active raft config: opid_index: -1 OBSOLETE_local: false peers { permanent_uuid: "72ccbba6f01c4a7b85ed28cf5c493a8f" member_type: VOTER last_known_addr { host: "127.0.197.2" port: 35273 } } peers { permanent_uuid: "14bc748627bc4346b0136df8b9de10ca" member_type: VOTER last_known_addr { host: "127.0.197.4" port: 36681 } } peers { permanent_uuid: "d8ba8d5a64154feab31d3b08896aab71" member_type: VOTER last_known_addr { host: "127.0.197.3" port: 45951 } }
I20260630 12:35:43.005733  4098 tablet_bootstrap.cc:492] T f8992b71260447369fcaaee1c93beab1 P d8ba8d5a64154feab31d3b08896aab71: Bootstrap starting.
I20260630 12:35:43.009114  4097 tablet_bootstrap.cc:492] T bc24567d09df407b806f2af57c65c204 P 0de2c5154a0c45d9a5105479af5a6fae: Bootstrap starting.
I20260630 12:35:43.022475  4096 tablet_bootstrap.cc:492] T f57cf49856434f4ebe4a505c569801c4 P 72ccbba6f01c4a7b85ed28cf5c493a8f: No bootstrap required, opened a new log
I20260630 12:35:43.023154  3650 catalog_manager.cc:5697] T 054c6df52faf44f5a05d83bd0e92ccdc P 72ccbba6f01c4a7b85ed28cf5c493a8f reported cstate change: term changed from 0 to 1, leader changed from <none> to 72ccbba6f01c4a7b85ed28cf5c493a8f (127.0.197.2). New cstate: current_term: 1 leader_uuid: "72ccbba6f01c4a7b85ed28cf5c493a8f" committed_config { opid_index: -1 OBSOLETE_local: false peers { permanent_uuid: "72ccbba6f01c4a7b85ed28cf5c493a8f" member_type: VOTER last_known_addr { host: "127.0.197.2" port: 35273 } health_report { overall_health: HEALTHY } } peers { permanent_uuid: "14bc748627bc4346b0136df8b9de10ca" member_type: VOTER last_known_addr { host: "127.0.197.4" port: 36681 } health_report { overall_health: UNKNOWN } } peers { permanent_uuid: "d8ba8d5a64154feab31d3b08896aab71" member_type: VOTER last_known_addr { host: "127.0.197.3" port: 45951 } health_report { overall_health: UNKNOWN } } }
I20260630 12:35:43.026286  4098 tablet_bootstrap.cc:654] T f8992b71260447369fcaaee1c93beab1 P d8ba8d5a64154feab31d3b08896aab71: Neither blocks nor log segments found. Creating new log.
I20260630 12:35:43.026362  3827 tablet_service.cc:1917] Received RequestConsensusVote() RPC: tablet_id: "054c6df52faf44f5a05d83bd0e92ccdc" candidate_uuid: "14bc748627bc4346b0136df8b9de10ca" candidate_term: 1 candidate_status { last_received { term: 0 index: 0 } } ignore_live_leader: false dest_uuid: "72ccbba6f01c4a7b85ed28cf5c493a8f" is_pre_election: true
I20260630 12:35:43.028105  4096 ts_tablet_manager.cc:1403] T f57cf49856434f4ebe4a505c569801c4 P 72ccbba6f01c4a7b85ed28cf5c493a8f: Time spent bootstrapping tablet: real 0.133s	user 0.019s	sys 0.008s
I20260630 12:35:43.032430  4103 tablet_bootstrap.cc:492] T 0edb262626e640fea94976f2533ee736 P 14bc748627bc4346b0136df8b9de10ca: No bootstrap required, opened a new log
I20260630 12:35:43.033071  4103 ts_tablet_manager.cc:1403] T 0edb262626e640fea94976f2533ee736 P 14bc748627bc4346b0136df8b9de10ca: Time spent bootstrapping tablet: real 0.084s	user 0.014s	sys 0.005s
I20260630 12:35:43.034530  4097 tablet_bootstrap.cc:654] T bc24567d09df407b806f2af57c65c204 P 0de2c5154a0c45d9a5105479af5a6fae: Neither blocks nor log segments found. Creating new log.
I20260630 12:35:43.047264  4103 raft_consensus.cc:359] T 0edb262626e640fea94976f2533ee736 P 14bc748627bc4346b0136df8b9de10ca [term 0 FOLLOWER]: Replica starting. Triggering 0 pending ops. Active config: opid_index: -1 OBSOLETE_local: false peers { permanent_uuid: "d8ba8d5a64154feab31d3b08896aab71" member_type: VOTER last_known_addr { host: "127.0.197.3" port: 45951 } } peers { permanent_uuid: "0de2c5154a0c45d9a5105479af5a6fae" member_type: VOTER last_known_addr { host: "127.0.197.1" port: 45083 } } peers { permanent_uuid: "14bc748627bc4346b0136df8b9de10ca" member_type: VOTER last_known_addr { host: "127.0.197.4" port: 36681 } }
I20260630 12:35:43.047359  4096 raft_consensus.cc:359] T f57cf49856434f4ebe4a505c569801c4 P 72ccbba6f01c4a7b85ed28cf5c493a8f [term 0 FOLLOWER]: Replica starting. Triggering 0 pending ops. Active config: opid_index: -1 OBSOLETE_local: false peers { permanent_uuid: "14bc748627bc4346b0136df8b9de10ca" member_type: VOTER last_known_addr { host: "127.0.197.4" port: 36681 } } peers { permanent_uuid: "72ccbba6f01c4a7b85ed28cf5c493a8f" member_type: VOTER last_known_addr { host: "127.0.197.2" port: 35273 } } peers { permanent_uuid: "d8ba8d5a64154feab31d3b08896aab71" member_type: VOTER last_known_addr { host: "127.0.197.3" port: 45951 } }
I20260630 12:35:43.048306  4103 raft_consensus.cc:385] T 0edb262626e640fea94976f2533ee736 P 14bc748627bc4346b0136df8b9de10ca [term 0 FOLLOWER]: Consensus starting up: Expiring failure detector timer to make a prompt election more likely
I20260630 12:35:43.048450  4096 raft_consensus.cc:385] T f57cf49856434f4ebe4a505c569801c4 P 72ccbba6f01c4a7b85ed28cf5c493a8f [term 0 FOLLOWER]: Consensus starting up: Expiring failure detector timer to make a prompt election more likely
I20260630 12:35:43.048818  3900 tablet_service.cc:1917] Received RequestConsensusVote() RPC: tablet_id: "054c6df52faf44f5a05d83bd0e92ccdc" candidate_uuid: "14bc748627bc4346b0136df8b9de10ca" candidate_term: 1 candidate_status { last_received { term: 0 index: 0 } } ignore_live_leader: false dest_uuid: "d8ba8d5a64154feab31d3b08896aab71" is_pre_election: true
I20260630 12:35:43.048966  4096 raft_consensus.cc:740] T f57cf49856434f4ebe4a505c569801c4 P 72ccbba6f01c4a7b85ed28cf5c493a8f [term 0 FOLLOWER]: Becoming Follower/Learner. State: Replica: 72ccbba6f01c4a7b85ed28cf5c493a8f, State: Initialized, Role: FOLLOWER
I20260630 12:35:43.050570  3900 raft_consensus.cc:2393] T 054c6df52faf44f5a05d83bd0e92ccdc P d8ba8d5a64154feab31d3b08896aab71 [term 1 FOLLOWER]: Leader pre-election vote request: Denying vote to candidate 14bc748627bc4346b0136df8b9de10ca in current term 1: Already voted for candidate 72ccbba6f01c4a7b85ed28cf5c493a8f in this term.
I20260630 12:35:43.048717  4103 raft_consensus.cc:740] T 0edb262626e640fea94976f2533ee736 P 14bc748627bc4346b0136df8b9de10ca [term 0 FOLLOWER]: Becoming Follower/Learner. State: Replica: 14bc748627bc4346b0136df8b9de10ca, State: Initialized, Role: FOLLOWER
I20260630 12:35:43.052013  4019 leader_election.cc:304] T 054c6df52faf44f5a05d83bd0e92ccdc P 14bc748627bc4346b0136df8b9de10ca [CANDIDATE]: Term 1 pre-election: Election decided. Result: candidate lost. Election summary: received 3 responses out of 3 voters: 1 yes votes; 2 no votes. yes voters: 14bc748627bc4346b0136df8b9de10ca; no voters: 72ccbba6f01c4a7b85ed28cf5c493a8f, d8ba8d5a64154feab31d3b08896aab71
I20260630 12:35:43.052446  4103 consensus_queue.cc:260] T 0edb262626e640fea94976f2533ee736 P 14bc748627bc4346b0136df8b9de10ca [NON_LEADER]: Queue going to NON_LEADER mode. State: All replicated index: 0, Majority replicated index: 0, Committed index: 0, Last appended: 0.0, Last appended by leader: 0, Current term: 0, Majority size: -1, State: 0, Mode: NON_LEADER, active raft config: opid_index: -1 OBSOLETE_local: false peers { permanent_uuid: "d8ba8d5a64154feab31d3b08896aab71" member_type: VOTER last_known_addr { host: "127.0.197.3" port: 45951 } } peers { permanent_uuid: "0de2c5154a0c45d9a5105479af5a6fae" member_type: VOTER last_known_addr { host: "127.0.197.1" port: 45083 } } peers { permanent_uuid: "14bc748627bc4346b0136df8b9de10ca" member_type: VOTER last_known_addr { host: "127.0.197.4" port: 36681 } }
I20260630 12:35:43.053699  4112 raft_consensus.cc:2749] T 054c6df52faf44f5a05d83bd0e92ccdc P 14bc748627bc4346b0136df8b9de10ca [term 1 FOLLOWER]: Leader pre-election lost for term 1. Reason: could not achieve majority
I20260630 12:35:43.050984  4096 consensus_queue.cc:260] T f57cf49856434f4ebe4a505c569801c4 P 72ccbba6f01c4a7b85ed28cf5c493a8f [NON_LEADER]: Queue going to NON_LEADER mode. State: All replicated index: 0, Majority replicated index: 0, Committed index: 0, Last appended: 0.0, Last appended by leader: 0, Current term: 0, Majority size: -1, State: 0, Mode: NON_LEADER, active raft config: opid_index: -1 OBSOLETE_local: false peers { permanent_uuid: "14bc748627bc4346b0136df8b9de10ca" member_type: VOTER last_known_addr { host: "127.0.197.4" port: 36681 } } peers { permanent_uuid: "72ccbba6f01c4a7b85ed28cf5c493a8f" member_type: VOTER last_known_addr { host: "127.0.197.2" port: 35273 } } peers { permanent_uuid: "d8ba8d5a64154feab31d3b08896aab71" member_type: VOTER last_known_addr { host: "127.0.197.3" port: 45951 } }
I20260630 12:35:43.059283  4096 ts_tablet_manager.cc:1434] T f57cf49856434f4ebe4a505c569801c4 P 72ccbba6f01c4a7b85ed28cf5c493a8f: Time spent starting tablet: real 0.029s	user 0.007s	sys 0.001s
