I20260630 12:34:27.156255   982 master.cc:584] Master@127.0.245.188:46113 shutdown complete.
[       OK ] AutoRebalancerTest.OnlyLeaderDoesAutoRebalancing (6839 ms)
[ RUN      ] AutoRebalancerTest.AutoRebalancingTurnOffAndOn
I20260630 12:34:27.182340   982 internal_mini_cluster.cc:156] Creating distributed mini masters. Addrs: 127.0.245.190:43827
I20260630 12:34:27.183454   982 file_cache.cc:492] Constructed file cache file cache with capacity 419430
W20260630 12:34:27.187956  1524 instance_detector.cc:116] could not retrieve AWS instance metadata: Network error: curl error: HTTP response code said error: The requested URL returned error: 404
W20260630 12:34:27.188963  1525 instance_detector.cc:116] could not retrieve Azure instance metadata: Network error: curl error: HTTP response code said error: The requested URL returned error: 404
I20260630 12:34:27.190435   982 server_base.cc:1061] running on GCE node
W20260630 12:34:27.190996  1527 instance_detector.cc:116] could not retrieve OpenStack instance metadata: Network error: curl error: HTTP response code said error: The requested URL returned error: 404
I20260630 12:34:27.191841   982 hybrid_clock.cc:584] initializing the hybrid clock with 'system_unsync' time source
W20260630 12:34:27.192155   982 system_unsync_time.cc:38] NTP support is disabled. Clock error bounds will not be accurate. This configuration is not suitable for distributed clusters.
I20260630 12:34:27.192333   982 hybrid_clock.cc:648] HybridClock initialized: now 1782822867192317 us; error 0 us; skew 500 ppm
I20260630 12:34:27.192806   982 server_base.cc:861] Flag tcmalloc_max_total_thread_cache_bytes is not working since tcmalloc is not enabled.
I20260630 12:34:27.195065   982 webserver.cc:533] Webserver started at http://127.0.245.190:36543/ using document root <none> and password file <none>
I20260630 12:34:27.195559   982 fs_manager.cc:362] Metadata directory not provided
I20260630 12:34:27.195755   982 fs_manager.cc:368] Using write-ahead log directory (fs_wal_dir) as metadata directory
I20260630 12:34:27.196019   982 server_base.cc:909] This appears to be a new deployment of Kudu; creating new FS layout
I20260630 12:34:27.197052   982 fs_manager.cc:1068] Generated new instance metadata in path /tmp/dist-test-taskLVCsCf/test-tmp/auto_rebalancer-test.0.AutoRebalancerTest.AutoRebalancingTurnOffAndOn.1782822860177187-982-0/minicluster-data/master-0-root/instance:
uuid: "b087d779974e46a3879aadabe1b2c876"
format_stamp: "Formatted at 2026-06-30 12:34:27 on dist-test-slave-twh8"
I20260630 12:34:27.201857   982 fs_manager.cc:696] Time spent creating directory manager: real 0.004s	user 0.002s	sys 0.004s
I20260630 12:34:27.205240  1532 log_block_manager.cc:4031] Time spent loading block containers with low live blocks: real 0.000s	user 0.000s	sys 0.000s
I20260630 12:34:27.206053   982 fs_manager.cc:730] Time spent opening block manager: real 0.002s	user 0.000s	sys 0.002s
I20260630 12:34:27.206358   982 fs_manager.cc:647] Opened local filesystem: /tmp/dist-test-taskLVCsCf/test-tmp/auto_rebalancer-test.0.AutoRebalancerTest.AutoRebalancingTurnOffAndOn.1782822860177187-982-0/minicluster-data/master-0-root
uuid: "b087d779974e46a3879aadabe1b2c876"
format_stamp: "Formatted at 2026-06-30 12:34:27 on dist-test-slave-twh8"
I20260630 12:34:27.206657   982 fs_report.cc:389] FS layout report
--------------------
wal directory: /tmp/dist-test-taskLVCsCf/test-tmp/auto_rebalancer-test.0.AutoRebalancerTest.AutoRebalancingTurnOffAndOn.1782822860177187-982-0/minicluster-data/master-0-root
metadata directory: /tmp/dist-test-taskLVCsCf/test-tmp/auto_rebalancer-test.0.AutoRebalancerTest.AutoRebalancingTurnOffAndOn.1782822860177187-982-0/minicluster-data/master-0-root
1 data directories: /tmp/dist-test-taskLVCsCf/test-tmp/auto_rebalancer-test.0.AutoRebalancerTest.AutoRebalancingTurnOffAndOn.1782822860177187-982-0/minicluster-data/master-0-root/data
Total live blocks: 0
Total live bytes: 0
Total live bytes (after alignment): 0
Total number of LBM containers: 0 (0 full)
Did not check for missing blocks
Did not check for orphaned blocks
Total full LBM containers with extra space: 0 (0 repaired)
Total full LBM container extra space in bytes: 0 (0 repaired)
Total incomplete LBM containers: 0 (0 repaired)
Total LBM partial records: 0 (0 repaired)
Total corrupted LBM metadata records in RocksDB: 0 (0 repaired)
I20260630 12:34:27.224349   982 rpc_server.cc:225] running with OpenSSL 1.1.1  11 Sep 2018
I20260630 12:34:27.225375   982 kserver.cc:163] Server-wide thread pool size limit: 3276
I20260630 12:34:27.259871   982 rpc_server.cc:307] RPC server started. Bound to: 127.0.245.190:43827
I20260630 12:34:27.259966  1583 acceptor_pool.cc:272] collecting diagnostics on the listening RPC socket 127.0.245.190:43827 every 8 connection(s)
I20260630 12:34:27.263620  1584 data_dirs.cc:400] Could only allocate 1 dirs of requested 3 for tablet 00000000000000000000000000000000. 1 dirs total, 0 dirs full, 0 dirs failed
I20260630 12:34:27.272797  1584 tablet_bootstrap.cc:492] T 00000000000000000000000000000000 P b087d779974e46a3879aadabe1b2c876: Bootstrap starting.
I20260630 12:34:27.276911  1584 tablet_bootstrap.cc:654] T 00000000000000000000000000000000 P b087d779974e46a3879aadabe1b2c876: Neither blocks nor log segments found. Creating new log.
I20260630 12:34:27.280781  1584 tablet_bootstrap.cc:492] T 00000000000000000000000000000000 P b087d779974e46a3879aadabe1b2c876: No bootstrap required, opened a new log
I20260630 12:34:27.282655  1584 raft_consensus.cc:359] T 00000000000000000000000000000000 P b087d779974e46a3879aadabe1b2c876 [term 0 FOLLOWER]: Replica starting. Triggering 0 pending ops. Active config: opid_index: -1 OBSOLETE_local: true peers { permanent_uuid: "b087d779974e46a3879aadabe1b2c876" member_type: VOTER }
I20260630 12:34:27.283085  1584 raft_consensus.cc:385] T 00000000000000000000000000000000 P b087d779974e46a3879aadabe1b2c876 [term 0 FOLLOWER]: Consensus starting up: Expiring failure detector timer to make a prompt election more likely
I20260630 12:34:27.283314  1584 raft_consensus.cc:740] T 00000000000000000000000000000000 P b087d779974e46a3879aadabe1b2c876 [term 0 FOLLOWER]: Becoming Follower/Learner. State: Replica: b087d779974e46a3879aadabe1b2c876, State: Initialized, Role: FOLLOWER
I20260630 12:34:27.283926  1584 consensus_queue.cc:260] T 00000000000000000000000000000000 P b087d779974e46a3879aadabe1b2c876 [NON_LEADER]: Queue going to NON_LEADER mode. State: All replicated index: 0, Majority replicated index: 0, Committed index: 0, Last appended: 0.0, Last appended by leader: 0, Current term: 0, Majority size: -1, State: 0, Mode: NON_LEADER, active raft config: opid_index: -1 OBSOLETE_local: true peers { permanent_uuid: "b087d779974e46a3879aadabe1b2c876" member_type: VOTER }
I20260630 12:34:27.284386  1584 raft_consensus.cc:399] T 00000000000000000000000000000000 P b087d779974e46a3879aadabe1b2c876 [term 0 FOLLOWER]: Only one voter in the Raft config. Triggering election immediately
I20260630 12:34:27.284584  1584 raft_consensus.cc:493] T 00000000000000000000000000000000 P b087d779974e46a3879aadabe1b2c876 [term 0 FOLLOWER]: Starting leader election (initial election of a single-replica configuration)
I20260630 12:34:27.284857  1584 raft_consensus.cc:3060] T 00000000000000000000000000000000 P b087d779974e46a3879aadabe1b2c876 [term 0 FOLLOWER]: Advancing to term 1
I20260630 12:34:27.288957  1584 raft_consensus.cc:515] T 00000000000000000000000000000000 P b087d779974e46a3879aadabe1b2c876 [term 1 FOLLOWER]: Starting leader election with config: opid_index: -1 OBSOLETE_local: true peers { permanent_uuid: "b087d779974e46a3879aadabe1b2c876" member_type: VOTER }
I20260630 12:34:27.289467  1584 leader_election.cc:304] T 00000000000000000000000000000000 P b087d779974e46a3879aadabe1b2c876 [CANDIDATE]: Term 1 election: Election decided. Result: candidate won. Election summary: received 1 responses out of 1 voters: 1 yes votes; 0 no votes. yes voters: b087d779974e46a3879aadabe1b2c876; no voters: 
I20260630 12:34:27.290537  1584 leader_election.cc:290] T 00000000000000000000000000000000 P b087d779974e46a3879aadabe1b2c876 [CANDIDATE]: Term 1 election: Requested vote from peers 
I20260630 12:34:27.290962  1587 raft_consensus.cc:2804] T 00000000000000000000000000000000 P b087d779974e46a3879aadabe1b2c876 [term 1 FOLLOWER]: Leader election won for term 1
I20260630 12:34:27.292268  1587 raft_consensus.cc:697] T 00000000000000000000000000000000 P b087d779974e46a3879aadabe1b2c876 [term 1 LEADER]: Becoming Leader. State: Replica: b087d779974e46a3879aadabe1b2c876, State: Running, Role: LEADER
I20260630 12:34:27.292922  1587 consensus_queue.cc:237] T 00000000000000000000000000000000 P b087d779974e46a3879aadabe1b2c876 [LEADER]: Queue going to LEADER mode. State: All replicated index: 0, Majority replicated index: 0, Committed index: 0, Last appended: 0.0, Last appended by leader: 0, Current term: 1, Majority size: 1, State: 0, Mode: LEADER, active raft config: opid_index: -1 OBSOLETE_local: true peers { permanent_uuid: "b087d779974e46a3879aadabe1b2c876" member_type: VOTER }
I20260630 12:34:27.293303  1584 sys_catalog.cc:565] T 00000000000000000000000000000000 P b087d779974e46a3879aadabe1b2c876 [sys.catalog]: configured and running, proceeding with master startup.
I20260630 12:34:27.297189  1589 sys_catalog.cc:455] T 00000000000000000000000000000000 P b087d779974e46a3879aadabe1b2c876 [sys.catalog]: SysCatalogTable state changed. Reason: New leader b087d779974e46a3879aadabe1b2c876. Latest consensus state: current_term: 1 leader_uuid: "b087d779974e46a3879aadabe1b2c876" committed_config { opid_index: -1 OBSOLETE_local: true peers { permanent_uuid: "b087d779974e46a3879aadabe1b2c876" member_type: VOTER } }
I20260630 12:34:27.297144  1588 sys_catalog.cc:455] T 00000000000000000000000000000000 P b087d779974e46a3879aadabe1b2c876 [sys.catalog]: SysCatalogTable state changed. Reason: RaftConsensus started. Latest consensus state: current_term: 1 leader_uuid: "b087d779974e46a3879aadabe1b2c876" committed_config { opid_index: -1 OBSOLETE_local: true peers { permanent_uuid: "b087d779974e46a3879aadabe1b2c876" member_type: VOTER } }
I20260630 12:34:27.297851  1589 sys_catalog.cc:458] T 00000000000000000000000000000000 P b087d779974e46a3879aadabe1b2c876 [sys.catalog]: This master's current role is: LEADER
I20260630 12:34:27.297873  1588 sys_catalog.cc:458] T 00000000000000000000000000000000 P b087d779974e46a3879aadabe1b2c876 [sys.catalog]: This master's current role is: LEADER
I20260630 12:34:27.302536  1594 catalog_manager.cc:1511] Loading table and tablet metadata into memory...
I20260630 12:34:27.308756  1594 catalog_manager.cc:1520] Initializing Kudu cluster ID...
I20260630 12:34:27.311295   982 internal_mini_cluster.cc:184] Waiting to initialize catalog manager on master 0
I20260630 12:34:27.317534  1594 catalog_manager.cc:1383] Generated new cluster ID: 83b19e4ee4524505b395b0d372a3bb25
I20260630 12:34:27.317831  1594 catalog_manager.cc:1531] Initializing Kudu internal certificate authority...
I20260630 12:34:27.340137  1594 catalog_manager.cc:1406] Generated new certificate authority record
I20260630 12:34:27.341301  1594 catalog_manager.cc:1540] Loading token signing keys...
I20260630 12:34:27.356072  1594 catalog_manager.cc:6070] T 00000000000000000000000000000000 P b087d779974e46a3879aadabe1b2c876: Generated new TSK 0
I20260630 12:34:27.356618  1594 catalog_manager.cc:1550] Initializing in-progress tserver states...
I20260630 12:34:27.378424   982 file_cache.cc:492] Constructed file cache file cache with capacity 419430
W20260630 12:34:27.383927  1605 instance_detector.cc:116] could not retrieve AWS instance metadata: Network error: curl error: HTTP response code said error: The requested URL returned error: 404
W20260630 12:34:27.384966  1606 instance_detector.cc:116] could not retrieve Azure instance metadata: Network error: curl error: HTTP response code said error: The requested URL returned error: 404
W20260630 12:34:27.386348  1608 instance_detector.cc:116] could not retrieve OpenStack instance metadata: Network error: curl error: HTTP response code said error: The requested URL returned error: 404
I20260630 12:34:27.386505   982 server_base.cc:1061] running on GCE node
I20260630 12:34:27.387514   982 hybrid_clock.cc:584] initializing the hybrid clock with 'system_unsync' time source
W20260630 12:34:27.387754   982 system_unsync_time.cc:38] NTP support is disabled. Clock error bounds will not be accurate. This configuration is not suitable for distributed clusters.
I20260630 12:34:27.387879   982 hybrid_clock.cc:648] HybridClock initialized: now 1782822867387868 us; error 0 us; skew 500 ppm
I20260630 12:34:27.388298   982 server_base.cc:861] Flag tcmalloc_max_total_thread_cache_bytes is not working since tcmalloc is not enabled.
I20260630 12:34:27.390331   982 webserver.cc:533] Webserver started at http://127.0.245.129:43605/ using document root <none> and password file <none>
I20260630 12:34:27.390750   982 fs_manager.cc:362] Metadata directory not provided
I20260630 12:34:27.390902   982 fs_manager.cc:368] Using write-ahead log directory (fs_wal_dir) as metadata directory
I20260630 12:34:27.391180   982 server_base.cc:909] This appears to be a new deployment of Kudu; creating new FS layout
I20260630 12:34:27.392143   982 fs_manager.cc:1068] Generated new instance metadata in path /tmp/dist-test-taskLVCsCf/test-tmp/auto_rebalancer-test.0.AutoRebalancerTest.AutoRebalancingTurnOffAndOn.1782822860177187-982-0/minicluster-data/ts-0-root/instance:
uuid: "06aaa925df434042870ef03e557819ce"
format_stamp: "Formatted at 2026-06-30 12:34:27 on dist-test-slave-twh8"
I20260630 12:34:27.396544   982 fs_manager.cc:696] Time spent creating directory manager: real 0.004s	user 0.001s	sys 0.003s
I20260630 12:34:27.399789  1613 log_block_manager.cc:4031] Time spent loading block containers with low live blocks: real 0.000s	user 0.000s	sys 0.000s
I20260630 12:34:27.400584   982 fs_manager.cc:730] Time spent opening block manager: real 0.002s	user 0.002s	sys 0.001s
I20260630 12:34:27.400885   982 fs_manager.cc:647] Opened local filesystem: /tmp/dist-test-taskLVCsCf/test-tmp/auto_rebalancer-test.0.AutoRebalancerTest.AutoRebalancingTurnOffAndOn.1782822860177187-982-0/minicluster-data/ts-0-root
uuid: "06aaa925df434042870ef03e557819ce"
format_stamp: "Formatted at 2026-06-30 12:34:27 on dist-test-slave-twh8"
I20260630 12:34:27.401154   982 fs_report.cc:389] FS layout report
--------------------
wal directory: /tmp/dist-test-taskLVCsCf/test-tmp/auto_rebalancer-test.0.AutoRebalancerTest.AutoRebalancingTurnOffAndOn.1782822860177187-982-0/minicluster-data/ts-0-root
metadata directory: /tmp/dist-test-taskLVCsCf/test-tmp/auto_rebalancer-test.0.AutoRebalancerTest.AutoRebalancingTurnOffAndOn.1782822860177187-982-0/minicluster-data/ts-0-root
1 data directories: /tmp/dist-test-taskLVCsCf/test-tmp/auto_rebalancer-test.0.AutoRebalancerTest.AutoRebalancingTurnOffAndOn.1782822860177187-982-0/minicluster-data/ts-0-root/data
Total live blocks: 0
Total live bytes: 0
Total live bytes (after alignment): 0
Total number of LBM containers: 0 (0 full)
Did not check for missing blocks
Did not check for orphaned blocks
Total full LBM containers with extra space: 0 (0 repaired)
Total full LBM container extra space in bytes: 0 (0 repaired)
Total incomplete LBM containers: 0 (0 repaired)
Total LBM partial records: 0 (0 repaired)
Total corrupted LBM metadata records in RocksDB: 0 (0 repaired)
I20260630 12:34:27.425014   982 rpc_server.cc:225] running with OpenSSL 1.1.1  11 Sep 2018
I20260630 12:34:27.426015   982 kserver.cc:163] Server-wide thread pool size limit: 3276
I20260630 12:34:27.427424   982 txn_system_client.cc:432] TxnSystemClient initialization is disabled...
I20260630 12:34:27.429543   982 ts_tablet_manager.cc:585] Loaded tablet metadata (0 total tablets, 0 live tablets)
I20260630 12:34:27.429747   982 ts_tablet_manager.cc:531] Time spent load tablet metadata: real 0.000s	user 0.000s	sys 0.000s
I20260630 12:34:27.429992   982 ts_tablet_manager.cc:616] Registered 0 tablets
I20260630 12:34:27.430147   982 ts_tablet_manager.cc:595] Time spent register tablets: real 0.000s	user 0.000s	sys 0.000s
I20260630 12:34:27.465503   982 rpc_server.cc:307] RPC server started. Bound to: 127.0.245.129:39337
I20260630 12:34:27.465595  1675 acceptor_pool.cc:272] collecting diagnostics on the listening RPC socket 127.0.245.129:39337 every 8 connection(s)
I20260630 12:34:27.470217   982 file_cache.cc:492] Constructed file cache file cache with capacity 419430
W20260630 12:34:27.476516  1680 instance_detector.cc:116] could not retrieve AWS instance metadata: Network error: curl error: HTTP response code said error: The requested URL returned error: 404
W20260630 12:34:27.479476  1681 instance_detector.cc:116] could not retrieve Azure instance metadata: Network error: curl error: HTTP response code said error: The requested URL returned error: 404
W20260630 12:34:27.480047  1683 instance_detector.cc:116] could not retrieve OpenStack instance metadata: Network error: curl error: HTTP response code said error: The requested URL returned error: 404
I20260630 12:34:27.480312   982 server_base.cc:1061] running on GCE node
I20260630 12:34:27.481180   982 hybrid_clock.cc:584] initializing the hybrid clock with 'system_unsync' time source
W20260630 12:34:27.481400   982 system_unsync_time.cc:38] NTP support is disabled. Clock error bounds will not be accurate. This configuration is not suitable for distributed clusters.
I20260630 12:34:27.481571   982 hybrid_clock.cc:648] HybridClock initialized: now 1782822867481556 us; error 0 us; skew 500 ppm
I20260630 12:34:27.482024   982 server_base.cc:861] Flag tcmalloc_max_total_thread_cache_bytes is not working since tcmalloc is not enabled.
I20260630 12:34:27.484556   982 webserver.cc:533] Webserver started at http://127.0.245.130:45609/ using document root <none> and password file <none>
I20260630 12:34:27.484843  1676 heartbeater.cc:344] Connected to a master server at 127.0.245.190:43827
I20260630 12:34:27.485044   982 fs_manager.cc:362] Metadata directory not provided
I20260630 12:34:27.485181  1676 heartbeater.cc:461] Registering TS with master...
I20260630 12:34:27.485304   982 fs_manager.cc:368] Using write-ahead log directory (fs_wal_dir) as metadata directory
I20260630 12:34:27.485711   982 server_base.cc:909] This appears to be a new deployment of Kudu; creating new FS layout
I20260630 12:34:27.486063  1676 heartbeater.cc:507] Master 127.0.245.190:43827 requested a full tablet report, sending...
I20260630 12:34:27.486766   982 fs_manager.cc:1068] Generated new instance metadata in path /tmp/dist-test-taskLVCsCf/test-tmp/auto_rebalancer-test.0.AutoRebalancerTest.AutoRebalancingTurnOffAndOn.1782822860177187-982-0/minicluster-data/ts-1-root/instance:
uuid: "1db68abde26042379a81132f8c5a6856"
format_stamp: "Formatted at 2026-06-30 12:34:27 on dist-test-slave-twh8"
I20260630 12:34:27.488070  1549 ts_manager.cc:194] Registered new tserver with Master: 06aaa925df434042870ef03e557819ce (127.0.245.129:39337)
I20260630 12:34:27.490363  1549 master_service.cc:502] Signed X509 certificate for tserver {username='slave'} at 127.0.0.1:57864
I20260630 12:34:27.492369   982 fs_manager.cc:696] Time spent creating directory manager: real 0.005s	user 0.005s	sys 0.000s
I20260630 12:34:27.495671  1688 log_block_manager.cc:4031] Time spent loading block containers with low live blocks: real 0.000s	user 0.000s	sys 0.000s
I20260630 12:34:27.496430   982 fs_manager.cc:730] Time spent opening block manager: real 0.002s	user 0.003s	sys 0.000s
I20260630 12:34:27.496753   982 fs_manager.cc:647] Opened local filesystem: /tmp/dist-test-taskLVCsCf/test-tmp/auto_rebalancer-test.0.AutoRebalancerTest.AutoRebalancingTurnOffAndOn.1782822860177187-982-0/minicluster-data/ts-1-root
uuid: "1db68abde26042379a81132f8c5a6856"
format_stamp: "Formatted at 2026-06-30 12:34:27 on dist-test-slave-twh8"
I20260630 12:34:27.497038   982 fs_report.cc:389] FS layout report
--------------------
wal directory: /tmp/dist-test-taskLVCsCf/test-tmp/auto_rebalancer-test.0.AutoRebalancerTest.AutoRebalancingTurnOffAndOn.1782822860177187-982-0/minicluster-data/ts-1-root
metadata directory: /tmp/dist-test-taskLVCsCf/test-tmp/auto_rebalancer-test.0.AutoRebalancerTest.AutoRebalancingTurnOffAndOn.1782822860177187-982-0/minicluster-data/ts-1-root
1 data directories: /tmp/dist-test-taskLVCsCf/test-tmp/auto_rebalancer-test.0.AutoRebalancerTest.AutoRebalancingTurnOffAndOn.1782822860177187-982-0/minicluster-data/ts-1-root/data
Total live blocks: 0
Total live bytes: 0
Total live bytes (after alignment): 0
Total number of LBM containers: 0 (0 full)
Did not check for missing blocks
Did not check for orphaned blocks
Total full LBM containers with extra space: 0 (0 repaired)
Total full LBM container extra space in bytes: 0 (0 repaired)
Total incomplete LBM containers: 0 (0 repaired)
Total LBM partial records: 0 (0 repaired)
Total corrupted LBM metadata records in RocksDB: 0 (0 repaired)
I20260630 12:34:27.517776   982 rpc_server.cc:225] running with OpenSSL 1.1.1  11 Sep 2018
I20260630 12:34:27.518870   982 kserver.cc:163] Server-wide thread pool size limit: 3276
I20260630 12:34:27.520254   982 txn_system_client.cc:432] TxnSystemClient initialization is disabled...
I20260630 12:34:27.522462   982 ts_tablet_manager.cc:585] Loaded tablet metadata (0 total tablets, 0 live tablets)
I20260630 12:34:27.522696   982 ts_tablet_manager.cc:531] Time spent load tablet metadata: real 0.000s	user 0.000s	sys 0.000s
I20260630 12:34:27.522933   982 ts_tablet_manager.cc:616] Registered 0 tablets
I20260630 12:34:27.523165   982 ts_tablet_manager.cc:595] Time spent register tablets: real 0.000s	user 0.001s	sys 0.000s
I20260630 12:34:27.561132   982 rpc_server.cc:307] RPC server started. Bound to: 127.0.245.130:39417
I20260630 12:34:27.561214  1750 acceptor_pool.cc:272] collecting diagnostics on the listening RPC socket 127.0.245.130:39417 every 8 connection(s)
I20260630 12:34:27.565834   982 file_cache.cc:492] Constructed file cache file cache with capacity 419430
W20260630 12:34:27.572089  1754 instance_detector.cc:116] could not retrieve AWS instance metadata: Network error: curl error: HTTP response code said error: The requested URL returned error: 404
W20260630 12:34:27.573097  1755 instance_detector.cc:116] could not retrieve Azure instance metadata: Network error: curl error: HTTP response code said error: The requested URL returned error: 404
W20260630 12:34:27.575289  1757 instance_detector.cc:116] could not retrieve OpenStack instance metadata: Network error: curl error: HTTP response code said error: The requested URL returned error: 404
I20260630 12:34:27.575909   982 server_base.cc:1061] running on GCE node
I20260630 12:34:27.576951   982 hybrid_clock.cc:584] initializing the hybrid clock with 'system_unsync' time source
W20260630 12:34:27.577211   982 system_unsync_time.cc:38] NTP support is disabled. Clock error bounds will not be accurate. This configuration is not suitable for distributed clusters.
I20260630 12:34:27.577420   982 hybrid_clock.cc:648] HybridClock initialized: now 1782822867577402 us; error 0 us; skew 500 ppm
I20260630 12:34:27.577797  1751 heartbeater.cc:344] Connected to a master server at 127.0.245.190:43827
I20260630 12:34:27.578028   982 server_base.cc:861] Flag tcmalloc_max_total_thread_cache_bytes is not working since tcmalloc is not enabled.
I20260630 12:34:27.578143  1751 heartbeater.cc:461] Registering TS with master...
I20260630 12:34:27.579123  1751 heartbeater.cc:507] Master 127.0.245.190:43827 requested a full tablet report, sending...
I20260630 12:34:27.580852   982 webserver.cc:533] Webserver started at http://127.0.245.131:36655/ using document root <none> and password file <none>
I20260630 12:34:27.581487   982 fs_manager.cc:362] Metadata directory not provided
I20260630 12:34:27.581569  1549 ts_manager.cc:194] Registered new tserver with Master: 1db68abde26042379a81132f8c5a6856 (127.0.245.130:39417)
I20260630 12:34:27.581791   982 fs_manager.cc:368] Using write-ahead log directory (fs_wal_dir) as metadata directory
I20260630 12:34:27.582194   982 server_base.cc:909] This appears to be a new deployment of Kudu; creating new FS layout
I20260630 12:34:27.583436  1549 master_service.cc:502] Signed X509 certificate for tserver {username='slave'} at 127.0.0.1:57868
I20260630 12:34:27.583608   982 fs_manager.cc:1068] Generated new instance metadata in path /tmp/dist-test-taskLVCsCf/test-tmp/auto_rebalancer-test.0.AutoRebalancerTest.AutoRebalancingTurnOffAndOn.1782822860177187-982-0/minicluster-data/ts-2-root/instance:
uuid: "6913b1bac6414700b5a02f10dfe09dc4"
format_stamp: "Formatted at 2026-06-30 12:34:27 on dist-test-slave-twh8"
I20260630 12:34:27.588368   982 fs_manager.cc:696] Time spent creating directory manager: real 0.004s	user 0.005s	sys 0.000s
I20260630 12:34:27.591667  1762 log_block_manager.cc:4031] Time spent loading block containers with low live blocks: real 0.000s	user 0.000s	sys 0.000s
I20260630 12:34:27.592434   982 fs_manager.cc:730] Time spent opening block manager: real 0.002s	user 0.003s	sys 0.000s
I20260630 12:34:27.592798   982 fs_manager.cc:647] Opened local filesystem: /tmp/dist-test-taskLVCsCf/test-tmp/auto_rebalancer-test.0.AutoRebalancerTest.AutoRebalancingTurnOffAndOn.1782822860177187-982-0/minicluster-data/ts-2-root
uuid: "6913b1bac6414700b5a02f10dfe09dc4"
format_stamp: "Formatted at 2026-06-30 12:34:27 on dist-test-slave-twh8"
I20260630 12:34:27.593101   982 fs_report.cc:389] FS layout report
--------------------
wal directory: /tmp/dist-test-taskLVCsCf/test-tmp/auto_rebalancer-test.0.AutoRebalancerTest.AutoRebalancingTurnOffAndOn.1782822860177187-982-0/minicluster-data/ts-2-root
metadata directory: /tmp/dist-test-taskLVCsCf/test-tmp/auto_rebalancer-test.0.AutoRebalancerTest.AutoRebalancingTurnOffAndOn.1782822860177187-982-0/minicluster-data/ts-2-root
1 data directories: /tmp/dist-test-taskLVCsCf/test-tmp/auto_rebalancer-test.0.AutoRebalancerTest.AutoRebalancingTurnOffAndOn.1782822860177187-982-0/minicluster-data/ts-2-root/data
Total live blocks: 0
Total live bytes: 0
Total live bytes (after alignment): 0
Total number of LBM containers: 0 (0 full)
Did not check for missing blocks
Did not check for orphaned blocks
Total full LBM containers with extra space: 0 (0 repaired)
Total full LBM container extra space in bytes: 0 (0 repaired)
Total incomplete LBM containers: 0 (0 repaired)
Total LBM partial records: 0 (0 repaired)
Total corrupted LBM metadata records in RocksDB: 0 (0 repaired)
I20260630 12:34:27.609089   982 rpc_server.cc:225] running with OpenSSL 1.1.1  11 Sep 2018
I20260630 12:34:27.610136   982 kserver.cc:163] Server-wide thread pool size limit: 3276
I20260630 12:34:27.611552   982 txn_system_client.cc:432] TxnSystemClient initialization is disabled...
I20260630 12:34:27.613664   982 ts_tablet_manager.cc:585] Loaded tablet metadata (0 total tablets, 0 live tablets)
I20260630 12:34:27.613883   982 ts_tablet_manager.cc:531] Time spent load tablet metadata: real 0.000s	user 0.000s	sys 0.000s
I20260630 12:34:27.614135   982 ts_tablet_manager.cc:616] Registered 0 tablets
I20260630 12:34:27.614319   982 ts_tablet_manager.cc:595] Time spent register tablets: real 0.000s	user 0.000s	sys 0.000s
I20260630 12:34:27.650125   982 rpc_server.cc:307] RPC server started. Bound to: 127.0.245.131:32963
I20260630 12:34:27.650215  1824 acceptor_pool.cc:272] collecting diagnostics on the listening RPC socket 127.0.245.131:32963 every 8 connection(s)
I20260630 12:34:27.663543  1825 heartbeater.cc:344] Connected to a master server at 127.0.245.190:43827
I20260630 12:34:27.663880  1825 heartbeater.cc:461] Registering TS with master...
I20260630 12:34:27.664561  1825 heartbeater.cc:507] Master 127.0.245.190:43827 requested a full tablet report, sending...
I20260630 12:34:27.666384  1549 ts_manager.cc:194] Registered new tserver with Master: 6913b1bac6414700b5a02f10dfe09dc4 (127.0.245.131:32963)
I20260630 12:34:27.666738   982 internal_mini_cluster.cc:371] 3 TS(s) registered with all masters after 0.013586924s
I20260630 12:34:27.668282  1549 master_service.cc:502] Signed X509 certificate for tserver {username='slave'} at 127.0.0.1:57878
I20260630 12:34:28.493476  1676 heartbeater.cc:499] Master 127.0.245.190:43827 was elected leader, sending a full tablet report...
I20260630 12:34:28.586059  1751 heartbeater.cc:499] Master 127.0.245.190:43827 was elected leader, sending a full tablet report...
I20260630 12:34:28.670921  1825 heartbeater.cc:499] Master 127.0.245.190:43827 was elected leader, sending a full tablet report...
I20260630 12:34:28.720938  1549 catalog_manager.cc:2283] Servicing CreateTable request from {username='slave'} at 127.0.0.1:57884:
name: "test-workload"
schema {
  columns {
    name: "key"
    type: INT32
    is_key: true
    is_nullable: false
    encoding: AUTO_ENCODING
    compression: DEFAULT_COMPRESSION
    cfile_block_size: 0
    immutable: false
  }
  columns {
    name: "int_val"
    type: INT32
    is_key: false
    is_nullable: false
    encoding: AUTO_ENCODING
    compression: DEFAULT_COMPRESSION
    cfile_block_size: 0
    immutable: false
  }
  columns {
    name: "string_val"
    type: STRING
    is_key: false
    is_nullable: true
    encoding: AUTO_ENCODING
    compression: DEFAULT_COMPRESSION
    cfile_block_size: 0
    immutable: false
  }
}
num_replicas: 3
split_rows_range_bounds {
  rows: "\004\001\000\377\377\377\017\004\001\000\376\377\377\037\004\001\000\375\377\377/\004\001\000\374\377\377?\004\001\000\373\377\377O\004\001\000\372\377\377_\004\001\000\371\377\377o""\004\001\000\377\377\377\017\004\001\000\376\377\377\037\004\001\000\375\377\377/\004\001\000\374\377\377?\004\001\000\373\377\377O\004\001\000\372\377\377_\004\001\000\371\377\377o"
  indirect_data: """"
}
partition_schema {
  range_schema {
    columns {
      name: "key"
    }
  }
}
W20260630 12:34:28.723537  1549 catalog_manager.cc:7077] The number of live tablet servers is not enough to re-replicate a tablet replica of the newly created table test-workload in case of a server failure: 4 tablet servers would be needed, 3 are available. Consider bringing up more tablet servers.
I20260630 12:34:28.798507  1790 tablet_service.cc:1511] Processing CreateTablet for tablet 6a1b9d0e8e9c4004afe5a933e9a8adb9 (DEFAULT_TABLE table=test-workload [id=e56d98b8ed87486e87e770781ca3933f]), partition=RANGE (key) PARTITION VALUES < 268435455
I20260630 12:34:28.799786  1790 data_dirs.cc:400] Could only allocate 1 dirs of requested 3 for tablet 6a1b9d0e8e9c4004afe5a933e9a8adb9. 1 dirs total, 0 dirs full, 0 dirs failed
I20260630 12:34:28.803056  1716 tablet_service.cc:1511] Processing CreateTablet for tablet 6a1b9d0e8e9c4004afe5a933e9a8adb9 (DEFAULT_TABLE table=test-workload [id=e56d98b8ed87486e87e770781ca3933f]), partition=RANGE (key) PARTITION VALUES < 268435455
I20260630 12:34:28.804425  1716 data_dirs.cc:400] Could only allocate 1 dirs of requested 3 for tablet 6a1b9d0e8e9c4004afe5a933e9a8adb9. 1 dirs total, 0 dirs full, 0 dirs failed
I20260630 12:34:28.804616  1641 tablet_service.cc:1511] Processing CreateTablet for tablet 6a1b9d0e8e9c4004afe5a933e9a8adb9 (DEFAULT_TABLE table=test-workload [id=e56d98b8ed87486e87e770781ca3933f]), partition=RANGE (key) PARTITION VALUES < 268435455
I20260630 12:34:28.805950  1641 data_dirs.cc:400] Could only allocate 1 dirs of requested 3 for tablet 6a1b9d0e8e9c4004afe5a933e9a8adb9. 1 dirs total, 0 dirs full, 0 dirs failed
I20260630 12:34:28.807693  1715 tablet_service.cc:1511] Processing CreateTablet for tablet 7db36eed351c45ffa5a406b71b6a3fa3 (DEFAULT_TABLE table=test-workload [id=e56d98b8ed87486e87e770781ca3933f]), partition=RANGE (key) PARTITION 268435455 <= VALUES < 536870910
I20260630 12:34:28.808148  1640 tablet_service.cc:1511] Processing CreateTablet for tablet 7db36eed351c45ffa5a406b71b6a3fa3 (DEFAULT_TABLE table=test-workload [id=e56d98b8ed87486e87e770781ca3933f]), partition=RANGE (key) PARTITION 268435455 <= VALUES < 536870910
I20260630 12:34:28.808425  1785 tablet_service.cc:1511] Processing CreateTablet for tablet 23683193796b40b989a112a90d0e68f1 (DEFAULT_TABLE table=test-workload [id=e56d98b8ed87486e87e770781ca3933f]), partition=RANGE (key) PARTITION 1342177275 <= VALUES < 1610612730
I20260630 12:34:28.809021  1715 data_dirs.cc:400] Could only allocate 1 dirs of requested 3 for tablet 7db36eed351c45ffa5a406b71b6a3fa3. 1 dirs total, 0 dirs full, 0 dirs failed
I20260630 12:34:28.809468  1640 data_dirs.cc:400] Could only allocate 1 dirs of requested 3 for tablet 7db36eed351c45ffa5a406b71b6a3fa3. 1 dirs total, 0 dirs full, 0 dirs failed
I20260630 12:34:28.809700  1785 data_dirs.cc:400] Could only allocate 1 dirs of requested 3 for tablet 23683193796b40b989a112a90d0e68f1. 1 dirs total, 0 dirs full, 0 dirs failed
I20260630 12:34:28.812088  1787 tablet_service.cc:1511] Processing CreateTablet for tablet 84d736fdebe3483bb10267ef83eb5914 (DEFAULT_TABLE table=test-workload [id=e56d98b8ed87486e87e770781ca3933f]), partition=RANGE (key) PARTITION 805306365 <= VALUES < 1073741820
I20260630 12:34:28.813423  1787 data_dirs.cc:400] Could only allocate 1 dirs of requested 3 for tablet 84d736fdebe3483bb10267ef83eb5914. 1 dirs total, 0 dirs full, 0 dirs failed
I20260630 12:34:28.813154  1638 tablet_service.cc:1511] Processing CreateTablet for tablet 84d736fdebe3483bb10267ef83eb5914 (DEFAULT_TABLE table=test-workload [id=e56d98b8ed87486e87e770781ca3933f]), partition=RANGE (key) PARTITION 805306365 <= VALUES < 1073741820
I20260630 12:34:28.816375  1789 tablet_service.cc:1511] Processing CreateTablet for tablet 7db36eed351c45ffa5a406b71b6a3fa3 (DEFAULT_TABLE table=test-workload [id=e56d98b8ed87486e87e770781ca3933f]), partition=RANGE (key) PARTITION 268435455 <= VALUES < 536870910
I20260630 12:34:28.816805  1636 tablet_service.cc:1511] Processing CreateTablet for tablet 23683193796b40b989a112a90d0e68f1 (DEFAULT_TABLE table=test-workload [id=e56d98b8ed87486e87e770781ca3933f]), partition=RANGE (key) PARTITION 1342177275 <= VALUES < 1610612730
I20260630 12:34:28.817680  1789 data_dirs.cc:400] Could only allocate 1 dirs of requested 3 for tablet 7db36eed351c45ffa5a406b71b6a3fa3. 1 dirs total, 0 dirs full, 0 dirs failed
I20260630 12:34:28.820044  1714 tablet_service.cc:1511] Processing CreateTablet for tablet 5c059fd19bc746808ad3b7c7833194f5 (DEFAULT_TABLE table=test-workload [id=e56d98b8ed87486e87e770781ca3933f]), partition=RANGE (key) PARTITION 536870910 <= VALUES < 805306365
I20260630 12:34:28.820076  1637 tablet_service.cc:1511] Processing CreateTablet for tablet 12a4a0bb45514283b00712f15b4b8aea (DEFAULT_TABLE table=test-workload [id=e56d98b8ed87486e87e770781ca3933f]), partition=RANGE (key) PARTITION 1073741820 <= VALUES < 1342177275
I20260630 12:34:28.821362  1714 data_dirs.cc:400] Could only allocate 1 dirs of requested 3 for tablet 5c059fd19bc746808ad3b7c7833194f5. 1 dirs total, 0 dirs full, 0 dirs failed
I20260630 12:34:28.824066  1713 tablet_service.cc:1511] Processing CreateTablet for tablet 84d736fdebe3483bb10267ef83eb5914 (DEFAULT_TABLE table=test-workload [id=e56d98b8ed87486e87e770781ca3933f]), partition=RANGE (key) PARTITION 805306365 <= VALUES < 1073741820
I20260630 12:34:28.825441  1713 data_dirs.cc:400] Could only allocate 1 dirs of requested 3 for tablet 84d736fdebe3483bb10267ef83eb5914. 1 dirs total, 0 dirs full, 0 dirs failed
I20260630 12:34:28.828111  1712 tablet_service.cc:1511] Processing CreateTablet for tablet 12a4a0bb45514283b00712f15b4b8aea (DEFAULT_TABLE table=test-workload [id=e56d98b8ed87486e87e770781ca3933f]), partition=RANGE (key) PARTITION 1073741820 <= VALUES < 1342177275
I20260630 12:34:28.829522  1712 data_dirs.cc:400] Could only allocate 1 dirs of requested 3 for tablet 12a4a0bb45514283b00712f15b4b8aea. 1 dirs total, 0 dirs full, 0 dirs failed
I20260630 12:34:28.814416  1638 data_dirs.cc:400] Could only allocate 1 dirs of requested 3 for tablet 84d736fdebe3483bb10267ef83eb5914. 1 dirs total, 0 dirs full, 0 dirs failed
I20260630 12:34:28.835156  1786 tablet_service.cc:1511] Processing CreateTablet for tablet 12a4a0bb45514283b00712f15b4b8aea (DEFAULT_TABLE table=test-workload [id=e56d98b8ed87486e87e770781ca3933f]), partition=RANGE (key) PARTITION 1073741820 <= VALUES < 1342177275
I20260630 12:34:28.836602  1786 data_dirs.cc:400] Could only allocate 1 dirs of requested 3 for tablet 12a4a0bb45514283b00712f15b4b8aea. 1 dirs total, 0 dirs full, 0 dirs failed
I20260630 12:34:28.838212  1710 tablet_service.cc:1511] Processing CreateTablet for tablet ee435cea725e43719221022037b60a7e (DEFAULT_TABLE table=test-workload [id=e56d98b8ed87486e87e770781ca3933f]), partition=RANGE (key) PARTITION 1610612730 <= VALUES < 1879048185
I20260630 12:34:28.840402  1710 data_dirs.cc:400] Could only allocate 1 dirs of requested 3 for tablet ee435cea725e43719221022037b60a7e. 1 dirs total, 0 dirs full, 0 dirs failed
I20260630 12:34:28.840344  1784 tablet_service.cc:1511] Processing CreateTablet for tablet ee435cea725e43719221022037b60a7e (DEFAULT_TABLE table=test-workload [id=e56d98b8ed87486e87e770781ca3933f]), partition=RANGE (key) PARTITION 1610612730 <= VALUES < 1879048185
I20260630 12:34:28.842051  1784 data_dirs.cc:400] Could only allocate 1 dirs of requested 3 for tablet ee435cea725e43719221022037b60a7e. 1 dirs total, 0 dirs full, 0 dirs failed
I20260630 12:34:28.843552  1788 tablet_service.cc:1511] Processing CreateTablet for tablet 5c059fd19bc746808ad3b7c7833194f5 (DEFAULT_TABLE table=test-workload [id=e56d98b8ed87486e87e770781ca3933f]), partition=RANGE (key) PARTITION 536870910 <= VALUES < 805306365
I20260630 12:34:28.832722  1711 tablet_service.cc:1511] Processing CreateTablet for tablet 23683193796b40b989a112a90d0e68f1 (DEFAULT_TABLE table=test-workload [id=e56d98b8ed87486e87e770781ca3933f]), partition=RANGE (key) PARTITION 1342177275 <= VALUES < 1610612730
I20260630 12:34:28.846226  1711 data_dirs.cc:400] Could only allocate 1 dirs of requested 3 for tablet 23683193796b40b989a112a90d0e68f1. 1 dirs total, 0 dirs full, 0 dirs failed
I20260630 12:34:28.812116  1639 tablet_service.cc:1511] Processing CreateTablet for tablet 5c059fd19bc746808ad3b7c7833194f5 (DEFAULT_TABLE table=test-workload [id=e56d98b8ed87486e87e770781ca3933f]), partition=RANGE (key) PARTITION 536870910 <= VALUES < 805306365
I20260630 12:34:28.859409  1636 data_dirs.cc:400] Could only allocate 1 dirs of requested 3 for tablet 23683193796b40b989a112a90d0e68f1. 1 dirs total, 0 dirs full, 0 dirs failed
I20260630 12:34:28.860282  1639 data_dirs.cc:400] Could only allocate 1 dirs of requested 3 for tablet 5c059fd19bc746808ad3b7c7833194f5. 1 dirs total, 0 dirs full, 0 dirs failed
I20260630 12:34:28.863243  1788 data_dirs.cc:400] Could only allocate 1 dirs of requested 3 for tablet 5c059fd19bc746808ad3b7c7833194f5. 1 dirs total, 0 dirs full, 0 dirs failed
I20260630 12:34:28.863646  1635 tablet_service.cc:1511] Processing CreateTablet for tablet ee435cea725e43719221022037b60a7e (DEFAULT_TABLE table=test-workload [id=e56d98b8ed87486e87e770781ca3933f]), partition=RANGE (key) PARTITION 1610612730 <= VALUES < 1879048185
I20260630 12:34:28.886955  1637 data_dirs.cc:400] Could only allocate 1 dirs of requested 3 for tablet 12a4a0bb45514283b00712f15b4b8aea. 1 dirs total, 0 dirs full, 0 dirs failed
I20260630 12:34:28.888655  1635 data_dirs.cc:400] Could only allocate 1 dirs of requested 3 for tablet ee435cea725e43719221022037b60a7e. 1 dirs total, 0 dirs full, 0 dirs failed
I20260630 12:34:28.921696  1638 tablet_service.cc:1511] Processing CreateTablet for tablet 99b318a8f27e41b9a850dec779eeb2b2 (DEFAULT_TABLE table=test-workload [id=e56d98b8ed87486e87e770781ca3933f]), partition=RANGE (key) PARTITION 1879048185 <= VALUES
I20260630 12:34:28.922978  1638 data_dirs.cc:400] Could only allocate 1 dirs of requested 3 for tablet 99b318a8f27e41b9a850dec779eeb2b2. 1 dirs total, 0 dirs full, 0 dirs failed
I20260630 12:34:28.923122  1710 tablet_service.cc:1511] Processing CreateTablet for tablet 99b318a8f27e41b9a850dec779eeb2b2 (DEFAULT_TABLE table=test-workload [id=e56d98b8ed87486e87e770781ca3933f]), partition=RANGE (key) PARTITION 1879048185 <= VALUES
I20260630 12:34:28.924520  1710 data_dirs.cc:400] Could only allocate 1 dirs of requested 3 for tablet 99b318a8f27e41b9a850dec779eeb2b2. 1 dirs total, 0 dirs full, 0 dirs failed
I20260630 12:34:28.928679  1788 tablet_service.cc:1511] Processing CreateTablet for tablet 99b318a8f27e41b9a850dec779eeb2b2 (DEFAULT_TABLE table=test-workload [id=e56d98b8ed87486e87e770781ca3933f]), partition=RANGE (key) PARTITION 1879048185 <= VALUES
I20260630 12:34:28.936563  1788 data_dirs.cc:400] Could only allocate 1 dirs of requested 3 for tablet 99b318a8f27e41b9a850dec779eeb2b2. 1 dirs total, 0 dirs full, 0 dirs failed
I20260630 12:34:28.939744  1845 tablet_bootstrap.cc:492] T 6a1b9d0e8e9c4004afe5a933e9a8adb9 P 6913b1bac6414700b5a02f10dfe09dc4: Bootstrap starting.
I20260630 12:34:28.951872  1846 tablet_bootstrap.cc:492] T 7db36eed351c45ffa5a406b71b6a3fa3 P 1db68abde26042379a81132f8c5a6856: Bootstrap starting.
I20260630 12:34:28.956266  1845 tablet_bootstrap.cc:654] T 6a1b9d0e8e9c4004afe5a933e9a8adb9 P 6913b1bac6414700b5a02f10dfe09dc4: Neither blocks nor log segments found. Creating new log.
I20260630 12:34:28.965344  1847 tablet_bootstrap.cc:492] T 5c059fd19bc746808ad3b7c7833194f5 P 06aaa925df434042870ef03e557819ce: Bootstrap starting.
I20260630 12:34:28.958737  1846 tablet_bootstrap.cc:654] T 7db36eed351c45ffa5a406b71b6a3fa3 P 1db68abde26042379a81132f8c5a6856: Neither blocks nor log segments found. Creating new log.
I20260630 12:34:28.970945  1847 tablet_bootstrap.cc:654] T 5c059fd19bc746808ad3b7c7833194f5 P 06aaa925df434042870ef03e557819ce: Neither blocks nor log segments found. Creating new log.
I20260630 12:34:28.973096  1845 tablet_bootstrap.cc:492] T 6a1b9d0e8e9c4004afe5a933e9a8adb9 P 6913b1bac6414700b5a02f10dfe09dc4: No bootstrap required, opened a new log
I20260630 12:34:28.973618  1845 ts_tablet_manager.cc:1403] T 6a1b9d0e8e9c4004afe5a933e9a8adb9 P 6913b1bac6414700b5a02f10dfe09dc4: Time spent bootstrapping tablet: real 0.034s	user 0.009s	sys 0.005s
I20260630 12:34:28.973760  1846 tablet_bootstrap.cc:492] T 7db36eed351c45ffa5a406b71b6a3fa3 P 1db68abde26042379a81132f8c5a6856: No bootstrap required, opened a new log
I20260630 12:34:28.974400  1846 ts_tablet_manager.cc:1403] T 7db36eed351c45ffa5a406b71b6a3fa3 P 1db68abde26042379a81132f8c5a6856: Time spent bootstrapping tablet: real 0.023s	user 0.008s	sys 0.004s
I20260630 12:34:28.976140  1845 raft_consensus.cc:359] T 6a1b9d0e8e9c4004afe5a933e9a8adb9 P 6913b1bac6414700b5a02f10dfe09dc4 [term 0 FOLLOWER]: Replica starting. Triggering 0 pending ops. Active config: opid_index: -1 OBSOLETE_local: false peers { permanent_uuid: "1db68abde26042379a81132f8c5a6856" member_type: VOTER last_known_addr { host: "127.0.245.130" port: 39417 } } peers { permanent_uuid: "6913b1bac6414700b5a02f10dfe09dc4" member_type: VOTER last_known_addr { host: "127.0.245.131" port: 32963 } } peers { permanent_uuid: "06aaa925df434042870ef03e557819ce" member_type: VOTER last_known_addr { host: "127.0.245.129" port: 39337 } }
I20260630 12:34:28.976694  1845 raft_consensus.cc:385] T 6a1b9d0e8e9c4004afe5a933e9a8adb9 P 6913b1bac6414700b5a02f10dfe09dc4 [term 0 FOLLOWER]: Consensus starting up: Expiring failure detector timer to make a prompt election more likely
I20260630 12:34:28.976956  1845 raft_consensus.cc:740] T 6a1b9d0e8e9c4004afe5a933e9a8adb9 P 6913b1bac6414700b5a02f10dfe09dc4 [term 0 FOLLOWER]: Becoming Follower/Learner. State: Replica: 6913b1bac6414700b5a02f10dfe09dc4, State: Initialized, Role: FOLLOWER
I20260630 12:34:28.977550  1845 consensus_queue.cc:260] T 6a1b9d0e8e9c4004afe5a933e9a8adb9 P 6913b1bac6414700b5a02f10dfe09dc4 [NON_LEADER]: Queue going to NON_LEADER mode. State: All replicated index: 0, Majority replicated index: 0, Committed index: 0, Last appended: 0.0, Last appended by leader: 0, Current term: 0, Majority size: -1, State: 0, Mode: NON_LEADER, active raft config: opid_index: -1 OBSOLETE_local: false peers { permanent_uuid: "1db68abde26042379a81132f8c5a6856" member_type: VOTER last_known_addr { host: "127.0.245.130" port: 39417 } } peers { permanent_uuid: "6913b1bac6414700b5a02f10dfe09dc4" member_type: VOTER last_known_addr { host: "127.0.245.131" port: 32963 } } peers { permanent_uuid: "06aaa925df434042870ef03e557819ce" member_type: VOTER last_known_addr { host: "127.0.245.129" port: 39337 } }
I20260630 12:34:28.978798  1846 raft_consensus.cc:359] T 7db36eed351c45ffa5a406b71b6a3fa3 P 1db68abde26042379a81132f8c5a6856 [term 0 FOLLOWER]: Replica starting. Triggering 0 pending ops. Active config: opid_index: -1 OBSOLETE_local: false peers { permanent_uuid: "06aaa925df434042870ef03e557819ce" member_type: VOTER last_known_addr { host: "127.0.245.129" port: 39337 } } peers { permanent_uuid: "1db68abde26042379a81132f8c5a6856" member_type: VOTER last_known_addr { host: "127.0.245.130" port: 39417 } } peers { permanent_uuid: "6913b1bac6414700b5a02f10dfe09dc4" member_type: VOTER last_known_addr { host: "127.0.245.131" port: 32963 } }
I20260630 12:34:28.979743  1846 raft_consensus.cc:385] T 7db36eed351c45ffa5a406b71b6a3fa3 P 1db68abde26042379a81132f8c5a6856 [term 0 FOLLOWER]: Consensus starting up: Expiring failure detector timer to make a prompt election more likely
I20260630 12:34:28.980084  1845 ts_tablet_manager.cc:1434] T 6a1b9d0e8e9c4004afe5a933e9a8adb9 P 6913b1bac6414700b5a02f10dfe09dc4: Time spent starting tablet: real 0.006s	user 0.005s	sys 0.000s
I20260630 12:34:28.980038  1846 raft_consensus.cc:740] T 7db36eed351c45ffa5a406b71b6a3fa3 P 1db68abde26042379a81132f8c5a6856 [term 0 FOLLOWER]: Becoming Follower/Learner. State: Replica: 1db68abde26042379a81132f8c5a6856, State: Initialized, Role: FOLLOWER
I20260630 12:34:28.981104  1845 tablet_bootstrap.cc:492] T 23683193796b40b989a112a90d0e68f1 P 6913b1bac6414700b5a02f10dfe09dc4: Bootstrap starting.
I20260630 12:34:28.980918  1846 consensus_queue.cc:260] T 7db36eed351c45ffa5a406b71b6a3fa3 P 1db68abde26042379a81132f8c5a6856 [NON_LEADER]: Queue going to NON_LEADER mode. State: All replicated index: 0, Majority replicated index: 0, Committed index: 0, Last appended: 0.0, Last appended by leader: 0, Current term: 0, Majority size: -1, State: 0, Mode: NON_LEADER, active raft config: opid_index: -1 OBSOLETE_local: false peers { permanent_uuid: "06aaa925df434042870ef03e557819ce" member_type: VOTER last_known_addr { host: "127.0.245.129" port: 39337 } } peers { permanent_uuid: "1db68abde26042379a81132f8c5a6856" member_type: VOTER last_known_addr { host: "127.0.245.130" port: 39417 } } peers { permanent_uuid: "6913b1bac6414700b5a02f10dfe09dc4" member_type: VOTER last_known_addr { host: "127.0.245.131" port: 32963 } }
I20260630 12:34:28.982345  1847 tablet_bootstrap.cc:492] T 5c059fd19bc746808ad3b7c7833194f5 P 06aaa925df434042870ef03e557819ce: No bootstrap required, opened a new log
I20260630 12:34:28.982940  1847 ts_tablet_manager.cc:1403] T 5c059fd19bc746808ad3b7c7833194f5 P 06aaa925df434042870ef03e557819ce: Time spent bootstrapping tablet: real 0.018s	user 0.013s	sys 0.005s
I20260630 12:34:28.986500  1847 raft_consensus.cc:359] T 5c059fd19bc746808ad3b7c7833194f5 P 06aaa925df434042870ef03e557819ce [term 0 FOLLOWER]: Replica starting. Triggering 0 pending ops. Active config: opid_index: -1 OBSOLETE_local: false peers { permanent_uuid: "06aaa925df434042870ef03e557819ce" member_type: VOTER last_known_addr { host: "127.0.245.129" port: 39337 } } peers { permanent_uuid: "1db68abde26042379a81132f8c5a6856" member_type: VOTER last_known_addr { host: "127.0.245.130" port: 39417 } } peers { permanent_uuid: "6913b1bac6414700b5a02f10dfe09dc4" member_type: VOTER last_known_addr { host: "127.0.245.131" port: 32963 } }
I20260630 12:34:28.987643  1847 raft_consensus.cc:385] T 5c059fd19bc746808ad3b7c7833194f5 P 06aaa925df434042870ef03e557819ce [term 0 FOLLOWER]: Consensus starting up: Expiring failure detector timer to make a prompt election more likely
I20260630 12:34:28.987864  1845 tablet_bootstrap.cc:654] T 23683193796b40b989a112a90d0e68f1 P 6913b1bac6414700b5a02f10dfe09dc4: Neither blocks nor log segments found. Creating new log.
I20260630 12:34:28.988067  1847 raft_consensus.cc:740] T 5c059fd19bc746808ad3b7c7833194f5 P 06aaa925df434042870ef03e557819ce [term 0 FOLLOWER]: Becoming Follower/Learner. State: Replica: 06aaa925df434042870ef03e557819ce, State: Initialized, Role: FOLLOWER
I20260630 12:34:28.989225  1847 consensus_queue.cc:260] T 5c059fd19bc746808ad3b7c7833194f5 P 06aaa925df434042870ef03e557819ce [NON_LEADER]: Queue going to NON_LEADER mode. State: All replicated index: 0, Majority replicated index: 0, Committed index: 0, Last appended: 0.0, Last appended by leader: 0, Current term: 0, Majority size: -1, State: 0, Mode: NON_LEADER, active raft config: opid_index: -1 OBSOLETE_local: false peers { permanent_uuid: "06aaa925df434042870ef03e557819ce" member_type: VOTER last_known_addr { host: "127.0.245.129" port: 39337 } } peers { permanent_uuid: "1db68abde26042379a81132f8c5a6856" member_type: VOTER last_known_addr { host: "127.0.245.130" port: 39417 } } peers { permanent_uuid: "6913b1bac6414700b5a02f10dfe09dc4" member_type: VOTER last_known_addr { host: "127.0.245.131" port: 32963 } }
I20260630 12:34:28.992754  1846 ts_tablet_manager.cc:1434] T 7db36eed351c45ffa5a406b71b6a3fa3 P 1db68abde26042379a81132f8c5a6856: Time spent starting tablet: real 0.018s	user 0.011s	sys 0.007s
I20260630 12:34:28.994829  1846 tablet_bootstrap.cc:492] T 12a4a0bb45514283b00712f15b4b8aea P 1db68abde26042379a81132f8c5a6856: Bootstrap starting.
I20260630 12:34:28.996767  1847 ts_tablet_manager.cc:1434] T 5c059fd19bc746808ad3b7c7833194f5 P 06aaa925df434042870ef03e557819ce: Time spent starting tablet: real 0.013s	user 0.004s	sys 0.005s
