I20260630 12:11:25.214377  1300 tablet_bootstrap.cc:654] T 5604d0a8852d419284ea5eb4ae41ead9 P b3781d5c8a8e416787a73c38bd92c67b: Neither blocks nor log segments found. Creating new log.
I20260630 12:11:25.215031  1299 tablet_bootstrap.cc:492] T 7a7753f5f5844072b1ff4cd773e4280d P f5f2dc1ade7b4c3eb0564d368c06a467: No bootstrap required, opened a new log
I20260630 12:11:25.215601  1299 ts_tablet_manager.cc:1403] T 7a7753f5f5844072b1ff4cd773e4280d P f5f2dc1ade7b4c3eb0564d368c06a467: Time spent bootstrapping tablet: real 0.022s	user 0.014s	sys 0.000s
I20260630 12:11:25.218326  1299 raft_consensus.cc:359] T 7a7753f5f5844072b1ff4cd773e4280d P f5f2dc1ade7b4c3eb0564d368c06a467 [term 0 FOLLOWER]: Replica starting. Triggering 0 pending ops. Active config: opid_index: -1 OBSOLETE_local: false peers { permanent_uuid: "81aa226e6da047709bab8ac1f180f592" member_type: VOTER last_known_addr { host: "127.0.107.193" port: 40713 } } peers { permanent_uuid: "b3781d5c8a8e416787a73c38bd92c67b" member_type: VOTER last_known_addr { host: "127.0.107.194" port: 34867 } } peers { permanent_uuid: "f5f2dc1ade7b4c3eb0564d368c06a467" member_type: VOTER last_known_addr { host: "127.0.107.195" port: 36693 } }
I20260630 12:11:25.219211  1299 raft_consensus.cc:385] T 7a7753f5f5844072b1ff4cd773e4280d P f5f2dc1ade7b4c3eb0564d368c06a467 [term 0 FOLLOWER]: Consensus starting up: Expiring failure detector timer to make a prompt election more likely
I20260630 12:11:25.219571  1299 raft_consensus.cc:740] T 7a7753f5f5844072b1ff4cd773e4280d P f5f2dc1ade7b4c3eb0564d368c06a467 [term 0 FOLLOWER]: Becoming Follower/Learner. State: Replica: f5f2dc1ade7b4c3eb0564d368c06a467, State: Initialized, Role: FOLLOWER
I20260630 12:11:25.220208  1302 ts_tablet_manager.cc:1434] T 5604d0a8852d419284ea5eb4ae41ead9 P 81aa226e6da047709bab8ac1f180f592: Time spent starting tablet: real 0.015s	user 0.011s	sys 0.003s
I20260630 12:11:25.220461  1299 consensus_queue.cc:260] T 7a7753f5f5844072b1ff4cd773e4280d P f5f2dc1ade7b4c3eb0564d368c06a467 [NON_LEADER]: Queue going to NON_LEADER mode. State: All replicated index: 0, Majority replicated index: 0, Committed index: 0, Last appended: 0.0, Last appended by leader: 0, Current term: 0, Majority size: -1, State: 0, Mode: NON_LEADER, active raft config: opid_index: -1 OBSOLETE_local: false peers { permanent_uuid: "81aa226e6da047709bab8ac1f180f592" member_type: VOTER last_known_addr { host: "127.0.107.193" port: 40713 } } peers { permanent_uuid: "b3781d5c8a8e416787a73c38bd92c67b" member_type: VOTER last_known_addr { host: "127.0.107.194" port: 34867 } } peers { permanent_uuid: "f5f2dc1ade7b4c3eb0564d368c06a467" member_type: VOTER last_known_addr { host: "127.0.107.195" port: 36693 } }
I20260630 12:11:25.223732  1302 tablet_bootstrap.cc:492] T 9037a27528d643d5b483b2d88f291de4 P 81aa226e6da047709bab8ac1f180f592: Bootstrap starting.
I20260630 12:11:25.225545  1299 ts_tablet_manager.cc:1434] T 7a7753f5f5844072b1ff4cd773e4280d P f5f2dc1ade7b4c3eb0564d368c06a467: Time spent starting tablet: real 0.010s	user 0.005s	sys 0.000s
I20260630 12:11:25.226744  1299 tablet_bootstrap.cc:492] T e0ff2187bb944ce39d8d9cdd34d2ccd2 P f5f2dc1ade7b4c3eb0564d368c06a467: Bootstrap starting.
I20260630 12:11:25.232573  1299 tablet_bootstrap.cc:654] T e0ff2187bb944ce39d8d9cdd34d2ccd2 P f5f2dc1ade7b4c3eb0564d368c06a467: Neither blocks nor log segments found. Creating new log.
I20260630 12:11:25.233366  1302 tablet_bootstrap.cc:654] T 9037a27528d643d5b483b2d88f291de4 P 81aa226e6da047709bab8ac1f180f592: Neither blocks nor log segments found. Creating new log.
I20260630 12:11:25.243901  1302 tablet_bootstrap.cc:492] T 9037a27528d643d5b483b2d88f291de4 P 81aa226e6da047709bab8ac1f180f592: No bootstrap required, opened a new log
I20260630 12:11:25.244642  1302 ts_tablet_manager.cc:1403] T 9037a27528d643d5b483b2d88f291de4 P 81aa226e6da047709bab8ac1f180f592: Time spent bootstrapping tablet: real 0.021s	user 0.011s	sys 0.005s
I20260630 12:11:25.248482  1302 raft_consensus.cc:359] T 9037a27528d643d5b483b2d88f291de4 P 81aa226e6da047709bab8ac1f180f592 [term 0 FOLLOWER]: Replica starting. Triggering 0 pending ops. Active config: opid_index: -1 OBSOLETE_local: false peers { permanent_uuid: "81aa226e6da047709bab8ac1f180f592" member_type: VOTER last_known_addr { host: "127.0.107.193" port: 40713 } } peers { permanent_uuid: "b3781d5c8a8e416787a73c38bd92c67b" member_type: VOTER last_known_addr { host: "127.0.107.194" port: 34867 } } peers { permanent_uuid: "f5f2dc1ade7b4c3eb0564d368c06a467" member_type: VOTER last_known_addr { host: "127.0.107.195" port: 36693 } }
I20260630 12:11:25.249557  1302 raft_consensus.cc:385] T 9037a27528d643d5b483b2d88f291de4 P 81aa226e6da047709bab8ac1f180f592 [term 0 FOLLOWER]: Consensus starting up: Expiring failure detector timer to make a prompt election more likely
I20260630 12:11:25.249976  1302 raft_consensus.cc:740] T 9037a27528d643d5b483b2d88f291de4 P 81aa226e6da047709bab8ac1f180f592 [term 0 FOLLOWER]: Becoming Follower/Learner. State: Replica: 81aa226e6da047709bab8ac1f180f592, State: Initialized, Role: FOLLOWER
I20260630 12:11:25.252750  1302 consensus_queue.cc:260] T 9037a27528d643d5b483b2d88f291de4 P 81aa226e6da047709bab8ac1f180f592 [NON_LEADER]: Queue going to NON_LEADER mode. State: All replicated index: 0, Majority replicated index: 0, Committed index: 0, Last appended: 0.0, Last appended by leader: 0, Current term: 0, Majority size: -1, State: 0, Mode: NON_LEADER, active raft config: opid_index: -1 OBSOLETE_local: false peers { permanent_uuid: "81aa226e6da047709bab8ac1f180f592" member_type: VOTER last_known_addr { host: "127.0.107.193" port: 40713 } } peers { permanent_uuid: "b3781d5c8a8e416787a73c38bd92c67b" member_type: VOTER last_known_addr { host: "127.0.107.194" port: 34867 } } peers { permanent_uuid: "f5f2dc1ade7b4c3eb0564d368c06a467" member_type: VOTER last_known_addr { host: "127.0.107.195" port: 36693 } }
I20260630 12:11:25.254016  1299 tablet_bootstrap.cc:492] T e0ff2187bb944ce39d8d9cdd34d2ccd2 P f5f2dc1ade7b4c3eb0564d368c06a467: No bootstrap required, opened a new log
I20260630 12:11:25.254477  1300 tablet_bootstrap.cc:492] T 5604d0a8852d419284ea5eb4ae41ead9 P b3781d5c8a8e416787a73c38bd92c67b: No bootstrap required, opened a new log
I20260630 12:11:25.254535  1304 raft_consensus.cc:493] T 7a7753f5f5844072b1ff4cd773e4280d P f5f2dc1ade7b4c3eb0564d368c06a467 [term 0 FOLLOWER]: Starting pre-election (no leader contacted us within the election timeout)
I20260630 12:11:25.255100  1300 ts_tablet_manager.cc:1403] T 5604d0a8852d419284ea5eb4ae41ead9 P b3781d5c8a8e416787a73c38bd92c67b: Time spent bootstrapping tablet: real 0.047s	user 0.032s	sys 0.013s
I20260630 12:11:25.255156  1304 raft_consensus.cc:515] T 7a7753f5f5844072b1ff4cd773e4280d P f5f2dc1ade7b4c3eb0564d368c06a467 [term 0 FOLLOWER]: Starting pre-election with config: opid_index: -1 OBSOLETE_local: false peers { permanent_uuid: "81aa226e6da047709bab8ac1f180f592" member_type: VOTER last_known_addr { host: "127.0.107.193" port: 40713 } } peers { permanent_uuid: "b3781d5c8a8e416787a73c38bd92c67b" member_type: VOTER last_known_addr { host: "127.0.107.194" port: 34867 } } peers { permanent_uuid: "f5f2dc1ade7b4c3eb0564d368c06a467" member_type: VOTER last_known_addr { host: "127.0.107.195" port: 36693 } }
I20260630 12:11:25.257441  1302 ts_tablet_manager.cc:1434] T 9037a27528d643d5b483b2d88f291de4 P 81aa226e6da047709bab8ac1f180f592: Time spent starting tablet: real 0.012s	user 0.005s	sys 0.005s
I20260630 12:11:25.254576  1299 ts_tablet_manager.cc:1403] T e0ff2187bb944ce39d8d9cdd34d2ccd2 P f5f2dc1ade7b4c3eb0564d368c06a467: Time spent bootstrapping tablet: real 0.028s	user 0.015s	sys 0.012s
I20260630 12:11:25.258447  1302 tablet_bootstrap.cc:492] T e0ff2187bb944ce39d8d9cdd34d2ccd2 P 81aa226e6da047709bab8ac1f180f592: Bootstrap starting.
I20260630 12:11:25.258584  1300 raft_consensus.cc:359] T 5604d0a8852d419284ea5eb4ae41ead9 P b3781d5c8a8e416787a73c38bd92c67b [term 0 FOLLOWER]: Replica starting. Triggering 0 pending ops. Active config: opid_index: -1 OBSOLETE_local: false peers { permanent_uuid: "81aa226e6da047709bab8ac1f180f592" member_type: VOTER last_known_addr { host: "127.0.107.193" port: 40713 } } peers { permanent_uuid: "b3781d5c8a8e416787a73c38bd92c67b" member_type: VOTER last_known_addr { host: "127.0.107.194" port: 34867 } } peers { permanent_uuid: "f5f2dc1ade7b4c3eb0564d368c06a467" member_type: VOTER last_known_addr { host: "127.0.107.195" port: 36693 } }
I20260630 12:11:25.259378  1300 raft_consensus.cc:385] T 5604d0a8852d419284ea5eb4ae41ead9 P b3781d5c8a8e416787a73c38bd92c67b [term 0 FOLLOWER]: Consensus starting up: Expiring failure detector timer to make a prompt election more likely
I20260630 12:11:25.259763  1300 raft_consensus.cc:740] T 5604d0a8852d419284ea5eb4ae41ead9 P b3781d5c8a8e416787a73c38bd92c67b [term 0 FOLLOWER]: Becoming Follower/Learner. State: Replica: b3781d5c8a8e416787a73c38bd92c67b, State: Initialized, Role: FOLLOWER
I20260630 12:11:25.260500  1299 raft_consensus.cc:359] T e0ff2187bb944ce39d8d9cdd34d2ccd2 P f5f2dc1ade7b4c3eb0564d368c06a467 [term 0 FOLLOWER]: Replica starting. Triggering 0 pending ops. Active config: opid_index: -1 OBSOLETE_local: false peers { permanent_uuid: "f5f2dc1ade7b4c3eb0564d368c06a467" member_type: VOTER last_known_addr { host: "127.0.107.195" port: 36693 } } peers { permanent_uuid: "b3781d5c8a8e416787a73c38bd92c67b" member_type: VOTER last_known_addr { host: "127.0.107.194" port: 34867 } } peers { permanent_uuid: "81aa226e6da047709bab8ac1f180f592" member_type: VOTER last_known_addr { host: "127.0.107.193" port: 40713 } }
I20260630 12:11:25.261277  1299 raft_consensus.cc:385] T e0ff2187bb944ce39d8d9cdd34d2ccd2 P f5f2dc1ade7b4c3eb0564d368c06a467 [term 0 FOLLOWER]: Consensus starting up: Expiring failure detector timer to make a prompt election more likely
I20260630 12:11:25.260911  1300 consensus_queue.cc:260] T 5604d0a8852d419284ea5eb4ae41ead9 P b3781d5c8a8e416787a73c38bd92c67b [NON_LEADER]: Queue going to NON_LEADER mode. State: All replicated index: 0, Majority replicated index: 0, Committed index: 0, Last appended: 0.0, Last appended by leader: 0, Current term: 0, Majority size: -1, State: 0, Mode: NON_LEADER, active raft config: opid_index: -1 OBSOLETE_local: false peers { permanent_uuid: "81aa226e6da047709bab8ac1f180f592" member_type: VOTER last_known_addr { host: "127.0.107.193" port: 40713 } } peers { permanent_uuid: "b3781d5c8a8e416787a73c38bd92c67b" member_type: VOTER last_known_addr { host: "127.0.107.194" port: 34867 } } peers { permanent_uuid: "f5f2dc1ade7b4c3eb0564d368c06a467" member_type: VOTER last_known_addr { host: "127.0.107.195" port: 36693 } }
I20260630 12:11:25.261577  1299 raft_consensus.cc:740] T e0ff2187bb944ce39d8d9cdd34d2ccd2 P f5f2dc1ade7b4c3eb0564d368c06a467 [term 0 FOLLOWER]: Becoming Follower/Learner. State: Replica: f5f2dc1ade7b4c3eb0564d368c06a467, State: Initialized, Role: FOLLOWER
I20260630 12:11:25.263443  1300 ts_tablet_manager.cc:1434] T 5604d0a8852d419284ea5eb4ae41ead9 P b3781d5c8a8e416787a73c38bd92c67b: Time spent starting tablet: real 0.008s	user 0.008s	sys 0.000s
I20260630 12:11:25.264590  1300 tablet_bootstrap.cc:492] T 7a7753f5f5844072b1ff4cd773e4280d P b3781d5c8a8e416787a73c38bd92c67b: Bootstrap starting.
I20260630 12:11:25.265311  1302 tablet_bootstrap.cc:654] T e0ff2187bb944ce39d8d9cdd34d2ccd2 P 81aa226e6da047709bab8ac1f180f592: Neither blocks nor log segments found. Creating new log.
I20260630 12:11:25.268857  1304 leader_election.cc:290] T 7a7753f5f5844072b1ff4cd773e4280d P f5f2dc1ade7b4c3eb0564d368c06a467 [CANDIDATE]: Term 1 pre-election: Requested pre-vote from peers 81aa226e6da047709bab8ac1f180f592 (127.0.107.193:40713), b3781d5c8a8e416787a73c38bd92c67b (127.0.107.194:34867)
I20260630 12:11:25.271456  1300 tablet_bootstrap.cc:654] T 7a7753f5f5844072b1ff4cd773e4280d P b3781d5c8a8e416787a73c38bd92c67b: Neither blocks nor log segments found. Creating new log.
I20260630 12:11:25.274786  1299 consensus_queue.cc:260] T e0ff2187bb944ce39d8d9cdd34d2ccd2 P f5f2dc1ade7b4c3eb0564d368c06a467 [NON_LEADER]: Queue going to NON_LEADER mode. State: All replicated index: 0, Majority replicated index: 0, Committed index: 0, Last appended: 0.0, Last appended by leader: 0, Current term: 0, Majority size: -1, State: 0, Mode: NON_LEADER, active raft config: opid_index: -1 OBSOLETE_local: false peers { permanent_uuid: "f5f2dc1ade7b4c3eb0564d368c06a467" member_type: VOTER last_known_addr { host: "127.0.107.195" port: 36693 } } peers { permanent_uuid: "b3781d5c8a8e416787a73c38bd92c67b" member_type: VOTER last_known_addr { host: "127.0.107.194" port: 34867 } } peers { permanent_uuid: "81aa226e6da047709bab8ac1f180f592" member_type: VOTER last_known_addr { host: "127.0.107.193" port: 40713 } }
I20260630 12:11:25.276953  1302 tablet_bootstrap.cc:492] T e0ff2187bb944ce39d8d9cdd34d2ccd2 P 81aa226e6da047709bab8ac1f180f592: No bootstrap required, opened a new log
I20260630 12:11:25.277494  1302 ts_tablet_manager.cc:1403] T e0ff2187bb944ce39d8d9cdd34d2ccd2 P 81aa226e6da047709bab8ac1f180f592: Time spent bootstrapping tablet: real 0.019s	user 0.012s	sys 0.004s
I20260630 12:11:25.278631  1299 ts_tablet_manager.cc:1434] T e0ff2187bb944ce39d8d9cdd34d2ccd2 P f5f2dc1ade7b4c3eb0564d368c06a467: Time spent starting tablet: real 0.021s	user 0.007s	sys 0.000s
I20260630 12:11:25.280170  1302 raft_consensus.cc:359] T e0ff2187bb944ce39d8d9cdd34d2ccd2 P 81aa226e6da047709bab8ac1f180f592 [term 0 FOLLOWER]: Replica starting. Triggering 0 pending ops. Active config: opid_index: -1 OBSOLETE_local: false peers { permanent_uuid: "f5f2dc1ade7b4c3eb0564d368c06a467" member_type: VOTER last_known_addr { host: "127.0.107.195" port: 36693 } } peers { permanent_uuid: "b3781d5c8a8e416787a73c38bd92c67b" member_type: VOTER last_known_addr { host: "127.0.107.194" port: 34867 } } peers { permanent_uuid: "81aa226e6da047709bab8ac1f180f592" member_type: VOTER last_known_addr { host: "127.0.107.193" port: 40713 } }
I20260630 12:11:25.281455  1302 raft_consensus.cc:385] T e0ff2187bb944ce39d8d9cdd34d2ccd2 P 81aa226e6da047709bab8ac1f180f592 [term 0 FOLLOWER]: Consensus starting up: Expiring failure detector timer to make a prompt election more likely
I20260630 12:11:25.281780  1302 raft_consensus.cc:740] T e0ff2187bb944ce39d8d9cdd34d2ccd2 P 81aa226e6da047709bab8ac1f180f592 [term 0 FOLLOWER]: Becoming Follower/Learner. State: Replica: 81aa226e6da047709bab8ac1f180f592, State: Initialized, Role: FOLLOWER
I20260630 12:11:25.282475  1299 tablet_bootstrap.cc:492] T e591b3b133244bf7a254b28347c5242c P f5f2dc1ade7b4c3eb0564d368c06a467: Bootstrap starting.
I20260630 12:11:25.282743  1302 consensus_queue.cc:260] T e0ff2187bb944ce39d8d9cdd34d2ccd2 P 81aa226e6da047709bab8ac1f180f592 [NON_LEADER]: Queue going to NON_LEADER mode. State: All replicated index: 0, Majority replicated index: 0, Committed index: 0, Last appended: 0.0, Last appended by leader: 0, Current term: 0, Majority size: -1, State: 0, Mode: NON_LEADER, active raft config: opid_index: -1 OBSOLETE_local: false peers { permanent_uuid: "f5f2dc1ade7b4c3eb0564d368c06a467" member_type: VOTER last_known_addr { host: "127.0.107.195" port: 36693 } } peers { permanent_uuid: "b3781d5c8a8e416787a73c38bd92c67b" member_type: VOTER last_known_addr { host: "127.0.107.194" port: 34867 } } peers { permanent_uuid: "81aa226e6da047709bab8ac1f180f592" member_type: VOTER last_known_addr { host: "127.0.107.193" port: 40713 } }
I20260630 12:11:25.285199  1302 ts_tablet_manager.cc:1434] T e0ff2187bb944ce39d8d9cdd34d2ccd2 P 81aa226e6da047709bab8ac1f180f592: Time spent starting tablet: real 0.007s	user 0.008s	sys 0.000s
I20260630 12:11:25.286640  1302 tablet_bootstrap.cc:492] T e591b3b133244bf7a254b28347c5242c P 81aa226e6da047709bab8ac1f180f592: Bootstrap starting.
I20260630 12:11:25.293085  1299 tablet_bootstrap.cc:654] T e591b3b133244bf7a254b28347c5242c P f5f2dc1ade7b4c3eb0564d368c06a467: Neither blocks nor log segments found. Creating new log.
I20260630 12:11:25.294886  1302 tablet_bootstrap.cc:654] T e591b3b133244bf7a254b28347c5242c P 81aa226e6da047709bab8ac1f180f592: Neither blocks nor log segments found. Creating new log.
I20260630 12:11:25.301900  1302 tablet_bootstrap.cc:492] T e591b3b133244bf7a254b28347c5242c P 81aa226e6da047709bab8ac1f180f592: No bootstrap required, opened a new log
I20260630 12:11:25.302583  1302 ts_tablet_manager.cc:1403] T e591b3b133244bf7a254b28347c5242c P 81aa226e6da047709bab8ac1f180f592: Time spent bootstrapping tablet: real 0.016s	user 0.005s	sys 0.005s
I20260630 12:11:25.305979  1105 tablet_service.cc:1917] Received RequestConsensusVote() RPC: tablet_id: "7a7753f5f5844072b1ff4cd773e4280d" candidate_uuid: "f5f2dc1ade7b4c3eb0564d368c06a467" candidate_term: 1 candidate_status { last_received { term: 0 index: 0 } } ignore_live_leader: false dest_uuid: "81aa226e6da047709bab8ac1f180f592" is_pre_election: true
I20260630 12:11:25.306296  1302 raft_consensus.cc:359] T e591b3b133244bf7a254b28347c5242c P 81aa226e6da047709bab8ac1f180f592 [term 0 FOLLOWER]: Replica starting. Triggering 0 pending ops. Active config: opid_index: -1 OBSOLETE_local: false peers { permanent_uuid: "81aa226e6da047709bab8ac1f180f592" member_type: VOTER last_known_addr { host: "127.0.107.193" port: 40713 } } peers { permanent_uuid: "b3781d5c8a8e416787a73c38bd92c67b" member_type: VOTER last_known_addr { host: "127.0.107.194" port: 34867 } } peers { permanent_uuid: "f5f2dc1ade7b4c3eb0564d368c06a467" member_type: VOTER last_known_addr { host: "127.0.107.195" port: 36693 } }
I20260630 12:11:25.307595  1299 tablet_bootstrap.cc:492] T e591b3b133244bf7a254b28347c5242c P f5f2dc1ade7b4c3eb0564d368c06a467: No bootstrap required, opened a new log
I20260630 12:11:25.308593  1299 ts_tablet_manager.cc:1403] T e591b3b133244bf7a254b28347c5242c P f5f2dc1ade7b4c3eb0564d368c06a467: Time spent bootstrapping tablet: real 0.028s	user 0.012s	sys 0.000s
I20260630 12:11:25.307359  1302 raft_consensus.cc:385] T e591b3b133244bf7a254b28347c5242c P 81aa226e6da047709bab8ac1f180f592 [term 0 FOLLOWER]: Consensus starting up: Expiring failure detector timer to make a prompt election more likely
I20260630 12:11:25.309657  1302 raft_consensus.cc:740] T e591b3b133244bf7a254b28347c5242c P 81aa226e6da047709bab8ac1f180f592 [term 0 FOLLOWER]: Becoming Follower/Learner. State: Replica: 81aa226e6da047709bab8ac1f180f592, State: Initialized, Role: FOLLOWER
I20260630 12:11:25.310648  1302 consensus_queue.cc:260] T e591b3b133244bf7a254b28347c5242c P 81aa226e6da047709bab8ac1f180f592 [NON_LEADER]: Queue going to NON_LEADER mode. State: All replicated index: 0, Majority replicated index: 0, Committed index: 0, Last appended: 0.0, Last appended by leader: 0, Current term: 0, Majority size: -1, State: 0, Mode: NON_LEADER, active raft config: opid_index: -1 OBSOLETE_local: false peers { permanent_uuid: "81aa226e6da047709bab8ac1f180f592" member_type: VOTER last_known_addr { host: "127.0.107.193" port: 40713 } } peers { permanent_uuid: "b3781d5c8a8e416787a73c38bd92c67b" member_type: VOTER last_known_addr { host: "127.0.107.194" port: 34867 } } peers { permanent_uuid: "f5f2dc1ade7b4c3eb0564d368c06a467" member_type: VOTER last_known_addr { host: "127.0.107.195" port: 36693 } }
I20260630 12:11:25.313989  1302 ts_tablet_manager.cc:1434] T e591b3b133244bf7a254b28347c5242c P 81aa226e6da047709bab8ac1f180f592: Time spent starting tablet: real 0.010s	user 0.007s	sys 0.000s
I20260630 12:11:25.315409  1302 tablet_bootstrap.cc:492] T 7a7753f5f5844072b1ff4cd773e4280d P 81aa226e6da047709bab8ac1f180f592: Bootstrap starting.
I20260630 12:11:25.313829  1299 raft_consensus.cc:359] T e591b3b133244bf7a254b28347c5242c P f5f2dc1ade7b4c3eb0564d368c06a467 [term 0 FOLLOWER]: Replica starting. Triggering 0 pending ops. Active config: opid_index: -1 OBSOLETE_local: false peers { permanent_uuid: "81aa226e6da047709bab8ac1f180f592" member_type: VOTER last_known_addr { host: "127.0.107.193" port: 40713 } } peers { permanent_uuid: "b3781d5c8a8e416787a73c38bd92c67b" member_type: VOTER last_known_addr { host: "127.0.107.194" port: 34867 } } peers { permanent_uuid: "f5f2dc1ade7b4c3eb0564d368c06a467" member_type: VOTER last_known_addr { host: "127.0.107.195" port: 36693 } }
I20260630 12:11:25.316783  1299 raft_consensus.cc:385] T e591b3b133244bf7a254b28347c5242c P f5f2dc1ade7b4c3eb0564d368c06a467 [term 0 FOLLOWER]: Consensus starting up: Expiring failure detector timer to make a prompt election more likely
I20260630 12:11:25.317109  1308 raft_consensus.cc:493] T e591b3b133244bf7a254b28347c5242c P 81aa226e6da047709bab8ac1f180f592 [term 0 FOLLOWER]: Starting pre-election (no leader contacted us within the election timeout)
I20260630 12:11:25.317693  1308 raft_consensus.cc:515] T e591b3b133244bf7a254b28347c5242c P 81aa226e6da047709bab8ac1f180f592 [term 0 FOLLOWER]: Starting pre-election with config: opid_index: -1 OBSOLETE_local: false peers { permanent_uuid: "81aa226e6da047709bab8ac1f180f592" member_type: VOTER last_known_addr { host: "127.0.107.193" port: 40713 } } peers { permanent_uuid: "b3781d5c8a8e416787a73c38bd92c67b" member_type: VOTER last_known_addr { host: "127.0.107.194" port: 34867 } } peers { permanent_uuid: "f5f2dc1ade7b4c3eb0564d368c06a467" member_type: VOTER last_known_addr { host: "127.0.107.195" port: 36693 } }
I20260630 12:11:25.323736  1302 tablet_bootstrap.cc:654] T 7a7753f5f5844072b1ff4cd773e4280d P 81aa226e6da047709bab8ac1f180f592: Neither blocks nor log segments found. Creating new log.
W20260630 12:11:25.324610  1219 leader_election.cc:343] T 7a7753f5f5844072b1ff4cd773e4280d P f5f2dc1ade7b4c3eb0564d368c06a467 [CANDIDATE]: Term 1 pre-election: Tablet error from VoteRequest() call to peer 81aa226e6da047709bab8ac1f180f592 (127.0.107.193:40713): Illegal state: must be running to vote when last-logged opid is not known
I20260630 12:11:25.325690  1308 leader_election.cc:290] T e591b3b133244bf7a254b28347c5242c P 81aa226e6da047709bab8ac1f180f592 [CANDIDATE]: Term 1 pre-election: Requested pre-vote from peers b3781d5c8a8e416787a73c38bd92c67b (127.0.107.194:34867), f5f2dc1ade7b4c3eb0564d368c06a467 (127.0.107.195:36693)
I20260630 12:11:25.330914  1300 tablet_bootstrap.cc:492] T 7a7753f5f5844072b1ff4cd773e4280d P b3781d5c8a8e416787a73c38bd92c67b: No bootstrap required, opened a new log
I20260630 12:11:25.331116  1302 tablet_bootstrap.cc:492] T 7a7753f5f5844072b1ff4cd773e4280d P 81aa226e6da047709bab8ac1f180f592: No bootstrap required, opened a new log
I20260630 12:11:25.331521  1302 ts_tablet_manager.cc:1403] T 7a7753f5f5844072b1ff4cd773e4280d P 81aa226e6da047709bab8ac1f180f592: Time spent bootstrapping tablet: real 0.016s	user 0.011s	sys 0.004s
I20260630 12:11:25.331490  1300 ts_tablet_manager.cc:1403] T 7a7753f5f5844072b1ff4cd773e4280d P b3781d5c8a8e416787a73c38bd92c67b: Time spent bootstrapping tablet: real 0.067s	user 0.020s	sys 0.024s
I20260630 12:11:25.332962  1299 raft_consensus.cc:740] T e591b3b133244bf7a254b28347c5242c P f5f2dc1ade7b4c3eb0564d368c06a467 [term 0 FOLLOWER]: Becoming Follower/Learner. State: Replica: f5f2dc1ade7b4c3eb0564d368c06a467, State: Initialized, Role: FOLLOWER
I20260630 12:11:25.333766  1299 consensus_queue.cc:260] T e591b3b133244bf7a254b28347c5242c P f5f2dc1ade7b4c3eb0564d368c06a467 [NON_LEADER]: Queue going to NON_LEADER mode. State: All replicated index: 0, Majority replicated index: 0, Committed index: 0, Last appended: 0.0, Last appended by leader: 0, Current term: 0, Majority size: -1, State: 0, Mode: NON_LEADER, active raft config: opid_index: -1 OBSOLETE_local: false peers { permanent_uuid: "81aa226e6da047709bab8ac1f180f592" member_type: VOTER last_known_addr { host: "127.0.107.193" port: 40713 } } peers { permanent_uuid: "b3781d5c8a8e416787a73c38bd92c67b" member_type: VOTER last_known_addr { host: "127.0.107.194" port: 34867 } } peers { permanent_uuid: "f5f2dc1ade7b4c3eb0564d368c06a467" member_type: VOTER last_known_addr { host: "127.0.107.195" port: 36693 } }
I20260630 12:11:25.334910  1300 raft_consensus.cc:359] T 7a7753f5f5844072b1ff4cd773e4280d P b3781d5c8a8e416787a73c38bd92c67b [term 0 FOLLOWER]: Replica starting. Triggering 0 pending ops. Active config: opid_index: -1 OBSOLETE_local: false peers { permanent_uuid: "81aa226e6da047709bab8ac1f180f592" member_type: VOTER last_known_addr { host: "127.0.107.193" port: 40713 } } peers { permanent_uuid: "b3781d5c8a8e416787a73c38bd92c67b" member_type: VOTER last_known_addr { host: "127.0.107.194" port: 34867 } } peers { permanent_uuid: "f5f2dc1ade7b4c3eb0564d368c06a467" member_type: VOTER last_known_addr { host: "127.0.107.195" port: 36693 } }
I20260630 12:11:25.335093  1302 raft_consensus.cc:359] T 7a7753f5f5844072b1ff4cd773e4280d P 81aa226e6da047709bab8ac1f180f592 [term 0 FOLLOWER]: Replica starting. Triggering 0 pending ops. Active config: opid_index: -1 OBSOLETE_local: false peers { permanent_uuid: "81aa226e6da047709bab8ac1f180f592" member_type: VOTER last_known_addr { host: "127.0.107.193" port: 40713 } } peers { permanent_uuid: "b3781d5c8a8e416787a73c38bd92c67b" member_type: VOTER last_known_addr { host: "127.0.107.194" port: 34867 } } peers { permanent_uuid: "f5f2dc1ade7b4c3eb0564d368c06a467" member_type: VOTER last_known_addr { host: "127.0.107.195" port: 36693 } }
I20260630 12:11:25.335703  1300 raft_consensus.cc:385] T 7a7753f5f5844072b1ff4cd773e4280d P b3781d5c8a8e416787a73c38bd92c67b [term 0 FOLLOWER]: Consensus starting up: Expiring failure detector timer to make a prompt election more likely
I20260630 12:11:25.335762  1302 raft_consensus.cc:385] T 7a7753f5f5844072b1ff4cd773e4280d P 81aa226e6da047709bab8ac1f180f592 [term 0 FOLLOWER]: Consensus starting up: Expiring failure detector timer to make a prompt election more likely
I20260630 12:11:25.336051  1299 ts_tablet_manager.cc:1434] T e591b3b133244bf7a254b28347c5242c P f5f2dc1ade7b4c3eb0564d368c06a467: Time spent starting tablet: real 0.027s	user 0.006s	sys 0.000s
I20260630 12:11:25.336192  1302 raft_consensus.cc:740] T 7a7753f5f5844072b1ff4cd773e4280d P 81aa226e6da047709bab8ac1f180f592 [term 0 FOLLOWER]: Becoming Follower/Learner. State: Replica: 81aa226e6da047709bab8ac1f180f592, State: Initialized, Role: FOLLOWER
I20260630 12:11:25.336158  1300 raft_consensus.cc:740] T 7a7753f5f5844072b1ff4cd773e4280d P b3781d5c8a8e416787a73c38bd92c67b [term 0 FOLLOWER]: Becoming Follower/Learner. State: Replica: b3781d5c8a8e416787a73c38bd92c67b, State: Initialized, Role: FOLLOWER
I20260630 12:11:25.337329  1299 tablet_bootstrap.cc:492] T 2d6ae4a39da94322b1d19b49991cc123 P f5f2dc1ade7b4c3eb0564d368c06a467: Bootstrap starting.
I20260630 12:11:25.337152  1302 consensus_queue.cc:260] T 7a7753f5f5844072b1ff4cd773e4280d P 81aa226e6da047709bab8ac1f180f592 [NON_LEADER]: Queue going to NON_LEADER mode. State: All replicated index: 0, Majority replicated index: 0, Committed index: 0, Last appended: 0.0, Last appended by leader: 0, Current term: 0, Majority size: -1, State: 0, Mode: NON_LEADER, active raft config: opid_index: -1 OBSOLETE_local: false peers { permanent_uuid: "81aa226e6da047709bab8ac1f180f592" member_type: VOTER last_known_addr { host: "127.0.107.193" port: 40713 } } peers { permanent_uuid: "b3781d5c8a8e416787a73c38bd92c67b" member_type: VOTER last_known_addr { host: "127.0.107.194" port: 34867 } } peers { permanent_uuid: "f5f2dc1ade7b4c3eb0564d368c06a467" member_type: VOTER last_known_addr { host: "127.0.107.195" port: 36693 } }
I20260630 12:11:25.337307  1300 consensus_queue.cc:260] T 7a7753f5f5844072b1ff4cd773e4280d P b3781d5c8a8e416787a73c38bd92c67b [NON_LEADER]: Queue going to NON_LEADER mode. State: All replicated index: 0, Majority replicated index: 0, Committed index: 0, Last appended: 0.0, Last appended by leader: 0, Current term: 0, Majority size: -1, State: 0, Mode: NON_LEADER, active raft config: opid_index: -1 OBSOLETE_local: false peers { permanent_uuid: "81aa226e6da047709bab8ac1f180f592" member_type: VOTER last_known_addr { host: "127.0.107.193" port: 40713 } } peers { permanent_uuid: "b3781d5c8a8e416787a73c38bd92c67b" member_type: VOTER last_known_addr { host: "127.0.107.194" port: 34867 } } peers { permanent_uuid: "f5f2dc1ade7b4c3eb0564d368c06a467" member_type: VOTER last_known_addr { host: "127.0.107.195" port: 36693 } }
I20260630 12:11:25.339497  1302 ts_tablet_manager.cc:1434] T 7a7753f5f5844072b1ff4cd773e4280d P 81aa226e6da047709bab8ac1f180f592: Time spent starting tablet: real 0.007s	user 0.007s	sys 0.000s
I20260630 12:11:25.342403  1300 ts_tablet_manager.cc:1434] T 7a7753f5f5844072b1ff4cd773e4280d P b3781d5c8a8e416787a73c38bd92c67b: Time spent starting tablet: real 0.010s	user 0.006s	sys 0.000s
I20260630 12:11:25.343075  1302 tablet_bootstrap.cc:492] T 9945a97d594f44989f6d5d6d61dc99d0 P 81aa226e6da047709bab8ac1f180f592: Bootstrap starting.
I20260630 12:11:25.343408  1300 tablet_bootstrap.cc:492] T 2d6ae4a39da94322b1d19b49991cc123 P b3781d5c8a8e416787a73c38bd92c67b: Bootstrap starting.
I20260630 12:11:25.350239  1300 tablet_bootstrap.cc:654] T 2d6ae4a39da94322b1d19b49991cc123 P b3781d5c8a8e416787a73c38bd92c67b: Neither blocks nor log segments found. Creating new log.
I20260630 12:11:25.350239  1302 tablet_bootstrap.cc:654] T 9945a97d594f44989f6d5d6d61dc99d0 P 81aa226e6da047709bab8ac1f180f592: Neither blocks nor log segments found. Creating new log.
I20260630 12:11:25.353840  1180 tablet_service.cc:1917] Received RequestConsensusVote() RPC: tablet_id: "7a7753f5f5844072b1ff4cd773e4280d" candidate_uuid: "f5f2dc1ade7b4c3eb0564d368c06a467" candidate_term: 1 candidate_status { last_received { term: 0 index: 0 } } ignore_live_leader: false dest_uuid: "b3781d5c8a8e416787a73c38bd92c67b" is_pre_election: true
I20260630 12:11:25.354861  1180 raft_consensus.cc:2468] T 7a7753f5f5844072b1ff4cd773e4280d P b3781d5c8a8e416787a73c38bd92c67b [term 0 FOLLOWER]: Leader pre-election vote request: Granting yes vote for candidate f5f2dc1ade7b4c3eb0564d368c06a467 in term 0.
I20260630 12:11:25.356983  1218 leader_election.cc:304] T 7a7753f5f5844072b1ff4cd773e4280d P f5f2dc1ade7b4c3eb0564d368c06a467 [CANDIDATE]: Term 1 pre-election: Election decided. Result: candidate won. Election summary: received 3 responses out of 3 voters: 2 yes votes; 1 no votes. yes voters: b3781d5c8a8e416787a73c38bd92c67b, f5f2dc1ade7b4c3eb0564d368c06a467; no voters: 81aa226e6da047709bab8ac1f180f592
I20260630 12:11:25.363037  1304 raft_consensus.cc:2804] T 7a7753f5f5844072b1ff4cd773e4280d P f5f2dc1ade7b4c3eb0564d368c06a467 [term 0 FOLLOWER]: Leader pre-election won for term 1
I20260630 12:11:25.363464  1304 raft_consensus.cc:493] T 7a7753f5f5844072b1ff4cd773e4280d P f5f2dc1ade7b4c3eb0564d368c06a467 [term 0 FOLLOWER]: Starting leader election (no leader contacted us within the election timeout)
I20260630 12:11:25.363811  1304 raft_consensus.cc:3060] T 7a7753f5f5844072b1ff4cd773e4280d P f5f2dc1ade7b4c3eb0564d368c06a467 [term 0 FOLLOWER]: Advancing to term 1
I20260630 12:11:25.364949  1299 tablet_bootstrap.cc:654] T 2d6ae4a39da94322b1d19b49991cc123 P f5f2dc1ade7b4c3eb0564d368c06a467: Neither blocks nor log segments found. Creating new log.
I20260630 12:11:25.375952  1302 tablet_bootstrap.cc:492] T 9945a97d594f44989f6d5d6d61dc99d0 P 81aa226e6da047709bab8ac1f180f592: No bootstrap required, opened a new log
I20260630 12:11:25.379819  1302 ts_tablet_manager.cc:1403] T 9945a97d594f44989f6d5d6d61dc99d0 P 81aa226e6da047709bab8ac1f180f592: Time spent bootstrapping tablet: real 0.037s	user 0.011s	sys 0.014s
I20260630 12:11:25.381618  1254 tablet_service.cc:1917] Received RequestConsensusVote() RPC: tablet_id: "e591b3b133244bf7a254b28347c5242c" candidate_uuid: "81aa226e6da047709bab8ac1f180f592" candidate_term: 1 candidate_status { last_received { term: 0 index: 0 } } ignore_live_leader: false dest_uuid: "f5f2dc1ade7b4c3eb0564d368c06a467" is_pre_election: true
I20260630 12:11:25.382341  1254 raft_consensus.cc:2468] T e591b3b133244bf7a254b28347c5242c P f5f2dc1ade7b4c3eb0564d368c06a467 [term 0 FOLLOWER]: Leader pre-election vote request: Granting yes vote for candidate 81aa226e6da047709bab8ac1f180f592 in term 0.
I20260630 12:11:25.384240  1069 leader_election.cc:304] T e591b3b133244bf7a254b28347c5242c P 81aa226e6da047709bab8ac1f180f592 [CANDIDATE]: Term 1 pre-election: Election decided. Result: candidate won. Election summary: received 2 responses out of 3 voters: 2 yes votes; 0 no votes. yes voters: 81aa226e6da047709bab8ac1f180f592, f5f2dc1ade7b4c3eb0564d368c06a467; no voters: 
I20260630 12:11:25.385358  1308 raft_consensus.cc:2804] T e591b3b133244bf7a254b28347c5242c P 81aa226e6da047709bab8ac1f180f592 [term 0 FOLLOWER]: Leader pre-election won for term 1
I20260630 12:11:25.385911  1308 raft_consensus.cc:493] T e591b3b133244bf7a254b28347c5242c P 81aa226e6da047709bab8ac1f180f592 [term 0 FOLLOWER]: Starting leader election (no leader contacted us within the election timeout)
I20260630 12:11:25.385248  1302 raft_consensus.cc:359] T 9945a97d594f44989f6d5d6d61dc99d0 P 81aa226e6da047709bab8ac1f180f592 [term 0 FOLLOWER]: Replica starting. Triggering 0 pending ops. Active config: opid_index: -1 OBSOLETE_local: false peers { permanent_uuid: "81aa226e6da047709bab8ac1f180f592" member_type: VOTER last_known_addr { host: "127.0.107.193" port: 40713 } } peers { permanent_uuid: "b3781d5c8a8e416787a73c38bd92c67b" member_type: VOTER last_known_addr { host: "127.0.107.194" port: 34867 } } peers { permanent_uuid: "f5f2dc1ade7b4c3eb0564d368c06a467" member_type: VOTER last_known_addr { host: "127.0.107.195" port: 36693 } }
I20260630 12:11:25.386293  1308 raft_consensus.cc:3060] T e591b3b133244bf7a254b28347c5242c P 81aa226e6da047709bab8ac1f180f592 [term 0 FOLLOWER]: Advancing to term 1
I20260630 12:11:25.386464  1302 raft_consensus.cc:385] T 9945a97d594f44989f6d5d6d61dc99d0 P 81aa226e6da047709bab8ac1f180f592 [term 0 FOLLOWER]: Consensus starting up: Expiring failure detector timer to make a prompt election more likely
I20260630 12:11:25.386950  1302 raft_consensus.cc:740] T 9945a97d594f44989f6d5d6d61dc99d0 P 81aa226e6da047709bab8ac1f180f592 [term 0 FOLLOWER]: Becoming Follower/Learner. State: Replica: 81aa226e6da047709bab8ac1f180f592, State: Initialized, Role: FOLLOWER
I20260630 12:11:25.388850  1300 tablet_bootstrap.cc:492] T 2d6ae4a39da94322b1d19b49991cc123 P b3781d5c8a8e416787a73c38bd92c67b: No bootstrap required, opened a new log
I20260630 12:11:25.388437  1302 consensus_queue.cc:260] T 9945a97d594f44989f6d5d6d61dc99d0 P 81aa226e6da047709bab8ac1f180f592 [NON_LEADER]: Queue going to NON_LEADER mode. State: All replicated index: 0, Majority replicated index: 0, Committed index: 0, Last appended: 0.0, Last appended by leader: 0, Current term: 0, Majority size: -1, State: 0, Mode: NON_LEADER, active raft config: opid_index: -1 OBSOLETE_local: false peers { permanent_uuid: "81aa226e6da047709bab8ac1f180f592" member_type: VOTER last_known_addr { host: "127.0.107.193" port: 40713 } } peers { permanent_uuid: "b3781d5c8a8e416787a73c38bd92c67b" member_type: VOTER last_known_addr { host: "127.0.107.194" port: 34867 } } peers { permanent_uuid: "f5f2dc1ade7b4c3eb0564d368c06a467" member_type: VOTER last_known_addr { host: "127.0.107.195" port: 36693 } }
I20260630 12:11:25.389353  1300 ts_tablet_manager.cc:1403] T 2d6ae4a39da94322b1d19b49991cc123 P b3781d5c8a8e416787a73c38bd92c67b: Time spent bootstrapping tablet: real 0.046s	user 0.006s	sys 0.017s
I20260630 12:11:25.392184  1300 raft_consensus.cc:359] T 2d6ae4a39da94322b1d19b49991cc123 P b3781d5c8a8e416787a73c38bd92c67b [term 0 FOLLOWER]: Replica starting. Triggering 0 pending ops. Active config: opid_index: -1 OBSOLETE_local: false peers { permanent_uuid: "81aa226e6da047709bab8ac1f180f592" member_type: VOTER last_known_addr { host: "127.0.107.193" port: 40713 } } peers { permanent_uuid: "b3781d5c8a8e416787a73c38bd92c67b" member_type: VOTER last_known_addr { host: "127.0.107.194" port: 34867 } } peers { permanent_uuid: "f5f2dc1ade7b4c3eb0564d368c06a467" member_type: VOTER last_known_addr { host: "127.0.107.195" port: 36693 } }
I20260630 12:11:25.392920  1300 raft_consensus.cc:385] T 2d6ae4a39da94322b1d19b49991cc123 P b3781d5c8a8e416787a73c38bd92c67b [term 0 FOLLOWER]: Consensus starting up: Expiring failure detector timer to make a prompt election more likely
I20260630 12:11:25.393217  1300 raft_consensus.cc:740] T 2d6ae4a39da94322b1d19b49991cc123 P b3781d5c8a8e416787a73c38bd92c67b [term 0 FOLLOWER]: Becoming Follower/Learner. State: Replica: b3781d5c8a8e416787a73c38bd92c67b, State: Initialized, Role: FOLLOWER
I20260630 12:11:25.394047  1300 consensus_queue.cc:260] T 2d6ae4a39da94322b1d19b49991cc123 P b3781d5c8a8e416787a73c38bd92c67b [NON_LEADER]: Queue going to NON_LEADER mode. State: All replicated index: 0, Majority replicated index: 0, Committed index: 0, Last appended: 0.0, Last appended by leader: 0, Current term: 0, Majority size: -1, State: 0, Mode: NON_LEADER, active raft config: opid_index: -1 OBSOLETE_local: false peers { permanent_uuid: "81aa226e6da047709bab8ac1f180f592" member_type: VOTER last_known_addr { host: "127.0.107.193" port: 40713 } } peers { permanent_uuid: "b3781d5c8a8e416787a73c38bd92c67b" member_type: VOTER last_known_addr { host: "127.0.107.194" port: 34867 } } peers { permanent_uuid: "f5f2dc1ade7b4c3eb0564d368c06a467" member_type: VOTER last_known_addr { host: "127.0.107.195" port: 36693 } }
I20260630 12:11:25.396663  1300 ts_tablet_manager.cc:1434] T 2d6ae4a39da94322b1d19b49991cc123 P b3781d5c8a8e416787a73c38bd92c67b: Time spent starting tablet: real 0.007s	user 0.006s	sys 0.002s
I20260630 12:11:25.397321  1308 raft_consensus.cc:515] T e591b3b133244bf7a254b28347c5242c P 81aa226e6da047709bab8ac1f180f592 [term 1 FOLLOWER]: Starting leader election with config: opid_index: -1 OBSOLETE_local: false peers { permanent_uuid: "81aa226e6da047709bab8ac1f180f592" member_type: VOTER last_known_addr { host: "127.0.107.193" port: 40713 } } peers { permanent_uuid: "b3781d5c8a8e416787a73c38bd92c67b" member_type: VOTER last_known_addr { host: "127.0.107.194" port: 34867 } } peers { permanent_uuid: "f5f2dc1ade7b4c3eb0564d368c06a467" member_type: VOTER last_known_addr { host: "127.0.107.195" port: 36693 } }
I20260630 12:11:25.397751  1300 tablet_bootstrap.cc:492] T 7daf49f9edee4680af21e5ae533bfca2 P b3781d5c8a8e416787a73c38bd92c67b: Bootstrap starting.
I20260630 12:11:25.398952  1304 raft_consensus.cc:515] T 7a7753f5f5844072b1ff4cd773e4280d P f5f2dc1ade7b4c3eb0564d368c06a467 [term 1 FOLLOWER]: Starting leader election with config: opid_index: -1 OBSOLETE_local: false peers { permanent_uuid: "81aa226e6da047709bab8ac1f180f592" member_type: VOTER last_known_addr { host: "127.0.107.193" port: 40713 } } peers { permanent_uuid: "b3781d5c8a8e416787a73c38bd92c67b" member_type: VOTER last_known_addr { host: "127.0.107.194" port: 34867 } } peers { permanent_uuid: "f5f2dc1ade7b4c3eb0564d368c06a467" member_type: VOTER last_known_addr { host: "127.0.107.195" port: 36693 } }
I20260630 12:11:25.404588  1180 tablet_service.cc:1917] Received RequestConsensusVote() RPC: tablet_id: "7a7753f5f5844072b1ff4cd773e4280d" candidate_uuid: "f5f2dc1ade7b4c3eb0564d368c06a467" candidate_term: 1 candidate_status { last_received { term: 0 index: 0 } } ignore_live_leader: false dest_uuid: "b3781d5c8a8e416787a73c38bd92c67b"
I20260630 12:11:25.405524  1180 raft_consensus.cc:3060] T 7a7753f5f5844072b1ff4cd773e4280d P b3781d5c8a8e416787a73c38bd92c67b [term 0 FOLLOWER]: Advancing to term 1
I20260630 12:11:25.408594  1304 leader_election.cc:290] T 7a7753f5f5844072b1ff4cd773e4280d P f5f2dc1ade7b4c3eb0564d368c06a467 [CANDIDATE]: Term 1 election: Requested vote from peers 81aa226e6da047709bab8ac1f180f592 (127.0.107.193:40713), b3781d5c8a8e416787a73c38bd92c67b (127.0.107.194:34867)
I20260630 12:11:25.410931  1324 raft_consensus.cc:493] T 5604d0a8852d419284ea5eb4ae41ead9 P 81aa226e6da047709bab8ac1f180f592 [term 0 FOLLOWER]: Starting pre-election (no leader contacted us within the election timeout)
I20260630 12:11:25.411165  1179 tablet_service.cc:1917] Received RequestConsensusVote() RPC: tablet_id: "e591b3b133244bf7a254b28347c5242c" candidate_uuid: "81aa226e6da047709bab8ac1f180f592" candidate_term: 1 candidate_status { last_received { term: 0 index: 0 } } ignore_live_leader: false dest_uuid: "b3781d5c8a8e416787a73c38bd92c67b" is_pre_election: true
I20260630 12:11:25.411499  1324 raft_consensus.cc:515] T 5604d0a8852d419284ea5eb4ae41ead9 P 81aa226e6da047709bab8ac1f180f592 [term 0 FOLLOWER]: Starting pre-election with config: opid_index: -1 OBSOLETE_local: false peers { permanent_uuid: "81aa226e6da047709bab8ac1f180f592" member_type: VOTER last_known_addr { host: "127.0.107.193" port: 40713 } } peers { permanent_uuid: "b3781d5c8a8e416787a73c38bd92c67b" member_type: VOTER last_known_addr { host: "127.0.107.194" port: 34867 } } peers { permanent_uuid: "f5f2dc1ade7b4c3eb0564d368c06a467" member_type: VOTER last_known_addr { host: "127.0.107.195" port: 36693 } }
I20260630 12:11:25.413057  1302 ts_tablet_manager.cc:1434] T 9945a97d594f44989f6d5d6d61dc99d0 P 81aa226e6da047709bab8ac1f180f592: Time spent starting tablet: real 0.033s	user 0.007s	sys 0.010s
I20260630 12:11:25.413846  1105 tablet_service.cc:1917] Received RequestConsensusVote() RPC: tablet_id: "7a7753f5f5844072b1ff4cd773e4280d" candidate_uuid: "f5f2dc1ade7b4c3eb0564d368c06a467" candidate_term: 1 candidate_status { last_received { term: 0 index: 0 } } ignore_live_leader: false dest_uuid: "81aa226e6da047709bab8ac1f180f592"
I20260630 12:11:25.414072  1302 tablet_bootstrap.cc:492] T 2d6ae4a39da94322b1d19b49991cc123 P 81aa226e6da047709bab8ac1f180f592: Bootstrap starting.
I20260630 12:11:25.414443  1105 raft_consensus.cc:3060] T 7a7753f5f5844072b1ff4cd773e4280d P 81aa226e6da047709bab8ac1f180f592 [term 0 FOLLOWER]: Advancing to term 1
W20260630 12:11:25.416833  1069 leader_election.cc:343] T e591b3b133244bf7a254b28347c5242c P 81aa226e6da047709bab8ac1f180f592 [CANDIDATE]: Term 1 pre-election: Tablet error from VoteRequest() call to peer b3781d5c8a8e416787a73c38bd92c67b (127.0.107.194:34867): Illegal state: must be running to vote when last-logged opid is not known
I20260630 12:11:25.418176  1326 raft_consensus.cc:493] T e0ff2187bb944ce39d8d9cdd34d2ccd2 P 81aa226e6da047709bab8ac1f180f592 [term 0 FOLLOWER]: Starting pre-election (no leader contacted us within the election timeout)
I20260630 12:11:25.419070  1304 raft_consensus.cc:493] T e0ff2187bb944ce39d8d9cdd34d2ccd2 P f5f2dc1ade7b4c3eb0564d368c06a467 [term 0 FOLLOWER]: Starting pre-election (no leader contacted us within the election timeout)
I20260630 12:11:25.418720  1326 raft_consensus.cc:515] T e0ff2187bb944ce39d8d9cdd34d2ccd2 P 81aa226e6da047709bab8ac1f180f592 [term 0 FOLLOWER]: Starting pre-election with config: opid_index: -1 OBSOLETE_local: false peers { permanent_uuid: "f5f2dc1ade7b4c3eb0564d368c06a467" member_type: VOTER last_known_addr { host: "127.0.107.195" port: 36693 } } peers { permanent_uuid: "b3781d5c8a8e416787a73c38bd92c67b" member_type: VOTER last_known_addr { host: "127.0.107.194" port: 34867 } } peers { permanent_uuid: "81aa226e6da047709bab8ac1f180f592" member_type: VOTER last_known_addr { host: "127.0.107.193" port: 40713 } }
I20260630 12:11:25.419641  1304 raft_consensus.cc:515] T e0ff2187bb944ce39d8d9cdd34d2ccd2 P f5f2dc1ade7b4c3eb0564d368c06a467 [term 0 FOLLOWER]: Starting pre-election with config: opid_index: -1 OBSOLETE_local: false peers { permanent_uuid: "f5f2dc1ade7b4c3eb0564d368c06a467" member_type: VOTER last_known_addr { host: "127.0.107.195" port: 36693 } } peers { permanent_uuid: "b3781d5c8a8e416787a73c38bd92c67b" member_type: VOTER last_known_addr { host: "127.0.107.194" port: 34867 } } peers { permanent_uuid: "81aa226e6da047709bab8ac1f180f592" member_type: VOTER last_known_addr { host: "127.0.107.193" port: 40713 } }
I20260630 12:11:25.421093  1180 raft_consensus.cc:2468] T 7a7753f5f5844072b1ff4cd773e4280d P b3781d5c8a8e416787a73c38bd92c67b [term 1 FOLLOWER]: Leader election vote request: Granting yes vote for candidate f5f2dc1ade7b4c3eb0564d368c06a467 in term 1.
I20260630 12:11:25.424011  1326 leader_election.cc:290] T e0ff2187bb944ce39d8d9cdd34d2ccd2 P 81aa226e6da047709bab8ac1f180f592 [CANDIDATE]: Term 1 pre-election: Requested pre-vote from peers f5f2dc1ade7b4c3eb0564d368c06a467 (127.0.107.195:36693), b3781d5c8a8e416787a73c38bd92c67b (127.0.107.194:34867)
I20260630 12:11:25.425153  1179 tablet_service.cc:1917] Received RequestConsensusVote() RPC: tablet_id: "e0ff2187bb944ce39d8d9cdd34d2ccd2" candidate_uuid: "f5f2dc1ade7b4c3eb0564d368c06a467" candidate_term: 1 candidate_status { last_received { term: 0 index: 0 } } ignore_live_leader: false dest_uuid: "b3781d5c8a8e416787a73c38bd92c67b" is_pre_election: true
I20260630 12:11:25.426618  1179 raft_consensus.cc:2468] T e0ff2187bb944ce39d8d9cdd34d2ccd2 P b3781d5c8a8e416787a73c38bd92c67b [term 0 FOLLOWER]: Leader pre-election vote request: Granting yes vote for candidate f5f2dc1ade7b4c3eb0564d368c06a467 in term 0.
I20260630 12:11:25.426806  1178 tablet_service.cc:1917] Received RequestConsensusVote() RPC: tablet_id: "5604d0a8852d419284ea5eb4ae41ead9" candidate_uuid: "81aa226e6da047709bab8ac1f180f592" candidate_term: 1 candidate_status { last_received { term: 0 index: 0 } } ignore_live_leader: false dest_uuid: "b3781d5c8a8e416787a73c38bd92c67b" is_pre_election: true
I20260630 12:11:25.428593  1218 leader_election.cc:304] T 7a7753f5f5844072b1ff4cd773e4280d P f5f2dc1ade7b4c3eb0564d368c06a467 [CANDIDATE]: Term 1 election: Election decided. Result: candidate won. Election summary: received 2 responses out of 3 voters: 2 yes votes; 0 no votes. yes voters: b3781d5c8a8e416787a73c38bd92c67b, f5f2dc1ade7b4c3eb0564d368c06a467; no voters: 
I20260630 12:11:25.429359  1178 raft_consensus.cc:2468] T 5604d0a8852d419284ea5eb4ae41ead9 P b3781d5c8a8e416787a73c38bd92c67b [term 0 FOLLOWER]: Leader pre-election vote request: Granting yes vote for candidate 81aa226e6da047709bab8ac1f180f592 in term 0.
I20260630 12:11:25.427767  1304 leader_election.cc:290] T e0ff2187bb944ce39d8d9cdd34d2ccd2 P f5f2dc1ade7b4c3eb0564d368c06a467 [CANDIDATE]: Term 1 pre-election: Requested pre-vote from peers b3781d5c8a8e416787a73c38bd92c67b (127.0.107.194:34867), 81aa226e6da047709bab8ac1f180f592 (127.0.107.193:40713)
I20260630 12:11:25.430866  1104 tablet_service.cc:1917] Received RequestConsensusVote() RPC: tablet_id: "e0ff2187bb944ce39d8d9cdd34d2ccd2" candidate_uuid: "f5f2dc1ade7b4c3eb0564d368c06a467" candidate_term: 1 candidate_status { last_received { term: 0 index: 0 } } ignore_live_leader: false dest_uuid: "81aa226e6da047709bab8ac1f180f592" is_pre_election: true
I20260630 12:11:25.433317  1254 tablet_service.cc:1917] Received RequestConsensusVote() RPC: tablet_id: "e0ff2187bb944ce39d8d9cdd34d2ccd2" candidate_uuid: "81aa226e6da047709bab8ac1f180f592" candidate_term: 1 candidate_status { last_received { term: 0 index: 0 } } ignore_live_leader: false dest_uuid: "f5f2dc1ade7b4c3eb0564d368c06a467" is_pre_election: true
I20260630 12:11:25.434060  1299 tablet_bootstrap.cc:492] T 2d6ae4a39da94322b1d19b49991cc123 P f5f2dc1ade7b4c3eb0564d368c06a467: No bootstrap required, opened a new log
I20260630 12:11:25.434005  1254 raft_consensus.cc:2468] T e0ff2187bb944ce39d8d9cdd34d2ccd2 P f5f2dc1ade7b4c3eb0564d368c06a467 [term 0 FOLLOWER]: Leader pre-election vote request: Granting yes vote for candidate 81aa226e6da047709bab8ac1f180f592 in term 0.
I20260630 12:11:25.434623  1299 ts_tablet_manager.cc:1403] T 2d6ae4a39da94322b1d19b49991cc123 P f5f2dc1ade7b4c3eb0564d368c06a467: Time spent bootstrapping tablet: real 0.098s	user 0.008s	sys 0.029s
I20260630 12:11:25.433410  1104 raft_consensus.cc:2468] T e0ff2187bb944ce39d8d9cdd34d2ccd2 P 81aa226e6da047709bab8ac1f180f592 [term 0 FOLLOWER]: Leader pre-election vote request: Granting yes vote for candidate f5f2dc1ade7b4c3eb0564d368c06a467 in term 0.
I20260630 12:11:25.436877  1219 leader_election.cc:304] T e0ff2187bb944ce39d8d9cdd34d2ccd2 P f5f2dc1ade7b4c3eb0564d368c06a467 [CANDIDATE]: Term 1 pre-election: Election decided. Result: candidate won. Election summary: received 2 responses out of 3 voters: 2 yes votes; 0 no votes. yes voters: 81aa226e6da047709bab8ac1f180f592, f5f2dc1ade7b4c3eb0564d368c06a467; no voters: 
I20260630 12:11:25.426806  1308 leader_election.cc:290] T e591b3b133244bf7a254b28347c5242c P 81aa226e6da047709bab8ac1f180f592 [CANDIDATE]: Term 1 election: Requested vote from peers b3781d5c8a8e416787a73c38bd92c67b (127.0.107.194:34867), f5f2dc1ade7b4c3eb0564d368c06a467 (127.0.107.195:36693)
I20260630 12:11:25.437954  1304 raft_consensus.cc:2804] T 7a7753f5f5844072b1ff4cd773e4280d P f5f2dc1ade7b4c3eb0564d368c06a467 [term 1 FOLLOWER]: Leader election won for term 1
I20260630 12:11:25.440073  1178 tablet_service.cc:1917] Received RequestConsensusVote() RPC: tablet_id: "e0ff2187bb944ce39d8d9cdd34d2ccd2" candidate_uuid: "81aa226e6da047709bab8ac1f180f592" candidate_term: 1 candidate_status { last_received { term: 0 index: 0 } } ignore_live_leader: false dest_uuid: "b3781d5c8a8e416787a73c38bd92c67b" is_pre_election: true
I20260630 12:11:25.439853  1299 raft_consensus.cc:359] T 2d6ae4a39da94322b1d19b49991cc123 P f5f2dc1ade7b4c3eb0564d368c06a467 [term 0 FOLLOWER]: Replica starting. Triggering 0 pending ops. Active config: opid_index: -1 OBSOLETE_local: false peers { permanent_uuid: "81aa226e6da047709bab8ac1f180f592" member_type: VOTER last_known_addr { host: "127.0.107.193" port: 40713 } } peers { permanent_uuid: "b3781d5c8a8e416787a73c38bd92c67b" member_type: VOTER last_known_addr { host: "127.0.107.194" port: 34867 } } peers { permanent_uuid: "f5f2dc1ade7b4c3eb0564d368c06a467" member_type: VOTER last_known_addr { host: "127.0.107.195" port: 36693 } }
I20260630 12:11:25.440765  1299 raft_consensus.cc:385] T 2d6ae4a39da94322b1d19b49991cc123 P f5f2dc1ade7b4c3eb0564d368c06a467 [term 0 FOLLOWER]: Consensus starting up: Expiring failure detector timer to make a prompt election more likely
I20260630 12:11:25.440702  1178 raft_consensus.cc:2468] T e0ff2187bb944ce39d8d9cdd34d2ccd2 P b3781d5c8a8e416787a73c38bd92c67b [term 0 FOLLOWER]: Leader pre-election vote request: Granting yes vote for candidate 81aa226e6da047709bab8ac1f180f592 in term 0.
