uuid: "f5367670a48447bdb10eb1d8e31c766a"
format_stamp: "Formatted at 2026-06-30 12:34:43 on dist-test-slave-gzjq"
I20260630 12:34:43.542163  1062 fs_manager.cc:696] Time spent creating directory manager: real 0.004s	user 0.005s	sys 0.000s
I20260630 12:34:43.545226  2928 log_block_manager.cc:4031] Time spent loading block containers with low live blocks: real 0.000s	user 0.000s	sys 0.000s
I20260630 12:34:43.546047  1062 fs_manager.cc:730] Time spent opening block manager: real 0.002s	user 0.003s	sys 0.000s
I20260630 12:34:43.546367  1062 fs_manager.cc:647] Opened local filesystem: /tmp/dist-test-tasktWNOp4/test-tmp/auto_rebalancer-test.0.AutoRebalancerTest.MovesScheduledIfAddTserver.1782822857939211-1062-0/minicluster-data/ts-2-root
uuid: "f5367670a48447bdb10eb1d8e31c766a"
format_stamp: "Formatted at 2026-06-30 12:34:43 on dist-test-slave-gzjq"
I20260630 12:34:43.546644  1062 fs_report.cc:389] FS layout report
--------------------
wal directory: /tmp/dist-test-tasktWNOp4/test-tmp/auto_rebalancer-test.0.AutoRebalancerTest.MovesScheduledIfAddTserver.1782822857939211-1062-0/minicluster-data/ts-2-root
metadata directory: /tmp/dist-test-tasktWNOp4/test-tmp/auto_rebalancer-test.0.AutoRebalancerTest.MovesScheduledIfAddTserver.1782822857939211-1062-0/minicluster-data/ts-2-root
1 data directories: /tmp/dist-test-tasktWNOp4/test-tmp/auto_rebalancer-test.0.AutoRebalancerTest.MovesScheduledIfAddTserver.1782822857939211-1062-0/minicluster-data/ts-2-root/data
Total live blocks: 0
Total live bytes: 0
Total live bytes (after alignment): 0
Total number of LBM containers: 0 (0 full)
Did not check for missing blocks
Did not check for orphaned blocks
Total full LBM containers with extra space: 0 (0 repaired)
Total full LBM container extra space in bytes: 0 (0 repaired)
Total incomplete LBM containers: 0 (0 repaired)
Total LBM partial records: 0 (0 repaired)
Total corrupted LBM metadata records in RocksDB: 0 (0 repaired)
I20260630 12:34:43.558329  1062 rpc_server.cc:225] running with OpenSSL 1.1.1  11 Sep 2018
I20260630 12:34:43.559463  1062 kserver.cc:163] Server-wide thread pool size limit: 3276
I20260630 12:34:43.560880  1062 txn_system_client.cc:432] TxnSystemClient initialization is disabled...
I20260630 12:34:43.562943  1062 ts_tablet_manager.cc:585] Loaded tablet metadata (0 total tablets, 0 live tablets)
I20260630 12:34:43.563174  1062 ts_tablet_manager.cc:531] Time spent load tablet metadata: real 0.000s	user 0.000s	sys 0.000s
I20260630 12:34:43.563411  1062 ts_tablet_manager.cc:616] Registered 0 tablets
I20260630 12:34:43.563580  1062 ts_tablet_manager.cc:595] Time spent register tablets: real 0.000s	user 0.000s	sys 0.000s
I20260630 12:34:43.601394  1062 rpc_server.cc:307] RPC server started. Bound to: 127.1.9.131:44927
I20260630 12:34:43.601503  2990 acceptor_pool.cc:272] collecting diagnostics on the listening RPC socket 127.1.9.131:44927 every 8 connection(s)
I20260630 12:34:43.614805  2991 heartbeater.cc:344] Connected to a master server at 127.1.9.190:43997
I20260630 12:34:43.615183  2991 heartbeater.cc:461] Registering TS with master...
I20260630 12:34:43.615964  2991 heartbeater.cc:507] Master 127.1.9.190:43997 requested a full tablet report, sending...
I20260630 12:34:43.617974  2715 ts_manager.cc:194] Registered new tserver with Master: f5367670a48447bdb10eb1d8e31c766a (127.1.9.131:44927)
I20260630 12:34:43.619002  1062 internal_mini_cluster.cc:371] 3 TS(s) registered with all masters after 0.014426482s
I20260630 12:34:43.619422  2715 master_service.cc:502] Signed X509 certificate for tserver {username='slave'} at 127.0.0.1:48626
I20260630 12:34:44.453436  2842 heartbeater.cc:499] Master 127.1.9.190:43997 was elected leader, sending a full tablet report...
I20260630 12:34:44.537739  2917 heartbeater.cc:499] Master 127.1.9.190:43997 was elected leader, sending a full tablet report...
I20260630 12:34:44.622089  2991 heartbeater.cc:499] Master 127.1.9.190:43997 was elected leader, sending a full tablet report...
I20260630 12:34:44.673221  2715 catalog_manager.cc:2283] Servicing CreateTable request from {username='slave'} at 127.0.0.1:48638:
name: "test-workload"
schema {
  columns {
    name: "key"
    type: INT32
    is_key: true
    is_nullable: false
    encoding: AUTO_ENCODING
    compression: DEFAULT_COMPRESSION
    cfile_block_size: 0
    immutable: false
  }
  columns {
    name: "int_val"
    type: INT32
    is_key: false
    is_nullable: false
    encoding: AUTO_ENCODING
    compression: DEFAULT_COMPRESSION
    cfile_block_size: 0
    immutable: false
  }
  columns {
    name: "string_val"
    type: STRING
    is_key: false
    is_nullable: true
    encoding: AUTO_ENCODING
    compression: DEFAULT_COMPRESSION
    cfile_block_size: 0
    immutable: false
  }
}
num_replicas: 3
split_rows_range_bounds {
  rows: "\004\001\000\377\377\377?""\004\001\000\377\377\377?"
  indirect_data: """"
}
partition_schema {
  range_schema {
    columns {
      name: "key"
    }
  }
}
W20260630 12:34:44.675276  2715 catalog_manager.cc:7077] The number of live tablet servers is not enough to re-replicate a tablet replica of the newly created table test-workload in case of a server failure: 4 tablet servers would be needed, 3 are available. Consider bringing up more tablet servers.
I20260630 12:34:44.719653  2807 tablet_service.cc:1511] Processing CreateTablet for tablet 01579e02f48f48459ae8663ebf2108a3 (DEFAULT_TABLE table=test-workload [id=c67adb9dc0e14da1a530560a952c5a3f]), partition=RANGE (key) PARTITION VALUES < 1073741823
I20260630 12:34:44.719949  2806 tablet_service.cc:1511] Processing CreateTablet for tablet fc1661555fa644ec9c328bc750c578e9 (DEFAULT_TABLE table=test-workload [id=c67adb9dc0e14da1a530560a952c5a3f]), partition=RANGE (key) PARTITION 1073741823 <= VALUES
I20260630 12:34:44.721186  2807 data_dirs.cc:400] Could only allocate 1 dirs of requested 3 for tablet 01579e02f48f48459ae8663ebf2108a3. 1 dirs total, 0 dirs full, 0 dirs failed
I20260630 12:34:44.721944  2806 data_dirs.cc:400] Could only allocate 1 dirs of requested 3 for tablet fc1661555fa644ec9c328bc750c578e9. 1 dirs total, 0 dirs full, 0 dirs failed
I20260630 12:34:44.725895  2956 tablet_service.cc:1511] Processing CreateTablet for tablet 01579e02f48f48459ae8663ebf2108a3 (DEFAULT_TABLE table=test-workload [id=c67adb9dc0e14da1a530560a952c5a3f]), partition=RANGE (key) PARTITION VALUES < 1073741823
I20260630 12:34:44.725986  2882 tablet_service.cc:1511] Processing CreateTablet for tablet 01579e02f48f48459ae8663ebf2108a3 (DEFAULT_TABLE table=test-workload [id=c67adb9dc0e14da1a530560a952c5a3f]), partition=RANGE (key) PARTITION VALUES < 1073741823
I20260630 12:34:44.726657  2881 tablet_service.cc:1511] Processing CreateTablet for tablet fc1661555fa644ec9c328bc750c578e9 (DEFAULT_TABLE table=test-workload [id=c67adb9dc0e14da1a530560a952c5a3f]), partition=RANGE (key) PARTITION 1073741823 <= VALUES
I20260630 12:34:44.727275  2956 data_dirs.cc:400] Could only allocate 1 dirs of requested 3 for tablet 01579e02f48f48459ae8663ebf2108a3. 1 dirs total, 0 dirs full, 0 dirs failed
I20260630 12:34:44.727339  2882 data_dirs.cc:400] Could only allocate 1 dirs of requested 3 for tablet 01579e02f48f48459ae8663ebf2108a3. 1 dirs total, 0 dirs full, 0 dirs failed
I20260630 12:34:44.736691  2881 data_dirs.cc:400] Could only allocate 1 dirs of requested 3 for tablet fc1661555fa644ec9c328bc750c578e9. 1 dirs total, 0 dirs full, 0 dirs failed
I20260630 12:34:44.737586  2955 tablet_service.cc:1511] Processing CreateTablet for tablet fc1661555fa644ec9c328bc750c578e9 (DEFAULT_TABLE table=test-workload [id=c67adb9dc0e14da1a530560a952c5a3f]), partition=RANGE (key) PARTITION 1073741823 <= VALUES
I20260630 12:34:44.738859  2955 data_dirs.cc:400] Could only allocate 1 dirs of requested 3 for tablet fc1661555fa644ec9c328bc750c578e9. 1 dirs total, 0 dirs full, 0 dirs failed
I20260630 12:34:44.760252  3012 tablet_bootstrap.cc:492] T 01579e02f48f48459ae8663ebf2108a3 P 6a7569a623c9437db9388ebd9868cb98: Bootstrap starting.
I20260630 12:34:44.763648  3011 tablet_bootstrap.cc:492] T fc1661555fa644ec9c328bc750c578e9 P 7e47b608e13c41d6a7817d3b311d0437: Bootstrap starting.
I20260630 12:34:44.764869  3013 tablet_bootstrap.cc:492] T 01579e02f48f48459ae8663ebf2108a3 P f5367670a48447bdb10eb1d8e31c766a: Bootstrap starting.
I20260630 12:34:44.767699  3012 tablet_bootstrap.cc:654] T 01579e02f48f48459ae8663ebf2108a3 P 6a7569a623c9437db9388ebd9868cb98: Neither blocks nor log segments found. Creating new log.
I20260630 12:34:44.769976  3011 tablet_bootstrap.cc:654] T fc1661555fa644ec9c328bc750c578e9 P 7e47b608e13c41d6a7817d3b311d0437: Neither blocks nor log segments found. Creating new log.
I20260630 12:34:44.771713  3013 tablet_bootstrap.cc:654] T 01579e02f48f48459ae8663ebf2108a3 P f5367670a48447bdb10eb1d8e31c766a: Neither blocks nor log segments found. Creating new log.
I20260630 12:34:44.774569  3012 tablet_bootstrap.cc:492] T 01579e02f48f48459ae8663ebf2108a3 P 6a7569a623c9437db9388ebd9868cb98: No bootstrap required, opened a new log
I20260630 12:34:44.775074  3012 ts_tablet_manager.cc:1403] T 01579e02f48f48459ae8663ebf2108a3 P 6a7569a623c9437db9388ebd9868cb98: Time spent bootstrapping tablet: real 0.015s	user 0.007s	sys 0.004s
I20260630 12:34:44.775151  3011 tablet_bootstrap.cc:492] T fc1661555fa644ec9c328bc750c578e9 P 7e47b608e13c41d6a7817d3b311d0437: No bootstrap required, opened a new log
I20260630 12:34:44.775672  3011 ts_tablet_manager.cc:1403] T fc1661555fa644ec9c328bc750c578e9 P 7e47b608e13c41d6a7817d3b311d0437: Time spent bootstrapping tablet: real 0.012s	user 0.003s	sys 0.008s
I20260630 12:34:44.776657  3013 tablet_bootstrap.cc:492] T 01579e02f48f48459ae8663ebf2108a3 P f5367670a48447bdb10eb1d8e31c766a: No bootstrap required, opened a new log
I20260630 12:34:44.777045  3013 ts_tablet_manager.cc:1403] T 01579e02f48f48459ae8663ebf2108a3 P f5367670a48447bdb10eb1d8e31c766a: Time spent bootstrapping tablet: real 0.013s	user 0.005s	sys 0.007s
I20260630 12:34:44.778209  3011 raft_consensus.cc:359] T fc1661555fa644ec9c328bc750c578e9 P 7e47b608e13c41d6a7817d3b311d0437 [term 0 FOLLOWER]: Replica starting. Triggering 0 pending ops. Active config: opid_index: -1 OBSOLETE_local: false peers { permanent_uuid: "7e47b608e13c41d6a7817d3b311d0437" member_type: VOTER last_known_addr { host: "127.1.9.129" port: 44167 } } peers { permanent_uuid: "6a7569a623c9437db9388ebd9868cb98" member_type: VOTER last_known_addr { host: "127.1.9.130" port: 33635 } } peers { permanent_uuid: "f5367670a48447bdb10eb1d8e31c766a" member_type: VOTER last_known_addr { host: "127.1.9.131" port: 44927 } }
I20260630 12:34:44.778112  3012 raft_consensus.cc:359] T 01579e02f48f48459ae8663ebf2108a3 P 6a7569a623c9437db9388ebd9868cb98 [term 0 FOLLOWER]: Replica starting. Triggering 0 pending ops. Active config: opid_index: -1 OBSOLETE_local: false peers { permanent_uuid: "7e47b608e13c41d6a7817d3b311d0437" member_type: VOTER last_known_addr { host: "127.1.9.129" port: 44167 } } peers { permanent_uuid: "6a7569a623c9437db9388ebd9868cb98" member_type: VOTER last_known_addr { host: "127.1.9.130" port: 33635 } } peers { permanent_uuid: "f5367670a48447bdb10eb1d8e31c766a" member_type: VOTER last_known_addr { host: "127.1.9.131" port: 44927 } }
I20260630 12:34:44.778854  3013 raft_consensus.cc:359] T 01579e02f48f48459ae8663ebf2108a3 P f5367670a48447bdb10eb1d8e31c766a [term 0 FOLLOWER]: Replica starting. Triggering 0 pending ops. Active config: opid_index: -1 OBSOLETE_local: false peers { permanent_uuid: "7e47b608e13c41d6a7817d3b311d0437" member_type: VOTER last_known_addr { host: "127.1.9.129" port: 44167 } } peers { permanent_uuid: "6a7569a623c9437db9388ebd9868cb98" member_type: VOTER last_known_addr { host: "127.1.9.130" port: 33635 } } peers { permanent_uuid: "f5367670a48447bdb10eb1d8e31c766a" member_type: VOTER last_known_addr { host: "127.1.9.131" port: 44927 } }
I20260630 12:34:44.779193  3012 raft_consensus.cc:385] T 01579e02f48f48459ae8663ebf2108a3 P 6a7569a623c9437db9388ebd9868cb98 [term 0 FOLLOWER]: Consensus starting up: Expiring failure detector timer to make a prompt election more likely
I20260630 12:34:44.779520  3013 raft_consensus.cc:385] T 01579e02f48f48459ae8663ebf2108a3 P f5367670a48447bdb10eb1d8e31c766a [term 0 FOLLOWER]: Consensus starting up: Expiring failure detector timer to make a prompt election more likely
I20260630 12:34:44.779551  3012 raft_consensus.cc:740] T 01579e02f48f48459ae8663ebf2108a3 P 6a7569a623c9437db9388ebd9868cb98 [term 0 FOLLOWER]: Becoming Follower/Learner. State: Replica: 6a7569a623c9437db9388ebd9868cb98, State: Initialized, Role: FOLLOWER
I20260630 12:34:44.779719  3011 raft_consensus.cc:385] T fc1661555fa644ec9c328bc750c578e9 P 7e47b608e13c41d6a7817d3b311d0437 [term 0 FOLLOWER]: Consensus starting up: Expiring failure detector timer to make a prompt election more likely
I20260630 12:34:44.780011  3013 raft_consensus.cc:740] T 01579e02f48f48459ae8663ebf2108a3 P f5367670a48447bdb10eb1d8e31c766a [term 0 FOLLOWER]: Becoming Follower/Learner. State: Replica: f5367670a48447bdb10eb1d8e31c766a, State: Initialized, Role: FOLLOWER
I20260630 12:34:44.780284  3011 raft_consensus.cc:740] T fc1661555fa644ec9c328bc750c578e9 P 7e47b608e13c41d6a7817d3b311d0437 [term 0 FOLLOWER]: Becoming Follower/Learner. State: Replica: 7e47b608e13c41d6a7817d3b311d0437, State: Initialized, Role: FOLLOWER
I20260630 12:34:44.780620  3012 consensus_queue.cc:260] T 01579e02f48f48459ae8663ebf2108a3 P 6a7569a623c9437db9388ebd9868cb98 [NON_LEADER]: Queue going to NON_LEADER mode. State: All replicated index: 0, Majority replicated index: 0, Committed index: 0, Last appended: 0.0, Last appended by leader: 0, Current term: 0, Majority size: -1, State: 0, Mode: NON_LEADER, active raft config: opid_index: -1 OBSOLETE_local: false peers { permanent_uuid: "7e47b608e13c41d6a7817d3b311d0437" member_type: VOTER last_known_addr { host: "127.1.9.129" port: 44167 } } peers { permanent_uuid: "6a7569a623c9437db9388ebd9868cb98" member_type: VOTER last_known_addr { host: "127.1.9.130" port: 33635 } } peers { permanent_uuid: "f5367670a48447bdb10eb1d8e31c766a" member_type: VOTER last_known_addr { host: "127.1.9.131" port: 44927 } }
I20260630 12:34:44.780953  3013 consensus_queue.cc:260] T 01579e02f48f48459ae8663ebf2108a3 P f5367670a48447bdb10eb1d8e31c766a [NON_LEADER]: Queue going to NON_LEADER mode. State: All replicated index: 0, Majority replicated index: 0, Committed index: 0, Last appended: 0.0, Last appended by leader: 0, Current term: 0, Majority size: -1, State: 0, Mode: NON_LEADER, active raft config: opid_index: -1 OBSOLETE_local: false peers { permanent_uuid: "7e47b608e13c41d6a7817d3b311d0437" member_type: VOTER last_known_addr { host: "127.1.9.129" port: 44167 } } peers { permanent_uuid: "6a7569a623c9437db9388ebd9868cb98" member_type: VOTER last_known_addr { host: "127.1.9.130" port: 33635 } } peers { permanent_uuid: "f5367670a48447bdb10eb1d8e31c766a" member_type: VOTER last_known_addr { host: "127.1.9.131" port: 44927 } }
I20260630 12:34:44.781363  3011 consensus_queue.cc:260] T fc1661555fa644ec9c328bc750c578e9 P 7e47b608e13c41d6a7817d3b311d0437 [NON_LEADER]: Queue going to NON_LEADER mode. State: All replicated index: 0, Majority replicated index: 0, Committed index: 0, Last appended: 0.0, Last appended by leader: 0, Current term: 0, Majority size: -1, State: 0, Mode: NON_LEADER, active raft config: opid_index: -1 OBSOLETE_local: false peers { permanent_uuid: "7e47b608e13c41d6a7817d3b311d0437" member_type: VOTER last_known_addr { host: "127.1.9.129" port: 44167 } } peers { permanent_uuid: "6a7569a623c9437db9388ebd9868cb98" member_type: VOTER last_known_addr { host: "127.1.9.130" port: 33635 } } peers { permanent_uuid: "f5367670a48447bdb10eb1d8e31c766a" member_type: VOTER last_known_addr { host: "127.1.9.131" port: 44927 } }
I20260630 12:34:44.785429  3011 ts_tablet_manager.cc:1434] T fc1661555fa644ec9c328bc750c578e9 P 7e47b608e13c41d6a7817d3b311d0437: Time spent starting tablet: real 0.009s	user 0.005s	sys 0.004s
I20260630 12:34:44.786672  3011 tablet_bootstrap.cc:492] T 01579e02f48f48459ae8663ebf2108a3 P 7e47b608e13c41d6a7817d3b311d0437: Bootstrap starting.
I20260630 12:34:44.787268  3013 ts_tablet_manager.cc:1434] T 01579e02f48f48459ae8663ebf2108a3 P f5367670a48447bdb10eb1d8e31c766a: Time spent starting tablet: real 0.010s	user 0.002s	sys 0.007s
I20260630 12:34:44.794889  3011 tablet_bootstrap.cc:654] T 01579e02f48f48459ae8663ebf2108a3 P 7e47b608e13c41d6a7817d3b311d0437: Neither blocks nor log segments found. Creating new log.
I20260630 12:34:44.798516  3013 tablet_bootstrap.cc:492] T fc1661555fa644ec9c328bc750c578e9 P f5367670a48447bdb10eb1d8e31c766a: Bootstrap starting.
I20260630 12:34:44.803488  3011 tablet_bootstrap.cc:492] T 01579e02f48f48459ae8663ebf2108a3 P 7e47b608e13c41d6a7817d3b311d0437: No bootstrap required, opened a new log
I20260630 12:34:44.803972  3013 tablet_bootstrap.cc:654] T fc1661555fa644ec9c328bc750c578e9 P f5367670a48447bdb10eb1d8e31c766a: Neither blocks nor log segments found. Creating new log.
I20260630 12:34:44.804153  3011 ts_tablet_manager.cc:1403] T 01579e02f48f48459ae8663ebf2108a3 P 7e47b608e13c41d6a7817d3b311d0437: Time spent bootstrapping tablet: real 0.018s	user 0.015s	sys 0.000s
I20260630 12:34:44.805771  3012 ts_tablet_manager.cc:1434] T 01579e02f48f48459ae8663ebf2108a3 P 6a7569a623c9437db9388ebd9868cb98: Time spent starting tablet: real 0.030s	user 0.008s	sys 0.024s
I20260630 12:34:44.806807  3012 tablet_bootstrap.cc:492] T fc1661555fa644ec9c328bc750c578e9 P 6a7569a623c9437db9388ebd9868cb98: Bootstrap starting.
I20260630 12:34:44.808893  3011 raft_consensus.cc:359] T 01579e02f48f48459ae8663ebf2108a3 P 7e47b608e13c41d6a7817d3b311d0437 [term 0 FOLLOWER]: Replica starting. Triggering 0 pending ops. Active config: opid_index: -1 OBSOLETE_local: false peers { permanent_uuid: "7e47b608e13c41d6a7817d3b311d0437" member_type: VOTER last_known_addr { host: "127.1.9.129" port: 44167 } } peers { permanent_uuid: "6a7569a623c9437db9388ebd9868cb98" member_type: VOTER last_known_addr { host: "127.1.9.130" port: 33635 } } peers { permanent_uuid: "f5367670a48447bdb10eb1d8e31c766a" member_type: VOTER last_known_addr { host: "127.1.9.131" port: 44927 } }
I20260630 12:34:44.809914  3011 raft_consensus.cc:385] T 01579e02f48f48459ae8663ebf2108a3 P 7e47b608e13c41d6a7817d3b311d0437 [term 0 FOLLOWER]: Consensus starting up: Expiring failure detector timer to make a prompt election more likely
I20260630 12:34:44.810364  3011 raft_consensus.cc:740] T 01579e02f48f48459ae8663ebf2108a3 P 7e47b608e13c41d6a7817d3b311d0437 [term 0 FOLLOWER]: Becoming Follower/Learner. State: Replica: 7e47b608e13c41d6a7817d3b311d0437, State: Initialized, Role: FOLLOWER
I20260630 12:34:44.811610  3011 consensus_queue.cc:260] T 01579e02f48f48459ae8663ebf2108a3 P 7e47b608e13c41d6a7817d3b311d0437 [NON_LEADER]: Queue going to NON_LEADER mode. State: All replicated index: 0, Majority replicated index: 0, Committed index: 0, Last appended: 0.0, Last appended by leader: 0, Current term: 0, Majority size: -1, State: 0, Mode: NON_LEADER, active raft config: opid_index: -1 OBSOLETE_local: false peers { permanent_uuid: "7e47b608e13c41d6a7817d3b311d0437" member_type: VOTER last_known_addr { host: "127.1.9.129" port: 44167 } } peers { permanent_uuid: "6a7569a623c9437db9388ebd9868cb98" member_type: VOTER last_known_addr { host: "127.1.9.130" port: 33635 } } peers { permanent_uuid: "f5367670a48447bdb10eb1d8e31c766a" member_type: VOTER last_known_addr { host: "127.1.9.131" port: 44927 } }
I20260630 12:34:44.812810  3012 tablet_bootstrap.cc:654] T fc1661555fa644ec9c328bc750c578e9 P 6a7569a623c9437db9388ebd9868cb98: Neither blocks nor log segments found. Creating new log.
I20260630 12:34:44.817654  3011 ts_tablet_manager.cc:1434] T 01579e02f48f48459ae8663ebf2108a3 P 7e47b608e13c41d6a7817d3b311d0437: Time spent starting tablet: real 0.013s	user 0.007s	sys 0.000s
I20260630 12:34:44.821062  3012 tablet_bootstrap.cc:492] T fc1661555fa644ec9c328bc750c578e9 P 6a7569a623c9437db9388ebd9868cb98: No bootstrap required, opened a new log
I20260630 12:34:44.821484  3012 ts_tablet_manager.cc:1403] T fc1661555fa644ec9c328bc750c578e9 P 6a7569a623c9437db9388ebd9868cb98: Time spent bootstrapping tablet: real 0.015s	user 0.011s	sys 0.000s
I20260630 12:34:44.821563  3013 tablet_bootstrap.cc:492] T fc1661555fa644ec9c328bc750c578e9 P f5367670a48447bdb10eb1d8e31c766a: No bootstrap required, opened a new log
I20260630 12:34:44.822042  3013 ts_tablet_manager.cc:1403] T fc1661555fa644ec9c328bc750c578e9 P f5367670a48447bdb10eb1d8e31c766a: Time spent bootstrapping tablet: real 0.024s	user 0.008s	sys 0.012s
I20260630 12:34:44.824266  3013 raft_consensus.cc:359] T fc1661555fa644ec9c328bc750c578e9 P f5367670a48447bdb10eb1d8e31c766a [term 0 FOLLOWER]: Replica starting. Triggering 0 pending ops. Active config: opid_index: -1 OBSOLETE_local: false peers { permanent_uuid: "7e47b608e13c41d6a7817d3b311d0437" member_type: VOTER last_known_addr { host: "127.1.9.129" port: 44167 } } peers { permanent_uuid: "6a7569a623c9437db9388ebd9868cb98" member_type: VOTER last_known_addr { host: "127.1.9.130" port: 33635 } } peers { permanent_uuid: "f5367670a48447bdb10eb1d8e31c766a" member_type: VOTER last_known_addr { host: "127.1.9.131" port: 44927 } }
I20260630 12:34:44.824290  3012 raft_consensus.cc:359] T fc1661555fa644ec9c328bc750c578e9 P 6a7569a623c9437db9388ebd9868cb98 [term 0 FOLLOWER]: Replica starting. Triggering 0 pending ops. Active config: opid_index: -1 OBSOLETE_local: false peers { permanent_uuid: "7e47b608e13c41d6a7817d3b311d0437" member_type: VOTER last_known_addr { host: "127.1.9.129" port: 44167 } } peers { permanent_uuid: "6a7569a623c9437db9388ebd9868cb98" member_type: VOTER last_known_addr { host: "127.1.9.130" port: 33635 } } peers { permanent_uuid: "f5367670a48447bdb10eb1d8e31c766a" member_type: VOTER last_known_addr { host: "127.1.9.131" port: 44927 } }
I20260630 12:34:44.824955  3013 raft_consensus.cc:385] T fc1661555fa644ec9c328bc750c578e9 P f5367670a48447bdb10eb1d8e31c766a [term 0 FOLLOWER]: Consensus starting up: Expiring failure detector timer to make a prompt election more likely
I20260630 12:34:44.825241  3012 raft_consensus.cc:385] T fc1661555fa644ec9c328bc750c578e9 P 6a7569a623c9437db9388ebd9868cb98 [term 0 FOLLOWER]: Consensus starting up: Expiring failure detector timer to make a prompt election more likely
I20260630 12:34:44.825340  3013 raft_consensus.cc:740] T fc1661555fa644ec9c328bc750c578e9 P f5367670a48447bdb10eb1d8e31c766a [term 0 FOLLOWER]: Becoming Follower/Learner. State: Replica: f5367670a48447bdb10eb1d8e31c766a, State: Initialized, Role: FOLLOWER
I20260630 12:34:44.825673  3012 raft_consensus.cc:740] T fc1661555fa644ec9c328bc750c578e9 P 6a7569a623c9437db9388ebd9868cb98 [term 0 FOLLOWER]: Becoming Follower/Learner. State: Replica: 6a7569a623c9437db9388ebd9868cb98, State: Initialized, Role: FOLLOWER
I20260630 12:34:44.826321  3013 consensus_queue.cc:260] T fc1661555fa644ec9c328bc750c578e9 P f5367670a48447bdb10eb1d8e31c766a [NON_LEADER]: Queue going to NON_LEADER mode. State: All replicated index: 0, Majority replicated index: 0, Committed index: 0, Last appended: 0.0, Last appended by leader: 0, Current term: 0, Majority size: -1, State: 0, Mode: NON_LEADER, active raft config: opid_index: -1 OBSOLETE_local: false peers { permanent_uuid: "7e47b608e13c41d6a7817d3b311d0437" member_type: VOTER last_known_addr { host: "127.1.9.129" port: 44167 } } peers { permanent_uuid: "6a7569a623c9437db9388ebd9868cb98" member_type: VOTER last_known_addr { host: "127.1.9.130" port: 33635 } } peers { permanent_uuid: "f5367670a48447bdb10eb1d8e31c766a" member_type: VOTER last_known_addr { host: "127.1.9.131" port: 44927 } }
I20260630 12:34:44.826380  3012 consensus_queue.cc:260] T fc1661555fa644ec9c328bc750c578e9 P 6a7569a623c9437db9388ebd9868cb98 [NON_LEADER]: Queue going to NON_LEADER mode. State: All replicated index: 0, Majority replicated index: 0, Committed index: 0, Last appended: 0.0, Last appended by leader: 0, Current term: 0, Majority size: -1, State: 0, Mode: NON_LEADER, active raft config: opid_index: -1 OBSOLETE_local: false peers { permanent_uuid: "7e47b608e13c41d6a7817d3b311d0437" member_type: VOTER last_known_addr { host: "127.1.9.129" port: 44167 } } peers { permanent_uuid: "6a7569a623c9437db9388ebd9868cb98" member_type: VOTER last_known_addr { host: "127.1.9.130" port: 33635 } } peers { permanent_uuid: "f5367670a48447bdb10eb1d8e31c766a" member_type: VOTER last_known_addr { host: "127.1.9.131" port: 44927 } }
I20260630 12:34:44.828390  3013 ts_tablet_manager.cc:1434] T fc1661555fa644ec9c328bc750c578e9 P f5367670a48447bdb10eb1d8e31c766a: Time spent starting tablet: real 0.006s	user 0.000s	sys 0.005s
I20260630 12:34:44.828477  3012 ts_tablet_manager.cc:1434] T fc1661555fa644ec9c328bc750c578e9 P 6a7569a623c9437db9388ebd9868cb98: Time spent starting tablet: real 0.007s	user 0.006s	sys 0.002s
I20260630 12:34:44.873764  3018 raft_consensus.cc:493] T fc1661555fa644ec9c328bc750c578e9 P f5367670a48447bdb10eb1d8e31c766a [term 0 FOLLOWER]: Starting pre-election (no leader contacted us within the election timeout)
I20260630 12:34:44.874243  3018 raft_consensus.cc:515] T fc1661555fa644ec9c328bc750c578e9 P f5367670a48447bdb10eb1d8e31c766a [term 0 FOLLOWER]: Starting pre-election with config: opid_index: -1 OBSOLETE_local: false peers { permanent_uuid: "7e47b608e13c41d6a7817d3b311d0437" member_type: VOTER last_known_addr { host: "127.1.9.129" port: 44167 } } peers { permanent_uuid: "6a7569a623c9437db9388ebd9868cb98" member_type: VOTER last_known_addr { host: "127.1.9.130" port: 33635 } } peers { permanent_uuid: "f5367670a48447bdb10eb1d8e31c766a" member_type: VOTER last_known_addr { host: "127.1.9.131" port: 44927 } }
I20260630 12:34:44.876582  3018 leader_election.cc:290] T fc1661555fa644ec9c328bc750c578e9 P f5367670a48447bdb10eb1d8e31c766a [CANDIDATE]: Term 1 pre-election: Requested pre-vote from peers 7e47b608e13c41d6a7817d3b311d0437 (127.1.9.129:44167), 6a7569a623c9437db9388ebd9868cb98 (127.1.9.130:33635)
I20260630 12:34:44.888321  2817 tablet_service.cc:1917] Received RequestConsensusVote() RPC: tablet_id: "fc1661555fa644ec9c328bc750c578e9" candidate_uuid: "f5367670a48447bdb10eb1d8e31c766a" candidate_term: 1 candidate_status { last_received { term: 0 index: 0 } } ignore_live_leader: false dest_uuid: "7e47b608e13c41d6a7817d3b311d0437" is_pre_election: true
I20260630 12:34:44.888556  2892 tablet_service.cc:1917] Received RequestConsensusVote() RPC: tablet_id: "fc1661555fa644ec9c328bc750c578e9" candidate_uuid: "f5367670a48447bdb10eb1d8e31c766a" candidate_term: 1 candidate_status { last_received { term: 0 index: 0 } } ignore_live_leader: false dest_uuid: "6a7569a623c9437db9388ebd9868cb98" is_pre_election: true
I20260630 12:34:44.889021  2817 raft_consensus.cc:2468] T fc1661555fa644ec9c328bc750c578e9 P 7e47b608e13c41d6a7817d3b311d0437 [term 0 FOLLOWER]: Leader pre-election vote request: Granting yes vote for candidate f5367670a48447bdb10eb1d8e31c766a in term 0.
I20260630 12:34:44.889184  2892 raft_consensus.cc:2468] T fc1661555fa644ec9c328bc750c578e9 P 6a7569a623c9437db9388ebd9868cb98 [term 0 FOLLOWER]: Leader pre-election vote request: Granting yes vote for candidate f5367670a48447bdb10eb1d8e31c766a in term 0.
I20260630 12:34:44.890156  2931 leader_election.cc:304] T fc1661555fa644ec9c328bc750c578e9 P f5367670a48447bdb10eb1d8e31c766a [CANDIDATE]: Term 1 pre-election: Election decided. Result: candidate won. Election summary: received 2 responses out of 3 voters: 2 yes votes; 0 no votes. yes voters: 7e47b608e13c41d6a7817d3b311d0437, f5367670a48447bdb10eb1d8e31c766a; no voters: 
I20260630 12:34:44.890852  3018 raft_consensus.cc:2804] T fc1661555fa644ec9c328bc750c578e9 P f5367670a48447bdb10eb1d8e31c766a [term 0 FOLLOWER]: Leader pre-election won for term 1
I20260630 12:34:44.891180  3018 raft_consensus.cc:493] T fc1661555fa644ec9c328bc750c578e9 P f5367670a48447bdb10eb1d8e31c766a [term 0 FOLLOWER]: Starting leader election (no leader contacted us within the election timeout)
I20260630 12:34:44.891460  3018 raft_consensus.cc:3060] T fc1661555fa644ec9c328bc750c578e9 P f5367670a48447bdb10eb1d8e31c766a [term 0 FOLLOWER]: Advancing to term 1
I20260630 12:34:44.895881  3018 raft_consensus.cc:515] T fc1661555fa644ec9c328bc750c578e9 P f5367670a48447bdb10eb1d8e31c766a [term 1 FOLLOWER]: Starting leader election with config: opid_index: -1 OBSOLETE_local: false peers { permanent_uuid: "7e47b608e13c41d6a7817d3b311d0437" member_type: VOTER last_known_addr { host: "127.1.9.129" port: 44167 } } peers { permanent_uuid: "6a7569a623c9437db9388ebd9868cb98" member_type: VOTER last_known_addr { host: "127.1.9.130" port: 33635 } } peers { permanent_uuid: "f5367670a48447bdb10eb1d8e31c766a" member_type: VOTER last_known_addr { host: "127.1.9.131" port: 44927 } }
I20260630 12:34:44.897356  3018 leader_election.cc:290] T fc1661555fa644ec9c328bc750c578e9 P f5367670a48447bdb10eb1d8e31c766a [CANDIDATE]: Term 1 election: Requested vote from peers 7e47b608e13c41d6a7817d3b311d0437 (127.1.9.129:44167), 6a7569a623c9437db9388ebd9868cb98 (127.1.9.130:33635)
I20260630 12:34:44.898234  2817 tablet_service.cc:1917] Received RequestConsensusVote() RPC: tablet_id: "fc1661555fa644ec9c328bc750c578e9" candidate_uuid: "f5367670a48447bdb10eb1d8e31c766a" candidate_term: 1 candidate_status { last_received { term: 0 index: 0 } } ignore_live_leader: false dest_uuid: "7e47b608e13c41d6a7817d3b311d0437"
I20260630 12:34:44.898447  2892 tablet_service.cc:1917] Received RequestConsensusVote() RPC: tablet_id: "fc1661555fa644ec9c328bc750c578e9" candidate_uuid: "f5367670a48447bdb10eb1d8e31c766a" candidate_term: 1 candidate_status { last_received { term: 0 index: 0 } } ignore_live_leader: false dest_uuid: "6a7569a623c9437db9388ebd9868cb98"
I20260630 12:34:44.898718  2817 raft_consensus.cc:3060] T fc1661555fa644ec9c328bc750c578e9 P 7e47b608e13c41d6a7817d3b311d0437 [term 0 FOLLOWER]: Advancing to term 1
I20260630 12:34:44.898952  2892 raft_consensus.cc:3060] T fc1661555fa644ec9c328bc750c578e9 P 6a7569a623c9437db9388ebd9868cb98 [term 0 FOLLOWER]: Advancing to term 1
I20260630 12:34:44.903240  2817 raft_consensus.cc:2468] T fc1661555fa644ec9c328bc750c578e9 P 7e47b608e13c41d6a7817d3b311d0437 [term 1 FOLLOWER]: Leader election vote request: Granting yes vote for candidate f5367670a48447bdb10eb1d8e31c766a in term 1.
I20260630 12:34:44.903378  2892 raft_consensus.cc:2468] T fc1661555fa644ec9c328bc750c578e9 P 6a7569a623c9437db9388ebd9868cb98 [term 1 FOLLOWER]: Leader election vote request: Granting yes vote for candidate f5367670a48447bdb10eb1d8e31c766a in term 1.
I20260630 12:34:44.904320  2931 leader_election.cc:304] T fc1661555fa644ec9c328bc750c578e9 P f5367670a48447bdb10eb1d8e31c766a [CANDIDATE]: Term 1 election: Election decided. Result: candidate won. Election summary: received 2 responses out of 3 voters: 2 yes votes; 0 no votes. yes voters: 7e47b608e13c41d6a7817d3b311d0437, f5367670a48447bdb10eb1d8e31c766a; no voters: 
I20260630 12:34:44.905014  3018 raft_consensus.cc:2804] T fc1661555fa644ec9c328bc750c578e9 P f5367670a48447bdb10eb1d8e31c766a [term 1 FOLLOWER]: Leader election won for term 1
I20260630 12:34:44.906117  3018 raft_consensus.cc:697] T fc1661555fa644ec9c328bc750c578e9 P f5367670a48447bdb10eb1d8e31c766a [term 1 LEADER]: Becoming Leader. State: Replica: f5367670a48447bdb10eb1d8e31c766a, State: Running, Role: LEADER
I20260630 12:34:44.906721  3018 consensus_queue.cc:237] T fc1661555fa644ec9c328bc750c578e9 P f5367670a48447bdb10eb1d8e31c766a [LEADER]: Queue going to LEADER mode. State: All replicated index: 0, Majority replicated index: 0, Committed index: 0, Last appended: 0.0, Last appended by leader: 0, Current term: 1, Majority size: 2, State: 0, Mode: LEADER, active raft config: opid_index: -1 OBSOLETE_local: false peers { permanent_uuid: "7e47b608e13c41d6a7817d3b311d0437" member_type: VOTER last_known_addr { host: "127.1.9.129" port: 44167 } } peers { permanent_uuid: "6a7569a623c9437db9388ebd9868cb98" member_type: VOTER last_known_addr { host: "127.1.9.130" port: 33635 } } peers { permanent_uuid: "f5367670a48447bdb10eb1d8e31c766a" member_type: VOTER last_known_addr { host: "127.1.9.131" port: 44927 } }
I20260630 12:34:44.913800  2715 catalog_manager.cc:5697] T fc1661555fa644ec9c328bc750c578e9 P f5367670a48447bdb10eb1d8e31c766a reported cstate change: term changed from 0 to 1, leader changed from <none> to f5367670a48447bdb10eb1d8e31c766a (127.1.9.131). New cstate: current_term: 1 leader_uuid: "f5367670a48447bdb10eb1d8e31c766a" committed_config { opid_index: -1 OBSOLETE_local: false peers { permanent_uuid: "7e47b608e13c41d6a7817d3b311d0437" member_type: VOTER last_known_addr { host: "127.1.9.129" port: 44167 } health_report { overall_health: UNKNOWN } } peers { permanent_uuid: "6a7569a623c9437db9388ebd9868cb98" member_type: VOTER last_known_addr { host: "127.1.9.130" port: 33635 } health_report { overall_health: UNKNOWN } } peers { permanent_uuid: "f5367670a48447bdb10eb1d8e31c766a" member_type: VOTER last_known_addr { host: "127.1.9.131" port: 44927 } health_report { overall_health: HEALTHY } } }
I20260630 12:34:44.927045  3017 raft_consensus.cc:493] T 01579e02f48f48459ae8663ebf2108a3 P 6a7569a623c9437db9388ebd9868cb98 [term 0 FOLLOWER]: Starting pre-election (no leader contacted us within the election timeout)
I20260630 12:34:44.927613  3017 raft_consensus.cc:515] T 01579e02f48f48459ae8663ebf2108a3 P 6a7569a623c9437db9388ebd9868cb98 [term 0 FOLLOWER]: Starting pre-election with config: opid_index: -1 OBSOLETE_local: false peers { permanent_uuid: "7e47b608e13c41d6a7817d3b311d0437" member_type: VOTER last_known_addr { host: "127.1.9.129" port: 44167 } } peers { permanent_uuid: "6a7569a623c9437db9388ebd9868cb98" member_type: VOTER last_known_addr { host: "127.1.9.130" port: 33635 } } peers { permanent_uuid: "f5367670a48447bdb10eb1d8e31c766a" member_type: VOTER last_known_addr { host: "127.1.9.131" port: 44927 } }
I20260630 12:34:44.929814  3017 leader_election.cc:290] T 01579e02f48f48459ae8663ebf2108a3 P 6a7569a623c9437db9388ebd9868cb98 [CANDIDATE]: Term 1 pre-election: Requested pre-vote from peers 7e47b608e13c41d6a7817d3b311d0437 (127.1.9.129:44167), f5367670a48447bdb10eb1d8e31c766a (127.1.9.131:44927)
I20260630 12:34:44.940038  2817 tablet_service.cc:1917] Received RequestConsensusVote() RPC: tablet_id: "01579e02f48f48459ae8663ebf2108a3" candidate_uuid: "6a7569a623c9437db9388ebd9868cb98" candidate_term: 1 candidate_status { last_received { term: 0 index: 0 } } ignore_live_leader: false dest_uuid: "7e47b608e13c41d6a7817d3b311d0437" is_pre_election: true
I20260630 12:34:44.940413  2966 tablet_service.cc:1917] Received RequestConsensusVote() RPC: tablet_id: "01579e02f48f48459ae8663ebf2108a3" candidate_uuid: "6a7569a623c9437db9388ebd9868cb98" candidate_term: 1 candidate_status { last_received { term: 0 index: 0 } } ignore_live_leader: false dest_uuid: "f5367670a48447bdb10eb1d8e31c766a" is_pre_election: true
I20260630 12:34:44.940626  2817 raft_consensus.cc:2468] T 01579e02f48f48459ae8663ebf2108a3 P 7e47b608e13c41d6a7817d3b311d0437 [term 0 FOLLOWER]: Leader pre-election vote request: Granting yes vote for candidate 6a7569a623c9437db9388ebd9868cb98 in term 0.
I20260630 12:34:44.941032  2966 raft_consensus.cc:2468] T 01579e02f48f48459ae8663ebf2108a3 P f5367670a48447bdb10eb1d8e31c766a [term 0 FOLLOWER]: Leader pre-election vote request: Granting yes vote for candidate 6a7569a623c9437db9388ebd9868cb98 in term 0.
I20260630 12:34:44.941753  2857 leader_election.cc:304] T 01579e02f48f48459ae8663ebf2108a3 P 6a7569a623c9437db9388ebd9868cb98 [CANDIDATE]: Term 1 pre-election: Election decided. Result: candidate won. Election summary: received 2 responses out of 3 voters: 2 yes votes; 0 no votes. yes voters: 6a7569a623c9437db9388ebd9868cb98, 7e47b608e13c41d6a7817d3b311d0437; no voters: 
I20260630 12:34:44.942540  3017 raft_consensus.cc:2804] T 01579e02f48f48459ae8663ebf2108a3 P 6a7569a623c9437db9388ebd9868cb98 [term 0 FOLLOWER]: Leader pre-election won for term 1
I20260630 12:34:44.942830  3017 raft_consensus.cc:493] T 01579e02f48f48459ae8663ebf2108a3 P 6a7569a623c9437db9388ebd9868cb98 [term 0 FOLLOWER]: Starting leader election (no leader contacted us within the election timeout)
I20260630 12:34:44.943109  3017 raft_consensus.cc:3060] T 01579e02f48f48459ae8663ebf2108a3 P 6a7569a623c9437db9388ebd9868cb98 [term 0 FOLLOWER]: Advancing to term 1
I20260630 12:34:44.947508  3017 raft_consensus.cc:515] T 01579e02f48f48459ae8663ebf2108a3 P 6a7569a623c9437db9388ebd9868cb98 [term 1 FOLLOWER]: Starting leader election with config: opid_index: -1 OBSOLETE_local: false peers { permanent_uuid: "7e47b608e13c41d6a7817d3b311d0437" member_type: VOTER last_known_addr { host: "127.1.9.129" port: 44167 } } peers { permanent_uuid: "6a7569a623c9437db9388ebd9868cb98" member_type: VOTER last_known_addr { host: "127.1.9.130" port: 33635 } } peers { permanent_uuid: "f5367670a48447bdb10eb1d8e31c766a" member_type: VOTER last_known_addr { host: "127.1.9.131" port: 44927 } }
I20260630 12:34:44.949222  3017 leader_election.cc:290] T 01579e02f48f48459ae8663ebf2108a3 P 6a7569a623c9437db9388ebd9868cb98 [CANDIDATE]: Term 1 election: Requested vote from peers 7e47b608e13c41d6a7817d3b311d0437 (127.1.9.129:44167), f5367670a48447bdb10eb1d8e31c766a (127.1.9.131:44927)
I20260630 12:34:44.949959  2817 tablet_service.cc:1917] Received RequestConsensusVote() RPC: tablet_id: "01579e02f48f48459ae8663ebf2108a3" candidate_uuid: "6a7569a623c9437db9388ebd9868cb98" candidate_term: 1 candidate_status { last_received { term: 0 index: 0 } } ignore_live_leader: false dest_uuid: "7e47b608e13c41d6a7817d3b311d0437"
I20260630 12:34:44.950186  2966 tablet_service.cc:1917] Received RequestConsensusVote() RPC: tablet_id: "01579e02f48f48459ae8663ebf2108a3" candidate_uuid: "6a7569a623c9437db9388ebd9868cb98" candidate_term: 1 candidate_status { last_received { term: 0 index: 0 } } ignore_live_leader: false dest_uuid: "f5367670a48447bdb10eb1d8e31c766a"
I20260630 12:34:44.950423  2817 raft_consensus.cc:3060] T 01579e02f48f48459ae8663ebf2108a3 P 7e47b608e13c41d6a7817d3b311d0437 [term 0 FOLLOWER]: Advancing to term 1
I20260630 12:34:44.950729  2966 raft_consensus.cc:3060] T 01579e02f48f48459ae8663ebf2108a3 P f5367670a48447bdb10eb1d8e31c766a [term 0 FOLLOWER]: Advancing to term 1
I20260630 12:34:44.955082  2817 raft_consensus.cc:2468] T 01579e02f48f48459ae8663ebf2108a3 P 7e47b608e13c41d6a7817d3b311d0437 [term 1 FOLLOWER]: Leader election vote request: Granting yes vote for candidate 6a7569a623c9437db9388ebd9868cb98 in term 1.
I20260630 12:34:44.955351  2966 raft_consensus.cc:2468] T 01579e02f48f48459ae8663ebf2108a3 P f5367670a48447bdb10eb1d8e31c766a [term 1 FOLLOWER]: Leader election vote request: Granting yes vote for candidate 6a7569a623c9437db9388ebd9868cb98 in term 1.
I20260630 12:34:44.956099  2857 leader_election.cc:304] T 01579e02f48f48459ae8663ebf2108a3 P 6a7569a623c9437db9388ebd9868cb98 [CANDIDATE]: Term 1 election: Election decided. Result: candidate won. Election summary: received 2 responses out of 3 voters: 2 yes votes; 0 no votes. yes voters: 6a7569a623c9437db9388ebd9868cb98, 7e47b608e13c41d6a7817d3b311d0437; no voters: 
I20260630 12:34:44.956827  3017 raft_consensus.cc:2804] T 01579e02f48f48459ae8663ebf2108a3 P 6a7569a623c9437db9388ebd9868cb98 [term 1 FOLLOWER]: Leader election won for term 1
I20260630 12:34:44.957875  3017 raft_consensus.cc:697] T 01579e02f48f48459ae8663ebf2108a3 P 6a7569a623c9437db9388ebd9868cb98 [term 1 LEADER]: Becoming Leader. State: Replica: 6a7569a623c9437db9388ebd9868cb98, State: Running, Role: LEADER
I20260630 12:34:44.958635  3017 consensus_queue.cc:237] T 01579e02f48f48459ae8663ebf2108a3 P 6a7569a623c9437db9388ebd9868cb98 [LEADER]: Queue going to LEADER mode. State: All replicated index: 0, Majority replicated index: 0, Committed index: 0, Last appended: 0.0, Last appended by leader: 0, Current term: 1, Majority size: 2, State: 0, Mode: LEADER, active raft config: opid_index: -1 OBSOLETE_local: false peers { permanent_uuid: "7e47b608e13c41d6a7817d3b311d0437" member_type: VOTER last_known_addr { host: "127.1.9.129" port: 44167 } } peers { permanent_uuid: "6a7569a623c9437db9388ebd9868cb98" member_type: VOTER last_known_addr { host: "127.1.9.130" port: 33635 } } peers { permanent_uuid: "f5367670a48447bdb10eb1d8e31c766a" member_type: VOTER last_known_addr { host: "127.1.9.131" port: 44927 } }
I20260630 12:34:44.965664  2715 catalog_manager.cc:5697] T 01579e02f48f48459ae8663ebf2108a3 P 6a7569a623c9437db9388ebd9868cb98 reported cstate change: term changed from 0 to 1, leader changed from <none> to 6a7569a623c9437db9388ebd9868cb98 (127.1.9.130). New cstate: current_term: 1 leader_uuid: "6a7569a623c9437db9388ebd9868cb98" committed_config { opid_index: -1 OBSOLETE_local: false peers { permanent_uuid: "7e47b608e13c41d6a7817d3b311d0437" member_type: VOTER last_known_addr { host: "127.1.9.129" port: 44167 } health_report { overall_health: UNKNOWN } } peers { permanent_uuid: "6a7569a623c9437db9388ebd9868cb98" member_type: VOTER last_known_addr { host: "127.1.9.130" port: 33635 } health_report { overall_health: HEALTHY } } peers { permanent_uuid: "f5367670a48447bdb10eb1d8e31c766a" member_type: VOTER last_known_addr { host: "127.1.9.131" port: 44927 } health_report { overall_health: UNKNOWN } } }
I20260630 12:34:45.253228  2768 auto_leader_rebalancer.cc:141] leader rebalance for table test-workload
I20260630 12:34:45.255290  2768 auto_leader_rebalancer.cc:440] table: test-workload, leader rebalance finish, leader transfer count: 0
I20260630 12:34:45.255684  2768 auto_leader_rebalancer.cc:515] All tables' leader rebalancing finished this round
I20260630 12:34:45.339423  3018 consensus_queue.cc:1048] T fc1661555fa644ec9c328bc750c578e9 P f5367670a48447bdb10eb1d8e31c766a [LEADER]: Connected to new peer: Peer: permanent_uuid: "6a7569a623c9437db9388ebd9868cb98" member_type: VOTER last_known_addr { host: "127.1.9.130" port: 33635 }, Status: LMP_MISMATCH, Last received: 0.0, Next index: 1, Last known committed idx: 0, Time since last communication: 0.000s
I20260630 12:34:45.352496  3018 consensus_queue.cc:1048] T fc1661555fa644ec9c328bc750c578e9 P f5367670a48447bdb10eb1d8e31c766a [LEADER]: Connected to new peer: Peer: permanent_uuid: "7e47b608e13c41d6a7817d3b311d0437" member_type: VOTER last_known_addr { host: "127.1.9.129" port: 44167 }, Status: LMP_MISMATCH, Last received: 0.0, Next index: 1, Last known committed idx: 0, Time since last communication: 0.000s
I20260630 12:34:45.394884  3017 consensus_queue.cc:1048] T 01579e02f48f48459ae8663ebf2108a3 P 6a7569a623c9437db9388ebd9868cb98 [LEADER]: Connected to new peer: Peer: permanent_uuid: "7e47b608e13c41d6a7817d3b311d0437" member_type: VOTER last_known_addr { host: "127.1.9.129" port: 44167 }, Status: LMP_MISMATCH, Last received: 0.0, Next index: 1, Last known committed idx: 0, Time since last communication: 0.000s
I20260630 12:34:45.406098  3039 consensus_queue.cc:1048] T 01579e02f48f48459ae8663ebf2108a3 P 6a7569a623c9437db9388ebd9868cb98 [LEADER]: Connected to new peer: Peer: permanent_uuid: "f5367670a48447bdb10eb1d8e31c766a" member_type: VOTER last_known_addr { host: "127.1.9.131" port: 44927 }, Status: LMP_MISMATCH, Last received: 0.0, Next index: 1, Last known committed idx: 0, Time since last communication: 0.000s
I20260630 12:34:47.256603  2768 auto_leader_rebalancer.cc:141] leader rebalance for table test-workload
I20260630 12:34:47.258451  2768 auto_leader_rebalancer.cc:440] table: test-workload, leader rebalance finish, leader transfer count: 0
I20260630 12:34:47.258793  2768 auto_leader_rebalancer.cc:515] All tables' leader rebalancing finished this round
I20260630 12:34:49.259938  2768 auto_leader_rebalancer.cc:141] leader rebalance for table test-workload
I20260630 12:34:49.262073  2768 auto_leader_rebalancer.cc:440] table: test-workload, leader rebalance finish, leader transfer count: 0
I20260630 12:34:49.262449  2768 auto_leader_rebalancer.cc:515] All tables' leader rebalancing finished this round
I20260630 12:34:51.263393  2768 auto_leader_rebalancer.cc:141] leader rebalance for table test-workload
I20260630 12:34:51.265339  2768 auto_leader_rebalancer.cc:440] table: test-workload, leader rebalance finish, leader transfer count: 0
I20260630 12:34:51.265650  2768 auto_leader_rebalancer.cc:515] All tables' leader rebalancing finished this round
I20260630 12:34:53.266602  2768 auto_leader_rebalancer.cc:141] leader rebalance for table test-workload
I20260630 12:34:53.268600  2768 auto_leader_rebalancer.cc:440] table: test-workload, leader rebalance finish, leader transfer count: 0
I20260630 12:34:53.268953  2768 auto_leader_rebalancer.cc:515] All tables' leader rebalancing finished this round
I20260630 12:34:55.269909  2768 auto_leader_rebalancer.cc:141] leader rebalance for table test-workload
I20260630 12:34:55.271835  2768 auto_leader_rebalancer.cc:440] table: test-workload, leader rebalance finish, leader transfer count: 0
I20260630 12:34:55.272184  2768 auto_leader_rebalancer.cc:515] All tables' leader rebalancing finished this round
I20260630 12:34:56.085232  1062 file_cache.cc:492] Constructed file cache file cache with capacity 419430
W20260630 12:34:56.092492  3045 instance_detector.cc:116] could not retrieve AWS instance metadata: Network error: curl error: HTTP response code said error: The requested URL returned error: 404
W20260630 12:34:56.093698  3046 instance_detector.cc:116] could not retrieve Azure instance metadata: Network error: curl error: HTTP response code said error: The requested URL returned error: 404
W20260630 12:34:56.095002  3048 instance_detector.cc:116] could not retrieve OpenStack instance metadata: Network error: curl error: HTTP response code said error: The requested URL returned error: 404
I20260630 12:34:56.097920  1062 server_base.cc:1061] running on GCE node
I20260630 12:34:56.099062  1062 hybrid_clock.cc:584] initializing the hybrid clock with 'system_unsync' time source
W20260630 12:34:56.099264  1062 system_unsync_time.cc:38] NTP support is disabled. Clock error bounds will not be accurate. This configuration is not suitable for distributed clusters.
I20260630 12:34:56.099483  1062 hybrid_clock.cc:648] HybridClock initialized: now 1782822896099464 us; error 0 us; skew 500 ppm
I20260630 12:34:56.100018  1062 server_base.cc:861] Flag tcmalloc_max_total_thread_cache_bytes is not working since tcmalloc is not enabled.
I20260630 12:34:56.102615  1062 webserver.cc:533] Webserver started at http://127.1.9.132:32769/ using document root <none> and password file <none>
I20260630 12:34:56.103114  1062 fs_manager.cc:362] Metadata directory not provided
I20260630 12:34:56.103325  1062 fs_manager.cc:368] Using write-ahead log directory (fs_wal_dir) as metadata directory
I20260630 12:34:56.103639  1062 server_base.cc:909] This appears to be a new deployment of Kudu; creating new FS layout
I20260630 12:34:56.105036  1062 fs_manager.cc:1068] Generated new instance metadata in path /tmp/dist-test-tasktWNOp4/test-tmp/auto_rebalancer-test.0.AutoRebalancerTest.MovesScheduledIfAddTserver.1782822857939211-1062-0/minicluster-data/ts-3-root/instance:
uuid: "5e755291222b45c0bb8f92e464ed757f"
format_stamp: "Formatted at 2026-06-30 12:34:56 on dist-test-slave-gzjq"
I20260630 12:34:56.109736  1062 fs_manager.cc:696] Time spent creating directory manager: real 0.004s	user 0.004s	sys 0.000s
I20260630 12:34:56.113410  3053 log_block_manager.cc:4031] Time spent loading block containers with low live blocks: real 0.000s	user 0.000s	sys 0.000s
I20260630 12:34:56.114300  1062 fs_manager.cc:730] Time spent opening block manager: real 0.003s	user 0.003s	sys 0.000s
I20260630 12:34:56.114681  1062 fs_manager.cc:647] Opened local filesystem: /tmp/dist-test-tasktWNOp4/test-tmp/auto_rebalancer-test.0.AutoRebalancerTest.MovesScheduledIfAddTserver.1782822857939211-1062-0/minicluster-data/ts-3-root
uuid: "5e755291222b45c0bb8f92e464ed757f"
format_stamp: "Formatted at 2026-06-30 12:34:56 on dist-test-slave-gzjq"
I20260630 12:34:56.114982  1062 fs_report.cc:389] FS layout report
--------------------
wal directory: /tmp/dist-test-tasktWNOp4/test-tmp/auto_rebalancer-test.0.AutoRebalancerTest.MovesScheduledIfAddTserver.1782822857939211-1062-0/minicluster-data/ts-3-root
metadata directory: /tmp/dist-test-tasktWNOp4/test-tmp/auto_rebalancer-test.0.AutoRebalancerTest.MovesScheduledIfAddTserver.1782822857939211-1062-0/minicluster-data/ts-3-root
1 data directories: /tmp/dist-test-tasktWNOp4/test-tmp/auto_rebalancer-test.0.AutoRebalancerTest.MovesScheduledIfAddTserver.1782822857939211-1062-0/minicluster-data/ts-3-root/data
Total live blocks: 0
Total live bytes: 0
Total live bytes (after alignment): 0
Total number of LBM containers: 0 (0 full)
Did not check for missing blocks
Did not check for orphaned blocks
Total full LBM containers with extra space: 0 (0 repaired)
Total full LBM container extra space in bytes: 0 (0 repaired)
Total incomplete LBM containers: 0 (0 repaired)
Total LBM partial records: 0 (0 repaired)
Total corrupted LBM metadata records in RocksDB: 0 (0 repaired)
I20260630 12:34:56.144066  1062 rpc_server.cc:225] running with OpenSSL 1.1.1  11 Sep 2018
I20260630 12:34:56.145452  1062 kserver.cc:163] Server-wide thread pool size limit: 3276
I20260630 12:34:56.147140  1062 txn_system_client.cc:432] TxnSystemClient initialization is disabled...
I20260630 12:34:56.150484  1062 ts_tablet_manager.cc:585] Loaded tablet metadata (0 total tablets, 0 live tablets)
I20260630 12:34:56.150883  1062 ts_tablet_manager.cc:531] Time spent load tablet metadata: real 0.000s	user 0.001s	sys 0.000s
I20260630 12:34:56.151242  1062 ts_tablet_manager.cc:616] Registered 0 tablets
I20260630 12:34:56.151484  1062 ts_tablet_manager.cc:595] Time spent register tablets: real 0.000s	user 0.000s	sys 0.000s
I20260630 12:34:56.191855  1062 rpc_server.cc:307] RPC server started. Bound to: 127.1.9.132:33365
