I20260630 12:34:24.103425  5141 leader_election.cc:304] T 6240f001c834478c937c9d3517bd9005 P fbc75ea6174842f8a401998cbcb4e8df [CANDIDATE]: Term 1 pre-election: Election decided. Result: candidate won. Election summary: received 2 responses out of 3 voters: 2 yes votes; 0 no votes. yes voters: 28db1db7ff594787909717e2ec27f937, fbc75ea6174842f8a401998cbcb4e8df; no voters: 
I20260630 12:34:24.102474  5296 ts_tablet_manager.cc:1434] T 301fae080514420e98d6ad602d0cbe9c P 28db1db7ff594787909717e2ec27f937: Time spent starting tablet: real 0.071s	user 0.019s	sys 0.005s
I20260630 12:34:24.108788  5299 tablet_bootstrap.cc:492] T 2842080ab7064bed94f368dbfef0faea P fbc75ea6174842f8a401998cbcb4e8df: No bootstrap required, opened a new log
I20260630 12:34:24.108140  5305 raft_consensus.cc:2804] T 6240f001c834478c937c9d3517bd9005 P fbc75ea6174842f8a401998cbcb4e8df [term 0 FOLLOWER]: Leader pre-election won for term 1
I20260630 12:34:24.109953  5296 tablet_bootstrap.cc:492] T 2842080ab7064bed94f368dbfef0faea P 28db1db7ff594787909717e2ec27f937: Bootstrap starting.
I20260630 12:34:24.109306  5299 ts_tablet_manager.cc:1403] T 2842080ab7064bed94f368dbfef0faea P fbc75ea6174842f8a401998cbcb4e8df: Time spent bootstrapping tablet: real 0.036s	user 0.009s	sys 0.011s
I20260630 12:34:24.112146  5305 raft_consensus.cc:493] T 6240f001c834478c937c9d3517bd9005 P fbc75ea6174842f8a401998cbcb4e8df [term 0 FOLLOWER]: Starting leader election (no leader contacted us within the election timeout)
I20260630 12:34:24.112541  5305 raft_consensus.cc:3060] T 6240f001c834478c937c9d3517bd9005 P fbc75ea6174842f8a401998cbcb4e8df [term 0 FOLLOWER]: Advancing to term 1
I20260630 12:34:24.116248  5299 raft_consensus.cc:359] T 2842080ab7064bed94f368dbfef0faea P fbc75ea6174842f8a401998cbcb4e8df [term 0 FOLLOWER]: Replica starting. Triggering 0 pending ops. Active config: opid_index: -1 OBSOLETE_local: false peers { permanent_uuid: "28db1db7ff594787909717e2ec27f937" member_type: VOTER last_known_addr { host: "127.4.83.193" port: 38211 } } peers { permanent_uuid: "fbc75ea6174842f8a401998cbcb4e8df" member_type: VOTER last_known_addr { host: "127.4.83.194" port: 41095 } } peers { permanent_uuid: "4c92fd6ad548439399a2311c6048e2c9" member_type: VOTER last_known_addr { host: "127.4.83.195" port: 36307 } }
I20260630 12:34:24.117264  5299 raft_consensus.cc:385] T 2842080ab7064bed94f368dbfef0faea P fbc75ea6174842f8a401998cbcb4e8df [term 0 FOLLOWER]: Consensus starting up: Expiring failure detector timer to make a prompt election more likely
I20260630 12:34:24.117626  5299 raft_consensus.cc:740] T 2842080ab7064bed94f368dbfef0faea P fbc75ea6174842f8a401998cbcb4e8df [term 0 FOLLOWER]: Becoming Follower/Learner. State: Replica: fbc75ea6174842f8a401998cbcb4e8df, State: Initialized, Role: FOLLOWER
I20260630 12:34:24.118453  5299 consensus_queue.cc:260] T 2842080ab7064bed94f368dbfef0faea P fbc75ea6174842f8a401998cbcb4e8df [NON_LEADER]: Queue going to NON_LEADER mode. State: All replicated index: 0, Majority replicated index: 0, Committed index: 0, Last appended: 0.0, Last appended by leader: 0, Current term: 0, Majority size: -1, State: 0, Mode: NON_LEADER, active raft config: opid_index: -1 OBSOLETE_local: false peers { permanent_uuid: "28db1db7ff594787909717e2ec27f937" member_type: VOTER last_known_addr { host: "127.4.83.193" port: 38211 } } peers { permanent_uuid: "fbc75ea6174842f8a401998cbcb4e8df" member_type: VOTER last_known_addr { host: "127.4.83.194" port: 41095 } } peers { permanent_uuid: "4c92fd6ad548439399a2311c6048e2c9" member_type: VOTER last_known_addr { host: "127.4.83.195" port: 36307 } }
I20260630 12:34:24.120448  5305 raft_consensus.cc:515] T 6240f001c834478c937c9d3517bd9005 P fbc75ea6174842f8a401998cbcb4e8df [term 1 FOLLOWER]: Starting leader election with config: opid_index: -1 OBSOLETE_local: false peers { permanent_uuid: "28db1db7ff594787909717e2ec27f937" member_type: VOTER last_known_addr { host: "127.4.83.193" port: 38211 } } peers { permanent_uuid: "fbc75ea6174842f8a401998cbcb4e8df" member_type: VOTER last_known_addr { host: "127.4.83.194" port: 41095 } } peers { permanent_uuid: "4c92fd6ad548439399a2311c6048e2c9" member_type: VOTER last_known_addr { host: "127.4.83.195" port: 36307 } }
I20260630 12:34:24.121546  5102 raft_consensus.cc:2468] T 301fae080514420e98d6ad602d0cbe9c P 28db1db7ff594787909717e2ec27f937 [term 1 FOLLOWER]: Leader election vote request: Granting yes vote for candidate 4c92fd6ad548439399a2311c6048e2c9 in term 1.
I20260630 12:34:24.122786  5296 tablet_bootstrap.cc:654] T 2842080ab7064bed94f368dbfef0faea P 28db1db7ff594787909717e2ec27f937: Neither blocks nor log segments found. Creating new log.
I20260630 12:34:24.123157  5101 tablet_service.cc:1917] Received RequestConsensusVote() RPC: tablet_id: "6240f001c834478c937c9d3517bd9005" candidate_uuid: "fbc75ea6174842f8a401998cbcb4e8df" candidate_term: 1 candidate_status { last_received { term: 0 index: 0 } } ignore_live_leader: false dest_uuid: "28db1db7ff594787909717e2ec27f937"
I20260630 12:34:24.113267  5177 raft_consensus.cc:2468] T 301fae080514420e98d6ad602d0cbe9c P fbc75ea6174842f8a401998cbcb4e8df [term 1 FOLLOWER]: Leader election vote request: Granting yes vote for candidate 4c92fd6ad548439399a2311c6048e2c9 in term 1.
I20260630 12:34:24.123940  5101 raft_consensus.cc:3060] T 6240f001c834478c937c9d3517bd9005 P 28db1db7ff594787909717e2ec27f937 [term 0 FOLLOWER]: Advancing to term 1
I20260630 12:34:24.125068  5214 leader_election.cc:304] T 301fae080514420e98d6ad602d0cbe9c P 4c92fd6ad548439399a2311c6048e2c9 [CANDIDATE]: Term 1 election: Election decided. Result: candidate won. Election summary: received 2 responses out of 3 voters: 2 yes votes; 0 no votes. yes voters: 4c92fd6ad548439399a2311c6048e2c9, fbc75ea6174842f8a401998cbcb4e8df; no voters: 
I20260630 12:34:24.125231  5300 tablet_bootstrap.cc:492] T aab4a718fe754683a753bc671d256f6a P 4c92fd6ad548439399a2311c6048e2c9: No bootstrap required, opened a new log
I20260630 12:34:24.126475  5305 leader_election.cc:290] T 6240f001c834478c937c9d3517bd9005 P fbc75ea6174842f8a401998cbcb4e8df [CANDIDATE]: Term 1 election: Requested vote from peers 28db1db7ff594787909717e2ec27f937 (127.4.83.193:38211), 4c92fd6ad548439399a2311c6048e2c9 (127.4.83.195:36307)
I20260630 12:34:24.130388  5251 tablet_service.cc:1917] Received RequestConsensusVote() RPC: tablet_id: "6240f001c834478c937c9d3517bd9005" candidate_uuid: "fbc75ea6174842f8a401998cbcb4e8df" candidate_term: 1 candidate_status { last_received { term: 0 index: 0 } } ignore_live_leader: false dest_uuid: "4c92fd6ad548439399a2311c6048e2c9"
I20260630 12:34:24.126641  5304 raft_consensus.cc:2804] T 301fae080514420e98d6ad602d0cbe9c P 4c92fd6ad548439399a2311c6048e2c9 [term 1 FOLLOWER]: Leader election won for term 1
I20260630 12:34:24.131145  5251 raft_consensus.cc:3060] T 6240f001c834478c937c9d3517bd9005 P 4c92fd6ad548439399a2311c6048e2c9 [term 0 FOLLOWER]: Advancing to term 1
I20260630 12:34:24.132519  5300 ts_tablet_manager.cc:1403] T aab4a718fe754683a753bc671d256f6a P 4c92fd6ad548439399a2311c6048e2c9: Time spent bootstrapping tablet: real 0.090s	user 0.016s	sys 0.000s
I20260630 12:34:24.138675  5304 raft_consensus.cc:697] T 301fae080514420e98d6ad602d0cbe9c P 4c92fd6ad548439399a2311c6048e2c9 [term 1 LEADER]: Becoming Leader. State: Replica: 4c92fd6ad548439399a2311c6048e2c9, State: Running, Role: LEADER
I20260630 12:34:24.138240  5249 tablet_service.cc:1917] Received RequestConsensusVote() RPC: tablet_id: "2b930b08baff4732b44bfc3fc3b0ff98" candidate_uuid: "28db1db7ff594787909717e2ec27f937" candidate_term: 1 candidate_status { last_received { term: 0 index: 0 } } ignore_live_leader: false dest_uuid: "4c92fd6ad548439399a2311c6048e2c9" is_pre_election: true
I20260630 12:34:24.139967  5249 raft_consensus.cc:2468] T 2b930b08baff4732b44bfc3fc3b0ff98 P 4c92fd6ad548439399a2311c6048e2c9 [term 0 FOLLOWER]: Leader pre-election vote request: Granting yes vote for candidate 28db1db7ff594787909717e2ec27f937 in term 0.
I20260630 12:34:24.137037  5250 tablet_service.cc:1917] Received RequestConsensusVote() RPC: tablet_id: "aab4a718fe754683a753bc671d256f6a" candidate_uuid: "28db1db7ff594787909717e2ec27f937" candidate_term: 1 candidate_status { last_received { term: 0 index: 0 } } ignore_live_leader: false dest_uuid: "4c92fd6ad548439399a2311c6048e2c9" is_pre_election: true
I20260630 12:34:24.140170  5299 ts_tablet_manager.cc:1434] T 2842080ab7064bed94f368dbfef0faea P fbc75ea6174842f8a401998cbcb4e8df: Time spent starting tablet: real 0.028s	user 0.007s	sys 0.012s
I20260630 12:34:24.140197  5304 consensus_queue.cc:237] T 301fae080514420e98d6ad602d0cbe9c P 4c92fd6ad548439399a2311c6048e2c9 [LEADER]: Queue going to LEADER mode. State: All replicated index: 0, Majority replicated index: 0, Committed index: 0, Last appended: 0.0, Last appended by leader: 0, Current term: 1, Majority size: 2, State: 0, Mode: LEADER, active raft config: opid_index: -1 OBSOLETE_local: false peers { permanent_uuid: "28db1db7ff594787909717e2ec27f937" member_type: VOTER last_known_addr { host: "127.4.83.193" port: 38211 } } peers { permanent_uuid: "fbc75ea6174842f8a401998cbcb4e8df" member_type: VOTER last_known_addr { host: "127.4.83.194" port: 41095 } } peers { permanent_uuid: "4c92fd6ad548439399a2311c6048e2c9" member_type: VOTER last_known_addr { host: "127.4.83.195" port: 36307 } }
I20260630 12:34:24.144019  5068 leader_election.cc:304] T 2b930b08baff4732b44bfc3fc3b0ff98 P 28db1db7ff594787909717e2ec27f937 [CANDIDATE]: Term 1 pre-election: Election decided. Result: candidate won. Election summary: received 2 responses out of 3 voters: 2 yes votes; 0 no votes. yes voters: 28db1db7ff594787909717e2ec27f937, 4c92fd6ad548439399a2311c6048e2c9; no voters: 
I20260630 12:34:24.145247  5324 raft_consensus.cc:2804] T 2b930b08baff4732b44bfc3fc3b0ff98 P 28db1db7ff594787909717e2ec27f937 [term 0 FOLLOWER]: Leader pre-election won for term 1
I20260630 12:34:24.145645  5324 raft_consensus.cc:493] T 2b930b08baff4732b44bfc3fc3b0ff98 P 28db1db7ff594787909717e2ec27f937 [term 0 FOLLOWER]: Starting leader election (no leader contacted us within the election timeout)
I20260630 12:34:24.145967  5324 raft_consensus.cc:3060] T 2b930b08baff4732b44bfc3fc3b0ff98 P 28db1db7ff594787909717e2ec27f937 [term 0 FOLLOWER]: Advancing to term 1
I20260630 12:34:24.148048  5299 tablet_bootstrap.cc:492] T aab4a718fe754683a753bc671d256f6a P fbc75ea6174842f8a401998cbcb4e8df: Bootstrap starting.
I20260630 12:34:24.148581  5101 raft_consensus.cc:2468] T 6240f001c834478c937c9d3517bd9005 P 28db1db7ff594787909717e2ec27f937 [term 1 FOLLOWER]: Leader election vote request: Granting yes vote for candidate fbc75ea6174842f8a401998cbcb4e8df in term 1.
I20260630 12:34:24.149291  5298 raft_consensus.cc:493] T 0ec5cbe1d29142beb8e0737370332d28 P 28db1db7ff594787909717e2ec27f937 [term 0 FOLLOWER]: Starting pre-election (no leader contacted us within the election timeout)
I20260630 12:34:24.149761  5298 raft_consensus.cc:515] T 0ec5cbe1d29142beb8e0737370332d28 P 28db1db7ff594787909717e2ec27f937 [term 0 FOLLOWER]: Starting pre-election with config: opid_index: -1 OBSOLETE_local: false peers { permanent_uuid: "28db1db7ff594787909717e2ec27f937" member_type: VOTER last_known_addr { host: "127.4.83.193" port: 38211 } } peers { permanent_uuid: "fbc75ea6174842f8a401998cbcb4e8df" member_type: VOTER last_known_addr { host: "127.4.83.194" port: 41095 } } peers { permanent_uuid: "4c92fd6ad548439399a2311c6048e2c9" member_type: VOTER last_known_addr { host: "127.4.83.195" port: 36307 } }
I20260630 12:34:24.151353  5251 raft_consensus.cc:2468] T 6240f001c834478c937c9d3517bd9005 P 4c92fd6ad548439399a2311c6048e2c9 [term 1 FOLLOWER]: Leader election vote request: Granting yes vote for candidate fbc75ea6174842f8a401998cbcb4e8df in term 1.
I20260630 12:34:24.152051  5298 leader_election.cc:290] T 0ec5cbe1d29142beb8e0737370332d28 P 28db1db7ff594787909717e2ec27f937 [CANDIDATE]: Term 1 pre-election: Requested pre-vote from peers fbc75ea6174842f8a401998cbcb4e8df (127.4.83.194:41095), 4c92fd6ad548439399a2311c6048e2c9 (127.4.83.195:36307)
I20260630 12:34:24.152508  5177 tablet_service.cc:1917] Received RequestConsensusVote() RPC: tablet_id: "aab4a718fe754683a753bc671d256f6a" candidate_uuid: "28db1db7ff594787909717e2ec27f937" candidate_term: 1 candidate_status { last_received { term: 0 index: 0 } } ignore_live_leader: false dest_uuid: "fbc75ea6174842f8a401998cbcb4e8df" is_pre_election: true
I20260630 12:34:24.153548  5176 tablet_service.cc:1917] Received RequestConsensusVote() RPC: tablet_id: "2b930b08baff4732b44bfc3fc3b0ff98" candidate_uuid: "28db1db7ff594787909717e2ec27f937" candidate_term: 1 candidate_status { last_received { term: 0 index: 0 } } ignore_live_leader: false dest_uuid: "fbc75ea6174842f8a401998cbcb4e8df" is_pre_election: true
I20260630 12:34:24.153697  5143 leader_election.cc:304] T 6240f001c834478c937c9d3517bd9005 P fbc75ea6174842f8a401998cbcb4e8df [CANDIDATE]: Term 1 election: Election decided. Result: candidate won. Election summary: received 2 responses out of 3 voters: 2 yes votes; 0 no votes. yes voters: 4c92fd6ad548439399a2311c6048e2c9, fbc75ea6174842f8a401998cbcb4e8df; no voters: 
I20260630 12:34:24.154208  5176 raft_consensus.cc:2468] T 2b930b08baff4732b44bfc3fc3b0ff98 P fbc75ea6174842f8a401998cbcb4e8df [term 0 FOLLOWER]: Leader pre-election vote request: Granting yes vote for candidate 28db1db7ff594787909717e2ec27f937 in term 0.
I20260630 12:34:24.154908  5175 tablet_service.cc:1917] Received RequestConsensusVote() RPC: tablet_id: "0ec5cbe1d29142beb8e0737370332d28" candidate_uuid: "28db1db7ff594787909717e2ec27f937" candidate_term: 1 candidate_status { last_received { term: 0 index: 0 } } ignore_live_leader: false dest_uuid: "fbc75ea6174842f8a401998cbcb4e8df" is_pre_election: true
I20260630 12:34:24.155139  5251 tablet_service.cc:1917] Received RequestConsensusVote() RPC: tablet_id: "0ec5cbe1d29142beb8e0737370332d28" candidate_uuid: "28db1db7ff594787909717e2ec27f937" candidate_term: 1 candidate_status { last_received { term: 0 index: 0 } } ignore_live_leader: false dest_uuid: "4c92fd6ad548439399a2311c6048e2c9" is_pre_election: true
I20260630 12:34:24.155596  5175 raft_consensus.cc:2468] T 0ec5cbe1d29142beb8e0737370332d28 P fbc75ea6174842f8a401998cbcb4e8df [term 0 FOLLOWER]: Leader pre-election vote request: Granting yes vote for candidate 28db1db7ff594787909717e2ec27f937 in term 0.
W20260630 12:34:24.156965  5065 leader_election.cc:343] T aab4a718fe754683a753bc671d256f6a P 28db1db7ff594787909717e2ec27f937 [CANDIDATE]: Term 1 pre-election: Tablet error from VoteRequest() call to peer fbc75ea6174842f8a401998cbcb4e8df (127.4.83.194:41095): Illegal state: must be running to vote when last-logged opid is not known
I20260630 12:34:24.158625  5331 raft_consensus.cc:493] T 0ec5cbe1d29142beb8e0737370332d28 P fbc75ea6174842f8a401998cbcb4e8df [term 0 FOLLOWER]: Starting pre-election (no leader contacted us within the election timeout)
W20260630 12:34:24.158989  5068 leader_election.cc:343] T 0ec5cbe1d29142beb8e0737370332d28 P 28db1db7ff594787909717e2ec27f937 [CANDIDATE]: Term 1 pre-election: Tablet error from VoteRequest() call to peer 4c92fd6ad548439399a2311c6048e2c9 (127.4.83.195:36307): Illegal state: must be running to vote when last-logged opid is not known
I20260630 12:34:24.158010  5305 raft_consensus.cc:2804] T 6240f001c834478c937c9d3517bd9005 P fbc75ea6174842f8a401998cbcb4e8df [term 1 FOLLOWER]: Leader election won for term 1
I20260630 12:34:24.159982  5065 leader_election.cc:304] T 0ec5cbe1d29142beb8e0737370332d28 P 28db1db7ff594787909717e2ec27f937 [CANDIDATE]: Term 1 pre-election: Election decided. Result: candidate won. Election summary: received 3 responses out of 3 voters: 2 yes votes; 1 no votes. yes voters: 28db1db7ff594787909717e2ec27f937, fbc75ea6174842f8a401998cbcb4e8df; no voters: 4c92fd6ad548439399a2311c6048e2c9
I20260630 12:34:24.161618  5298 raft_consensus.cc:2804] T 0ec5cbe1d29142beb8e0737370332d28 P 28db1db7ff594787909717e2ec27f937 [term 0 FOLLOWER]: Leader pre-election won for term 1
I20260630 12:34:24.162153  5298 raft_consensus.cc:493] T 0ec5cbe1d29142beb8e0737370332d28 P 28db1db7ff594787909717e2ec27f937 [term 0 FOLLOWER]: Starting leader election (no leader contacted us within the election timeout)
I20260630 12:34:24.159101  5331 raft_consensus.cc:515] T 0ec5cbe1d29142beb8e0737370332d28 P fbc75ea6174842f8a401998cbcb4e8df [term 0 FOLLOWER]: Starting pre-election with config: opid_index: -1 OBSOLETE_local: false peers { permanent_uuid: "28db1db7ff594787909717e2ec27f937" member_type: VOTER last_known_addr { host: "127.4.83.193" port: 38211 } } peers { permanent_uuid: "fbc75ea6174842f8a401998cbcb4e8df" member_type: VOTER last_known_addr { host: "127.4.83.194" port: 41095 } } peers { permanent_uuid: "4c92fd6ad548439399a2311c6048e2c9" member_type: VOTER last_known_addr { host: "127.4.83.195" port: 36307 } }
I20260630 12:34:24.160228  5300 raft_consensus.cc:359] T aab4a718fe754683a753bc671d256f6a P 4c92fd6ad548439399a2311c6048e2c9 [term 0 FOLLOWER]: Replica starting. Triggering 0 pending ops. Active config: opid_index: -1 OBSOLETE_local: false peers { permanent_uuid: "28db1db7ff594787909717e2ec27f937" member_type: VOTER last_known_addr { host: "127.4.83.193" port: 38211 } } peers { permanent_uuid: "fbc75ea6174842f8a401998cbcb4e8df" member_type: VOTER last_known_addr { host: "127.4.83.194" port: 41095 } } peers { permanent_uuid: "4c92fd6ad548439399a2311c6048e2c9" member_type: VOTER last_known_addr { host: "127.4.83.195" port: 36307 } }
I20260630 12:34:24.165130  5300 raft_consensus.cc:385] T aab4a718fe754683a753bc671d256f6a P 4c92fd6ad548439399a2311c6048e2c9 [term 0 FOLLOWER]: Consensus starting up: Expiring failure detector timer to make a prompt election more likely
I20260630 12:34:24.165447  5300 raft_consensus.cc:740] T aab4a718fe754683a753bc671d256f6a P 4c92fd6ad548439399a2311c6048e2c9 [term 0 FOLLOWER]: Becoming Follower/Learner. State: Replica: 4c92fd6ad548439399a2311c6048e2c9, State: Initialized, Role: FOLLOWER
I20260630 12:34:24.166294  5300 consensus_queue.cc:260] T aab4a718fe754683a753bc671d256f6a P 4c92fd6ad548439399a2311c6048e2c9 [NON_LEADER]: Queue going to NON_LEADER mode. State: All replicated index: 0, Majority replicated index: 0, Committed index: 0, Last appended: 0.0, Last appended by leader: 0, Current term: 0, Majority size: -1, State: 0, Mode: NON_LEADER, active raft config: opid_index: -1 OBSOLETE_local: false peers { permanent_uuid: "28db1db7ff594787909717e2ec27f937" member_type: VOTER last_known_addr { host: "127.4.83.193" port: 38211 } } peers { permanent_uuid: "fbc75ea6174842f8a401998cbcb4e8df" member_type: VOTER last_known_addr { host: "127.4.83.194" port: 41095 } } peers { permanent_uuid: "4c92fd6ad548439399a2311c6048e2c9" member_type: VOTER last_known_addr { host: "127.4.83.195" port: 36307 } }
I20260630 12:34:24.167184  5250 raft_consensus.cc:2468] T aab4a718fe754683a753bc671d256f6a P 4c92fd6ad548439399a2311c6048e2c9 [term 0 FOLLOWER]: Leader pre-election vote request: Granting yes vote for candidate 28db1db7ff594787909717e2ec27f937 in term 0.
I20260630 12:34:24.167413  5101 tablet_service.cc:1917] Received RequestConsensusVote() RPC: tablet_id: "0ec5cbe1d29142beb8e0737370332d28" candidate_uuid: "fbc75ea6174842f8a401998cbcb4e8df" candidate_term: 1 candidate_status { last_received { term: 0 index: 0 } } ignore_live_leader: false dest_uuid: "28db1db7ff594787909717e2ec27f937" is_pre_election: true
I20260630 12:34:24.162482  5298 raft_consensus.cc:3060] T 0ec5cbe1d29142beb8e0737370332d28 P 28db1db7ff594787909717e2ec27f937 [term 0 FOLLOWER]: Advancing to term 1
I20260630 12:34:24.170702  5324 raft_consensus.cc:515] T 2b930b08baff4732b44bfc3fc3b0ff98 P 28db1db7ff594787909717e2ec27f937 [term 1 FOLLOWER]: Starting leader election with config: opid_index: -1 OBSOLETE_local: false peers { permanent_uuid: "28db1db7ff594787909717e2ec27f937" member_type: VOTER last_known_addr { host: "127.4.83.193" port: 38211 } } peers { permanent_uuid: "fbc75ea6174842f8a401998cbcb4e8df" member_type: VOTER last_known_addr { host: "127.4.83.194" port: 41095 } } peers { permanent_uuid: "4c92fd6ad548439399a2311c6048e2c9" member_type: VOTER last_known_addr { host: "127.4.83.195" port: 36307 } }
I20260630 12:34:24.167898  5331 leader_election.cc:290] T 0ec5cbe1d29142beb8e0737370332d28 P fbc75ea6174842f8a401998cbcb4e8df [CANDIDATE]: Term 1 pre-election: Requested pre-vote from peers 28db1db7ff594787909717e2ec27f937 (127.4.83.193:38211), 4c92fd6ad548439399a2311c6048e2c9 (127.4.83.195:36307)
I20260630 12:34:24.171722  5068 leader_election.cc:304] T aab4a718fe754683a753bc671d256f6a P 28db1db7ff594787909717e2ec27f937 [CANDIDATE]: Term 1 pre-election: Election decided. Result: candidate won. Election summary: received 3 responses out of 3 voters: 2 yes votes; 1 no votes. yes voters: 28db1db7ff594787909717e2ec27f937, 4c92fd6ad548439399a2311c6048e2c9; no voters: fbc75ea6174842f8a401998cbcb4e8df
I20260630 12:34:24.177722  5324 leader_election.cc:290] T 2b930b08baff4732b44bfc3fc3b0ff98 P 28db1db7ff594787909717e2ec27f937 [CANDIDATE]: Term 1 election: Requested vote from peers fbc75ea6174842f8a401998cbcb4e8df (127.4.83.194:41095), 4c92fd6ad548439399a2311c6048e2c9 (127.4.83.195:36307)
I20260630 12:34:24.172267  5305 raft_consensus.cc:697] T 6240f001c834478c937c9d3517bd9005 P fbc75ea6174842f8a401998cbcb4e8df [term 1 LEADER]: Becoming Leader. State: Replica: fbc75ea6174842f8a401998cbcb4e8df, State: Running, Role: LEADER
I20260630 12:34:24.179075  5175 tablet_service.cc:1917] Received RequestConsensusVote() RPC: tablet_id: "2b930b08baff4732b44bfc3fc3b0ff98" candidate_uuid: "28db1db7ff594787909717e2ec27f937" candidate_term: 1 candidate_status { last_received { term: 0 index: 0 } } ignore_live_leader: false dest_uuid: "fbc75ea6174842f8a401998cbcb4e8df"
I20260630 12:34:24.179667  5175 raft_consensus.cc:3060] T 2b930b08baff4732b44bfc3fc3b0ff98 P fbc75ea6174842f8a401998cbcb4e8df [term 0 FOLLOWER]: Advancing to term 1
I20260630 12:34:24.179383  5305 consensus_queue.cc:237] T 6240f001c834478c937c9d3517bd9005 P fbc75ea6174842f8a401998cbcb4e8df [LEADER]: Queue going to LEADER mode. State: All replicated index: 0, Majority replicated index: 0, Committed index: 0, Last appended: 0.0, Last appended by leader: 0, Current term: 1, Majority size: 2, State: 0, Mode: LEADER, active raft config: opid_index: -1 OBSOLETE_local: false peers { permanent_uuid: "28db1db7ff594787909717e2ec27f937" member_type: VOTER last_known_addr { host: "127.4.83.193" port: 38211 } } peers { permanent_uuid: "fbc75ea6174842f8a401998cbcb4e8df" member_type: VOTER last_known_addr { host: "127.4.83.194" port: 41095 } } peers { permanent_uuid: "4c92fd6ad548439399a2311c6048e2c9" member_type: VOTER last_known_addr { host: "127.4.83.195" port: 36307 } }
I20260630 12:34:24.182499  5250 tablet_service.cc:1917] Received RequestConsensusVote() RPC: tablet_id: "2b930b08baff4732b44bfc3fc3b0ff98" candidate_uuid: "28db1db7ff594787909717e2ec27f937" candidate_term: 1 candidate_status { last_received { term: 0 index: 0 } } ignore_live_leader: false dest_uuid: "4c92fd6ad548439399a2311c6048e2c9"
I20260630 12:34:24.183063  5250 raft_consensus.cc:3060] T 2b930b08baff4732b44bfc3fc3b0ff98 P 4c92fd6ad548439399a2311c6048e2c9 [term 0 FOLLOWER]: Advancing to term 1
I20260630 12:34:24.172870  5251 tablet_service.cc:1917] Received RequestConsensusVote() RPC: tablet_id: "0ec5cbe1d29142beb8e0737370332d28" candidate_uuid: "fbc75ea6174842f8a401998cbcb4e8df" candidate_term: 1 candidate_status { last_received { term: 0 index: 0 } } ignore_live_leader: false dest_uuid: "4c92fd6ad548439399a2311c6048e2c9" is_pre_election: true
I20260630 12:34:24.178273  5324 raft_consensus.cc:2804] T aab4a718fe754683a753bc671d256f6a P 28db1db7ff594787909717e2ec27f937 [term 0 FOLLOWER]: Leader pre-election won for term 1
I20260630 12:34:24.184677  5324 raft_consensus.cc:493] T aab4a718fe754683a753bc671d256f6a P 28db1db7ff594787909717e2ec27f937 [term 0 FOLLOWER]: Starting leader election (no leader contacted us within the election timeout)
I20260630 12:34:24.185155  5324 raft_consensus.cc:3060] T aab4a718fe754683a753bc671d256f6a P 28db1db7ff594787909717e2ec27f937 [term 0 FOLLOWER]: Advancing to term 1
W20260630 12:34:24.188921  5143 leader_election.cc:343] T 0ec5cbe1d29142beb8e0737370332d28 P fbc75ea6174842f8a401998cbcb4e8df [CANDIDATE]: Term 1 pre-election: Tablet error from VoteRequest() call to peer 4c92fd6ad548439399a2311c6048e2c9 (127.4.83.195:36307): Illegal state: must be running to vote when last-logged opid is not known
I20260630 12:34:24.189340  5300 ts_tablet_manager.cc:1434] T aab4a718fe754683a753bc671d256f6a P 4c92fd6ad548439399a2311c6048e2c9: Time spent starting tablet: real 0.052s	user 0.010s	sys 0.000s
I20260630 12:34:24.198453  5175 raft_consensus.cc:2468] T 2b930b08baff4732b44bfc3fc3b0ff98 P fbc75ea6174842f8a401998cbcb4e8df [term 1 FOLLOWER]: Leader election vote request: Granting yes vote for candidate 28db1db7ff594787909717e2ec27f937 in term 1.
I20260630 12:34:24.207427  5065 leader_election.cc:304] T 2b930b08baff4732b44bfc3fc3b0ff98 P 28db1db7ff594787909717e2ec27f937 [CANDIDATE]: Term 1 election: Election decided. Result: candidate won. Election summary: received 2 responses out of 3 voters: 2 yes votes; 0 no votes. yes voters: 28db1db7ff594787909717e2ec27f937, fbc75ea6174842f8a401998cbcb4e8df; no voters: 
I20260630 12:34:24.208819  5300 tablet_bootstrap.cc:492] T 877725ebb6dd40869a48bd3f91b3e03c P 4c92fd6ad548439399a2311c6048e2c9: Bootstrap starting.
I20260630 12:34:24.208901  5334 raft_consensus.cc:2804] T 2b930b08baff4732b44bfc3fc3b0ff98 P 28db1db7ff594787909717e2ec27f937 [term 1 FOLLOWER]: Leader election won for term 1
I20260630 12:34:24.203646  5250 raft_consensus.cc:2468] T 2b930b08baff4732b44bfc3fc3b0ff98 P 4c92fd6ad548439399a2311c6048e2c9 [term 1 FOLLOWER]: Leader election vote request: Granting yes vote for candidate 28db1db7ff594787909717e2ec27f937 in term 1.
I20260630 12:34:24.215086  4998 catalog_manager.cc:5697] T 301fae080514420e98d6ad602d0cbe9c P 4c92fd6ad548439399a2311c6048e2c9 reported cstate change: term changed from 0 to 1, leader changed from <none> to 4c92fd6ad548439399a2311c6048e2c9 (127.4.83.195). New cstate: current_term: 1 leader_uuid: "4c92fd6ad548439399a2311c6048e2c9" committed_config { opid_index: -1 OBSOLETE_local: false peers { permanent_uuid: "28db1db7ff594787909717e2ec27f937" member_type: VOTER last_known_addr { host: "127.4.83.193" port: 38211 } health_report { overall_health: UNKNOWN } } peers { permanent_uuid: "fbc75ea6174842f8a401998cbcb4e8df" member_type: VOTER last_known_addr { host: "127.4.83.194" port: 41095 } health_report { overall_health: UNKNOWN } } peers { permanent_uuid: "4c92fd6ad548439399a2311c6048e2c9" member_type: VOTER last_known_addr { host: "127.4.83.195" port: 36307 } health_report { overall_health: HEALTHY } } }
I20260630 12:34:24.219607  5299 tablet_bootstrap.cc:654] T aab4a718fe754683a753bc671d256f6a P fbc75ea6174842f8a401998cbcb4e8df: Neither blocks nor log segments found. Creating new log.
I20260630 12:34:24.226001  5305 raft_consensus.cc:493] T 2842080ab7064bed94f368dbfef0faea P fbc75ea6174842f8a401998cbcb4e8df [term 0 FOLLOWER]: Starting pre-election (no leader contacted us within the election timeout)
I20260630 12:34:24.226825  5305 raft_consensus.cc:515] T 2842080ab7064bed94f368dbfef0faea P fbc75ea6174842f8a401998cbcb4e8df [term 0 FOLLOWER]: Starting pre-election with config: opid_index: -1 OBSOLETE_local: false peers { permanent_uuid: "28db1db7ff594787909717e2ec27f937" member_type: VOTER last_known_addr { host: "127.4.83.193" port: 38211 } } peers { permanent_uuid: "fbc75ea6174842f8a401998cbcb4e8df" member_type: VOTER last_known_addr { host: "127.4.83.194" port: 41095 } } peers { permanent_uuid: "4c92fd6ad548439399a2311c6048e2c9" member_type: VOTER last_known_addr { host: "127.4.83.195" port: 36307 } }
I20260630 12:34:24.227298  5298 raft_consensus.cc:515] T 0ec5cbe1d29142beb8e0737370332d28 P 28db1db7ff594787909717e2ec27f937 [term 1 FOLLOWER]: Starting leader election with config: opid_index: -1 OBSOLETE_local: false peers { permanent_uuid: "28db1db7ff594787909717e2ec27f937" member_type: VOTER last_known_addr { host: "127.4.83.193" port: 38211 } } peers { permanent_uuid: "fbc75ea6174842f8a401998cbcb4e8df" member_type: VOTER last_known_addr { host: "127.4.83.194" port: 41095 } } peers { permanent_uuid: "4c92fd6ad548439399a2311c6048e2c9" member_type: VOTER last_known_addr { host: "127.4.83.195" port: 36307 } }
I20260630 12:34:24.228842  5324 raft_consensus.cc:515] T aab4a718fe754683a753bc671d256f6a P 28db1db7ff594787909717e2ec27f937 [term 1 FOLLOWER]: Starting leader election with config: opid_index: -1 OBSOLETE_local: false peers { permanent_uuid: "28db1db7ff594787909717e2ec27f937" member_type: VOTER last_known_addr { host: "127.4.83.193" port: 38211 } } peers { permanent_uuid: "fbc75ea6174842f8a401998cbcb4e8df" member_type: VOTER last_known_addr { host: "127.4.83.194" port: 41095 } } peers { permanent_uuid: "4c92fd6ad548439399a2311c6048e2c9" member_type: VOTER last_known_addr { host: "127.4.83.195" port: 36307 } }
I20260630 12:34:24.230427  5101 raft_consensus.cc:2393] T 0ec5cbe1d29142beb8e0737370332d28 P 28db1db7ff594787909717e2ec27f937 [term 1 FOLLOWER]: Leader pre-election vote request: Denying vote to candidate fbc75ea6174842f8a401998cbcb4e8df in current term 1: Already voted for candidate 28db1db7ff594787909717e2ec27f937 in this term.
I20260630 12:34:24.228736  4999 catalog_manager.cc:5697] T 6240f001c834478c937c9d3517bd9005 P fbc75ea6174842f8a401998cbcb4e8df reported cstate change: term changed from 0 to 1, leader changed from <none> to fbc75ea6174842f8a401998cbcb4e8df (127.4.83.194). New cstate: current_term: 1 leader_uuid: "fbc75ea6174842f8a401998cbcb4e8df" committed_config { opid_index: -1 OBSOLETE_local: false peers { permanent_uuid: "28db1db7ff594787909717e2ec27f937" member_type: VOTER last_known_addr { host: "127.4.83.193" port: 38211 } health_report { overall_health: UNKNOWN } } peers { permanent_uuid: "fbc75ea6174842f8a401998cbcb4e8df" member_type: VOTER last_known_addr { host: "127.4.83.194" port: 41095 } health_report { overall_health: HEALTHY } } peers { permanent_uuid: "4c92fd6ad548439399a2311c6048e2c9" member_type: VOTER last_known_addr { host: "127.4.83.195" port: 36307 } health_report { overall_health: UNKNOWN } } }
I20260630 12:34:24.233724  5141 leader_election.cc:304] T 0ec5cbe1d29142beb8e0737370332d28 P fbc75ea6174842f8a401998cbcb4e8df [CANDIDATE]: Term 1 pre-election: Election decided. Result: candidate lost. Election summary: received 3 responses out of 3 voters: 1 yes votes; 2 no votes. yes voters: fbc75ea6174842f8a401998cbcb4e8df; no voters: 28db1db7ff594787909717e2ec27f937, 4c92fd6ad548439399a2311c6048e2c9
I20260630 12:34:24.235946  5333 raft_consensus.cc:3060] T 0ec5cbe1d29142beb8e0737370332d28 P fbc75ea6174842f8a401998cbcb4e8df [term 0 FOLLOWER]: Advancing to term 1
I20260630 12:34:24.235055  5334 raft_consensus.cc:697] T 2b930b08baff4732b44bfc3fc3b0ff98 P 28db1db7ff594787909717e2ec27f937 [term 1 LEADER]: Becoming Leader. State: Replica: 28db1db7ff594787909717e2ec27f937, State: Running, Role: LEADER
I20260630 12:34:24.242056  5296 tablet_bootstrap.cc:492] T 2842080ab7064bed94f368dbfef0faea P 28db1db7ff594787909717e2ec27f937: No bootstrap required, opened a new log
I20260630 12:34:24.241542  5324 leader_election.cc:290] T aab4a718fe754683a753bc671d256f6a P 28db1db7ff594787909717e2ec27f937 [CANDIDATE]: Term 1 election: Requested vote from peers fbc75ea6174842f8a401998cbcb4e8df (127.4.83.194:41095), 4c92fd6ad548439399a2311c6048e2c9 (127.4.83.195:36307)
I20260630 12:34:24.242564  5296 ts_tablet_manager.cc:1403] T 2842080ab7064bed94f368dbfef0faea P 28db1db7ff594787909717e2ec27f937: Time spent bootstrapping tablet: real 0.135s	user 0.014s	sys 0.012s
I20260630 12:34:24.242506  5250 tablet_service.cc:1917] Received RequestConsensusVote() RPC: tablet_id: "aab4a718fe754683a753bc671d256f6a" candidate_uuid: "28db1db7ff594787909717e2ec27f937" candidate_term: 1 candidate_status { last_received { term: 0 index: 0 } } ignore_live_leader: false dest_uuid: "4c92fd6ad548439399a2311c6048e2c9"
I20260630 12:34:24.243250  5250 raft_consensus.cc:3060] T aab4a718fe754683a753bc671d256f6a P 4c92fd6ad548439399a2311c6048e2c9 [term 0 FOLLOWER]: Advancing to term 1
I20260630 12:34:24.240780  5305 leader_election.cc:290] T 2842080ab7064bed94f368dbfef0faea P fbc75ea6174842f8a401998cbcb4e8df [CANDIDATE]: Term 1 pre-election: Requested pre-vote from peers 28db1db7ff594787909717e2ec27f937 (127.4.83.193:38211), 4c92fd6ad548439399a2311c6048e2c9 (127.4.83.195:36307)
I20260630 12:34:24.244925  5175 tablet_service.cc:1917] Received RequestConsensusVote() RPC: tablet_id: "aab4a718fe754683a753bc671d256f6a" candidate_uuid: "28db1db7ff594787909717e2ec27f937" candidate_term: 1 candidate_status { last_received { term: 0 index: 0 } } ignore_live_leader: false dest_uuid: "fbc75ea6174842f8a401998cbcb4e8df"
I20260630 12:34:24.245234  5251 tablet_service.cc:1917] Received RequestConsensusVote() RPC: tablet_id: "2842080ab7064bed94f368dbfef0faea" candidate_uuid: "fbc75ea6174842f8a401998cbcb4e8df" candidate_term: 1 candidate_status { last_received { term: 0 index: 0 } } ignore_live_leader: false dest_uuid: "4c92fd6ad548439399a2311c6048e2c9" is_pre_election: true
I20260630 12:34:24.245682  5251 raft_consensus.cc:2468] T 2842080ab7064bed94f368dbfef0faea P 4c92fd6ad548439399a2311c6048e2c9 [term 0 FOLLOWER]: Leader pre-election vote request: Granting yes vote for candidate fbc75ea6174842f8a401998cbcb4e8df in term 0.
I20260630 12:34:24.246061  5101 tablet_service.cc:1917] Received RequestConsensusVote() RPC: tablet_id: "2842080ab7064bed94f368dbfef0faea" candidate_uuid: "fbc75ea6174842f8a401998cbcb4e8df" candidate_term: 1 candidate_status { last_received { term: 0 index: 0 } } ignore_live_leader: false dest_uuid: "28db1db7ff594787909717e2ec27f937" is_pre_election: true
W20260630 12:34:24.246814  5065 leader_election.cc:343] T aab4a718fe754683a753bc671d256f6a P 28db1db7ff594787909717e2ec27f937 [CANDIDATE]: Term 1 election: Tablet error from VoteRequest() call to peer fbc75ea6174842f8a401998cbcb4e8df (127.4.83.194:41095): Illegal state: must be running to vote when last-logged opid is not known
I20260630 12:34:24.246836  5143 leader_election.cc:304] T 2842080ab7064bed94f368dbfef0faea P fbc75ea6174842f8a401998cbcb4e8df [CANDIDATE]: Term 1 pre-election: Election decided. Result: candidate won. Election summary: received 2 responses out of 3 voters: 2 yes votes; 0 no votes. yes voters: 4c92fd6ad548439399a2311c6048e2c9, fbc75ea6174842f8a401998cbcb4e8df; no voters: 
I20260630 12:34:24.243888  5176 tablet_service.cc:1917] Received RequestConsensusVote() RPC: tablet_id: "0ec5cbe1d29142beb8e0737370332d28" candidate_uuid: "28db1db7ff594787909717e2ec27f937" candidate_term: 1 candidate_status { last_received { term: 0 index: 0 } } ignore_live_leader: false dest_uuid: "fbc75ea6174842f8a401998cbcb4e8df"
I20260630 12:34:24.280869  5304 raft_consensus.cc:493] T a0285fb85258482282d3a96a76366ada P 4c92fd6ad548439399a2311c6048e2c9 [term 0 FOLLOWER]: Starting pre-election (no leader contacted us within the election timeout)
W20260630 12:34:24.283921  5141 leader_election.cc:343] T 2842080ab7064bed94f368dbfef0faea P fbc75ea6174842f8a401998cbcb4e8df [CANDIDATE]: Term 1 pre-election: Tablet error from VoteRequest() call to peer 28db1db7ff594787909717e2ec27f937 (127.4.83.193:38211): Illegal state: must be running to vote when last-logged opid is not known
I20260630 12:34:24.283716  5296 raft_consensus.cc:359] T 2842080ab7064bed94f368dbfef0faea P 28db1db7ff594787909717e2ec27f937 [term 0 FOLLOWER]: Replica starting. Triggering 0 pending ops. Active config: opid_index: -1 OBSOLETE_local: false peers { permanent_uuid: "28db1db7ff594787909717e2ec27f937" member_type: VOTER last_known_addr { host: "127.4.83.193" port: 38211 } } peers { permanent_uuid: "fbc75ea6174842f8a401998cbcb4e8df" member_type: VOTER last_known_addr { host: "127.4.83.194" port: 41095 } } peers { permanent_uuid: "4c92fd6ad548439399a2311c6048e2c9" member_type: VOTER last_known_addr { host: "127.4.83.195" port: 36307 } }
I20260630 12:34:24.284217  5305 raft_consensus.cc:2804] T 2842080ab7064bed94f368dbfef0faea P fbc75ea6174842f8a401998cbcb4e8df [term 0 FOLLOWER]: Leader pre-election won for term 1
I20260630 12:34:24.283463  5304 raft_consensus.cc:515] T a0285fb85258482282d3a96a76366ada P 4c92fd6ad548439399a2311c6048e2c9 [term 0 FOLLOWER]: Starting pre-election with config: opid_index: -1 OBSOLETE_local: false peers { permanent_uuid: "28db1db7ff594787909717e2ec27f937" member_type: VOTER last_known_addr { host: "127.4.83.193" port: 38211 } } peers { permanent_uuid: "fbc75ea6174842f8a401998cbcb4e8df" member_type: VOTER last_known_addr { host: "127.4.83.194" port: 41095 } } peers { permanent_uuid: "4c92fd6ad548439399a2311c6048e2c9" member_type: VOTER last_known_addr { host: "127.4.83.195" port: 36307 } }
I20260630 12:34:24.284551  5296 raft_consensus.cc:385] T 2842080ab7064bed94f368dbfef0faea P 28db1db7ff594787909717e2ec27f937 [term 0 FOLLOWER]: Consensus starting up: Expiring failure detector timer to make a prompt election more likely
I20260630 12:34:24.284636  5305 raft_consensus.cc:493] T 2842080ab7064bed94f368dbfef0faea P fbc75ea6174842f8a401998cbcb4e8df [term 0 FOLLOWER]: Starting leader election (no leader contacted us within the election timeout)
I20260630 12:34:24.285174  5305 raft_consensus.cc:3060] T 2842080ab7064bed94f368dbfef0faea P fbc75ea6174842f8a401998cbcb4e8df [term 0 FOLLOWER]: Advancing to term 1
I20260630 12:34:24.272616  5339 raft_consensus.cc:493] T a0285fb85258482282d3a96a76366ada P 28db1db7ff594787909717e2ec27f937 [term 0 FOLLOWER]: Starting pre-election (no leader contacted us within the election timeout)
I20260630 12:34:24.285045  5296 raft_consensus.cc:740] T 2842080ab7064bed94f368dbfef0faea P 28db1db7ff594787909717e2ec27f937 [term 0 FOLLOWER]: Becoming Follower/Learner. State: Replica: 28db1db7ff594787909717e2ec27f937, State: Initialized, Role: FOLLOWER
I20260630 12:34:24.247205  5298 leader_election.cc:290] T 0ec5cbe1d29142beb8e0737370332d28 P 28db1db7ff594787909717e2ec27f937 [CANDIDATE]: Term 1 election: Requested vote from peers fbc75ea6174842f8a401998cbcb4e8df (127.4.83.194:41095), 4c92fd6ad548439399a2311c6048e2c9 (127.4.83.195:36307)
I20260630 12:34:24.287097  5296 consensus_queue.cc:260] T 2842080ab7064bed94f368dbfef0faea P 28db1db7ff594787909717e2ec27f937 [NON_LEADER]: Queue going to NON_LEADER mode. State: All replicated index: 0, Majority replicated index: 0, Committed index: 0, Last appended: 0.0, Last appended by leader: 0, Current term: 0, Majority size: -1, State: 0, Mode: NON_LEADER, active raft config: opid_index: -1 OBSOLETE_local: false peers { permanent_uuid: "28db1db7ff594787909717e2ec27f937" member_type: VOTER last_known_addr { host: "127.4.83.193" port: 38211 } } peers { permanent_uuid: "fbc75ea6174842f8a401998cbcb4e8df" member_type: VOTER last_known_addr { host: "127.4.83.194" port: 41095 } } peers { permanent_uuid: "4c92fd6ad548439399a2311c6048e2c9" member_type: VOTER last_known_addr { host: "127.4.83.195" port: 36307 } }
I20260630 12:34:24.280841  5338 raft_consensus.cc:493] T 877725ebb6dd40869a48bd3f91b3e03c P 28db1db7ff594787909717e2ec27f937 [term 0 FOLLOWER]: Starting pre-election (no leader contacted us within the election timeout)
I20260630 12:34:24.248571  5251 tablet_service.cc:1917] Received RequestConsensusVote() RPC: tablet_id: "0ec5cbe1d29142beb8e0737370332d28" candidate_uuid: "28db1db7ff594787909717e2ec27f937" candidate_term: 1 candidate_status { last_received { term: 0 index: 0 } } ignore_live_leader: false dest_uuid: "4c92fd6ad548439399a2311c6048e2c9"
I20260630 12:34:24.285801  5339 raft_consensus.cc:515] T a0285fb85258482282d3a96a76366ada P 28db1db7ff594787909717e2ec27f937 [term 0 FOLLOWER]: Starting pre-election with config: opid_index: -1 OBSOLETE_local: false peers { permanent_uuid: "28db1db7ff594787909717e2ec27f937" member_type: VOTER last_known_addr { host: "127.4.83.193" port: 38211 } } peers { permanent_uuid: "fbc75ea6174842f8a401998cbcb4e8df" member_type: VOTER last_known_addr { host: "127.4.83.194" port: 41095 } } peers { permanent_uuid: "4c92fd6ad548439399a2311c6048e2c9" member_type: VOTER last_known_addr { host: "127.4.83.195" port: 36307 } }
W20260630 12:34:24.289417  5068 leader_election.cc:343] T 0ec5cbe1d29142beb8e0737370332d28 P 28db1db7ff594787909717e2ec27f937 [CANDIDATE]: Term 1 election: Tablet error from VoteRequest() call to peer 4c92fd6ad548439399a2311c6048e2c9 (127.4.83.195:36307): Illegal state: must be running to vote when last-logged opid is not known
I20260630 12:34:24.288194  5304 leader_election.cc:290] T a0285fb85258482282d3a96a76366ada P 4c92fd6ad548439399a2311c6048e2c9 [CANDIDATE]: Term 1 pre-election: Requested pre-vote from peers 28db1db7ff594787909717e2ec27f937 (127.4.83.193:38211), fbc75ea6174842f8a401998cbcb4e8df (127.4.83.194:41095)
I20260630 12:34:24.290688  5296 ts_tablet_manager.cc:1434] T 2842080ab7064bed94f368dbfef0faea P 28db1db7ff594787909717e2ec27f937: Time spent starting tablet: real 0.048s	user 0.007s	sys 0.000s
I20260630 12:34:24.288511  5338 raft_consensus.cc:515] T 877725ebb6dd40869a48bd3f91b3e03c P 28db1db7ff594787909717e2ec27f937 [term 0 FOLLOWER]: Starting pre-election with config: opid_index: -1 OBSOLETE_local: false peers { permanent_uuid: "28db1db7ff594787909717e2ec27f937" member_type: VOTER last_known_addr { host: "127.4.83.193" port: 38211 } } peers { permanent_uuid: "fbc75ea6174842f8a401998cbcb4e8df" member_type: VOTER last_known_addr { host: "127.4.83.194" port: 41095 } } peers { permanent_uuid: "4c92fd6ad548439399a2311c6048e2c9" member_type: VOTER last_known_addr { host: "127.4.83.195" port: 36307 } }
I20260630 12:34:24.261994  5334 consensus_queue.cc:237] T 2b930b08baff4732b44bfc3fc3b0ff98 P 28db1db7ff594787909717e2ec27f937 [LEADER]: Queue going to LEADER mode. State: All replicated index: 0, Majority replicated index: 0, Committed index: 0, Last appended: 0.0, Last appended by leader: 0, Current term: 1, Majority size: 2, State: 0, Mode: LEADER, active raft config: opid_index: -1 OBSOLETE_local: false peers { permanent_uuid: "28db1db7ff594787909717e2ec27f937" member_type: VOTER last_known_addr { host: "127.4.83.193" port: 38211 } } peers { permanent_uuid: "fbc75ea6174842f8a401998cbcb4e8df" member_type: VOTER last_known_addr { host: "127.4.83.194" port: 41095 } } peers { permanent_uuid: "4c92fd6ad548439399a2311c6048e2c9" member_type: VOTER last_known_addr { host: "127.4.83.195" port: 36307 } }
I20260630 12:34:24.270483  5250 raft_consensus.cc:2468] T aab4a718fe754683a753bc671d256f6a P 4c92fd6ad548439399a2311c6048e2c9 [term 1 FOLLOWER]: Leader election vote request: Granting yes vote for candidate 28db1db7ff594787909717e2ec27f937 in term 1.
I20260630 12:34:24.293150  5101 tablet_service.cc:1917] Received RequestConsensusVote() RPC: tablet_id: "a0285fb85258482282d3a96a76366ada" candidate_uuid: "4c92fd6ad548439399a2311c6048e2c9" candidate_term: 1 candidate_status { last_received { term: 0 index: 0 } } ignore_live_leader: false dest_uuid: "28db1db7ff594787909717e2ec27f937" is_pre_election: true
I20260630 12:34:24.293941  5101 raft_consensus.cc:2468] T a0285fb85258482282d3a96a76366ada P 28db1db7ff594787909717e2ec27f937 [term 0 FOLLOWER]: Leader pre-election vote request: Granting yes vote for candidate 4c92fd6ad548439399a2311c6048e2c9 in term 0.
I20260630 12:34:24.294064  5068 leader_election.cc:304] T aab4a718fe754683a753bc671d256f6a P 28db1db7ff594787909717e2ec27f937 [CANDIDATE]: Term 1 election: Election decided. Result: candidate won. Election summary: received 3 responses out of 3 voters: 2 yes votes; 1 no votes. yes voters: 28db1db7ff594787909717e2ec27f937, 4c92fd6ad548439399a2311c6048e2c9; no voters: fbc75ea6174842f8a401998cbcb4e8df
I20260630 12:34:24.297397  5333 raft_consensus.cc:2749] T 0ec5cbe1d29142beb8e0737370332d28 P fbc75ea6174842f8a401998cbcb4e8df [term 1 FOLLOWER]: Leader pre-election lost for term 1. Reason: could not achieve majority
I20260630 12:34:24.297945  5300 tablet_bootstrap.cc:654] T 877725ebb6dd40869a48bd3f91b3e03c P 4c92fd6ad548439399a2311c6048e2c9: Neither blocks nor log segments found. Creating new log.
I20260630 12:34:24.294814  5305 raft_consensus.cc:515] T 2842080ab7064bed94f368dbfef0faea P fbc75ea6174842f8a401998cbcb4e8df [term 1 FOLLOWER]: Starting leader election with config: opid_index: -1 OBSOLETE_local: false peers { permanent_uuid: "28db1db7ff594787909717e2ec27f937" member_type: VOTER last_known_addr { host: "127.4.83.193" port: 38211 } } peers { permanent_uuid: "fbc75ea6174842f8a401998cbcb4e8df" member_type: VOTER last_known_addr { host: "127.4.83.194" port: 41095 } } peers { permanent_uuid: "4c92fd6ad548439399a2311c6048e2c9" member_type: VOTER last_known_addr { host: "127.4.83.195" port: 36307 } }
I20260630 12:34:24.296391  5298 raft_consensus.cc:2804] T aab4a718fe754683a753bc671d256f6a P 28db1db7ff594787909717e2ec27f937 [term 1 FOLLOWER]: Leader election won for term 1
I20260630 12:34:24.299711  5298 raft_consensus.cc:697] T aab4a718fe754683a753bc671d256f6a P 28db1db7ff594787909717e2ec27f937 [term 1 LEADER]: Becoming Leader. State: Replica: 28db1db7ff594787909717e2ec27f937, State: Running, Role: LEADER
I20260630 12:34:24.300603  5305 leader_election.cc:290] T 2842080ab7064bed94f368dbfef0faea P fbc75ea6174842f8a401998cbcb4e8df [CANDIDATE]: Term 1 election: Requested vote from peers 28db1db7ff594787909717e2ec27f937 (127.4.83.193:38211), 4c92fd6ad548439399a2311c6048e2c9 (127.4.83.195:36307)
I20260630 12:34:24.301234  5298 consensus_queue.cc:237] T aab4a718fe754683a753bc671d256f6a P 28db1db7ff594787909717e2ec27f937 [LEADER]: Queue going to LEADER mode. State: All replicated index: 0, Majority replicated index: 0, Committed index: 0, Last appended: 0.0, Last appended by leader: 0, Current term: 1, Majority size: 2, State: 0, Mode: LEADER, active raft config: opid_index: -1 OBSOLETE_local: false peers { permanent_uuid: "28db1db7ff594787909717e2ec27f937" member_type: VOTER last_known_addr { host: "127.4.83.193" port: 38211 } } peers { permanent_uuid: "fbc75ea6174842f8a401998cbcb4e8df" member_type: VOTER last_known_addr { host: "127.4.83.194" port: 41095 } } peers { permanent_uuid: "4c92fd6ad548439399a2311c6048e2c9" member_type: VOTER last_known_addr { host: "127.4.83.195" port: 36307 } }
I20260630 12:34:24.298841  5215 leader_election.cc:304] T a0285fb85258482282d3a96a76366ada P 4c92fd6ad548439399a2311c6048e2c9 [CANDIDATE]: Term 1 pre-election: Election decided. Result: candidate won. Election summary: received 2 responses out of 3 voters: 2 yes votes; 0 no votes. yes voters: 28db1db7ff594787909717e2ec27f937, 4c92fd6ad548439399a2311c6048e2c9; no voters: 
I20260630 12:34:24.305469  5305 raft_consensus.cc:493] T 877725ebb6dd40869a48bd3f91b3e03c P fbc75ea6174842f8a401998cbcb4e8df [term 0 FOLLOWER]: Starting pre-election (no leader contacted us within the election timeout)
I20260630 12:34:24.305533  5304 raft_consensus.cc:2804] T a0285fb85258482282d3a96a76366ada P 4c92fd6ad548439399a2311c6048e2c9 [term 0 FOLLOWER]: Leader pre-election won for term 1
I20260630 12:34:24.305212  5101 tablet_service.cc:1917] Received RequestConsensusVote() RPC: tablet_id: "2842080ab7064bed94f368dbfef0faea" candidate_uuid: "fbc75ea6174842f8a401998cbcb4e8df" candidate_term: 1 candidate_status { last_received { term: 0 index: 0 } } ignore_live_leader: false dest_uuid: "28db1db7ff594787909717e2ec27f937"
I20260630 12:34:24.306114  5304 raft_consensus.cc:493] T a0285fb85258482282d3a96a76366ada P 4c92fd6ad548439399a2311c6048e2c9 [term 0 FOLLOWER]: Starting leader election (no leader contacted us within the election timeout)
I20260630 12:34:24.302733  5175 tablet_service.cc:1917] Received RequestConsensusVote() RPC: tablet_id: "a0285fb85258482282d3a96a76366ada" candidate_uuid: "4c92fd6ad548439399a2311c6048e2c9" candidate_term: 1 candidate_status { last_received { term: 0 index: 0 } } ignore_live_leader: false dest_uuid: "fbc75ea6174842f8a401998cbcb4e8df" is_pre_election: true
I20260630 12:34:24.306099  5305 raft_consensus.cc:515] T 877725ebb6dd40869a48bd3f91b3e03c P fbc75ea6174842f8a401998cbcb4e8df [term 0 FOLLOWER]: Starting pre-election with config: opid_index: -1 OBSOLETE_local: false peers { permanent_uuid: "28db1db7ff594787909717e2ec27f937" member_type: VOTER last_known_addr { host: "127.4.83.193" port: 38211 } } peers { permanent_uuid: "fbc75ea6174842f8a401998cbcb4e8df" member_type: VOTER last_known_addr { host: "127.4.83.194" port: 41095 } } peers { permanent_uuid: "4c92fd6ad548439399a2311c6048e2c9" member_type: VOTER last_known_addr { host: "127.4.83.195" port: 36307 } }
I20260630 12:34:24.307597  5304 raft_consensus.cc:3060] T a0285fb85258482282d3a96a76366ada P 4c92fd6ad548439399a2311c6048e2c9 [term 0 FOLLOWER]: Advancing to term 1
I20260630 12:34:24.306429  5101 raft_consensus.cc:3060] T 2842080ab7064bed94f368dbfef0faea P 28db1db7ff594787909717e2ec27f937 [term 0 FOLLOWER]: Advancing to term 1
I20260630 12:34:24.308213  5250 tablet_service.cc:1917] Received RequestConsensusVote() RPC: tablet_id: "2842080ab7064bed94f368dbfef0faea" candidate_uuid: "fbc75ea6174842f8a401998cbcb4e8df" candidate_term: 1 candidate_status { last_received { term: 0 index: 0 } } ignore_live_leader: false dest_uuid: "4c92fd6ad548439399a2311c6048e2c9"
W20260630 12:34:24.312485  5214 leader_election.cc:343] T a0285fb85258482282d3a96a76366ada P 4c92fd6ad548439399a2311c6048e2c9 [CANDIDATE]: Term 1 pre-election: Tablet error from VoteRequest() call to peer fbc75ea6174842f8a401998cbcb4e8df (127.4.83.194:41095): Illegal state: must be running to vote when last-logged opid is not known
I20260630 12:34:24.313079  5305 leader_election.cc:290] T 877725ebb6dd40869a48bd3f91b3e03c P fbc75ea6174842f8a401998cbcb4e8df [CANDIDATE]: Term 1 pre-election: Requested pre-vote from peers 28db1db7ff594787909717e2ec27f937 (127.4.83.193:38211), 4c92fd6ad548439399a2311c6048e2c9 (127.4.83.195:36307)
