I20260630 12:35:44.189141  3590 raft_consensus.cc:2955] T 451a442b57be40619118bdf437f580bf P 1205bf72bc994b77925e3e47175d48a3 [term 1 FOLLOWER]: Committing config change with OpId 1.4: config changed from index 3 to 4, VOTER d9f92b3299e741f882b1a63b6c77aaf4 (127.0.159.4) evicted. New config: { opid_index: 4 OBSOLETE_local: false peers { permanent_uuid: "1205bf72bc994b77925e3e47175d48a3" member_type: VOTER last_known_addr { host: "127.0.159.1" port: 34409 } } peers { permanent_uuid: "96e50d6e7840451784a17c69d333fd6d" member_type: VOTER last_known_addr { host: "127.0.159.3" port: 36817 } } peers { permanent_uuid: "f75cecc7dbca4188aaa1e789abfe82fb" member_type: VOTER last_known_addr { host: "127.0.159.2" port: 45489 } attrs { promote: false } } }
I20260630 12:35:44.188033  3870 consensus_queue.cc:1048] T 77f50e2c9f854c2ea1bfc9a06cb106d6 P 1205bf72bc994b77925e3e47175d48a3 [LEADER]: Connected to new peer: Peer: permanent_uuid: "d9f92b3299e741f882b1a63b6c77aaf4" member_type: VOTER last_known_addr { host: "127.0.159.4" port: 32937 } attrs { promote: false }, Status: LMP_MISMATCH, Last received: 0.0, Next index: 4, Last known committed idx: 3, Time since last communication: 0.002s
I20260630 12:35:44.192788  3742 raft_consensus.cc:1275] T 77f50e2c9f854c2ea1bfc9a06cb106d6 P 96e50d6e7840451784a17c69d333fd6d [term 2 FOLLOWER]: Refusing update from remote peer 1205bf72bc994b77925e3e47175d48a3: Log matching property violated. Preceding OpId in replica: term: 2 index: 3. Preceding OpId from leader: term: 2 index: 4. (index mismatch)
I20260630 12:35:44.192337  3491 catalog_manager.cc:5697] T 451a442b57be40619118bdf437f580bf P 96e50d6e7840451784a17c69d333fd6d reported cstate change: config changed from index 3 to 4, VOTER d9f92b3299e741f882b1a63b6c77aaf4 (127.0.159.4) evicted. New cstate: current_term: 1 leader_uuid: "96e50d6e7840451784a17c69d333fd6d" committed_config { opid_index: 4 OBSOLETE_local: false peers { permanent_uuid: "1205bf72bc994b77925e3e47175d48a3" member_type: VOTER last_known_addr { host: "127.0.159.1" port: 34409 } health_report { overall_health: HEALTHY } } peers { permanent_uuid: "96e50d6e7840451784a17c69d333fd6d" member_type: VOTER last_known_addr { host: "127.0.159.3" port: 36817 } health_report { overall_health: HEALTHY } } peers { permanent_uuid: "f75cecc7dbca4188aaa1e789abfe82fb" member_type: VOTER last_known_addr { host: "127.0.159.2" port: 45489 } attrs { promote: false } health_report { overall_health: UNKNOWN } } }
I20260630 12:35:44.197117  4142 consensus_queue.cc:1048] T 77f50e2c9f854c2ea1bfc9a06cb106d6 P 1205bf72bc994b77925e3e47175d48a3 [LEADER]: Connected to new peer: Peer: permanent_uuid: "96e50d6e7840451784a17c69d333fd6d" member_type: VOTER last_known_addr { host: "127.0.159.3" port: 36817 } attrs { replace: true }, Status: LMP_MISMATCH, Last received: 0.0, Next index: 4, Last known committed idx: 3, Time since last communication: 0.000s
I20260630 12:35:44.198680  3668 raft_consensus.cc:2955] T 451a442b57be40619118bdf437f580bf P f75cecc7dbca4188aaa1e789abfe82fb [term 1 FOLLOWER]: Committing config change with OpId 1.4: config changed from index 3 to 4, VOTER d9f92b3299e741f882b1a63b6c77aaf4 (127.0.159.4) evicted. New config: { opid_index: 4 OBSOLETE_local: false peers { permanent_uuid: "1205bf72bc994b77925e3e47175d48a3" member_type: VOTER last_known_addr { host: "127.0.159.1" port: 34409 } } peers { permanent_uuid: "96e50d6e7840451784a17c69d333fd6d" member_type: VOTER last_known_addr { host: "127.0.159.3" port: 36817 } } peers { permanent_uuid: "f75cecc7dbca4188aaa1e789abfe82fb" member_type: VOTER last_known_addr { host: "127.0.159.2" port: 45489 } attrs { promote: false } } }
I20260630 12:35:44.203981  3913 tablet_service.cc:1558] Processing DeleteTablet for tablet 451a442b57be40619118bdf437f580bf with delete_type TABLET_DATA_TOMBSTONED (TS d9f92b3299e741f882b1a63b6c77aaf4 not found in new config with opid_index 4) from {username='slave'} at 127.0.0.1:59604
I20260630 12:35:44.204988  4162 tablet_replica.cc:333] T 451a442b57be40619118bdf437f580bf P d9f92b3299e741f882b1a63b6c77aaf4: stopping tablet replica
I20260630 12:35:44.205859  4162 raft_consensus.cc:2243] T 451a442b57be40619118bdf437f580bf P d9f92b3299e741f882b1a63b6c77aaf4 [term 1 FOLLOWER]: Raft consensus shutting down.
I20260630 12:35:44.206590  4162 raft_consensus.cc:2272] T 451a442b57be40619118bdf437f580bf P d9f92b3299e741f882b1a63b6c77aaf4 [term 1 FOLLOWER]: Raft consensus is shut down!
I20260630 12:35:44.207656  3666 raft_consensus.cc:1275] T 77f50e2c9f854c2ea1bfc9a06cb106d6 P f75cecc7dbca4188aaa1e789abfe82fb [term 2 FOLLOWER]: Refusing update from remote peer 1205bf72bc994b77925e3e47175d48a3: Log matching property violated. Preceding OpId in replica: term: 2 index: 3. Preceding OpId from leader: term: 2 index: 4. (index mismatch)
I20260630 12:35:44.209391  3870 consensus_queue.cc:1048] T 77f50e2c9f854c2ea1bfc9a06cb106d6 P 1205bf72bc994b77925e3e47175d48a3 [LEADER]: Connected to new peer: Peer: permanent_uuid: "f75cecc7dbca4188aaa1e789abfe82fb" member_type: VOTER last_known_addr { host: "127.0.159.2" port: 45489 }, Status: LMP_MISMATCH, Last received: 0.0, Next index: 4, Last known committed idx: 3, Time since last communication: 0.000s
I20260630 12:35:44.210297  4162 ts_tablet_manager.cc:1916] T 451a442b57be40619118bdf437f580bf P d9f92b3299e741f882b1a63b6c77aaf4: Deleting tablet data with delete state TABLET_DATA_TOMBSTONED
I20260630 12:35:44.222802  3667 raft_consensus.cc:2955] T 77f50e2c9f854c2ea1bfc9a06cb106d6 P f75cecc7dbca4188aaa1e789abfe82fb [term 2 FOLLOWER]: Committing config change with OpId 2.4: config changed from index 3 to 4, d9f92b3299e741f882b1a63b6c77aaf4 (127.0.159.4) changed from NON_VOTER to VOTER. New config: { opid_index: 4 OBSOLETE_local: false peers { permanent_uuid: "f75cecc7dbca4188aaa1e789abfe82fb" member_type: VOTER last_known_addr { host: "127.0.159.2" port: 45489 } } peers { permanent_uuid: "1205bf72bc994b77925e3e47175d48a3" member_type: VOTER last_known_addr { host: "127.0.159.1" port: 34409 } } peers { permanent_uuid: "96e50d6e7840451784a17c69d333fd6d" member_type: VOTER last_known_addr { host: "127.0.159.3" port: 36817 } attrs { replace: true } } peers { permanent_uuid: "d9f92b3299e741f882b1a63b6c77aaf4" member_type: VOTER last_known_addr { host: "127.0.159.4" port: 32937 } attrs { promote: false } } }
I20260630 12:35:44.220073  3870 raft_consensus.cc:2955] T 77f50e2c9f854c2ea1bfc9a06cb106d6 P 1205bf72bc994b77925e3e47175d48a3 [term 2 LEADER]: Committing config change with OpId 2.4: config changed from index 3 to 4, d9f92b3299e741f882b1a63b6c77aaf4 (127.0.159.4) changed from NON_VOTER to VOTER. New config: { opid_index: 4 OBSOLETE_local: false peers { permanent_uuid: "f75cecc7dbca4188aaa1e789abfe82fb" member_type: VOTER last_known_addr { host: "127.0.159.2" port: 45489 } } peers { permanent_uuid: "1205bf72bc994b77925e3e47175d48a3" member_type: VOTER last_known_addr { host: "127.0.159.1" port: 34409 } } peers { permanent_uuid: "96e50d6e7840451784a17c69d333fd6d" member_type: VOTER last_known_addr { host: "127.0.159.3" port: 36817 } attrs { replace: true } } peers { permanent_uuid: "d9f92b3299e741f882b1a63b6c77aaf4" member_type: VOTER last_known_addr { host: "127.0.159.4" port: 32937 } attrs { promote: false } } }
I20260630 12:35:44.234536  3742 raft_consensus.cc:2955] T 77f50e2c9f854c2ea1bfc9a06cb106d6 P 96e50d6e7840451784a17c69d333fd6d [term 2 FOLLOWER]: Committing config change with OpId 2.4: config changed from index 3 to 4, d9f92b3299e741f882b1a63b6c77aaf4 (127.0.159.4) changed from NON_VOTER to VOTER. New config: { opid_index: 4 OBSOLETE_local: false peers { permanent_uuid: "f75cecc7dbca4188aaa1e789abfe82fb" member_type: VOTER last_known_addr { host: "127.0.159.2" port: 45489 } } peers { permanent_uuid: "1205bf72bc994b77925e3e47175d48a3" member_type: VOTER last_known_addr { host: "127.0.159.1" port: 34409 } } peers { permanent_uuid: "96e50d6e7840451784a17c69d333fd6d" member_type: VOTER last_known_addr { host: "127.0.159.3" port: 36817 } attrs { replace: true } } peers { permanent_uuid: "d9f92b3299e741f882b1a63b6c77aaf4" member_type: VOTER last_known_addr { host: "127.0.159.4" port: 32937 } attrs { promote: false } } }
I20260630 12:35:44.236410  3491 catalog_manager.cc:5697] T 77f50e2c9f854c2ea1bfc9a06cb106d6 P f75cecc7dbca4188aaa1e789abfe82fb reported cstate change: config changed from index 3 to 4, d9f92b3299e741f882b1a63b6c77aaf4 (127.0.159.4) changed from NON_VOTER to VOTER. New cstate: current_term: 2 leader_uuid: "1205bf72bc994b77925e3e47175d48a3" committed_config { opid_index: 4 OBSOLETE_local: false peers { permanent_uuid: "f75cecc7dbca4188aaa1e789abfe82fb" member_type: VOTER last_known_addr { host: "127.0.159.2" port: 45489 } } peers { permanent_uuid: "1205bf72bc994b77925e3e47175d48a3" member_type: VOTER last_known_addr { host: "127.0.159.1" port: 34409 } } peers { permanent_uuid: "96e50d6e7840451784a17c69d333fd6d" member_type: VOTER last_known_addr { host: "127.0.159.3" port: 36817 } attrs { replace: true } } peers { permanent_uuid: "d9f92b3299e741f882b1a63b6c77aaf4" member_type: VOTER last_known_addr { host: "127.0.159.4" port: 32937 } attrs { promote: false } } }
I20260630 12:35:44.241247  3929 raft_consensus.cc:2955] T 77f50e2c9f854c2ea1bfc9a06cb106d6 P d9f92b3299e741f882b1a63b6c77aaf4 [term 2 FOLLOWER]: Committing config change with OpId 2.4: config changed from index 3 to 4, d9f92b3299e741f882b1a63b6c77aaf4 (127.0.159.4) changed from NON_VOTER to VOTER. New config: { opid_index: 4 OBSOLETE_local: false peers { permanent_uuid: "f75cecc7dbca4188aaa1e789abfe82fb" member_type: VOTER last_known_addr { host: "127.0.159.2" port: 45489 } } peers { permanent_uuid: "1205bf72bc994b77925e3e47175d48a3" member_type: VOTER last_known_addr { host: "127.0.159.1" port: 34409 } } peers { permanent_uuid: "96e50d6e7840451784a17c69d333fd6d" member_type: VOTER last_known_addr { host: "127.0.159.3" port: 36817 } attrs { replace: true } } peers { permanent_uuid: "d9f92b3299e741f882b1a63b6c77aaf4" member_type: VOTER last_known_addr { host: "127.0.159.4" port: 32937 } attrs { promote: false } } }
I20260630 12:35:44.248891  4162 ts_tablet_manager.cc:1929] T 451a442b57be40619118bdf437f580bf P d9f92b3299e741f882b1a63b6c77aaf4: tablet deleted with delete type TABLET_DATA_TOMBSTONED: last-logged OpId 1.3
I20260630 12:35:44.249364  4162 log.cc:1199] T 451a442b57be40619118bdf437f580bf P d9f92b3299e741f882b1a63b6c77aaf4: Deleting WAL directory at /tmp/dist-test-taskjXCcue/test-tmp/auto_rebalancer-test.0.AutoRebalancerTest.RangeAwareRebalancesNewRangeReplicas.1782822854378420-636-0/minicluster-data/ts-3-root/wals/451a442b57be40619118bdf437f580bf
I20260630 12:35:44.252122  3476 catalog_manager.cc:5028] TS d9f92b3299e741f882b1a63b6c77aaf4 (127.0.159.4:32937): tablet 451a442b57be40619118bdf437f580bf (table range_aware_rebalance_new_range [id=2b416a01e6484b13bee2c7722e937d02]) successfully deleted
I20260630 12:35:44.263322  3590 consensus_queue.cc:237] T 77f50e2c9f854c2ea1bfc9a06cb106d6 P 1205bf72bc994b77925e3e47175d48a3 [LEADER]: Queue going to LEADER mode. State: All replicated index: 0, Majority replicated index: 4, Committed index: 4, Last appended: 2.4, Last appended by leader: 1, Current term: 2, Majority size: 2, State: 0, Mode: LEADER, active raft config: opid_index: 5 OBSOLETE_local: false peers { permanent_uuid: "f75cecc7dbca4188aaa1e789abfe82fb" member_type: VOTER last_known_addr { host: "127.0.159.2" port: 45489 } } peers { permanent_uuid: "1205bf72bc994b77925e3e47175d48a3" member_type: VOTER last_known_addr { host: "127.0.159.1" port: 34409 } } peers { permanent_uuid: "d9f92b3299e741f882b1a63b6c77aaf4" member_type: VOTER last_known_addr { host: "127.0.159.4" port: 32937 } attrs { promote: false } }
I20260630 12:35:44.269281  3929 raft_consensus.cc:1275] T 77f50e2c9f854c2ea1bfc9a06cb106d6 P d9f92b3299e741f882b1a63b6c77aaf4 [term 2 FOLLOWER]: Refusing update from remote peer 1205bf72bc994b77925e3e47175d48a3: Log matching property violated. Preceding OpId in replica: term: 2 index: 4. Preceding OpId from leader: term: 2 index: 5. (index mismatch)
I20260630 12:35:44.269282  3667 raft_consensus.cc:1275] T 77f50e2c9f854c2ea1bfc9a06cb106d6 P f75cecc7dbca4188aaa1e789abfe82fb [term 2 FOLLOWER]: Refusing update from remote peer 1205bf72bc994b77925e3e47175d48a3: Log matching property violated. Preceding OpId in replica: term: 2 index: 4. Preceding OpId from leader: term: 2 index: 5. (index mismatch)
I20260630 12:35:44.270789  3870 consensus_queue.cc:1048] T 77f50e2c9f854c2ea1bfc9a06cb106d6 P 1205bf72bc994b77925e3e47175d48a3 [LEADER]: Connected to new peer: Peer: permanent_uuid: "f75cecc7dbca4188aaa1e789abfe82fb" member_type: VOTER last_known_addr { host: "127.0.159.2" port: 45489 }, Status: LMP_MISMATCH, Last received: 0.0, Next index: 5, Last known committed idx: 4, Time since last communication: 0.000s
I20260630 12:35:44.271680  4142 consensus_queue.cc:1048] T 77f50e2c9f854c2ea1bfc9a06cb106d6 P 1205bf72bc994b77925e3e47175d48a3 [LEADER]: Connected to new peer: Peer: permanent_uuid: "d9f92b3299e741f882b1a63b6c77aaf4" member_type: VOTER last_known_addr { host: "127.0.159.4" port: 32937 } attrs { promote: false }, Status: LMP_MISMATCH, Last received: 0.0, Next index: 5, Last known committed idx: 4, Time since last communication: 0.000s
I20260630 12:35:44.278151  3870 raft_consensus.cc:2955] T 77f50e2c9f854c2ea1bfc9a06cb106d6 P 1205bf72bc994b77925e3e47175d48a3 [term 2 LEADER]: Committing config change with OpId 2.5: config changed from index 4 to 5, VOTER 96e50d6e7840451784a17c69d333fd6d (127.0.159.3) evicted. New config: { opid_index: 5 OBSOLETE_local: false peers { permanent_uuid: "f75cecc7dbca4188aaa1e789abfe82fb" member_type: VOTER last_known_addr { host: "127.0.159.2" port: 45489 } } peers { permanent_uuid: "1205bf72bc994b77925e3e47175d48a3" member_type: VOTER last_known_addr { host: "127.0.159.1" port: 34409 } } peers { permanent_uuid: "d9f92b3299e741f882b1a63b6c77aaf4" member_type: VOTER last_known_addr { host: "127.0.159.4" port: 32937 } attrs { promote: false } } }
I20260630 12:35:44.279316  3667 raft_consensus.cc:2955] T 77f50e2c9f854c2ea1bfc9a06cb106d6 P f75cecc7dbca4188aaa1e789abfe82fb [term 2 FOLLOWER]: Committing config change with OpId 2.5: config changed from index 4 to 5, VOTER 96e50d6e7840451784a17c69d333fd6d (127.0.159.3) evicted. New config: { opid_index: 5 OBSOLETE_local: false peers { permanent_uuid: "f75cecc7dbca4188aaa1e789abfe82fb" member_type: VOTER last_known_addr { host: "127.0.159.2" port: 45489 } } peers { permanent_uuid: "1205bf72bc994b77925e3e47175d48a3" member_type: VOTER last_known_addr { host: "127.0.159.1" port: 34409 } } peers { permanent_uuid: "d9f92b3299e741f882b1a63b6c77aaf4" member_type: VOTER last_known_addr { host: "127.0.159.4" port: 32937 } attrs { promote: false } } }
I20260630 12:35:44.279557  3929 raft_consensus.cc:2955] T 77f50e2c9f854c2ea1bfc9a06cb106d6 P d9f92b3299e741f882b1a63b6c77aaf4 [term 2 FOLLOWER]: Committing config change with OpId 2.5: config changed from index 4 to 5, VOTER 96e50d6e7840451784a17c69d333fd6d (127.0.159.3) evicted. New config: { opid_index: 5 OBSOLETE_local: false peers { permanent_uuid: "f75cecc7dbca4188aaa1e789abfe82fb" member_type: VOTER last_known_addr { host: "127.0.159.2" port: 45489 } } peers { permanent_uuid: "1205bf72bc994b77925e3e47175d48a3" member_type: VOTER last_known_addr { host: "127.0.159.1" port: 34409 } } peers { permanent_uuid: "d9f92b3299e741f882b1a63b6c77aaf4" member_type: VOTER last_known_addr { host: "127.0.159.4" port: 32937 } attrs { promote: false } } }
I20260630 12:35:44.287359  3478 catalog_manager.cc:5210] ChangeConfig:REMOVE_PEER RPC for tablet 77f50e2c9f854c2ea1bfc9a06cb106d6 with cas_config_opid_index 4: ChangeConfig:REMOVE_PEER succeeded (attempt 1)
I20260630 12:35:44.291241  3489 catalog_manager.cc:5697] T 77f50e2c9f854c2ea1bfc9a06cb106d6 P f75cecc7dbca4188aaa1e789abfe82fb reported cstate change: config changed from index 4 to 5, VOTER 96e50d6e7840451784a17c69d333fd6d (127.0.159.3) evicted. New cstate: current_term: 2 leader_uuid: "1205bf72bc994b77925e3e47175d48a3" committed_config { opid_index: 5 OBSOLETE_local: false peers { permanent_uuid: "f75cecc7dbca4188aaa1e789abfe82fb" member_type: VOTER last_known_addr { host: "127.0.159.2" port: 45489 } } peers { permanent_uuid: "1205bf72bc994b77925e3e47175d48a3" member_type: VOTER last_known_addr { host: "127.0.159.1" port: 34409 } } peers { permanent_uuid: "d9f92b3299e741f882b1a63b6c77aaf4" member_type: VOTER last_known_addr { host: "127.0.159.4" port: 32937 } attrs { promote: false } } }
I20260630 12:35:44.302488  3730 tablet_service.cc:1558] Processing DeleteTablet for tablet 77f50e2c9f854c2ea1bfc9a06cb106d6 with delete_type TABLET_DATA_TOMBSTONED (TS 96e50d6e7840451784a17c69d333fd6d not found in new config with opid_index 5) from {username='slave'} at 127.0.0.1:56188
I20260630 12:35:44.304454  4171 tablet_replica.cc:333] T 77f50e2c9f854c2ea1bfc9a06cb106d6 P 96e50d6e7840451784a17c69d333fd6d: stopping tablet replica
I20260630 12:35:44.305444  4171 raft_consensus.cc:2243] T 77f50e2c9f854c2ea1bfc9a06cb106d6 P 96e50d6e7840451784a17c69d333fd6d [term 2 FOLLOWER]: Raft consensus shutting down.
I20260630 12:35:44.306155  4171 raft_consensus.cc:2272] T 77f50e2c9f854c2ea1bfc9a06cb106d6 P 96e50d6e7840451784a17c69d333fd6d [term 2 FOLLOWER]: Raft consensus is shut down!
I20260630 12:35:44.309116  4171 ts_tablet_manager.cc:1916] T 77f50e2c9f854c2ea1bfc9a06cb106d6 P 96e50d6e7840451784a17c69d333fd6d: Deleting tablet data with delete state TABLET_DATA_TOMBSTONED
I20260630 12:35:44.319430  4171 ts_tablet_manager.cc:1929] T 77f50e2c9f854c2ea1bfc9a06cb106d6 P 96e50d6e7840451784a17c69d333fd6d: tablet deleted with delete type TABLET_DATA_TOMBSTONED: last-logged OpId 2.4
I20260630 12:35:44.319813  4171 log.cc:1199] T 77f50e2c9f854c2ea1bfc9a06cb106d6 P 96e50d6e7840451784a17c69d333fd6d: Deleting WAL directory at /tmp/dist-test-taskjXCcue/test-tmp/auto_rebalancer-test.0.AutoRebalancerTest.RangeAwareRebalancesNewRangeReplicas.1782822854378420-636-0/minicluster-data/ts-2-root/wals/77f50e2c9f854c2ea1bfc9a06cb106d6
I20260630 12:35:44.321254  3475 catalog_manager.cc:5028] TS 96e50d6e7840451784a17c69d333fd6d (127.0.159.3:36817): tablet 77f50e2c9f854c2ea1bfc9a06cb106d6 (table range_aware_rebalance_new_range [id=2b416a01e6484b13bee2c7722e937d02]) successfully deleted
I20260630 12:35:45.327057  3742 consensus_queue.cc:237] T 14f475ccdca748ea91b495db514880c0 P 96e50d6e7840451784a17c69d333fd6d [LEADER]: Queue going to LEADER mode. State: All replicated index: 0, Majority replicated index: 1, Committed index: 1, Last appended: 2.1, Last appended by leader: 0, Current term: 2, Majority size: 2, State: 0, Mode: LEADER, active raft config: opid_index: 2 OBSOLETE_local: false peers { permanent_uuid: "f75cecc7dbca4188aaa1e789abfe82fb" member_type: VOTER last_known_addr { host: "127.0.159.2" port: 45489 } attrs { replace: true } } peers { permanent_uuid: "1205bf72bc994b77925e3e47175d48a3" member_type: VOTER last_known_addr { host: "127.0.159.1" port: 34409 } } peers { permanent_uuid: "96e50d6e7840451784a17c69d333fd6d" member_type: VOTER last_known_addr { host: "127.0.159.3" port: 36817 } } peers { permanent_uuid: "d9f92b3299e741f882b1a63b6c77aaf4" member_type: NON_VOTER last_known_addr { host: "127.0.159.4" port: 32937 } attrs { promote: true } }
W20260630 12:35:45.334301  3706 consensus_peers.cc:597] T 14f475ccdca748ea91b495db514880c0 P 96e50d6e7840451784a17c69d333fd6d -> Peer d9f92b3299e741f882b1a63b6c77aaf4 (127.0.159.4:32937): Couldn't send request to peer d9f92b3299e741f882b1a63b6c77aaf4. Error code: TABLET_NOT_FOUND (6). Status: Not found: Tablet not found: 14f475ccdca748ea91b495db514880c0. This is attempt 1: this message will repeat every 5th retry.
I20260630 12:35:45.334599  3590 raft_consensus.cc:1275] T 14f475ccdca748ea91b495db514880c0 P 1205bf72bc994b77925e3e47175d48a3 [term 2 FOLLOWER]: Refusing update from remote peer 96e50d6e7840451784a17c69d333fd6d: Log matching property violated. Preceding OpId in replica: term: 2 index: 1. Preceding OpId from leader: term: 2 index: 2. (index mismatch)
I20260630 12:35:45.334627  3666 raft_consensus.cc:1275] T 14f475ccdca748ea91b495db514880c0 P f75cecc7dbca4188aaa1e789abfe82fb [term 2 FOLLOWER]: Refusing update from remote peer 96e50d6e7840451784a17c69d333fd6d: Log matching property violated. Preceding OpId in replica: term: 2 index: 1. Preceding OpId from leader: term: 2 index: 2. (index mismatch)
I20260630 12:35:45.336225  4175 consensus_queue.cc:1048] T 14f475ccdca748ea91b495db514880c0 P 96e50d6e7840451784a17c69d333fd6d [LEADER]: Connected to new peer: Peer: permanent_uuid: "1205bf72bc994b77925e3e47175d48a3" member_type: VOTER last_known_addr { host: "127.0.159.1" port: 34409 }, Status: LMP_MISMATCH, Last received: 0.0, Next index: 2, Last known committed idx: 1, Time since last communication: 0.001s
I20260630 12:35:45.337181  4173 consensus_queue.cc:1048] T 14f475ccdca748ea91b495db514880c0 P 96e50d6e7840451784a17c69d333fd6d [LEADER]: Connected to new peer: Peer: permanent_uuid: "f75cecc7dbca4188aaa1e789abfe82fb" member_type: VOTER last_known_addr { host: "127.0.159.2" port: 45489 } attrs { replace: true }, Status: LMP_MISMATCH, Last received: 0.0, Next index: 2, Last known committed idx: 1, Time since last communication: 0.000s
I20260630 12:35:45.345197  4175 raft_consensus.cc:2955] T 14f475ccdca748ea91b495db514880c0 P 96e50d6e7840451784a17c69d333fd6d [term 2 LEADER]: Committing config change with OpId 2.2: config changed from index -1 to 2, NON_VOTER d9f92b3299e741f882b1a63b6c77aaf4 (127.0.159.4) added. New config: { opid_index: 2 OBSOLETE_local: false peers { permanent_uuid: "f75cecc7dbca4188aaa1e789abfe82fb" member_type: VOTER last_known_addr { host: "127.0.159.2" port: 45489 } attrs { replace: true } } peers { permanent_uuid: "1205bf72bc994b77925e3e47175d48a3" member_type: VOTER last_known_addr { host: "127.0.159.1" port: 34409 } } peers { permanent_uuid: "96e50d6e7840451784a17c69d333fd6d" member_type: VOTER last_known_addr { host: "127.0.159.3" port: 36817 } } peers { permanent_uuid: "d9f92b3299e741f882b1a63b6c77aaf4" member_type: NON_VOTER last_known_addr { host: "127.0.159.4" port: 32937 } attrs { promote: true } } }
I20260630 12:35:45.346553  3666 raft_consensus.cc:2955] T 14f475ccdca748ea91b495db514880c0 P f75cecc7dbca4188aaa1e789abfe82fb [term 2 FOLLOWER]: Committing config change with OpId 2.2: config changed from index -1 to 2, NON_VOTER d9f92b3299e741f882b1a63b6c77aaf4 (127.0.159.4) added. New config: { opid_index: 2 OBSOLETE_local: false peers { permanent_uuid: "f75cecc7dbca4188aaa1e789abfe82fb" member_type: VOTER last_known_addr { host: "127.0.159.2" port: 45489 } attrs { replace: true } } peers { permanent_uuid: "1205bf72bc994b77925e3e47175d48a3" member_type: VOTER last_known_addr { host: "127.0.159.1" port: 34409 } } peers { permanent_uuid: "96e50d6e7840451784a17c69d333fd6d" member_type: VOTER last_known_addr { host: "127.0.159.3" port: 36817 } } peers { permanent_uuid: "d9f92b3299e741f882b1a63b6c77aaf4" member_type: NON_VOTER last_known_addr { host: "127.0.159.4" port: 32937 } attrs { promote: true } } }
I20260630 12:35:45.346976  3590 raft_consensus.cc:2955] T 14f475ccdca748ea91b495db514880c0 P 1205bf72bc994b77925e3e47175d48a3 [term 2 FOLLOWER]: Committing config change with OpId 2.2: config changed from index -1 to 2, NON_VOTER d9f92b3299e741f882b1a63b6c77aaf4 (127.0.159.4) added. New config: { opid_index: 2 OBSOLETE_local: false peers { permanent_uuid: "f75cecc7dbca4188aaa1e789abfe82fb" member_type: VOTER last_known_addr { host: "127.0.159.2" port: 45489 } attrs { replace: true } } peers { permanent_uuid: "1205bf72bc994b77925e3e47175d48a3" member_type: VOTER last_known_addr { host: "127.0.159.1" port: 34409 } } peers { permanent_uuid: "96e50d6e7840451784a17c69d333fd6d" member_type: VOTER last_known_addr { host: "127.0.159.3" port: 36817 } } peers { permanent_uuid: "d9f92b3299e741f882b1a63b6c77aaf4" member_type: NON_VOTER last_known_addr { host: "127.0.159.4" port: 32937 } attrs { promote: true } } }
I20260630 12:35:45.359423  3487 catalog_manager.cc:5697] T 14f475ccdca748ea91b495db514880c0 P f75cecc7dbca4188aaa1e789abfe82fb reported cstate change: config changed from index -1 to 2, NON_VOTER d9f92b3299e741f882b1a63b6c77aaf4 (127.0.159.4) added. New cstate: current_term: 2 leader_uuid: "96e50d6e7840451784a17c69d333fd6d" committed_config { opid_index: 2 OBSOLETE_local: false peers { permanent_uuid: "f75cecc7dbca4188aaa1e789abfe82fb" member_type: VOTER last_known_addr { host: "127.0.159.2" port: 45489 } attrs { replace: true } } peers { permanent_uuid: "1205bf72bc994b77925e3e47175d48a3" member_type: VOTER last_known_addr { host: "127.0.159.1" port: 34409 } } peers { permanent_uuid: "96e50d6e7840451784a17c69d333fd6d" member_type: VOTER last_known_addr { host: "127.0.159.3" port: 36817 } } peers { permanent_uuid: "d9f92b3299e741f882b1a63b6c77aaf4" member_type: NON_VOTER last_known_addr { host: "127.0.159.4" port: 32937 } attrs { promote: true } } }
I20260630 12:35:45.601590  3544 auto_leader_rebalancer.cc:141] leader rebalance for table range_aware_rebalance_new_range
I20260630 12:35:45.613735  3544 auto_leader_rebalancer.cc:440] table: range_aware_rebalance_new_range, leader rebalance finish, leader transfer count: 0
I20260630 12:35:45.614358  3544 auto_leader_rebalancer.cc:515] All tables' leader rebalancing finished this round
I20260630 12:35:45.895334  4183 ts_tablet_manager.cc:933] T 14f475ccdca748ea91b495db514880c0 P d9f92b3299e741f882b1a63b6c77aaf4: Initiating tablet copy from peer 96e50d6e7840451784a17c69d333fd6d (127.0.159.3:36817)
I20260630 12:35:45.897426  4183 tablet_copy_client.cc:323] T 14f475ccdca748ea91b495db514880c0 P d9f92b3299e741f882b1a63b6c77aaf4: tablet copy: Beginning tablet copy session from remote peer at address 127.0.159.3:36817
I20260630 12:35:45.899093  3752 tablet_copy_service.cc:140] P 96e50d6e7840451784a17c69d333fd6d: Received BeginTabletCopySession request for tablet 14f475ccdca748ea91b495db514880c0 from peer d9f92b3299e741f882b1a63b6c77aaf4 ({username='slave'} at 127.0.0.1:56216)
I20260630 12:35:45.899585  3752 tablet_copy_service.cc:161] P 96e50d6e7840451784a17c69d333fd6d: Beginning new tablet copy session on tablet 14f475ccdca748ea91b495db514880c0 from peer d9f92b3299e741f882b1a63b6c77aaf4 at {username='slave'} at 127.0.0.1:56216: session id = d9f92b3299e741f882b1a63b6c77aaf4-14f475ccdca748ea91b495db514880c0
I20260630 12:35:45.904928  3752 tablet_copy_source_session.cc:215] T 14f475ccdca748ea91b495db514880c0 P 96e50d6e7840451784a17c69d333fd6d: Tablet Copy: opened 0 blocks and 1 log segments
I20260630 12:35:45.907681  4183 data_dirs.cc:400] Could only allocate 1 dirs of requested 3 for tablet 14f475ccdca748ea91b495db514880c0. 1 dirs total, 0 dirs full, 0 dirs failed
I20260630 12:35:45.919160  4183 tablet_copy_client.cc:806] T 14f475ccdca748ea91b495db514880c0 P d9f92b3299e741f882b1a63b6c77aaf4: tablet copy: Starting download of 0 data blocks...
I20260630 12:35:45.919716  4183 tablet_copy_client.cc:670] T 14f475ccdca748ea91b495db514880c0 P d9f92b3299e741f882b1a63b6c77aaf4: tablet copy: Starting download of 1 WAL segments...
I20260630 12:35:45.923417  4183 tablet_copy_client.cc:538] T 14f475ccdca748ea91b495db514880c0 P d9f92b3299e741f882b1a63b6c77aaf4: tablet copy: Tablet Copy complete. Replacing tablet superblock.
I20260630 12:35:45.931744  4183 tablet_bootstrap.cc:492] T 14f475ccdca748ea91b495db514880c0 P d9f92b3299e741f882b1a63b6c77aaf4: Bootstrap starting.
I20260630 12:35:45.951520  4183 tablet_bootstrap.cc:492] T 14f475ccdca748ea91b495db514880c0 P d9f92b3299e741f882b1a63b6c77aaf4: Bootstrap replayed 1/1 log segments. Stats: ops{read=2 overwritten=0 applied=2 ignored=0} inserts{seen=0 ignored=0} mutations{seen=0 ignored=0} orphaned_commits=0. Pending: 0 replicates
I20260630 12:35:45.952447  4183 tablet_bootstrap.cc:492] T 14f475ccdca748ea91b495db514880c0 P d9f92b3299e741f882b1a63b6c77aaf4: Bootstrap complete.
I20260630 12:35:45.953089  4183 ts_tablet_manager.cc:1403] T 14f475ccdca748ea91b495db514880c0 P d9f92b3299e741f882b1a63b6c77aaf4: Time spent bootstrapping tablet: real 0.022s	user 0.016s	sys 0.008s
I20260630 12:35:45.956059  4183 raft_consensus.cc:359] T 14f475ccdca748ea91b495db514880c0 P d9f92b3299e741f882b1a63b6c77aaf4 [term 2 LEARNER]: Replica starting. Triggering 0 pending ops. Active config: opid_index: 2 OBSOLETE_local: false peers { permanent_uuid: "f75cecc7dbca4188aaa1e789abfe82fb" member_type: VOTER last_known_addr { host: "127.0.159.2" port: 45489 } attrs { replace: true } } peers { permanent_uuid: "1205bf72bc994b77925e3e47175d48a3" member_type: VOTER last_known_addr { host: "127.0.159.1" port: 34409 } } peers { permanent_uuid: "96e50d6e7840451784a17c69d333fd6d" member_type: VOTER last_known_addr { host: "127.0.159.3" port: 36817 } } peers { permanent_uuid: "d9f92b3299e741f882b1a63b6c77aaf4" member_type: NON_VOTER last_known_addr { host: "127.0.159.4" port: 32937 } attrs { promote: true } }
I20260630 12:35:45.956897  4183 raft_consensus.cc:740] T 14f475ccdca748ea91b495db514880c0 P d9f92b3299e741f882b1a63b6c77aaf4 [term 2 LEARNER]: Becoming Follower/Learner. State: Replica: d9f92b3299e741f882b1a63b6c77aaf4, State: Initialized, Role: LEARNER
I20260630 12:35:45.957554  4183 consensus_queue.cc:260] T 14f475ccdca748ea91b495db514880c0 P d9f92b3299e741f882b1a63b6c77aaf4 [NON_LEADER]: Queue going to NON_LEADER mode. State: All replicated index: 0, Majority replicated index: 0, Committed index: 2, Last appended: 2.2, Last appended by leader: 2, Current term: 0, Majority size: -1, State: 0, Mode: NON_LEADER, active raft config: opid_index: 2 OBSOLETE_local: false peers { permanent_uuid: "f75cecc7dbca4188aaa1e789abfe82fb" member_type: VOTER last_known_addr { host: "127.0.159.2" port: 45489 } attrs { replace: true } } peers { permanent_uuid: "1205bf72bc994b77925e3e47175d48a3" member_type: VOTER last_known_addr { host: "127.0.159.1" port: 34409 } } peers { permanent_uuid: "96e50d6e7840451784a17c69d333fd6d" member_type: VOTER last_known_addr { host: "127.0.159.3" port: 36817 } } peers { permanent_uuid: "d9f92b3299e741f882b1a63b6c77aaf4" member_type: NON_VOTER last_known_addr { host: "127.0.159.4" port: 32937 } attrs { promote: true } }
I20260630 12:35:45.960011  4183 ts_tablet_manager.cc:1434] T 14f475ccdca748ea91b495db514880c0 P d9f92b3299e741f882b1a63b6c77aaf4: Time spent starting tablet: real 0.007s	user 0.004s	sys 0.000s
I20260630 12:35:45.961619  3752 tablet_copy_service.cc:342] P 96e50d6e7840451784a17c69d333fd6d: Request end of tablet copy session d9f92b3299e741f882b1a63b6c77aaf4-14f475ccdca748ea91b495db514880c0 received from {username='slave'} at 127.0.0.1:56216
I20260630 12:35:45.962126  3752 tablet_copy_service.cc:434] P 96e50d6e7840451784a17c69d333fd6d: ending tablet copy session d9f92b3299e741f882b1a63b6c77aaf4-14f475ccdca748ea91b495db514880c0 on tablet 14f475ccdca748ea91b495db514880c0 with peer d9f92b3299e741f882b1a63b6c77aaf4
I20260630 12:35:46.362280  3929 raft_consensus.cc:1217] T 14f475ccdca748ea91b495db514880c0 P d9f92b3299e741f882b1a63b6c77aaf4 [term 2 LEARNER]: Deduplicated request from leader. Original: 2.1->[2.2-2.2]   Dedup: 2.2->[]
I20260630 12:35:46.840729  4186 raft_consensus.cc:1064] T 14f475ccdca748ea91b495db514880c0 P 96e50d6e7840451784a17c69d333fd6d: attempting to promote NON_VOTER d9f92b3299e741f882b1a63b6c77aaf4 to VOTER
I20260630 12:35:46.843278  4186 consensus_queue.cc:237] T 14f475ccdca748ea91b495db514880c0 P 96e50d6e7840451784a17c69d333fd6d [LEADER]: Queue going to LEADER mode. State: All replicated index: 0, Majority replicated index: 2, Committed index: 2, Last appended: 2.2, Last appended by leader: 0, Current term: 2, Majority size: 3, State: 0, Mode: LEADER, active raft config: opid_index: 3 OBSOLETE_local: false peers { permanent_uuid: "f75cecc7dbca4188aaa1e789abfe82fb" member_type: VOTER last_known_addr { host: "127.0.159.2" port: 45489 } attrs { replace: true } } peers { permanent_uuid: "1205bf72bc994b77925e3e47175d48a3" member_type: VOTER last_known_addr { host: "127.0.159.1" port: 34409 } } peers { permanent_uuid: "96e50d6e7840451784a17c69d333fd6d" member_type: VOTER last_known_addr { host: "127.0.159.3" port: 36817 } } peers { permanent_uuid: "d9f92b3299e741f882b1a63b6c77aaf4" member_type: VOTER last_known_addr { host: "127.0.159.4" port: 32937 } attrs { promote: false } }
I20260630 12:35:46.850440  3590 raft_consensus.cc:1275] T 14f475ccdca748ea91b495db514880c0 P 1205bf72bc994b77925e3e47175d48a3 [term 2 FOLLOWER]: Refusing update from remote peer 96e50d6e7840451784a17c69d333fd6d: Log matching property violated. Preceding OpId in replica: term: 2 index: 2. Preceding OpId from leader: term: 2 index: 3. (index mismatch)
I20260630 12:35:46.850911  3666 raft_consensus.cc:1275] T 14f475ccdca748ea91b495db514880c0 P f75cecc7dbca4188aaa1e789abfe82fb [term 2 FOLLOWER]: Refusing update from remote peer 96e50d6e7840451784a17c69d333fd6d: Log matching property violated. Preceding OpId in replica: term: 2 index: 2. Preceding OpId from leader: term: 2 index: 3. (index mismatch)
I20260630 12:35:46.851864  3929 raft_consensus.cc:1275] T 14f475ccdca748ea91b495db514880c0 P d9f92b3299e741f882b1a63b6c77aaf4 [term 2 LEARNER]: Refusing update from remote peer 96e50d6e7840451784a17c69d333fd6d: Log matching property violated. Preceding OpId in replica: term: 2 index: 2. Preceding OpId from leader: term: 2 index: 3. (index mismatch)
I20260630 12:35:46.852118  4186 consensus_queue.cc:1048] T 14f475ccdca748ea91b495db514880c0 P 96e50d6e7840451784a17c69d333fd6d [LEADER]: Connected to new peer: Peer: permanent_uuid: "1205bf72bc994b77925e3e47175d48a3" member_type: VOTER last_known_addr { host: "127.0.159.1" port: 34409 }, Status: LMP_MISMATCH, Last received: 0.0, Next index: 3, Last known committed idx: 2, Time since last communication: 0.000s
I20260630 12:35:46.853278  4191 consensus_queue.cc:1048] T 14f475ccdca748ea91b495db514880c0 P 96e50d6e7840451784a17c69d333fd6d [LEADER]: Connected to new peer: Peer: permanent_uuid: "f75cecc7dbca4188aaa1e789abfe82fb" member_type: VOTER last_known_addr { host: "127.0.159.2" port: 45489 } attrs { replace: true }, Status: LMP_MISMATCH, Last received: 0.0, Next index: 3, Last known committed idx: 2, Time since last communication: 0.001s
I20260630 12:35:46.854172  4187 consensus_queue.cc:1048] T 14f475ccdca748ea91b495db514880c0 P 96e50d6e7840451784a17c69d333fd6d [LEADER]: Connected to new peer: Peer: permanent_uuid: "d9f92b3299e741f882b1a63b6c77aaf4" member_type: VOTER last_known_addr { host: "127.0.159.4" port: 32937 } attrs { promote: false }, Status: LMP_MISMATCH, Last received: 0.0, Next index: 3, Last known committed idx: 2, Time since last communication: 0.001s
I20260630 12:35:46.873310  4191 raft_consensus.cc:2955] T 14f475ccdca748ea91b495db514880c0 P 96e50d6e7840451784a17c69d333fd6d [term 2 LEADER]: Committing config change with OpId 2.3: config changed from index 2 to 3, d9f92b3299e741f882b1a63b6c77aaf4 (127.0.159.4) changed from NON_VOTER to VOTER. New config: { opid_index: 3 OBSOLETE_local: false peers { permanent_uuid: "f75cecc7dbca4188aaa1e789abfe82fb" member_type: VOTER last_known_addr { host: "127.0.159.2" port: 45489 } attrs { replace: true } } peers { permanent_uuid: "1205bf72bc994b77925e3e47175d48a3" member_type: VOTER last_known_addr { host: "127.0.159.1" port: 34409 } } peers { permanent_uuid: "96e50d6e7840451784a17c69d333fd6d" member_type: VOTER last_known_addr { host: "127.0.159.3" port: 36817 } } peers { permanent_uuid: "d9f92b3299e741f882b1a63b6c77aaf4" member_type: VOTER last_known_addr { host: "127.0.159.4" port: 32937 } attrs { promote: false } } }
I20260630 12:35:46.875276  3590 raft_consensus.cc:2955] T 14f475ccdca748ea91b495db514880c0 P 1205bf72bc994b77925e3e47175d48a3 [term 2 FOLLOWER]: Committing config change with OpId 2.3: config changed from index 2 to 3, d9f92b3299e741f882b1a63b6c77aaf4 (127.0.159.4) changed from NON_VOTER to VOTER. New config: { opid_index: 3 OBSOLETE_local: false peers { permanent_uuid: "f75cecc7dbca4188aaa1e789abfe82fb" member_type: VOTER last_known_addr { host: "127.0.159.2" port: 45489 } attrs { replace: true } } peers { permanent_uuid: "1205bf72bc994b77925e3e47175d48a3" member_type: VOTER last_known_addr { host: "127.0.159.1" port: 34409 } } peers { permanent_uuid: "96e50d6e7840451784a17c69d333fd6d" member_type: VOTER last_known_addr { host: "127.0.159.3" port: 36817 } } peers { permanent_uuid: "d9f92b3299e741f882b1a63b6c77aaf4" member_type: VOTER last_known_addr { host: "127.0.159.4" port: 32937 } attrs { promote: false } } }
I20260630 12:35:46.878590  3666 raft_consensus.cc:2955] T 14f475ccdca748ea91b495db514880c0 P f75cecc7dbca4188aaa1e789abfe82fb [term 2 FOLLOWER]: Committing config change with OpId 2.3: config changed from index 2 to 3, d9f92b3299e741f882b1a63b6c77aaf4 (127.0.159.4) changed from NON_VOTER to VOTER. New config: { opid_index: 3 OBSOLETE_local: false peers { permanent_uuid: "f75cecc7dbca4188aaa1e789abfe82fb" member_type: VOTER last_known_addr { host: "127.0.159.2" port: 45489 } attrs { replace: true } } peers { permanent_uuid: "1205bf72bc994b77925e3e47175d48a3" member_type: VOTER last_known_addr { host: "127.0.159.1" port: 34409 } } peers { permanent_uuid: "96e50d6e7840451784a17c69d333fd6d" member_type: VOTER last_known_addr { host: "127.0.159.3" port: 36817 } } peers { permanent_uuid: "d9f92b3299e741f882b1a63b6c77aaf4" member_type: VOTER last_known_addr { host: "127.0.159.4" port: 32937 } attrs { promote: false } } }
I20260630 12:35:46.888290  3489 catalog_manager.cc:5697] T 14f475ccdca748ea91b495db514880c0 P 96e50d6e7840451784a17c69d333fd6d reported cstate change: config changed from index 2 to 3, d9f92b3299e741f882b1a63b6c77aaf4 (127.0.159.4) changed from NON_VOTER to VOTER. New cstate: current_term: 2 leader_uuid: "96e50d6e7840451784a17c69d333fd6d" committed_config { opid_index: 3 OBSOLETE_local: false peers { permanent_uuid: "f75cecc7dbca4188aaa1e789abfe82fb" member_type: VOTER last_known_addr { host: "127.0.159.2" port: 45489 } attrs { replace: true } health_report { overall_health: HEALTHY } } peers { permanent_uuid: "1205bf72bc994b77925e3e47175d48a3" member_type: VOTER last_known_addr { host: "127.0.159.1" port: 34409 } health_report { overall_health: HEALTHY } } peers { permanent_uuid: "96e50d6e7840451784a17c69d333fd6d" member_type: VOTER last_known_addr { host: "127.0.159.3" port: 36817 } health_report { overall_health: HEALTHY } } peers { permanent_uuid: "d9f92b3299e741f882b1a63b6c77aaf4" member_type: VOTER last_known_addr { host: "127.0.159.4" port: 32937 } attrs { promote: false } health_report { overall_health: HEALTHY } } }
I20260630 12:35:46.888685  3929 raft_consensus.cc:2955] T 14f475ccdca748ea91b495db514880c0 P d9f92b3299e741f882b1a63b6c77aaf4 [term 2 FOLLOWER]: Committing config change with OpId 2.3: config changed from index 2 to 3, d9f92b3299e741f882b1a63b6c77aaf4 (127.0.159.4) changed from NON_VOTER to VOTER. New config: { opid_index: 3 OBSOLETE_local: false peers { permanent_uuid: "f75cecc7dbca4188aaa1e789abfe82fb" member_type: VOTER last_known_addr { host: "127.0.159.2" port: 45489 } attrs { replace: true } } peers { permanent_uuid: "1205bf72bc994b77925e3e47175d48a3" member_type: VOTER last_known_addr { host: "127.0.159.1" port: 34409 } } peers { permanent_uuid: "96e50d6e7840451784a17c69d333fd6d" member_type: VOTER last_known_addr { host: "127.0.159.3" port: 36817 } } peers { permanent_uuid: "d9f92b3299e741f882b1a63b6c77aaf4" member_type: VOTER last_known_addr { host: "127.0.159.4" port: 32937 } attrs { promote: false } } }
I20260630 12:35:46.910411  3742 consensus_queue.cc:237] T 14f475ccdca748ea91b495db514880c0 P 96e50d6e7840451784a17c69d333fd6d [LEADER]: Queue going to LEADER mode. State: All replicated index: 0, Majority replicated index: 3, Committed index: 3, Last appended: 2.3, Last appended by leader: 0, Current term: 2, Majority size: 2, State: 0, Mode: LEADER, active raft config: opid_index: 4 OBSOLETE_local: false peers { permanent_uuid: "1205bf72bc994b77925e3e47175d48a3" member_type: VOTER last_known_addr { host: "127.0.159.1" port: 34409 } } peers { permanent_uuid: "96e50d6e7840451784a17c69d333fd6d" member_type: VOTER last_known_addr { host: "127.0.159.3" port: 36817 } } peers { permanent_uuid: "d9f92b3299e741f882b1a63b6c77aaf4" member_type: VOTER last_known_addr { host: "127.0.159.4" port: 32937 } attrs { promote: false } }
I20260630 12:35:46.917945  3929 raft_consensus.cc:1275] T 14f475ccdca748ea91b495db514880c0 P d9f92b3299e741f882b1a63b6c77aaf4 [term 2 FOLLOWER]: Refusing update from remote peer 96e50d6e7840451784a17c69d333fd6d: Log matching property violated. Preceding OpId in replica: term: 2 index: 3. Preceding OpId from leader: term: 2 index: 4. (index mismatch)
I20260630 12:35:46.918838  3590 raft_consensus.cc:1275] T 14f475ccdca748ea91b495db514880c0 P 1205bf72bc994b77925e3e47175d48a3 [term 2 FOLLOWER]: Refusing update from remote peer 96e50d6e7840451784a17c69d333fd6d: Log matching property violated. Preceding OpId in replica: term: 2 index: 3. Preceding OpId from leader: term: 2 index: 4. (index mismatch)
I20260630 12:35:46.920238  4186 consensus_queue.cc:1048] T 14f475ccdca748ea91b495db514880c0 P 96e50d6e7840451784a17c69d333fd6d [LEADER]: Connected to new peer: Peer: permanent_uuid: "d9f92b3299e741f882b1a63b6c77aaf4" member_type: VOTER last_known_addr { host: "127.0.159.4" port: 32937 } attrs { promote: false }, Status: LMP_MISMATCH, Last received: 0.0, Next index: 4, Last known committed idx: 3, Time since last communication: 0.000s
I20260630 12:35:46.921520  4166 consensus_queue.cc:1048] T 14f475ccdca748ea91b495db514880c0 P 96e50d6e7840451784a17c69d333fd6d [LEADER]: Connected to new peer: Peer: permanent_uuid: "1205bf72bc994b77925e3e47175d48a3" member_type: VOTER last_known_addr { host: "127.0.159.1" port: 34409 }, Status: LMP_MISMATCH, Last received: 0.0, Next index: 4, Last known committed idx: 3, Time since last communication: 0.000s
I20260630 12:35:46.927085  4186 raft_consensus.cc:2955] T 14f475ccdca748ea91b495db514880c0 P 96e50d6e7840451784a17c69d333fd6d [term 2 LEADER]: Committing config change with OpId 2.4: config changed from index 3 to 4, VOTER f75cecc7dbca4188aaa1e789abfe82fb (127.0.159.2) evicted. New config: { opid_index: 4 OBSOLETE_local: false peers { permanent_uuid: "1205bf72bc994b77925e3e47175d48a3" member_type: VOTER last_known_addr { host: "127.0.159.1" port: 34409 } } peers { permanent_uuid: "96e50d6e7840451784a17c69d333fd6d" member_type: VOTER last_known_addr { host: "127.0.159.3" port: 36817 } } peers { permanent_uuid: "d9f92b3299e741f882b1a63b6c77aaf4" member_type: VOTER last_known_addr { host: "127.0.159.4" port: 32937 } attrs { promote: false } } }
I20260630 12:35:46.928782  3590 raft_consensus.cc:2955] T 14f475ccdca748ea91b495db514880c0 P 1205bf72bc994b77925e3e47175d48a3 [term 2 FOLLOWER]: Committing config change with OpId 2.4: config changed from index 3 to 4, VOTER f75cecc7dbca4188aaa1e789abfe82fb (127.0.159.2) evicted. New config: { opid_index: 4 OBSOLETE_local: false peers { permanent_uuid: "1205bf72bc994b77925e3e47175d48a3" member_type: VOTER last_known_addr { host: "127.0.159.1" port: 34409 } } peers { permanent_uuid: "96e50d6e7840451784a17c69d333fd6d" member_type: VOTER last_known_addr { host: "127.0.159.3" port: 36817 } } peers { permanent_uuid: "d9f92b3299e741f882b1a63b6c77aaf4" member_type: VOTER last_known_addr { host: "127.0.159.4" port: 32937 } attrs { promote: false } } }
I20260630 12:35:46.929250  3929 raft_consensus.cc:2955] T 14f475ccdca748ea91b495db514880c0 P d9f92b3299e741f882b1a63b6c77aaf4 [term 2 FOLLOWER]: Committing config change with OpId 2.4: config changed from index 3 to 4, VOTER f75cecc7dbca4188aaa1e789abfe82fb (127.0.159.2) evicted. New config: { opid_index: 4 OBSOLETE_local: false peers { permanent_uuid: "1205bf72bc994b77925e3e47175d48a3" member_type: VOTER last_known_addr { host: "127.0.159.1" port: 34409 } } peers { permanent_uuid: "96e50d6e7840451784a17c69d333fd6d" member_type: VOTER last_known_addr { host: "127.0.159.3" port: 36817 } } peers { permanent_uuid: "d9f92b3299e741f882b1a63b6c77aaf4" member_type: VOTER last_known_addr { host: "127.0.159.4" port: 32937 } attrs { promote: false } } }
I20260630 12:35:46.938246  3475 catalog_manager.cc:5210] ChangeConfig:REMOVE_PEER RPC for tablet 14f475ccdca748ea91b495db514880c0 with cas_config_opid_index 3: ChangeConfig:REMOVE_PEER succeeded (attempt 1)
I20260630 12:35:46.941696  3488 catalog_manager.cc:5697] T 14f475ccdca748ea91b495db514880c0 P 96e50d6e7840451784a17c69d333fd6d reported cstate change: config changed from index 3 to 4, VOTER f75cecc7dbca4188aaa1e789abfe82fb (127.0.159.2) evicted. New cstate: current_term: 2 leader_uuid: "96e50d6e7840451784a17c69d333fd6d" committed_config { opid_index: 4 OBSOLETE_local: false peers { permanent_uuid: "1205bf72bc994b77925e3e47175d48a3" member_type: VOTER last_known_addr { host: "127.0.159.1" port: 34409 } health_report { overall_health: HEALTHY } } peers { permanent_uuid: "96e50d6e7840451784a17c69d333fd6d" member_type: VOTER last_known_addr { host: "127.0.159.3" port: 36817 } health_report { overall_health: HEALTHY } } peers { permanent_uuid: "d9f92b3299e741f882b1a63b6c77aaf4" member_type: VOTER last_known_addr { host: "127.0.159.4" port: 32937 } attrs { promote: false } health_report { overall_health: HEALTHY } } }
I20260630 12:35:46.952229  3654 tablet_service.cc:1558] Processing DeleteTablet for tablet 14f475ccdca748ea91b495db514880c0 with delete_type TABLET_DATA_TOMBSTONED (TS f75cecc7dbca4188aaa1e789abfe82fb not found in new config with opid_index 4) from {username='slave'} at 127.0.0.1:42272
I20260630 12:35:46.954568  4199 tablet_replica.cc:333] T 14f475ccdca748ea91b495db514880c0 P f75cecc7dbca4188aaa1e789abfe82fb: stopping tablet replica
I20260630 12:35:46.955662  4199 raft_consensus.cc:2243] T 14f475ccdca748ea91b495db514880c0 P f75cecc7dbca4188aaa1e789abfe82fb [term 2 FOLLOWER]: Raft consensus shutting down.
I20260630 12:35:46.956300  4199 raft_consensus.cc:2272] T 14f475ccdca748ea91b495db514880c0 P f75cecc7dbca4188aaa1e789abfe82fb [term 2 FOLLOWER]: Raft consensus is shut down!
I20260630 12:35:46.959342  4199 ts_tablet_manager.cc:1916] T 14f475ccdca748ea91b495db514880c0 P f75cecc7dbca4188aaa1e789abfe82fb: Deleting tablet data with delete state TABLET_DATA_TOMBSTONED
I20260630 12:35:46.971061  4199 ts_tablet_manager.cc:1929] T 14f475ccdca748ea91b495db514880c0 P f75cecc7dbca4188aaa1e789abfe82fb: tablet deleted with delete type TABLET_DATA_TOMBSTONED: last-logged OpId 2.3
I20260630 12:35:46.971392  4199 log.cc:1199] T 14f475ccdca748ea91b495db514880c0 P f75cecc7dbca4188aaa1e789abfe82fb: Deleting WAL directory at /tmp/dist-test-taskjXCcue/test-tmp/auto_rebalancer-test.0.AutoRebalancerTest.RangeAwareRebalancesNewRangeReplicas.1782822854378420-636-0/minicluster-data/ts-1-root/wals/14f475ccdca748ea91b495db514880c0
I20260630 12:35:46.972965  3478 catalog_manager.cc:5028] TS f75cecc7dbca4188aaa1e789abfe82fb (127.0.159.2:45489): tablet 14f475ccdca748ea91b495db514880c0 (table range_aware_rebalance_new_range [id=2b416a01e6484b13bee2c7722e937d02]) successfully deleted
I20260630 12:35:47.175712   636 tablet_server.cc:179] TabletServer@127.0.159.1:0 shutting down...
W20260630 12:35:47.189209  3634 proxy.cc:239] Call had error, refreshing address and retrying: Remote error: Service unavailable: service kudu.consensus.ConsensusService not registered on TabletServer [suppressed 4 similar messages]
W20260630 12:35:47.193517  3634 consensus_peers.cc:597] T b35639ea5bdf48dda648c3c0c89da710 P f75cecc7dbca4188aaa1e789abfe82fb -> Peer 1205bf72bc994b77925e3e47175d48a3 (127.0.159.1:34409): Couldn't send request to peer 1205bf72bc994b77925e3e47175d48a3. Status: Remote error: Service unavailable: service kudu.consensus.ConsensusService not registered on TabletServer. This is attempt 1: this message will repeat every 5th retry.
I20260630 12:35:47.209328   636 ts_tablet_manager.cc:1507] Shutting down tablet manager...
I20260630 12:35:47.210217   636 tablet_replica.cc:333] T dc1e313885314b9491eac70a312a3c28 P 1205bf72bc994b77925e3e47175d48a3: stopping tablet replica
I20260630 12:35:47.210999   636 raft_consensus.cc:2243] T dc1e313885314b9491eac70a312a3c28 P 1205bf72bc994b77925e3e47175d48a3 [term 2 FOLLOWER]: Raft consensus shutting down.
I20260630 12:35:47.211508   636 raft_consensus.cc:2272] T dc1e313885314b9491eac70a312a3c28 P 1205bf72bc994b77925e3e47175d48a3 [term 2 FOLLOWER]: Raft consensus is shut down!
I20260630 12:35:47.214107   636 tablet_replica.cc:333] T 451a442b57be40619118bdf437f580bf P 1205bf72bc994b77925e3e47175d48a3: stopping tablet replica
I20260630 12:35:47.214689   636 raft_consensus.cc:2243] T 451a442b57be40619118bdf437f580bf P 1205bf72bc994b77925e3e47175d48a3 [term 1 FOLLOWER]: Raft consensus shutting down.
I20260630 12:35:47.215334   636 raft_consensus.cc:2272] T 451a442b57be40619118bdf437f580bf P 1205bf72bc994b77925e3e47175d48a3 [term 1 FOLLOWER]: Raft consensus is shut down!
I20260630 12:35:47.217839   636 tablet_replica.cc:333] T 32026f98485141f29d866fe8f5cfa09b P 1205bf72bc994b77925e3e47175d48a3: stopping tablet replica
I20260630 12:35:47.218595   636 raft_consensus.cc:2243] T 32026f98485141f29d866fe8f5cfa09b P 1205bf72bc994b77925e3e47175d48a3 [term 1 FOLLOWER]: Raft consensus shutting down.
I20260630 12:35:47.219112   636 raft_consensus.cc:2272] T 32026f98485141f29d866fe8f5cfa09b P 1205bf72bc994b77925e3e47175d48a3 [term 1 FOLLOWER]: Raft consensus is shut down!
I20260630 12:35:47.221200   636 tablet_replica.cc:333] T 39e937a33ee546d3af31132ffdb0d71a P 1205bf72bc994b77925e3e47175d48a3: stopping tablet replica
I20260630 12:35:47.221702   636 raft_consensus.cc:2243] T 39e937a33ee546d3af31132ffdb0d71a P 1205bf72bc994b77925e3e47175d48a3 [term 1 LEADER]: Raft consensus shutting down.
I20260630 12:35:47.222409   636 raft_consensus.cc:2272] T 39e937a33ee546d3af31132ffdb0d71a P 1205bf72bc994b77925e3e47175d48a3 [term 1 FOLLOWER]: Raft consensus is shut down!
