W20260630 12:36:18.859876  5377 leader_election.cc:343] T 858dace29bf347aa984de065ca5f3f9e P e6f3159319984bf3bbc9f46660617d95 [CANDIDATE]: Term 1 election: Tablet error from VoteRequest() call to peer 18189c5cbdaf4f06a5ea723df6fd6483 (127.0.223.131:46325): Illegal state: must be running to vote when last-logged opid is not known
I20260630 12:36:18.859743  5608 consensus_queue.cc:260] T 1c2bed87bdb144ea9725a49b9b3d2920 P 68387385ab4f41509fe8f84d65343fa2 [NON_LEADER]: Queue going to NON_LEADER mode. State: All replicated index: 0, Majority replicated index: 0, Committed index: 0, Last appended: 0.0, Last appended by leader: 0, Current term: 0, Majority size: -1, State: 0, Mode: NON_LEADER, active raft config: opid_index: -1 OBSOLETE_local: false peers { permanent_uuid: "e6f3159319984bf3bbc9f46660617d95" member_type: VOTER last_known_addr { host: "127.0.223.129" port: 45813 } } peers { permanent_uuid: "68387385ab4f41509fe8f84d65343fa2" member_type: VOTER last_known_addr { host: "127.0.223.130" port: 45609 } } peers { permanent_uuid: "18189c5cbdaf4f06a5ea723df6fd6483" member_type: VOTER last_known_addr { host: "127.0.223.131" port: 46325 } }
I20260630 12:36:18.860145  5615 raft_consensus.cc:2804] T 858dace29bf347aa984de065ca5f3f9e P e6f3159319984bf3bbc9f46660617d95 [term 1 FOLLOWER]: Leader election won for term 1
I20260630 12:36:18.860721  5615 raft_consensus.cc:697] T 858dace29bf347aa984de065ca5f3f9e P e6f3159319984bf3bbc9f46660617d95 [term 1 LEADER]: Becoming Leader. State: Replica: e6f3159319984bf3bbc9f46660617d95, State: Running, Role: LEADER
I20260630 12:36:18.861562  5615 consensus_queue.cc:237] T 858dace29bf347aa984de065ca5f3f9e P e6f3159319984bf3bbc9f46660617d95 [LEADER]: Queue going to LEADER mode. State: All replicated index: 0, Majority replicated index: 0, Committed index: 0, Last appended: 0.0, Last appended by leader: 0, Current term: 1, Majority size: 2, State: 0, Mode: LEADER, active raft config: opid_index: -1 OBSOLETE_local: false peers { permanent_uuid: "e6f3159319984bf3bbc9f46660617d95" member_type: VOTER last_known_addr { host: "127.0.223.129" port: 45813 } } peers { permanent_uuid: "68387385ab4f41509fe8f84d65343fa2" member_type: VOTER last_known_addr { host: "127.0.223.130" port: 45609 } } peers { permanent_uuid: "18189c5cbdaf4f06a5ea723df6fd6483" member_type: VOTER last_known_addr { host: "127.0.223.131" port: 46325 } }
I20260630 12:36:18.862174  5489 tablet_service.cc:1917] Received RequestConsensusVote() RPC: tablet_id: "a1d42efc2f404f789abe1c1bea6cd834" candidate_uuid: "18189c5cbdaf4f06a5ea723df6fd6483" candidate_term: 1 candidate_status { last_received { term: 0 index: 0 } } ignore_live_leader: false dest_uuid: "68387385ab4f41509fe8f84d65343fa2" is_pre_election: true
I20260630 12:36:18.863097  5608 ts_tablet_manager.cc:1434] T 1c2bed87bdb144ea9725a49b9b3d2920 P 68387385ab4f41509fe8f84d65343fa2: Time spent starting tablet: real 0.012s	user 0.006s	sys 0.002s
I20260630 12:36:18.856407  5488 raft_consensus.cc:2468] T a1d42efc2f404f789abe1c1bea6cd834 P 68387385ab4f41509fe8f84d65343fa2 [term 1 FOLLOWER]: Leader election vote request: Granting yes vote for candidate e6f3159319984bf3bbc9f46660617d95 in term 1.
I20260630 12:36:18.864472  5527 leader_election.cc:304] T a1d42efc2f404f789abe1c1bea6cd834 P 18189c5cbdaf4f06a5ea723df6fd6483 [CANDIDATE]: Term 1 pre-election: Election decided. Result: candidate lost. Election summary: received 3 responses out of 3 voters: 1 yes votes; 2 no votes. yes voters: 18189c5cbdaf4f06a5ea723df6fd6483; no voters: 68387385ab4f41509fe8f84d65343fa2, e6f3159319984bf3bbc9f46660617d95
I20260630 12:36:18.867108  5378 leader_election.cc:304] T a1d42efc2f404f789abe1c1bea6cd834 P e6f3159319984bf3bbc9f46660617d95 [CANDIDATE]: Term 1 election: Election decided. Result: candidate won. Election summary: received 2 responses out of 3 voters: 2 yes votes; 0 no votes. yes voters: 68387385ab4f41509fe8f84d65343fa2, e6f3159319984bf3bbc9f46660617d95; no voters: 
I20260630 12:36:18.868557  5637 raft_consensus.cc:2804] T a1d42efc2f404f789abe1c1bea6cd834 P e6f3159319984bf3bbc9f46660617d95 [term 1 FOLLOWER]: Leader election won for term 1
I20260630 12:36:18.873431  5608 tablet_bootstrap.cc:492] T 447a2a9a5de440a49656ffd91d878d29 P 68387385ab4f41509fe8f84d65343fa2: Bootstrap starting.
I20260630 12:36:18.880234  5608 tablet_bootstrap.cc:654] T 447a2a9a5de440a49656ffd91d878d29 P 68387385ab4f41509fe8f84d65343fa2: Neither blocks nor log segments found. Creating new log.
I20260630 12:36:18.881731  5642 raft_consensus.cc:515] T 8c2d0173dfda48fa89f8c9ae5303c1da P e6f3159319984bf3bbc9f46660617d95 [term 1 FOLLOWER]: Starting leader election with config: opid_index: -1 OBSOLETE_local: false peers { permanent_uuid: "e6f3159319984bf3bbc9f46660617d95" member_type: VOTER last_known_addr { host: "127.0.223.129" port: 45813 } } peers { permanent_uuid: "68387385ab4f41509fe8f84d65343fa2" member_type: VOTER last_known_addr { host: "127.0.223.130" port: 45609 } } peers { permanent_uuid: "18189c5cbdaf4f06a5ea723df6fd6483" member_type: VOTER last_known_addr { host: "127.0.223.131" port: 46325 } }
I20260630 12:36:18.876701  5562 raft_consensus.cc:2468] T a1d42efc2f404f789abe1c1bea6cd834 P 18189c5cbdaf4f06a5ea723df6fd6483 [term 1 FOLLOWER]: Leader election vote request: Granting yes vote for candidate e6f3159319984bf3bbc9f46660617d95 in term 1.
I20260630 12:36:18.883375  5618 raft_consensus.cc:2749] T a1d42efc2f404f789abe1c1bea6cd834 P 18189c5cbdaf4f06a5ea723df6fd6483 [term 1 FOLLOWER]: Leader pre-election lost for term 1. Reason: could not achieve majority
I20260630 12:36:18.886602  5609 tablet_bootstrap.cc:654] T 447a2a9a5de440a49656ffd91d878d29 P 18189c5cbdaf4f06a5ea723df6fd6483: Neither blocks nor log segments found. Creating new log.
I20260630 12:36:18.888588  5610 tablet_bootstrap.cc:492] T af5a359f9dcb464cb0bc95cc6610e42a P e6f3159319984bf3bbc9f46660617d95: No bootstrap required, opened a new log
I20260630 12:36:18.888463  5487 tablet_service.cc:1917] Received RequestConsensusVote() RPC: tablet_id: "8c2d0173dfda48fa89f8c9ae5303c1da" candidate_uuid: "e6f3159319984bf3bbc9f46660617d95" candidate_term: 1 candidate_status { last_received { term: 0 index: 0 } } ignore_live_leader: false dest_uuid: "68387385ab4f41509fe8f84d65343fa2"
I20260630 12:36:18.889235  5610 ts_tablet_manager.cc:1403] T af5a359f9dcb464cb0bc95cc6610e42a P e6f3159319984bf3bbc9f46660617d95: Time spent bootstrapping tablet: real 0.198s	user 0.013s	sys 0.003s
I20260630 12:36:18.890069  5487 raft_consensus.cc:3060] T 8c2d0173dfda48fa89f8c9ae5303c1da P 68387385ab4f41509fe8f84d65343fa2 [term 0 FOLLOWER]: Advancing to term 1
I20260630 12:36:18.897441  5610 raft_consensus.cc:359] T af5a359f9dcb464cb0bc95cc6610e42a P e6f3159319984bf3bbc9f46660617d95 [term 0 FOLLOWER]: Replica starting. Triggering 0 pending ops. Active config: opid_index: -1 OBSOLETE_local: false peers { permanent_uuid: "e6f3159319984bf3bbc9f46660617d95" member_type: VOTER last_known_addr { host: "127.0.223.129" port: 45813 } } peers { permanent_uuid: "68387385ab4f41509fe8f84d65343fa2" member_type: VOTER last_known_addr { host: "127.0.223.130" port: 45609 } } peers { permanent_uuid: "18189c5cbdaf4f06a5ea723df6fd6483" member_type: VOTER last_known_addr { host: "127.0.223.131" port: 46325 } }
I20260630 12:36:18.890786  5637 raft_consensus.cc:697] T a1d42efc2f404f789abe1c1bea6cd834 P e6f3159319984bf3bbc9f46660617d95 [term 1 LEADER]: Becoming Leader. State: Replica: e6f3159319984bf3bbc9f46660617d95, State: Running, Role: LEADER
I20260630 12:36:18.899492  5637 consensus_queue.cc:237] T a1d42efc2f404f789abe1c1bea6cd834 P e6f3159319984bf3bbc9f46660617d95 [LEADER]: Queue going to LEADER mode. State: All replicated index: 0, Majority replicated index: 0, Committed index: 0, Last appended: 0.0, Last appended by leader: 0, Current term: 1, Majority size: 2, State: 0, Mode: LEADER, active raft config: opid_index: -1 OBSOLETE_local: false peers { permanent_uuid: "e6f3159319984bf3bbc9f46660617d95" member_type: VOTER last_known_addr { host: "127.0.223.129" port: 45813 } } peers { permanent_uuid: "68387385ab4f41509fe8f84d65343fa2" member_type: VOTER last_known_addr { host: "127.0.223.130" port: 45609 } } peers { permanent_uuid: "18189c5cbdaf4f06a5ea723df6fd6483" member_type: VOTER last_known_addr { host: "127.0.223.131" port: 46325 } }
I20260630 12:36:18.898509  5610 raft_consensus.cc:385] T af5a359f9dcb464cb0bc95cc6610e42a P e6f3159319984bf3bbc9f46660617d95 [term 0 FOLLOWER]: Consensus starting up: Expiring failure detector timer to make a prompt election more likely
I20260630 12:36:18.902375  5610 raft_consensus.cc:740] T af5a359f9dcb464cb0bc95cc6610e42a P e6f3159319984bf3bbc9f46660617d95 [term 0 FOLLOWER]: Becoming Follower/Learner. State: Replica: e6f3159319984bf3bbc9f46660617d95, State: Initialized, Role: FOLLOWER
I20260630 12:36:18.906282  5610 consensus_queue.cc:260] T af5a359f9dcb464cb0bc95cc6610e42a P e6f3159319984bf3bbc9f46660617d95 [NON_LEADER]: Queue going to NON_LEADER mode. State: All replicated index: 0, Majority replicated index: 0, Committed index: 0, Last appended: 0.0, Last appended by leader: 0, Current term: 0, Majority size: -1, State: 0, Mode: NON_LEADER, active raft config: opid_index: -1 OBSOLETE_local: false peers { permanent_uuid: "e6f3159319984bf3bbc9f46660617d95" member_type: VOTER last_known_addr { host: "127.0.223.129" port: 45813 } } peers { permanent_uuid: "68387385ab4f41509fe8f84d65343fa2" member_type: VOTER last_known_addr { host: "127.0.223.130" port: 45609 } } peers { permanent_uuid: "18189c5cbdaf4f06a5ea723df6fd6483" member_type: VOTER last_known_addr { host: "127.0.223.131" port: 46325 } }
I20260630 12:36:18.908298  5487 raft_consensus.cc:2468] T 8c2d0173dfda48fa89f8c9ae5303c1da P 68387385ab4f41509fe8f84d65343fa2 [term 1 FOLLOWER]: Leader election vote request: Granting yes vote for candidate e6f3159319984bf3bbc9f46660617d95 in term 1.
I20260630 12:36:18.911790  5610 ts_tablet_manager.cc:1434] T af5a359f9dcb464cb0bc95cc6610e42a P e6f3159319984bf3bbc9f46660617d95: Time spent starting tablet: real 0.018s	user 0.005s	sys 0.003s
I20260630 12:36:18.913237  5610 tablet_bootstrap.cc:492] T 71db1a029ee14d9b94180177c2418983 P e6f3159319984bf3bbc9f46660617d95: Bootstrap starting.
I20260630 12:36:18.912077  5309 catalog_manager.cc:5697] T 5b11fad724b34061ac53b0fd01c76501 P 68387385ab4f41509fe8f84d65343fa2 reported cstate change: term changed from 0 to 1, leader changed from <none> to 68387385ab4f41509fe8f84d65343fa2 (127.0.223.130). New cstate: current_term: 1 leader_uuid: "68387385ab4f41509fe8f84d65343fa2" committed_config { opid_index: -1 OBSOLETE_local: false peers { permanent_uuid: "68387385ab4f41509fe8f84d65343fa2" member_type: VOTER last_known_addr { host: "127.0.223.130" port: 45609 } health_report { overall_health: HEALTHY } } peers { permanent_uuid: "18189c5cbdaf4f06a5ea723df6fd6483" member_type: VOTER last_known_addr { host: "127.0.223.131" port: 46325 } health_report { overall_health: UNKNOWN } } peers { permanent_uuid: "e6f3159319984bf3bbc9f46660617d95" member_type: VOTER last_known_addr { host: "127.0.223.129" port: 45813 } health_report { overall_health: UNKNOWN } } }
I20260630 12:36:18.918103  5378 leader_election.cc:304] T 8c2d0173dfda48fa89f8c9ae5303c1da P e6f3159319984bf3bbc9f46660617d95 [CANDIDATE]: Term 1 election: Election decided. Result: candidate won. Election summary: received 2 responses out of 3 voters: 2 yes votes; 0 no votes. yes voters: 68387385ab4f41509fe8f84d65343fa2, e6f3159319984bf3bbc9f46660617d95; no voters: 
I20260630 12:36:18.919447  5647 raft_consensus.cc:2804] T 8c2d0173dfda48fa89f8c9ae5303c1da P e6f3159319984bf3bbc9f46660617d95 [term 1 FOLLOWER]: Leader election won for term 1
I20260630 12:36:18.920077  5647 raft_consensus.cc:697] T 8c2d0173dfda48fa89f8c9ae5303c1da P e6f3159319984bf3bbc9f46660617d95 [term 1 LEADER]: Becoming Leader. State: Replica: e6f3159319984bf3bbc9f46660617d95, State: Running, Role: LEADER
I20260630 12:36:18.921026  5608 tablet_bootstrap.cc:492] T 447a2a9a5de440a49656ffd91d878d29 P 68387385ab4f41509fe8f84d65343fa2: No bootstrap required, opened a new log
I20260630 12:36:18.921883  5608 ts_tablet_manager.cc:1403] T 447a2a9a5de440a49656ffd91d878d29 P 68387385ab4f41509fe8f84d65343fa2: Time spent bootstrapping tablet: real 0.049s	user 0.007s	sys 0.017s
I20260630 12:36:18.921250  5647 consensus_queue.cc:237] T 8c2d0173dfda48fa89f8c9ae5303c1da P e6f3159319984bf3bbc9f46660617d95 [LEADER]: Queue going to LEADER mode. State: All replicated index: 0, Majority replicated index: 0, Committed index: 0, Last appended: 0.0, Last appended by leader: 0, Current term: 1, Majority size: 2, State: 0, Mode: LEADER, active raft config: opid_index: -1 OBSOLETE_local: false peers { permanent_uuid: "e6f3159319984bf3bbc9f46660617d95" member_type: VOTER last_known_addr { host: "127.0.223.129" port: 45813 } } peers { permanent_uuid: "68387385ab4f41509fe8f84d65343fa2" member_type: VOTER last_known_addr { host: "127.0.223.130" port: 45609 } } peers { permanent_uuid: "18189c5cbdaf4f06a5ea723df6fd6483" member_type: VOTER last_known_addr { host: "127.0.223.131" port: 46325 } }
I20260630 12:36:18.925757  5608 raft_consensus.cc:359] T 447a2a9a5de440a49656ffd91d878d29 P 68387385ab4f41509fe8f84d65343fa2 [term 0 FOLLOWER]: Replica starting. Triggering 0 pending ops. Active config: opid_index: -1 OBSOLETE_local: false peers { permanent_uuid: "e6f3159319984bf3bbc9f46660617d95" member_type: VOTER last_known_addr { host: "127.0.223.129" port: 45813 } } peers { permanent_uuid: "68387385ab4f41509fe8f84d65343fa2" member_type: VOTER last_known_addr { host: "127.0.223.130" port: 45609 } } peers { permanent_uuid: "18189c5cbdaf4f06a5ea723df6fd6483" member_type: VOTER last_known_addr { host: "127.0.223.131" port: 46325 } }
I20260630 12:36:18.926488  5562 tablet_service.cc:1917] Received RequestConsensusVote() RPC: tablet_id: "8c2d0173dfda48fa89f8c9ae5303c1da" candidate_uuid: "e6f3159319984bf3bbc9f46660617d95" candidate_term: 1 candidate_status { last_received { term: 0 index: 0 } } ignore_live_leader: false dest_uuid: "18189c5cbdaf4f06a5ea723df6fd6483"
I20260630 12:36:18.926769  5608 raft_consensus.cc:385] T 447a2a9a5de440a49656ffd91d878d29 P 68387385ab4f41509fe8f84d65343fa2 [term 0 FOLLOWER]: Consensus starting up: Expiring failure detector timer to make a prompt election more likely
I20260630 12:36:18.927150  5562 raft_consensus.cc:3060] T 8c2d0173dfda48fa89f8c9ae5303c1da P 18189c5cbdaf4f06a5ea723df6fd6483 [term 0 FOLLOWER]: Advancing to term 1
I20260630 12:36:18.927259  5608 raft_consensus.cc:740] T 447a2a9a5de440a49656ffd91d878d29 P 68387385ab4f41509fe8f84d65343fa2 [term 0 FOLLOWER]: Becoming Follower/Learner. State: Replica: 68387385ab4f41509fe8f84d65343fa2, State: Initialized, Role: FOLLOWER
I20260630 12:36:18.928905  5608 consensus_queue.cc:260] T 447a2a9a5de440a49656ffd91d878d29 P 68387385ab4f41509fe8f84d65343fa2 [NON_LEADER]: Queue going to NON_LEADER mode. State: All replicated index: 0, Majority replicated index: 0, Committed index: 0, Last appended: 0.0, Last appended by leader: 0, Current term: 0, Majority size: -1, State: 0, Mode: NON_LEADER, active raft config: opid_index: -1 OBSOLETE_local: false peers { permanent_uuid: "e6f3159319984bf3bbc9f46660617d95" member_type: VOTER last_known_addr { host: "127.0.223.129" port: 45813 } } peers { permanent_uuid: "68387385ab4f41509fe8f84d65343fa2" member_type: VOTER last_known_addr { host: "127.0.223.130" port: 45609 } } peers { permanent_uuid: "18189c5cbdaf4f06a5ea723df6fd6483" member_type: VOTER last_known_addr { host: "127.0.223.131" port: 46325 } }
I20260630 12:36:18.930675  5642 leader_election.cc:290] T 8c2d0173dfda48fa89f8c9ae5303c1da P e6f3159319984bf3bbc9f46660617d95 [CANDIDATE]: Term 1 election: Requested vote from peers 68387385ab4f41509fe8f84d65343fa2 (127.0.223.130:45609), 18189c5cbdaf4f06a5ea723df6fd6483 (127.0.223.131:46325)
I20260630 12:36:18.932413  5608 ts_tablet_manager.cc:1434] T 447a2a9a5de440a49656ffd91d878d29 P 68387385ab4f41509fe8f84d65343fa2: Time spent starting tablet: real 0.010s	user 0.009s	sys 0.000s
I20260630 12:36:18.933640  5608 tablet_bootstrap.cc:492] T 5def9e01560f43c4b0f111bcd3a337a5 P 68387385ab4f41509fe8f84d65343fa2: Bootstrap starting.
I20260630 12:36:18.933096  5311 catalog_manager.cc:5697] T 858dace29bf347aa984de065ca5f3f9e P e6f3159319984bf3bbc9f46660617d95 reported cstate change: term changed from 0 to 1, leader changed from <none> to e6f3159319984bf3bbc9f46660617d95 (127.0.223.129). New cstate: current_term: 1 leader_uuid: "e6f3159319984bf3bbc9f46660617d95" committed_config { opid_index: -1 OBSOLETE_local: false peers { permanent_uuid: "e6f3159319984bf3bbc9f46660617d95" member_type: VOTER last_known_addr { host: "127.0.223.129" port: 45813 } health_report { overall_health: HEALTHY } } peers { permanent_uuid: "68387385ab4f41509fe8f84d65343fa2" member_type: VOTER last_known_addr { host: "127.0.223.130" port: 45609 } health_report { overall_health: UNKNOWN } } peers { permanent_uuid: "18189c5cbdaf4f06a5ea723df6fd6483" member_type: VOTER last_known_addr { host: "127.0.223.131" port: 46325 } health_report { overall_health: UNKNOWN } } }
I20260630 12:36:18.935891  5609 tablet_bootstrap.cc:492] T 447a2a9a5de440a49656ffd91d878d29 P 18189c5cbdaf4f06a5ea723df6fd6483: No bootstrap required, opened a new log
I20260630 12:36:18.936520  5609 ts_tablet_manager.cc:1403] T 447a2a9a5de440a49656ffd91d878d29 P 18189c5cbdaf4f06a5ea723df6fd6483: Time spent bootstrapping tablet: real 0.133s	user 0.031s	sys 0.013s
I20260630 12:36:18.939599  5609 raft_consensus.cc:359] T 447a2a9a5de440a49656ffd91d878d29 P 18189c5cbdaf4f06a5ea723df6fd6483 [term 0 FOLLOWER]: Replica starting. Triggering 0 pending ops. Active config: opid_index: -1 OBSOLETE_local: false peers { permanent_uuid: "e6f3159319984bf3bbc9f46660617d95" member_type: VOTER last_known_addr { host: "127.0.223.129" port: 45813 } } peers { permanent_uuid: "68387385ab4f41509fe8f84d65343fa2" member_type: VOTER last_known_addr { host: "127.0.223.130" port: 45609 } } peers { permanent_uuid: "18189c5cbdaf4f06a5ea723df6fd6483" member_type: VOTER last_known_addr { host: "127.0.223.131" port: 46325 } }
I20260630 12:36:18.940336  5609 raft_consensus.cc:385] T 447a2a9a5de440a49656ffd91d878d29 P 18189c5cbdaf4f06a5ea723df6fd6483 [term 0 FOLLOWER]: Consensus starting up: Expiring failure detector timer to make a prompt election more likely
I20260630 12:36:18.940749  5609 raft_consensus.cc:740] T 447a2a9a5de440a49656ffd91d878d29 P 18189c5cbdaf4f06a5ea723df6fd6483 [term 0 FOLLOWER]: Becoming Follower/Learner. State: Replica: 18189c5cbdaf4f06a5ea723df6fd6483, State: Initialized, Role: FOLLOWER
I20260630 12:36:18.940621  5608 tablet_bootstrap.cc:654] T 5def9e01560f43c4b0f111bcd3a337a5 P 68387385ab4f41509fe8f84d65343fa2: Neither blocks nor log segments found. Creating new log.
I20260630 12:36:18.941792  5610 tablet_bootstrap.cc:654] T 71db1a029ee14d9b94180177c2418983 P e6f3159319984bf3bbc9f46660617d95: Neither blocks nor log segments found. Creating new log.
I20260630 12:36:18.942291  5562 raft_consensus.cc:2468] T 8c2d0173dfda48fa89f8c9ae5303c1da P 18189c5cbdaf4f06a5ea723df6fd6483 [term 1 FOLLOWER]: Leader election vote request: Granting yes vote for candidate e6f3159319984bf3bbc9f46660617d95 in term 1.
I20260630 12:36:18.941769  5609 consensus_queue.cc:260] T 447a2a9a5de440a49656ffd91d878d29 P 18189c5cbdaf4f06a5ea723df6fd6483 [NON_LEADER]: Queue going to NON_LEADER mode. State: All replicated index: 0, Majority replicated index: 0, Committed index: 0, Last appended: 0.0, Last appended by leader: 0, Current term: 0, Majority size: -1, State: 0, Mode: NON_LEADER, active raft config: opid_index: -1 OBSOLETE_local: false peers { permanent_uuid: "e6f3159319984bf3bbc9f46660617d95" member_type: VOTER last_known_addr { host: "127.0.223.129" port: 45813 } } peers { permanent_uuid: "68387385ab4f41509fe8f84d65343fa2" member_type: VOTER last_known_addr { host: "127.0.223.130" port: 45609 } } peers { permanent_uuid: "18189c5cbdaf4f06a5ea723df6fd6483" member_type: VOTER last_known_addr { host: "127.0.223.131" port: 46325 } }
I20260630 12:36:18.951107  5609 ts_tablet_manager.cc:1434] T 447a2a9a5de440a49656ffd91d878d29 P 18189c5cbdaf4f06a5ea723df6fd6483: Time spent starting tablet: real 0.014s	user 0.002s	sys 0.003s
I20260630 12:36:18.954811  5609 tablet_bootstrap.cc:492] T af5a359f9dcb464cb0bc95cc6610e42a P 18189c5cbdaf4f06a5ea723df6fd6483: Bootstrap starting.
I20260630 12:36:18.968926  5641 raft_consensus.cc:493] T 447a2a9a5de440a49656ffd91d878d29 P 68387385ab4f41509fe8f84d65343fa2 [term 0 FOLLOWER]: Starting pre-election (no leader contacted us within the election timeout)
I20260630 12:36:18.969494  5641 raft_consensus.cc:515] T 447a2a9a5de440a49656ffd91d878d29 P 68387385ab4f41509fe8f84d65343fa2 [term 0 FOLLOWER]: Starting pre-election with config: opid_index: -1 OBSOLETE_local: false peers { permanent_uuid: "e6f3159319984bf3bbc9f46660617d95" member_type: VOTER last_known_addr { host: "127.0.223.129" port: 45813 } } peers { permanent_uuid: "68387385ab4f41509fe8f84d65343fa2" member_type: VOTER last_known_addr { host: "127.0.223.130" port: 45609 } } peers { permanent_uuid: "18189c5cbdaf4f06a5ea723df6fd6483" member_type: VOTER last_known_addr { host: "127.0.223.131" port: 46325 } }
I20260630 12:36:18.971686  5641 leader_election.cc:290] T 447a2a9a5de440a49656ffd91d878d29 P 68387385ab4f41509fe8f84d65343fa2 [CANDIDATE]: Term 1 pre-election: Requested pre-vote from peers e6f3159319984bf3bbc9f46660617d95 (127.0.223.129:45813), 18189c5cbdaf4f06a5ea723df6fd6483 (127.0.223.131:46325)
I20260630 12:36:18.972232  5610 tablet_bootstrap.cc:492] T 71db1a029ee14d9b94180177c2418983 P e6f3159319984bf3bbc9f46660617d95: No bootstrap required, opened a new log
I20260630 12:36:18.972795  5610 ts_tablet_manager.cc:1403] T 71db1a029ee14d9b94180177c2418983 P e6f3159319984bf3bbc9f46660617d95: Time spent bootstrapping tablet: real 0.060s	user 0.010s	sys 0.011s
I20260630 12:36:18.973371  5413 tablet_service.cc:1917] Received RequestConsensusVote() RPC: tablet_id: "447a2a9a5de440a49656ffd91d878d29" candidate_uuid: "68387385ab4f41509fe8f84d65343fa2" candidate_term: 1 candidate_status { last_received { term: 0 index: 0 } } ignore_live_leader: false dest_uuid: "e6f3159319984bf3bbc9f46660617d95" is_pre_election: true
W20260630 12:36:18.974771  5454 leader_election.cc:343] T 447a2a9a5de440a49656ffd91d878d29 P 68387385ab4f41509fe8f84d65343fa2 [CANDIDATE]: Term 1 pre-election: Tablet error from VoteRequest() call to peer e6f3159319984bf3bbc9f46660617d95 (127.0.223.129:45813): Illegal state: must be running to vote when last-logged opid is not known
I20260630 12:36:18.974921  5562 tablet_service.cc:1917] Received RequestConsensusVote() RPC: tablet_id: "447a2a9a5de440a49656ffd91d878d29" candidate_uuid: "68387385ab4f41509fe8f84d65343fa2" candidate_term: 1 candidate_status { last_received { term: 0 index: 0 } } ignore_live_leader: false dest_uuid: "18189c5cbdaf4f06a5ea723df6fd6483" is_pre_election: true
I20260630 12:36:18.975557  5562 raft_consensus.cc:2468] T 447a2a9a5de440a49656ffd91d878d29 P 18189c5cbdaf4f06a5ea723df6fd6483 [term 0 FOLLOWER]: Leader pre-election vote request: Granting yes vote for candidate 68387385ab4f41509fe8f84d65343fa2 in term 0.
I20260630 12:36:18.975550  5610 raft_consensus.cc:359] T 71db1a029ee14d9b94180177c2418983 P e6f3159319984bf3bbc9f46660617d95 [term 0 FOLLOWER]: Replica starting. Triggering 0 pending ops. Active config: opid_index: -1 OBSOLETE_local: false peers { permanent_uuid: "e6f3159319984bf3bbc9f46660617d95" member_type: VOTER last_known_addr { host: "127.0.223.129" port: 45813 } } peers { permanent_uuid: "68387385ab4f41509fe8f84d65343fa2" member_type: VOTER last_known_addr { host: "127.0.223.130" port: 45609 } } peers { permanent_uuid: "18189c5cbdaf4f06a5ea723df6fd6483" member_type: VOTER last_known_addr { host: "127.0.223.131" port: 46325 } }
I20260630 12:36:18.976611  5610 raft_consensus.cc:385] T 71db1a029ee14d9b94180177c2418983 P e6f3159319984bf3bbc9f46660617d95 [term 0 FOLLOWER]: Consensus starting up: Expiring failure detector timer to make a prompt election more likely
I20260630 12:36:18.977073  5610 raft_consensus.cc:740] T 71db1a029ee14d9b94180177c2418983 P e6f3159319984bf3bbc9f46660617d95 [term 0 FOLLOWER]: Becoming Follower/Learner. State: Replica: e6f3159319984bf3bbc9f46660617d95, State: Initialized, Role: FOLLOWER
I20260630 12:36:18.977458  5452 leader_election.cc:304] T 447a2a9a5de440a49656ffd91d878d29 P 68387385ab4f41509fe8f84d65343fa2 [CANDIDATE]: Term 1 pre-election: Election decided. Result: candidate won. Election summary: received 3 responses out of 3 voters: 2 yes votes; 1 no votes. yes voters: 18189c5cbdaf4f06a5ea723df6fd6483, 68387385ab4f41509fe8f84d65343fa2; no voters: e6f3159319984bf3bbc9f46660617d95
I20260630 12:36:18.977753  5610 consensus_queue.cc:260] T 71db1a029ee14d9b94180177c2418983 P e6f3159319984bf3bbc9f46660617d95 [NON_LEADER]: Queue going to NON_LEADER mode. State: All replicated index: 0, Majority replicated index: 0, Committed index: 0, Last appended: 0.0, Last appended by leader: 0, Current term: 0, Majority size: -1, State: 0, Mode: NON_LEADER, active raft config: opid_index: -1 OBSOLETE_local: false peers { permanent_uuid: "e6f3159319984bf3bbc9f46660617d95" member_type: VOTER last_known_addr { host: "127.0.223.129" port: 45813 } } peers { permanent_uuid: "68387385ab4f41509fe8f84d65343fa2" member_type: VOTER last_known_addr { host: "127.0.223.130" port: 45609 } } peers { permanent_uuid: "18189c5cbdaf4f06a5ea723df6fd6483" member_type: VOTER last_known_addr { host: "127.0.223.131" port: 46325 } }
I20260630 12:36:18.978209  5609 tablet_bootstrap.cc:654] T af5a359f9dcb464cb0bc95cc6610e42a P 18189c5cbdaf4f06a5ea723df6fd6483: Neither blocks nor log segments found. Creating new log.
I20260630 12:36:18.978273  5641 raft_consensus.cc:2804] T 447a2a9a5de440a49656ffd91d878d29 P 68387385ab4f41509fe8f84d65343fa2 [term 0 FOLLOWER]: Leader pre-election won for term 1
I20260630 12:36:18.978745  5641 raft_consensus.cc:493] T 447a2a9a5de440a49656ffd91d878d29 P 68387385ab4f41509fe8f84d65343fa2 [term 0 FOLLOWER]: Starting leader election (no leader contacted us within the election timeout)
I20260630 12:36:18.979072  5641 raft_consensus.cc:3060] T 447a2a9a5de440a49656ffd91d878d29 P 68387385ab4f41509fe8f84d65343fa2 [term 0 FOLLOWER]: Advancing to term 1
I20260630 12:36:18.979867  5610 ts_tablet_manager.cc:1434] T 71db1a029ee14d9b94180177c2418983 P e6f3159319984bf3bbc9f46660617d95: Time spent starting tablet: real 0.007s	user 0.005s	sys 0.000s
I20260630 12:36:18.980746  5610 tablet_bootstrap.cc:492] T baf86de88d264d66aa3f270c600400ed P e6f3159319984bf3bbc9f46660617d95: Bootstrap starting.
I20260630 12:36:18.987488  5610 tablet_bootstrap.cc:654] T baf86de88d264d66aa3f270c600400ed P e6f3159319984bf3bbc9f46660617d95: Neither blocks nor log segments found. Creating new log.
I20260630 12:36:18.988353  5608 tablet_bootstrap.cc:492] T 5def9e01560f43c4b0f111bcd3a337a5 P 68387385ab4f41509fe8f84d65343fa2: No bootstrap required, opened a new log
I20260630 12:36:18.988885  5608 ts_tablet_manager.cc:1403] T 5def9e01560f43c4b0f111bcd3a337a5 P 68387385ab4f41509fe8f84d65343fa2: Time spent bootstrapping tablet: real 0.055s	user 0.015s	sys 0.019s
I20260630 12:36:18.991140  5609 tablet_bootstrap.cc:492] T af5a359f9dcb464cb0bc95cc6610e42a P 18189c5cbdaf4f06a5ea723df6fd6483: No bootstrap required, opened a new log
I20260630 12:36:18.991595  5609 ts_tablet_manager.cc:1403] T af5a359f9dcb464cb0bc95cc6610e42a P 18189c5cbdaf4f06a5ea723df6fd6483: Time spent bootstrapping tablet: real 0.037s	user 0.011s	sys 0.009s
I20260630 12:36:18.991406  5641 raft_consensus.cc:515] T 447a2a9a5de440a49656ffd91d878d29 P 68387385ab4f41509fe8f84d65343fa2 [term 1 FOLLOWER]: Starting leader election with config: opid_index: -1 OBSOLETE_local: false peers { permanent_uuid: "e6f3159319984bf3bbc9f46660617d95" member_type: VOTER last_known_addr { host: "127.0.223.129" port: 45813 } } peers { permanent_uuid: "68387385ab4f41509fe8f84d65343fa2" member_type: VOTER last_known_addr { host: "127.0.223.130" port: 45609 } } peers { permanent_uuid: "18189c5cbdaf4f06a5ea723df6fd6483" member_type: VOTER last_known_addr { host: "127.0.223.131" port: 46325 } }
I20260630 12:36:18.994093  5609 raft_consensus.cc:359] T af5a359f9dcb464cb0bc95cc6610e42a P 18189c5cbdaf4f06a5ea723df6fd6483 [term 0 FOLLOWER]: Replica starting. Triggering 0 pending ops. Active config: opid_index: -1 OBSOLETE_local: false peers { permanent_uuid: "e6f3159319984bf3bbc9f46660617d95" member_type: VOTER last_known_addr { host: "127.0.223.129" port: 45813 } } peers { permanent_uuid: "68387385ab4f41509fe8f84d65343fa2" member_type: VOTER last_known_addr { host: "127.0.223.130" port: 45609 } } peers { permanent_uuid: "18189c5cbdaf4f06a5ea723df6fd6483" member_type: VOTER last_known_addr { host: "127.0.223.131" port: 46325 } }
I20260630 12:36:18.994727  5609 raft_consensus.cc:385] T af5a359f9dcb464cb0bc95cc6610e42a P 18189c5cbdaf4f06a5ea723df6fd6483 [term 0 FOLLOWER]: Consensus starting up: Expiring failure detector timer to make a prompt election more likely
I20260630 12:36:18.994992  5609 raft_consensus.cc:740] T af5a359f9dcb464cb0bc95cc6610e42a P 18189c5cbdaf4f06a5ea723df6fd6483 [term 0 FOLLOWER]: Becoming Follower/Learner. State: Replica: 18189c5cbdaf4f06a5ea723df6fd6483, State: Initialized, Role: FOLLOWER
I20260630 12:36:18.995795  5609 consensus_queue.cc:260] T af5a359f9dcb464cb0bc95cc6610e42a P 18189c5cbdaf4f06a5ea723df6fd6483 [NON_LEADER]: Queue going to NON_LEADER mode. State: All replicated index: 0, Majority replicated index: 0, Committed index: 0, Last appended: 0.0, Last appended by leader: 0, Current term: 0, Majority size: -1, State: 0, Mode: NON_LEADER, active raft config: opid_index: -1 OBSOLETE_local: false peers { permanent_uuid: "e6f3159319984bf3bbc9f46660617d95" member_type: VOTER last_known_addr { host: "127.0.223.129" port: 45813 } } peers { permanent_uuid: "68387385ab4f41509fe8f84d65343fa2" member_type: VOTER last_known_addr { host: "127.0.223.130" port: 45609 } } peers { permanent_uuid: "18189c5cbdaf4f06a5ea723df6fd6483" member_type: VOTER last_known_addr { host: "127.0.223.131" port: 46325 } }
I20260630 12:36:18.996272  5413 tablet_service.cc:1917] Received RequestConsensusVote() RPC: tablet_id: "447a2a9a5de440a49656ffd91d878d29" candidate_uuid: "68387385ab4f41509fe8f84d65343fa2" candidate_term: 1 candidate_status { last_received { term: 0 index: 0 } } ignore_live_leader: false dest_uuid: "e6f3159319984bf3bbc9f46660617d95"
W20260630 12:36:18.997834  5454 leader_election.cc:343] T 447a2a9a5de440a49656ffd91d878d29 P 68387385ab4f41509fe8f84d65343fa2 [CANDIDATE]: Term 1 election: Tablet error from VoteRequest() call to peer e6f3159319984bf3bbc9f46660617d95 (127.0.223.129:45813): Illegal state: must be running to vote when last-logged opid is not known
I20260630 12:36:18.998884  5641 leader_election.cc:290] T 447a2a9a5de440a49656ffd91d878d29 P 68387385ab4f41509fe8f84d65343fa2 [CANDIDATE]: Term 1 election: Requested vote from peers e6f3159319984bf3bbc9f46660617d95 (127.0.223.129:45813), 18189c5cbdaf4f06a5ea723df6fd6483 (127.0.223.131:46325)
I20260630 12:36:19.000352  5562 tablet_service.cc:1917] Received RequestConsensusVote() RPC: tablet_id: "447a2a9a5de440a49656ffd91d878d29" candidate_uuid: "68387385ab4f41509fe8f84d65343fa2" candidate_term: 1 candidate_status { last_received { term: 0 index: 0 } } ignore_live_leader: false dest_uuid: "18189c5cbdaf4f06a5ea723df6fd6483"
I20260630 12:36:19.001153  5562 raft_consensus.cc:3060] T 447a2a9a5de440a49656ffd91d878d29 P 18189c5cbdaf4f06a5ea723df6fd6483 [term 0 FOLLOWER]: Advancing to term 1
I20260630 12:36:19.000870  5608 raft_consensus.cc:359] T 5def9e01560f43c4b0f111bcd3a337a5 P 68387385ab4f41509fe8f84d65343fa2 [term 0 FOLLOWER]: Replica starting. Triggering 0 pending ops. Active config: opid_index: -1 OBSOLETE_local: false peers { permanent_uuid: "e6f3159319984bf3bbc9f46660617d95" member_type: VOTER last_known_addr { host: "127.0.223.129" port: 45813 } } peers { permanent_uuid: "68387385ab4f41509fe8f84d65343fa2" member_type: VOTER last_known_addr { host: "127.0.223.130" port: 45609 } } peers { permanent_uuid: "18189c5cbdaf4f06a5ea723df6fd6483" member_type: VOTER last_known_addr { host: "127.0.223.131" port: 46325 } }
I20260630 12:36:19.001984  5608 raft_consensus.cc:385] T 5def9e01560f43c4b0f111bcd3a337a5 P 68387385ab4f41509fe8f84d65343fa2 [term 0 FOLLOWER]: Consensus starting up: Expiring failure detector timer to make a prompt election more likely
I20260630 12:36:19.002350  5608 raft_consensus.cc:740] T 5def9e01560f43c4b0f111bcd3a337a5 P 68387385ab4f41509fe8f84d65343fa2 [term 0 FOLLOWER]: Becoming Follower/Learner. State: Replica: 68387385ab4f41509fe8f84d65343fa2, State: Initialized, Role: FOLLOWER
I20260630 12:36:19.002580  5647 raft_consensus.cc:493] T 5def9e01560f43c4b0f111bcd3a337a5 P e6f3159319984bf3bbc9f46660617d95 [term 0 FOLLOWER]: Starting pre-election (no leader contacted us within the election timeout)
I20260630 12:36:19.003058  5647 raft_consensus.cc:515] T 5def9e01560f43c4b0f111bcd3a337a5 P e6f3159319984bf3bbc9f46660617d95 [term 0 FOLLOWER]: Starting pre-election with config: opid_index: -1 OBSOLETE_local: false peers { permanent_uuid: "e6f3159319984bf3bbc9f46660617d95" member_type: VOTER last_known_addr { host: "127.0.223.129" port: 45813 } } peers { permanent_uuid: "68387385ab4f41509fe8f84d65343fa2" member_type: VOTER last_known_addr { host: "127.0.223.130" port: 45609 } } peers { permanent_uuid: "18189c5cbdaf4f06a5ea723df6fd6483" member_type: VOTER last_known_addr { host: "127.0.223.131" port: 46325 } }
I20260630 12:36:19.003304  5608 consensus_queue.cc:260] T 5def9e01560f43c4b0f111bcd3a337a5 P 68387385ab4f41509fe8f84d65343fa2 [NON_LEADER]: Queue going to NON_LEADER mode. State: All replicated index: 0, Majority replicated index: 0, Committed index: 0, Last appended: 0.0, Last appended by leader: 0, Current term: 0, Majority size: -1, State: 0, Mode: NON_LEADER, active raft config: opid_index: -1 OBSOLETE_local: false peers { permanent_uuid: "e6f3159319984bf3bbc9f46660617d95" member_type: VOTER last_known_addr { host: "127.0.223.129" port: 45813 } } peers { permanent_uuid: "68387385ab4f41509fe8f84d65343fa2" member_type: VOTER last_known_addr { host: "127.0.223.130" port: 45609 } } peers { permanent_uuid: "18189c5cbdaf4f06a5ea723df6fd6483" member_type: VOTER last_known_addr { host: "127.0.223.131" port: 46325 } }
I20260630 12:36:19.005111  5647 leader_election.cc:290] T 5def9e01560f43c4b0f111bcd3a337a5 P e6f3159319984bf3bbc9f46660617d95 [CANDIDATE]: Term 1 pre-election: Requested pre-vote from peers 68387385ab4f41509fe8f84d65343fa2 (127.0.223.130:45609), 18189c5cbdaf4f06a5ea723df6fd6483 (127.0.223.131:46325)
I20260630 12:36:19.005414  5609 ts_tablet_manager.cc:1434] T af5a359f9dcb464cb0bc95cc6610e42a P 18189c5cbdaf4f06a5ea723df6fd6483: Time spent starting tablet: real 0.014s	user 0.007s	sys 0.000s
I20260630 12:36:19.006327  5609 tablet_bootstrap.cc:492] T 71db1a029ee14d9b94180177c2418983 P 18189c5cbdaf4f06a5ea723df6fd6483: Bootstrap starting.
I20260630 12:36:19.006533  5487 tablet_service.cc:1917] Received RequestConsensusVote() RPC: tablet_id: "5def9e01560f43c4b0f111bcd3a337a5" candidate_uuid: "e6f3159319984bf3bbc9f46660617d95" candidate_term: 1 candidate_status { last_received { term: 0 index: 0 } } ignore_live_leader: false dest_uuid: "68387385ab4f41509fe8f84d65343fa2" is_pre_election: true
I20260630 12:36:19.007084  5487 raft_consensus.cc:2468] T 5def9e01560f43c4b0f111bcd3a337a5 P 68387385ab4f41509fe8f84d65343fa2 [term 0 FOLLOWER]: Leader pre-election vote request: Granting yes vote for candidate e6f3159319984bf3bbc9f46660617d95 in term 0.
I20260630 12:36:19.008311  5378 leader_election.cc:304] T 5def9e01560f43c4b0f111bcd3a337a5 P e6f3159319984bf3bbc9f46660617d95 [CANDIDATE]: Term 1 pre-election: Election decided. Result: candidate won. Election summary: received 2 responses out of 3 voters: 2 yes votes; 0 no votes. yes voters: 68387385ab4f41509fe8f84d65343fa2, e6f3159319984bf3bbc9f46660617d95; no voters: 
I20260630 12:36:19.009081  5647 raft_consensus.cc:2804] T 5def9e01560f43c4b0f111bcd3a337a5 P e6f3159319984bf3bbc9f46660617d95 [term 0 FOLLOWER]: Leader pre-election won for term 1
I20260630 12:36:19.009431  5647 raft_consensus.cc:493] T 5def9e01560f43c4b0f111bcd3a337a5 P e6f3159319984bf3bbc9f46660617d95 [term 0 FOLLOWER]: Starting leader election (no leader contacted us within the election timeout)
I20260630 12:36:19.009450  5608 ts_tablet_manager.cc:1434] T 5def9e01560f43c4b0f111bcd3a337a5 P 68387385ab4f41509fe8f84d65343fa2: Time spent starting tablet: real 0.020s	user 0.007s	sys 0.000s
I20260630 12:36:19.009907  5647 raft_consensus.cc:3060] T 5def9e01560f43c4b0f111bcd3a337a5 P e6f3159319984bf3bbc9f46660617d95 [term 0 FOLLOWER]: Advancing to term 1
I20260630 12:36:19.009820  5561 tablet_service.cc:1917] Received RequestConsensusVote() RPC: tablet_id: "5def9e01560f43c4b0f111bcd3a337a5" candidate_uuid: "e6f3159319984bf3bbc9f46660617d95" candidate_term: 1 candidate_status { last_received { term: 0 index: 0 } } ignore_live_leader: false dest_uuid: "18189c5cbdaf4f06a5ea723df6fd6483" is_pre_election: true
I20260630 12:36:19.010514  5561 raft_consensus.cc:2468] T 5def9e01560f43c4b0f111bcd3a337a5 P 18189c5cbdaf4f06a5ea723df6fd6483 [term 0 FOLLOWER]: Leader pre-election vote request: Granting yes vote for candidate e6f3159319984bf3bbc9f46660617d95 in term 0.
I20260630 12:36:19.011085  5608 tablet_bootstrap.cc:492] T 71db1a029ee14d9b94180177c2418983 P 68387385ab4f41509fe8f84d65343fa2: Bootstrap starting.
I20260630 12:36:19.011862  5609 tablet_bootstrap.cc:654] T 71db1a029ee14d9b94180177c2418983 P 18189c5cbdaf4f06a5ea723df6fd6483: Neither blocks nor log segments found. Creating new log.
I20260630 12:36:19.012977  5618 raft_consensus.cc:493] T e91a3d032b824d1291dcb12e0a13255f P 18189c5cbdaf4f06a5ea723df6fd6483 [term 0 FOLLOWER]: Starting pre-election (no leader contacted us within the election timeout)
I20260630 12:36:19.013450  5618 raft_consensus.cc:515] T e91a3d032b824d1291dcb12e0a13255f P 18189c5cbdaf4f06a5ea723df6fd6483 [term 0 FOLLOWER]: Starting pre-election with config: opid_index: -1 OBSOLETE_local: false peers { permanent_uuid: "e6f3159319984bf3bbc9f46660617d95" member_type: VOTER last_known_addr { host: "127.0.223.129" port: 45813 } } peers { permanent_uuid: "68387385ab4f41509fe8f84d65343fa2" member_type: VOTER last_known_addr { host: "127.0.223.130" port: 45609 } } peers { permanent_uuid: "18189c5cbdaf4f06a5ea723df6fd6483" member_type: VOTER last_known_addr { host: "127.0.223.131" port: 46325 } }
I20260630 12:36:19.015614  5618 leader_election.cc:290] T e91a3d032b824d1291dcb12e0a13255f P 18189c5cbdaf4f06a5ea723df6fd6483 [CANDIDATE]: Term 1 pre-election: Requested pre-vote from peers e6f3159319984bf3bbc9f46660617d95 (127.0.223.129:45813), 68387385ab4f41509fe8f84d65343fa2 (127.0.223.130:45609)
I20260630 12:36:19.017434  5647 raft_consensus.cc:515] T 5def9e01560f43c4b0f111bcd3a337a5 P e6f3159319984bf3bbc9f46660617d95 [term 1 FOLLOWER]: Starting leader election with config: opid_index: -1 OBSOLETE_local: false peers { permanent_uuid: "e6f3159319984bf3bbc9f46660617d95" member_type: VOTER last_known_addr { host: "127.0.223.129" port: 45813 } } peers { permanent_uuid: "68387385ab4f41509fe8f84d65343fa2" member_type: VOTER last_known_addr { host: "127.0.223.130" port: 45609 } } peers { permanent_uuid: "18189c5cbdaf4f06a5ea723df6fd6483" member_type: VOTER last_known_addr { host: "127.0.223.131" port: 46325 } }
I20260630 12:36:19.017709  5413 tablet_service.cc:1917] Received RequestConsensusVote() RPC: tablet_id: "e91a3d032b824d1291dcb12e0a13255f" candidate_uuid: "18189c5cbdaf4f06a5ea723df6fd6483" candidate_term: 1 candidate_status { last_received { term: 0 index: 0 } } ignore_live_leader: false dest_uuid: "e6f3159319984bf3bbc9f46660617d95" is_pre_election: true
I20260630 12:36:19.018399  5562 raft_consensus.cc:2468] T 447a2a9a5de440a49656ffd91d878d29 P 18189c5cbdaf4f06a5ea723df6fd6483 [term 1 FOLLOWER]: Leader election vote request: Granting yes vote for candidate 68387385ab4f41509fe8f84d65343fa2 in term 1.
I20260630 12:36:19.019748  5608 tablet_bootstrap.cc:654] T 71db1a029ee14d9b94180177c2418983 P 68387385ab4f41509fe8f84d65343fa2: Neither blocks nor log segments found. Creating new log.
I20260630 12:36:19.020236  5487 tablet_service.cc:1917] Received RequestConsensusVote() RPC: tablet_id: "5def9e01560f43c4b0f111bcd3a337a5" candidate_uuid: "e6f3159319984bf3bbc9f46660617d95" candidate_term: 1 candidate_status { last_received { term: 0 index: 0 } } ignore_live_leader: false dest_uuid: "68387385ab4f41509fe8f84d65343fa2"
I20260630 12:36:19.020546  5452 leader_election.cc:304] T 447a2a9a5de440a49656ffd91d878d29 P 68387385ab4f41509fe8f84d65343fa2 [CANDIDATE]: Term 1 election: Election decided. Result: candidate won. Election summary: received 3 responses out of 3 voters: 2 yes votes; 1 no votes. yes voters: 18189c5cbdaf4f06a5ea723df6fd6483, 68387385ab4f41509fe8f84d65343fa2; no voters: e6f3159319984bf3bbc9f46660617d95
I20260630 12:36:19.020835  5487 raft_consensus.cc:3060] T 5def9e01560f43c4b0f111bcd3a337a5 P 68387385ab4f41509fe8f84d65343fa2 [term 0 FOLLOWER]: Advancing to term 1
I20260630 12:36:19.021430  5641 raft_consensus.cc:2804] T 447a2a9a5de440a49656ffd91d878d29 P 68387385ab4f41509fe8f84d65343fa2 [term 1 FOLLOWER]: Leader election won for term 1
W20260630 12:36:19.019685  5528 leader_election.cc:343] T e91a3d032b824d1291dcb12e0a13255f P 18189c5cbdaf4f06a5ea723df6fd6483 [CANDIDATE]: Term 1 pre-election: Tablet error from VoteRequest() call to peer e6f3159319984bf3bbc9f46660617d95 (127.0.223.129:45813): Illegal state: must be running to vote when last-logged opid is not known
I20260630 12:36:19.021900  5641 raft_consensus.cc:697] T 447a2a9a5de440a49656ffd91d878d29 P 68387385ab4f41509fe8f84d65343fa2 [term 1 LEADER]: Becoming Leader. State: Replica: 68387385ab4f41509fe8f84d65343fa2, State: Running, Role: LEADER
I20260630 12:36:19.023058  5641 consensus_queue.cc:237] T 447a2a9a5de440a49656ffd91d878d29 P 68387385ab4f41509fe8f84d65343fa2 [LEADER]: Queue going to LEADER mode. State: All replicated index: 0, Majority replicated index: 0, Committed index: 0, Last appended: 0.0, Last appended by leader: 0, Current term: 1, Majority size: 2, State: 0, Mode: LEADER, active raft config: opid_index: -1 OBSOLETE_local: false peers { permanent_uuid: "e6f3159319984bf3bbc9f46660617d95" member_type: VOTER last_known_addr { host: "127.0.223.129" port: 45813 } } peers { permanent_uuid: "68387385ab4f41509fe8f84d65343fa2" member_type: VOTER last_known_addr { host: "127.0.223.130" port: 45609 } } peers { permanent_uuid: "18189c5cbdaf4f06a5ea723df6fd6483" member_type: VOTER last_known_addr { host: "127.0.223.131" port: 46325 } }
I20260630 12:36:19.021920  5488 tablet_service.cc:1917] Received RequestConsensusVote() RPC: tablet_id: "e91a3d032b824d1291dcb12e0a13255f" candidate_uuid: "18189c5cbdaf4f06a5ea723df6fd6483" candidate_term: 1 candidate_status { last_received { term: 0 index: 0 } } ignore_live_leader: false dest_uuid: "68387385ab4f41509fe8f84d65343fa2" is_pre_election: true
I20260630 12:36:19.030000  5647 leader_election.cc:290] T 5def9e01560f43c4b0f111bcd3a337a5 P e6f3159319984bf3bbc9f46660617d95 [CANDIDATE]: Term 1 election: Requested vote from peers 68387385ab4f41509fe8f84d65343fa2 (127.0.223.130:45609), 18189c5cbdaf4f06a5ea723df6fd6483 (127.0.223.131:46325)
W20260630 12:36:19.031018  5527 leader_election.cc:343] T e91a3d032b824d1291dcb12e0a13255f P 18189c5cbdaf4f06a5ea723df6fd6483 [CANDIDATE]: Term 1 pre-election: Tablet error from VoteRequest() call to peer 68387385ab4f41509fe8f84d65343fa2 (127.0.223.130:45609): Illegal state: must be running to vote when last-logged opid is not known
I20260630 12:36:19.031486  5527 leader_election.cc:304] T e91a3d032b824d1291dcb12e0a13255f P 18189c5cbdaf4f06a5ea723df6fd6483 [CANDIDATE]: Term 1 pre-election: Election decided. Result: candidate lost. Election summary: received 3 responses out of 3 voters: 1 yes votes; 2 no votes. yes voters: 18189c5cbdaf4f06a5ea723df6fd6483; no voters: 68387385ab4f41509fe8f84d65343fa2, e6f3159319984bf3bbc9f46660617d95
I20260630 12:36:19.032334  5610 tablet_bootstrap.cc:492] T baf86de88d264d66aa3f270c600400ed P e6f3159319984bf3bbc9f46660617d95: No bootstrap required, opened a new log
I20260630 12:36:19.032775  5610 ts_tablet_manager.cc:1403] T baf86de88d264d66aa3f270c600400ed P e6f3159319984bf3bbc9f46660617d95: Time spent bootstrapping tablet: real 0.052s	user 0.013s	sys 0.011s
I20260630 12:36:19.034044  5618 raft_consensus.cc:2749] T e91a3d032b824d1291dcb12e0a13255f P 18189c5cbdaf4f06a5ea723df6fd6483 [term 0 FOLLOWER]: Leader pre-election lost for term 1. Reason: could not achieve majority
I20260630 12:36:19.035326  5561 tablet_service.cc:1917] Received RequestConsensusVote() RPC: tablet_id: "5def9e01560f43c4b0f111bcd3a337a5" candidate_uuid: "e6f3159319984bf3bbc9f46660617d95" candidate_term: 1 candidate_status { last_received { term: 0 index: 0 } } ignore_live_leader: false dest_uuid: "18189c5cbdaf4f06a5ea723df6fd6483"
I20260630 12:36:19.036408  5561 raft_consensus.cc:3060] T 5def9e01560f43c4b0f111bcd3a337a5 P 18189c5cbdaf4f06a5ea723df6fd6483 [term 0 FOLLOWER]: Advancing to term 1
I20260630 12:36:19.035320  5610 raft_consensus.cc:359] T baf86de88d264d66aa3f270c600400ed P e6f3159319984bf3bbc9f46660617d95 [term 0 FOLLOWER]: Replica starting. Triggering 0 pending ops. Active config: opid_index: -1 OBSOLETE_local: false peers { permanent_uuid: "e6f3159319984bf3bbc9f46660617d95" member_type: VOTER last_known_addr { host: "127.0.223.129" port: 45813 } } peers { permanent_uuid: "68387385ab4f41509fe8f84d65343fa2" member_type: VOTER last_known_addr { host: "127.0.223.130" port: 45609 } } peers { permanent_uuid: "18189c5cbdaf4f06a5ea723df6fd6483" member_type: VOTER last_known_addr { host: "127.0.223.131" port: 46325 } }
I20260630 12:36:19.038825  5610 raft_consensus.cc:385] T baf86de88d264d66aa3f270c600400ed P e6f3159319984bf3bbc9f46660617d95 [term 0 FOLLOWER]: Consensus starting up: Expiring failure detector timer to make a prompt election more likely
I20260630 12:36:19.039521  5610 raft_consensus.cc:740] T baf86de88d264d66aa3f270c600400ed P e6f3159319984bf3bbc9f46660617d95 [term 0 FOLLOWER]: Becoming Follower/Learner. State: Replica: e6f3159319984bf3bbc9f46660617d95, State: Initialized, Role: FOLLOWER
I20260630 12:36:19.040714  5610 consensus_queue.cc:260] T baf86de88d264d66aa3f270c600400ed P e6f3159319984bf3bbc9f46660617d95 [NON_LEADER]: Queue going to NON_LEADER mode. State: All replicated index: 0, Majority replicated index: 0, Committed index: 0, Last appended: 0.0, Last appended by leader: 0, Current term: 0, Majority size: -1, State: 0, Mode: NON_LEADER, active raft config: opid_index: -1 OBSOLETE_local: false peers { permanent_uuid: "e6f3159319984bf3bbc9f46660617d95" member_type: VOTER last_known_addr { host: "127.0.223.129" port: 45813 } } peers { permanent_uuid: "68387385ab4f41509fe8f84d65343fa2" member_type: VOTER last_known_addr { host: "127.0.223.130" port: 45609 } } peers { permanent_uuid: "18189c5cbdaf4f06a5ea723df6fd6483" member_type: VOTER last_known_addr { host: "127.0.223.131" port: 46325 } }
I20260630 12:36:19.044483  5610 ts_tablet_manager.cc:1434] T baf86de88d264d66aa3f270c600400ed P e6f3159319984bf3bbc9f46660617d95: Time spent starting tablet: real 0.011s	user 0.005s	sys 0.000s
I20260630 12:36:19.046875  5610 tablet_bootstrap.cc:492] T 5864c6d5d86a4f23a4c0f6bb139fbbdb P e6f3159319984bf3bbc9f46660617d95: Bootstrap starting.
I20260630 12:36:19.030068  5487 raft_consensus.cc:2468] T 5def9e01560f43c4b0f111bcd3a337a5 P 68387385ab4f41509fe8f84d65343fa2 [term 1 FOLLOWER]: Leader election vote request: Granting yes vote for candidate e6f3159319984bf3bbc9f46660617d95 in term 1.
I20260630 12:36:19.050240  5378 leader_election.cc:304] T 5def9e01560f43c4b0f111bcd3a337a5 P e6f3159319984bf3bbc9f46660617d95 [CANDIDATE]: Term 1 election: Election decided. Result: candidate won. Election summary: received 2 responses out of 3 voters: 2 yes votes; 0 no votes. yes voters: 68387385ab4f41509fe8f84d65343fa2, e6f3159319984bf3bbc9f46660617d95; no voters: 
I20260630 12:36:19.054759  5647 raft_consensus.cc:2804] T 5def9e01560f43c4b0f111bcd3a337a5 P e6f3159319984bf3bbc9f46660617d95 [term 1 FOLLOWER]: Leader election won for term 1
I20260630 12:36:19.055503  5647 raft_consensus.cc:697] T 5def9e01560f43c4b0f111bcd3a337a5 P e6f3159319984bf3bbc9f46660617d95 [term 1 LEADER]: Becoming Leader. State: Replica: e6f3159319984bf3bbc9f46660617d95, State: Running, Role: LEADER
I20260630 12:36:19.056360  5647 consensus_queue.cc:237] T 5def9e01560f43c4b0f111bcd3a337a5 P e6f3159319984bf3bbc9f46660617d95 [LEADER]: Queue going to LEADER mode. State: All replicated index: 0, Majority replicated index: 0, Committed index: 0, Last appended: 0.0, Last appended by leader: 0, Current term: 1, Majority size: 2, State: 0, Mode: LEADER, active raft config: opid_index: -1 OBSOLETE_local: false peers { permanent_uuid: "e6f3159319984bf3bbc9f46660617d95" member_type: VOTER last_known_addr { host: "127.0.223.129" port: 45813 } } peers { permanent_uuid: "68387385ab4f41509fe8f84d65343fa2" member_type: VOTER last_known_addr { host: "127.0.223.130" port: 45609 } } peers { permanent_uuid: "18189c5cbdaf4f06a5ea723df6fd6483" member_type: VOTER last_known_addr { host: "127.0.223.131" port: 46325 } }
I20260630 12:36:19.067795  5561 raft_consensus.cc:2468] T 5def9e01560f43c4b0f111bcd3a337a5 P 18189c5cbdaf4f06a5ea723df6fd6483 [term 1 FOLLOWER]: Leader election vote request: Granting yes vote for candidate e6f3159319984bf3bbc9f46660617d95 in term 1.
I20260630 12:36:19.069119  5608 tablet_bootstrap.cc:492] T 71db1a029ee14d9b94180177c2418983 P 68387385ab4f41509fe8f84d65343fa2: No bootstrap required, opened a new log
