I20260630 12:35:45.191648  4352 raft_consensus.cc:2955] T 9b454827aa63440ead5c95174f14cf8a P 600de6f0b95e44359ec9fd76a5d246f5 [term 1 LEADER]: Committing config change with OpId 1.2: config changed from index -1 to 2, NON_VOTER ef27e4ec77f444f98cb36ae9fc8b3b7d (127.0.223.131) added. New config: { opid_index: 2 OBSOLETE_local: false peers { permanent_uuid: "1972006ae4444af28f8e69a5dff1eb1f" member_type: VOTER last_known_addr { host: "127.0.223.132" port: 40411 } attrs { replace: true } } peers { permanent_uuid: "df700c033faa4f16947fd2d38726e415" member_type: VOTER last_known_addr { host: "127.0.223.130" port: 33925 } } peers { permanent_uuid: "600de6f0b95e44359ec9fd76a5d246f5" member_type: VOTER last_known_addr { host: "127.0.223.129" port: 40603 } } peers { permanent_uuid: "ef27e4ec77f444f98cb36ae9fc8b3b7d" member_type: NON_VOTER last_known_addr { host: "127.0.223.131" port: 46763 } attrs { promote: true } } }
I20260630 12:35:45.206107  3797 catalog_manager.cc:5697] T 9b454827aa63440ead5c95174f14cf8a P 1972006ae4444af28f8e69a5dff1eb1f reported cstate change: config changed from index -1 to 2, NON_VOTER ef27e4ec77f444f98cb36ae9fc8b3b7d (127.0.223.131) added. New cstate: current_term: 1 leader_uuid: "600de6f0b95e44359ec9fd76a5d246f5" committed_config { opid_index: 2 OBSOLETE_local: false peers { permanent_uuid: "1972006ae4444af28f8e69a5dff1eb1f" member_type: VOTER last_known_addr { host: "127.0.223.132" port: 40411 } attrs { replace: true } } peers { permanent_uuid: "df700c033faa4f16947fd2d38726e415" member_type: VOTER last_known_addr { host: "127.0.223.130" port: 33925 } } peers { permanent_uuid: "600de6f0b95e44359ec9fd76a5d246f5" member_type: VOTER last_known_addr { host: "127.0.223.129" port: 40603 } } peers { permanent_uuid: "ef27e4ec77f444f98cb36ae9fc8b3b7d" member_type: NON_VOTER last_known_addr { host: "127.0.223.131" port: 46763 } attrs { promote: true } } }
I20260630 12:35:45.212635  3897 consensus_queue.cc:237] T f2a8193835af41d9bf2c77451f59ab8d P 600de6f0b95e44359ec9fd76a5d246f5 [LEADER]: Queue going to LEADER mode. State: All replicated index: 0, Majority replicated index: 1, Committed index: 1, Last appended: 1.1, Last appended by leader: 0, Current term: 1, Majority size: 2, State: 0, Mode: LEADER, active raft config: opid_index: 2 OBSOLETE_local: false peers { permanent_uuid: "df700c033faa4f16947fd2d38726e415" member_type: VOTER last_known_addr { host: "127.0.223.130" port: 33925 } } peers { permanent_uuid: "600de6f0b95e44359ec9fd76a5d246f5" member_type: VOTER last_known_addr { host: "127.0.223.129" port: 40603 } } peers { permanent_uuid: "ef27e4ec77f444f98cb36ae9fc8b3b7d" member_type: VOTER last_known_addr { host: "127.0.223.131" port: 46763 } attrs { replace: true } } peers { permanent_uuid: "1972006ae4444af28f8e69a5dff1eb1f" member_type: NON_VOTER last_known_addr { host: "127.0.223.132" port: 40411 } attrs { promote: true } }
W20260630 12:35:45.221145  3862 consensus_peers.cc:597] T f2a8193835af41d9bf2c77451f59ab8d P 600de6f0b95e44359ec9fd76a5d246f5 -> Peer 1972006ae4444af28f8e69a5dff1eb1f (127.0.223.132:40411): Couldn't send request to peer 1972006ae4444af28f8e69a5dff1eb1f. Error code: TABLET_NOT_FOUND (6). Status: Not found: Tablet not found: f2a8193835af41d9bf2c77451f59ab8d. This is attempt 1: this message will repeat every 5th retry.
I20260630 12:35:45.221330  4045 raft_consensus.cc:1275] T f2a8193835af41d9bf2c77451f59ab8d P ef27e4ec77f444f98cb36ae9fc8b3b7d [term 1 FOLLOWER]: Refusing update from remote peer 600de6f0b95e44359ec9fd76a5d246f5: Log matching property violated. Preceding OpId in replica: term: 1 index: 1. Preceding OpId from leader: term: 1 index: 2. (index mismatch)
I20260630 12:35:45.222776  3974 raft_consensus.cc:1275] T f2a8193835af41d9bf2c77451f59ab8d P df700c033faa4f16947fd2d38726e415 [term 1 FOLLOWER]: Refusing update from remote peer 600de6f0b95e44359ec9fd76a5d246f5: Log matching property violated. Preceding OpId in replica: term: 1 index: 1. Preceding OpId from leader: term: 1 index: 2. (index mismatch)
I20260630 12:35:45.224211  4411 consensus_queue.cc:1048] T f2a8193835af41d9bf2c77451f59ab8d P 600de6f0b95e44359ec9fd76a5d246f5 [LEADER]: Connected to new peer: Peer: permanent_uuid: "ef27e4ec77f444f98cb36ae9fc8b3b7d" member_type: VOTER last_known_addr { host: "127.0.223.131" port: 46763 } attrs { replace: true }, Status: LMP_MISMATCH, Last received: 0.0, Next index: 2, Last known committed idx: 1, Time since last communication: 0.000s
I20260630 12:35:45.225214  4352 consensus_queue.cc:1048] T f2a8193835af41d9bf2c77451f59ab8d P 600de6f0b95e44359ec9fd76a5d246f5 [LEADER]: Connected to new peer: Peer: permanent_uuid: "df700c033faa4f16947fd2d38726e415" member_type: VOTER last_known_addr { host: "127.0.223.130" port: 33925 }, Status: LMP_MISMATCH, Last received: 0.0, Next index: 2, Last known committed idx: 1, Time since last communication: 0.000s
I20260630 12:35:45.237847  4352 raft_consensus.cc:2955] T f2a8193835af41d9bf2c77451f59ab8d P 600de6f0b95e44359ec9fd76a5d246f5 [term 1 LEADER]: Committing config change with OpId 1.2: config changed from index -1 to 2, NON_VOTER 1972006ae4444af28f8e69a5dff1eb1f (127.0.223.132) added. New config: { opid_index: 2 OBSOLETE_local: false peers { permanent_uuid: "df700c033faa4f16947fd2d38726e415" member_type: VOTER last_known_addr { host: "127.0.223.130" port: 33925 } } peers { permanent_uuid: "600de6f0b95e44359ec9fd76a5d246f5" member_type: VOTER last_known_addr { host: "127.0.223.129" port: 40603 } } peers { permanent_uuid: "ef27e4ec77f444f98cb36ae9fc8b3b7d" member_type: VOTER last_known_addr { host: "127.0.223.131" port: 46763 } attrs { replace: true } } peers { permanent_uuid: "1972006ae4444af28f8e69a5dff1eb1f" member_type: NON_VOTER last_known_addr { host: "127.0.223.132" port: 40411 } attrs { promote: true } } }
I20260630 12:35:45.239698  3974 raft_consensus.cc:2955] T f2a8193835af41d9bf2c77451f59ab8d P df700c033faa4f16947fd2d38726e415 [term 1 FOLLOWER]: Committing config change with OpId 1.2: config changed from index -1 to 2, NON_VOTER 1972006ae4444af28f8e69a5dff1eb1f (127.0.223.132) added. New config: { opid_index: 2 OBSOLETE_local: false peers { permanent_uuid: "df700c033faa4f16947fd2d38726e415" member_type: VOTER last_known_addr { host: "127.0.223.130" port: 33925 } } peers { permanent_uuid: "600de6f0b95e44359ec9fd76a5d246f5" member_type: VOTER last_known_addr { host: "127.0.223.129" port: 40603 } } peers { permanent_uuid: "ef27e4ec77f444f98cb36ae9fc8b3b7d" member_type: VOTER last_known_addr { host: "127.0.223.131" port: 46763 } attrs { replace: true } } peers { permanent_uuid: "1972006ae4444af28f8e69a5dff1eb1f" member_type: NON_VOTER last_known_addr { host: "127.0.223.132" port: 40411 } attrs { promote: true } } }
I20260630 12:35:45.240978  4045 raft_consensus.cc:2955] T f2a8193835af41d9bf2c77451f59ab8d P ef27e4ec77f444f98cb36ae9fc8b3b7d [term 1 FOLLOWER]: Committing config change with OpId 1.2: config changed from index -1 to 2, NON_VOTER 1972006ae4444af28f8e69a5dff1eb1f (127.0.223.132) added. New config: { opid_index: 2 OBSOLETE_local: false peers { permanent_uuid: "df700c033faa4f16947fd2d38726e415" member_type: VOTER last_known_addr { host: "127.0.223.130" port: 33925 } } peers { permanent_uuid: "600de6f0b95e44359ec9fd76a5d246f5" member_type: VOTER last_known_addr { host: "127.0.223.129" port: 40603 } } peers { permanent_uuid: "ef27e4ec77f444f98cb36ae9fc8b3b7d" member_type: VOTER last_known_addr { host: "127.0.223.131" port: 46763 } attrs { replace: true } } peers { permanent_uuid: "1972006ae4444af28f8e69a5dff1eb1f" member_type: NON_VOTER last_known_addr { host: "127.0.223.132" port: 40411 } attrs { promote: true } } }
I20260630 12:35:45.250455  3796 catalog_manager.cc:5697] T f2a8193835af41d9bf2c77451f59ab8d P df700c033faa4f16947fd2d38726e415 reported cstate change: config changed from index -1 to 2, NON_VOTER 1972006ae4444af28f8e69a5dff1eb1f (127.0.223.132) added. New cstate: current_term: 1 leader_uuid: "600de6f0b95e44359ec9fd76a5d246f5" committed_config { opid_index: 2 OBSOLETE_local: false peers { permanent_uuid: "df700c033faa4f16947fd2d38726e415" member_type: VOTER last_known_addr { host: "127.0.223.130" port: 33925 } } peers { permanent_uuid: "600de6f0b95e44359ec9fd76a5d246f5" member_type: VOTER last_known_addr { host: "127.0.223.129" port: 40603 } } peers { permanent_uuid: "ef27e4ec77f444f98cb36ae9fc8b3b7d" member_type: VOTER last_known_addr { host: "127.0.223.131" port: 46763 } attrs { replace: true } } peers { permanent_uuid: "1972006ae4444af28f8e69a5dff1eb1f" member_type: NON_VOTER last_known_addr { host: "127.0.223.132" port: 40411 } attrs { promote: true } } }
I20260630 12:35:45.254405  3897 consensus_queue.cc:237] T 6ae691b77a2343f695202cec50874735 P 600de6f0b95e44359ec9fd76a5d246f5 [LEADER]: Queue going to LEADER mode. State: All replicated index: 0, Majority replicated index: 1, Committed index: 1, Last appended: 1.1, Last appended by leader: 0, Current term: 1, Majority size: 2, State: 0, Mode: LEADER, active raft config: opid_index: 2 OBSOLETE_local: false peers { permanent_uuid: "600de6f0b95e44359ec9fd76a5d246f5" member_type: VOTER last_known_addr { host: "127.0.223.129" port: 40603 } } peers { permanent_uuid: "1972006ae4444af28f8e69a5dff1eb1f" member_type: VOTER last_known_addr { host: "127.0.223.132" port: 40411 } attrs { replace: true } } peers { permanent_uuid: "ef27e4ec77f444f98cb36ae9fc8b3b7d" member_type: VOTER last_known_addr { host: "127.0.223.131" port: 46763 } } peers { permanent_uuid: "df700c033faa4f16947fd2d38726e415" member_type: NON_VOTER last_known_addr { host: "127.0.223.130" port: 33925 } attrs { promote: true } }
W20260630 12:35:45.267941  3865 consensus_peers.cc:597] T 6ae691b77a2343f695202cec50874735 P 600de6f0b95e44359ec9fd76a5d246f5 -> Peer df700c033faa4f16947fd2d38726e415 (127.0.223.130:33925): Couldn't send request to peer df700c033faa4f16947fd2d38726e415. Error code: TABLET_NOT_FOUND (6). Status: Not found: Tablet not found: 6ae691b77a2343f695202cec50874735. This is attempt 1: this message will repeat every 5th retry.
I20260630 12:35:45.270807  4045 raft_consensus.cc:1275] T 6ae691b77a2343f695202cec50874735 P ef27e4ec77f444f98cb36ae9fc8b3b7d [term 1 FOLLOWER]: Refusing update from remote peer 600de6f0b95e44359ec9fd76a5d246f5: Log matching property violated. Preceding OpId in replica: term: 1 index: 1. Preceding OpId from leader: term: 1 index: 2. (index mismatch)
I20260630 12:35:45.271337  4421 raft_consensus.cc:993] T 35c5ae3eaa974e8f9065d4f8709856cd P ef27e4ec77f444f98cb36ae9fc8b3b7d: : Instructing follower 1972006ae4444af28f8e69a5dff1eb1f to start an election
I20260630 12:35:45.271832  4120 raft_consensus.cc:1081] T 35c5ae3eaa974e8f9065d4f8709856cd P ef27e4ec77f444f98cb36ae9fc8b3b7d [term 3 LEADER]: Signalling peer 1972006ae4444af28f8e69a5dff1eb1f to start an election
I20260630 12:35:45.271929  4207 raft_consensus.cc:1275] T 6ae691b77a2343f695202cec50874735 P 1972006ae4444af28f8e69a5dff1eb1f [term 1 FOLLOWER]: Refusing update from remote peer 600de6f0b95e44359ec9fd76a5d246f5: Log matching property violated. Preceding OpId in replica: term: 1 index: 1. Preceding OpId from leader: term: 1 index: 2. (index mismatch)
I20260630 12:35:45.273514  4207 tablet_service.cc:2044] Received Run Leader Election RPC: tablet_id: "35c5ae3eaa974e8f9065d4f8709856cd"
dest_uuid: "1972006ae4444af28f8e69a5dff1eb1f"
 from {username='slave'} at 127.0.0.1:47156
I20260630 12:35:45.274003  4207 raft_consensus.cc:493] T 35c5ae3eaa974e8f9065d4f8709856cd P 1972006ae4444af28f8e69a5dff1eb1f [term 3 FOLLOWER]: Starting forced leader election (received explicit request)
I20260630 12:35:45.274326  4207 raft_consensus.cc:3060] T 35c5ae3eaa974e8f9065d4f8709856cd P 1972006ae4444af28f8e69a5dff1eb1f [term 3 FOLLOWER]: Advancing to term 4
I20260630 12:35:45.274173  4411 consensus_queue.cc:1048] T 6ae691b77a2343f695202cec50874735 P 600de6f0b95e44359ec9fd76a5d246f5 [LEADER]: Connected to new peer: Peer: permanent_uuid: "1972006ae4444af28f8e69a5dff1eb1f" member_type: VOTER last_known_addr { host: "127.0.223.132" port: 40411 } attrs { replace: true }, Status: LMP_MISMATCH, Last received: 0.0, Next index: 2, Last known committed idx: 1, Time since last communication: 0.000s
I20260630 12:35:45.275601  4414 consensus_queue.cc:1048] T 6ae691b77a2343f695202cec50874735 P 600de6f0b95e44359ec9fd76a5d246f5 [LEADER]: Connected to new peer: Peer: permanent_uuid: "ef27e4ec77f444f98cb36ae9fc8b3b7d" member_type: VOTER last_known_addr { host: "127.0.223.131" port: 46763 }, Status: LMP_MISMATCH, Last received: 0.0, Next index: 2, Last known committed idx: 1, Time since last communication: 0.000s
I20260630 12:35:45.284564  4207 raft_consensus.cc:515] T 35c5ae3eaa974e8f9065d4f8709856cd P 1972006ae4444af28f8e69a5dff1eb1f [term 4 FOLLOWER]: Starting forced leader election with config: opid_index: 6 OBSOLETE_local: false peers { permanent_uuid: "600de6f0b95e44359ec9fd76a5d246f5" member_type: VOTER last_known_addr { host: "127.0.223.129" port: 40603 } } peers { permanent_uuid: "ef27e4ec77f444f98cb36ae9fc8b3b7d" member_type: VOTER last_known_addr { host: "127.0.223.131" port: 46763 } } peers { permanent_uuid: "1972006ae4444af28f8e69a5dff1eb1f" member_type: VOTER last_known_addr { host: "127.0.223.132" port: 40411 } attrs { promote: false } }
I20260630 12:35:45.287704  3897 tablet_service.cc:1917] Received RequestConsensusVote() RPC: tablet_id: "35c5ae3eaa974e8f9065d4f8709856cd" candidate_uuid: "1972006ae4444af28f8e69a5dff1eb1f" candidate_term: 4 candidate_status { last_received { term: 3 index: 6 } } ignore_live_leader: true dest_uuid: "600de6f0b95e44359ec9fd76a5d246f5"
I20260630 12:35:45.288304  3897 raft_consensus.cc:3060] T 35c5ae3eaa974e8f9065d4f8709856cd P 600de6f0b95e44359ec9fd76a5d246f5 [term 3 FOLLOWER]: Advancing to term 4
I20260630 12:35:45.288414  4207 leader_election.cc:290] T 35c5ae3eaa974e8f9065d4f8709856cd P 1972006ae4444af28f8e69a5dff1eb1f [CANDIDATE]: Term 4 election: Requested vote from peers 600de6f0b95e44359ec9fd76a5d246f5 (127.0.223.129:40603), ef27e4ec77f444f98cb36ae9fc8b3b7d (127.0.223.131:46763)
I20260630 12:35:45.288686  4048 tablet_service.cc:1917] Received RequestConsensusVote() RPC: tablet_id: "35c5ae3eaa974e8f9065d4f8709856cd" candidate_uuid: "1972006ae4444af28f8e69a5dff1eb1f" candidate_term: 4 candidate_status { last_received { term: 3 index: 6 } } ignore_live_leader: true dest_uuid: "ef27e4ec77f444f98cb36ae9fc8b3b7d"
I20260630 12:35:45.289477  4048 raft_consensus.cc:3055] T 35c5ae3eaa974e8f9065d4f8709856cd P ef27e4ec77f444f98cb36ae9fc8b3b7d [term 3 LEADER]: Stepping down as leader of term 3
I20260630 12:35:45.288771  4414 raft_consensus.cc:2955] T 6ae691b77a2343f695202cec50874735 P 600de6f0b95e44359ec9fd76a5d246f5 [term 1 LEADER]: Committing config change with OpId 1.2: config changed from index -1 to 2, NON_VOTER df700c033faa4f16947fd2d38726e415 (127.0.223.130) added. New config: { opid_index: 2 OBSOLETE_local: false peers { permanent_uuid: "600de6f0b95e44359ec9fd76a5d246f5" member_type: VOTER last_known_addr { host: "127.0.223.129" port: 40603 } } peers { permanent_uuid: "1972006ae4444af28f8e69a5dff1eb1f" member_type: VOTER last_known_addr { host: "127.0.223.132" port: 40411 } attrs { replace: true } } peers { permanent_uuid: "ef27e4ec77f444f98cb36ae9fc8b3b7d" member_type: VOTER last_known_addr { host: "127.0.223.131" port: 46763 } } peers { permanent_uuid: "df700c033faa4f16947fd2d38726e415" member_type: NON_VOTER last_known_addr { host: "127.0.223.130" port: 33925 } attrs { promote: true } } }
I20260630 12:35:45.289772  4048 raft_consensus.cc:740] T 35c5ae3eaa974e8f9065d4f8709856cd P ef27e4ec77f444f98cb36ae9fc8b3b7d [term 3 LEADER]: Becoming Follower/Learner. State: Replica: ef27e4ec77f444f98cb36ae9fc8b3b7d, State: Running, Role: LEADER
I20260630 12:35:45.291081  4048 consensus_queue.cc:260] T 35c5ae3eaa974e8f9065d4f8709856cd P ef27e4ec77f444f98cb36ae9fc8b3b7d [NON_LEADER]: Queue going to NON_LEADER mode. State: All replicated index: 0, Majority replicated index: 6, Committed index: 6, Last appended: 3.6, Last appended by leader: 6, Current term: 3, Majority size: -1, State: 0, Mode: NON_LEADER, active raft config: opid_index: 6 OBSOLETE_local: false peers { permanent_uuid: "600de6f0b95e44359ec9fd76a5d246f5" member_type: VOTER last_known_addr { host: "127.0.223.129" port: 40603 } } peers { permanent_uuid: "ef27e4ec77f444f98cb36ae9fc8b3b7d" member_type: VOTER last_known_addr { host: "127.0.223.131" port: 46763 } } peers { permanent_uuid: "1972006ae4444af28f8e69a5dff1eb1f" member_type: VOTER last_known_addr { host: "127.0.223.132" port: 40411 } attrs { promote: false } }
I20260630 12:35:45.292092  4048 raft_consensus.cc:3060] T 35c5ae3eaa974e8f9065d4f8709856cd P ef27e4ec77f444f98cb36ae9fc8b3b7d [term 3 FOLLOWER]: Advancing to term 4
I20260630 12:35:45.291570  4207 raft_consensus.cc:2955] T 6ae691b77a2343f695202cec50874735 P 1972006ae4444af28f8e69a5dff1eb1f [term 1 FOLLOWER]: Committing config change with OpId 1.2: config changed from index -1 to 2, NON_VOTER df700c033faa4f16947fd2d38726e415 (127.0.223.130) added. New config: { opid_index: 2 OBSOLETE_local: false peers { permanent_uuid: "600de6f0b95e44359ec9fd76a5d246f5" member_type: VOTER last_known_addr { host: "127.0.223.129" port: 40603 } } peers { permanent_uuid: "1972006ae4444af28f8e69a5dff1eb1f" member_type: VOTER last_known_addr { host: "127.0.223.132" port: 40411 } attrs { replace: true } } peers { permanent_uuid: "ef27e4ec77f444f98cb36ae9fc8b3b7d" member_type: VOTER last_known_addr { host: "127.0.223.131" port: 46763 } } peers { permanent_uuid: "df700c033faa4f16947fd2d38726e415" member_type: NON_VOTER last_known_addr { host: "127.0.223.130" port: 33925 } attrs { promote: true } } }
I20260630 12:35:45.298790  4047 raft_consensus.cc:2955] T 6ae691b77a2343f695202cec50874735 P ef27e4ec77f444f98cb36ae9fc8b3b7d [term 1 FOLLOWER]: Committing config change with OpId 1.2: config changed from index -1 to 2, NON_VOTER df700c033faa4f16947fd2d38726e415 (127.0.223.130) added. New config: { opid_index: 2 OBSOLETE_local: false peers { permanent_uuid: "600de6f0b95e44359ec9fd76a5d246f5" member_type: VOTER last_known_addr { host: "127.0.223.129" port: 40603 } } peers { permanent_uuid: "1972006ae4444af28f8e69a5dff1eb1f" member_type: VOTER last_known_addr { host: "127.0.223.132" port: 40411 } attrs { replace: true } } peers { permanent_uuid: "ef27e4ec77f444f98cb36ae9fc8b3b7d" member_type: VOTER last_known_addr { host: "127.0.223.131" port: 46763 } } peers { permanent_uuid: "df700c033faa4f16947fd2d38726e415" member_type: NON_VOTER last_known_addr { host: "127.0.223.130" port: 33925 } attrs { promote: true } } }
I20260630 12:35:45.303704  4048 raft_consensus.cc:2468] T 35c5ae3eaa974e8f9065d4f8709856cd P ef27e4ec77f444f98cb36ae9fc8b3b7d [term 4 FOLLOWER]: Leader election vote request: Granting yes vote for candidate 1972006ae4444af28f8e69a5dff1eb1f in term 4.
I20260630 12:35:45.305210  4165 leader_election.cc:304] T 35c5ae3eaa974e8f9065d4f8709856cd P 1972006ae4444af28f8e69a5dff1eb1f [CANDIDATE]: Term 4 election: Election decided. Result: candidate won. Election summary: received 2 responses out of 3 voters: 2 yes votes; 0 no votes. yes voters: 1972006ae4444af28f8e69a5dff1eb1f, ef27e4ec77f444f98cb36ae9fc8b3b7d; no voters: 
I20260630 12:35:45.305799  3795 catalog_manager.cc:5697] T 6ae691b77a2343f695202cec50874735 P 1972006ae4444af28f8e69a5dff1eb1f reported cstate change: config changed from index -1 to 2, NON_VOTER df700c033faa4f16947fd2d38726e415 (127.0.223.130) added. New cstate: current_term: 1 leader_uuid: "600de6f0b95e44359ec9fd76a5d246f5" committed_config { opid_index: 2 OBSOLETE_local: false peers { permanent_uuid: "600de6f0b95e44359ec9fd76a5d246f5" member_type: VOTER last_known_addr { host: "127.0.223.129" port: 40603 } } peers { permanent_uuid: "1972006ae4444af28f8e69a5dff1eb1f" member_type: VOTER last_known_addr { host: "127.0.223.132" port: 40411 } attrs { replace: true } } peers { permanent_uuid: "ef27e4ec77f444f98cb36ae9fc8b3b7d" member_type: VOTER last_known_addr { host: "127.0.223.131" port: 46763 } } peers { permanent_uuid: "df700c033faa4f16947fd2d38726e415" member_type: NON_VOTER last_known_addr { host: "127.0.223.130" port: 33925 } attrs { promote: true } } }
I20260630 12:35:45.308385  4397 raft_consensus.cc:2804] T 35c5ae3eaa974e8f9065d4f8709856cd P 1972006ae4444af28f8e69a5dff1eb1f [term 4 FOLLOWER]: Leader election won for term 4
W20260630 12:35:45.309062  3845 auto_rebalancer.cc:639] Failed to schedule move for tablet 48cceef70f174c59bb7cbebd68fb82af: Remote error: Service unavailable: leader transfer in progress
I20260630 12:35:45.312426  3897 raft_consensus.cc:2468] T 35c5ae3eaa974e8f9065d4f8709856cd P 600de6f0b95e44359ec9fd76a5d246f5 [term 4 FOLLOWER]: Leader election vote request: Granting yes vote for candidate 1972006ae4444af28f8e69a5dff1eb1f in term 4.
I20260630 12:35:45.320206  4397 raft_consensus.cc:697] T 35c5ae3eaa974e8f9065d4f8709856cd P 1972006ae4444af28f8e69a5dff1eb1f [term 4 LEADER]: Becoming Leader. State: Replica: 1972006ae4444af28f8e69a5dff1eb1f, State: Running, Role: LEADER
I20260630 12:35:45.321260  4397 consensus_queue.cc:237] T 35c5ae3eaa974e8f9065d4f8709856cd P 1972006ae4444af28f8e69a5dff1eb1f [LEADER]: Queue going to LEADER mode. State: All replicated index: 0, Majority replicated index: 6, Committed index: 6, Last appended: 3.6, Last appended by leader: 6, Current term: 4, Majority size: 2, State: 0, Mode: LEADER, active raft config: opid_index: 6 OBSOLETE_local: false peers { permanent_uuid: "600de6f0b95e44359ec9fd76a5d246f5" member_type: VOTER last_known_addr { host: "127.0.223.129" port: 40603 } } peers { permanent_uuid: "ef27e4ec77f444f98cb36ae9fc8b3b7d" member_type: VOTER last_known_addr { host: "127.0.223.131" port: 46763 } } peers { permanent_uuid: "1972006ae4444af28f8e69a5dff1eb1f" member_type: VOTER last_known_addr { host: "127.0.223.132" port: 40411 } attrs { promote: false } }
I20260630 12:35:45.330379  3796 catalog_manager.cc:5697] T 35c5ae3eaa974e8f9065d4f8709856cd P 1972006ae4444af28f8e69a5dff1eb1f reported cstate change: term changed from 3 to 4, leader changed from ef27e4ec77f444f98cb36ae9fc8b3b7d (127.0.223.131) to 1972006ae4444af28f8e69a5dff1eb1f (127.0.223.132). New cstate: current_term: 4 leader_uuid: "1972006ae4444af28f8e69a5dff1eb1f" committed_config { opid_index: 6 OBSOLETE_local: false peers { permanent_uuid: "600de6f0b95e44359ec9fd76a5d246f5" member_type: VOTER last_known_addr { host: "127.0.223.129" port: 40603 } health_report { overall_health: UNKNOWN } } peers { permanent_uuid: "ef27e4ec77f444f98cb36ae9fc8b3b7d" member_type: VOTER last_known_addr { host: "127.0.223.131" port: 46763 } health_report { overall_health: UNKNOWN } } peers { permanent_uuid: "1972006ae4444af28f8e69a5dff1eb1f" member_type: VOTER last_known_addr { host: "127.0.223.132" port: 40411 } attrs { promote: false } health_report { overall_health: HEALTHY } } }
I20260630 12:35:45.375560  4421 raft_consensus.cc:993] T 48cceef70f174c59bb7cbebd68fb82af P ef27e4ec77f444f98cb36ae9fc8b3b7d: : Instructing follower 600de6f0b95e44359ec9fd76a5d246f5 to start an election
I20260630 12:35:45.376101  4120 raft_consensus.cc:1081] T 48cceef70f174c59bb7cbebd68fb82af P ef27e4ec77f444f98cb36ae9fc8b3b7d [term 1 LEADER]: Signalling peer 600de6f0b95e44359ec9fd76a5d246f5 to start an election
I20260630 12:35:45.377547  3897 tablet_service.cc:2044] Received Run Leader Election RPC: tablet_id: "48cceef70f174c59bb7cbebd68fb82af"
dest_uuid: "600de6f0b95e44359ec9fd76a5d246f5"
 from {username='slave'} at 127.0.0.1:55360
I20260630 12:35:45.378005  3897 raft_consensus.cc:493] T 48cceef70f174c59bb7cbebd68fb82af P 600de6f0b95e44359ec9fd76a5d246f5 [term 1 FOLLOWER]: Starting forced leader election (received explicit request)
I20260630 12:35:45.378296  3897 raft_consensus.cc:3060] T 48cceef70f174c59bb7cbebd68fb82af P 600de6f0b95e44359ec9fd76a5d246f5 [term 1 FOLLOWER]: Advancing to term 2
I20260630 12:35:45.383144  3897 raft_consensus.cc:515] T 48cceef70f174c59bb7cbebd68fb82af P 600de6f0b95e44359ec9fd76a5d246f5 [term 2 FOLLOWER]: Starting forced leader election with config: opid_index: -1 OBSOLETE_local: false peers { permanent_uuid: "600de6f0b95e44359ec9fd76a5d246f5" member_type: VOTER last_known_addr { host: "127.0.223.129" port: 40603 } } peers { permanent_uuid: "df700c033faa4f16947fd2d38726e415" member_type: VOTER last_known_addr { host: "127.0.223.130" port: 33925 } } peers { permanent_uuid: "ef27e4ec77f444f98cb36ae9fc8b3b7d" member_type: VOTER last_known_addr { host: "127.0.223.131" port: 46763 } }
I20260630 12:35:45.384618  3897 leader_election.cc:290] T 48cceef70f174c59bb7cbebd68fb82af P 600de6f0b95e44359ec9fd76a5d246f5 [CANDIDATE]: Term 2 election: Requested vote from peers df700c033faa4f16947fd2d38726e415 (127.0.223.130:33925), ef27e4ec77f444f98cb36ae9fc8b3b7d (127.0.223.131:46763)
I20260630 12:35:45.385627  4045 tablet_service.cc:1917] Received RequestConsensusVote() RPC: tablet_id: "48cceef70f174c59bb7cbebd68fb82af" candidate_uuid: "600de6f0b95e44359ec9fd76a5d246f5" candidate_term: 2 candidate_status { last_received { term: 1 index: 1 } } ignore_live_leader: true dest_uuid: "ef27e4ec77f444f98cb36ae9fc8b3b7d"
I20260630 12:35:45.385653  3974 tablet_service.cc:1917] Received RequestConsensusVote() RPC: tablet_id: "48cceef70f174c59bb7cbebd68fb82af" candidate_uuid: "600de6f0b95e44359ec9fd76a5d246f5" candidate_term: 2 candidate_status { last_received { term: 1 index: 1 } } ignore_live_leader: true dest_uuid: "df700c033faa4f16947fd2d38726e415"
I20260630 12:35:45.386430  3974 raft_consensus.cc:3060] T 48cceef70f174c59bb7cbebd68fb82af P df700c033faa4f16947fd2d38726e415 [term 1 FOLLOWER]: Advancing to term 2
I20260630 12:35:45.386402  4045 raft_consensus.cc:3055] T 48cceef70f174c59bb7cbebd68fb82af P ef27e4ec77f444f98cb36ae9fc8b3b7d [term 1 LEADER]: Stepping down as leader of term 1
I20260630 12:35:45.387068  4045 raft_consensus.cc:740] T 48cceef70f174c59bb7cbebd68fb82af P ef27e4ec77f444f98cb36ae9fc8b3b7d [term 1 LEADER]: Becoming Follower/Learner. State: Replica: ef27e4ec77f444f98cb36ae9fc8b3b7d, State: Running, Role: LEADER
I20260630 12:35:45.387974  4045 consensus_queue.cc:260] T 48cceef70f174c59bb7cbebd68fb82af P ef27e4ec77f444f98cb36ae9fc8b3b7d [NON_LEADER]: Queue going to NON_LEADER mode. State: All replicated index: 0, Majority replicated index: 1, Committed index: 1, Last appended: 1.1, Last appended by leader: 1, Current term: 1, Majority size: -1, State: 0, Mode: NON_LEADER, active raft config: opid_index: -1 OBSOLETE_local: false peers { permanent_uuid: "600de6f0b95e44359ec9fd76a5d246f5" member_type: VOTER last_known_addr { host: "127.0.223.129" port: 40603 } } peers { permanent_uuid: "df700c033faa4f16947fd2d38726e415" member_type: VOTER last_known_addr { host: "127.0.223.130" port: 33925 } } peers { permanent_uuid: "ef27e4ec77f444f98cb36ae9fc8b3b7d" member_type: VOTER last_known_addr { host: "127.0.223.131" port: 46763 } }
I20260630 12:35:45.389364  4045 raft_consensus.cc:3060] T 48cceef70f174c59bb7cbebd68fb82af P ef27e4ec77f444f98cb36ae9fc8b3b7d [term 1 FOLLOWER]: Advancing to term 2
I20260630 12:35:45.394949  3974 raft_consensus.cc:2468] T 48cceef70f174c59bb7cbebd68fb82af P df700c033faa4f16947fd2d38726e415 [term 2 FOLLOWER]: Leader election vote request: Granting yes vote for candidate 600de6f0b95e44359ec9fd76a5d246f5 in term 2.
I20260630 12:35:45.396678  3865 leader_election.cc:304] T 48cceef70f174c59bb7cbebd68fb82af P 600de6f0b95e44359ec9fd76a5d246f5 [CANDIDATE]: Term 2 election: Election decided. Result: candidate won. Election summary: received 2 responses out of 3 voters: 2 yes votes; 0 no votes. yes voters: 600de6f0b95e44359ec9fd76a5d246f5, df700c033faa4f16947fd2d38726e415; no voters: 
I20260630 12:35:45.397591  4045 raft_consensus.cc:2468] T 48cceef70f174c59bb7cbebd68fb82af P ef27e4ec77f444f98cb36ae9fc8b3b7d [term 2 FOLLOWER]: Leader election vote request: Granting yes vote for candidate 600de6f0b95e44359ec9fd76a5d246f5 in term 2.
I20260630 12:35:45.397775  4414 raft_consensus.cc:2804] T 48cceef70f174c59bb7cbebd68fb82af P 600de6f0b95e44359ec9fd76a5d246f5 [term 2 FOLLOWER]: Leader election won for term 2
I20260630 12:35:45.398504  4414 raft_consensus.cc:697] T 48cceef70f174c59bb7cbebd68fb82af P 600de6f0b95e44359ec9fd76a5d246f5 [term 2 LEADER]: Becoming Leader. State: Replica: 600de6f0b95e44359ec9fd76a5d246f5, State: Running, Role: LEADER
I20260630 12:35:45.399712  4414 consensus_queue.cc:237] T 48cceef70f174c59bb7cbebd68fb82af P 600de6f0b95e44359ec9fd76a5d246f5 [LEADER]: Queue going to LEADER mode. State: All replicated index: 0, Majority replicated index: 1, Committed index: 1, Last appended: 1.1, Last appended by leader: 1, Current term: 2, Majority size: 2, State: 0, Mode: LEADER, active raft config: opid_index: -1 OBSOLETE_local: false peers { permanent_uuid: "600de6f0b95e44359ec9fd76a5d246f5" member_type: VOTER last_known_addr { host: "127.0.223.129" port: 40603 } } peers { permanent_uuid: "df700c033faa4f16947fd2d38726e415" member_type: VOTER last_known_addr { host: "127.0.223.130" port: 33925 } } peers { permanent_uuid: "ef27e4ec77f444f98cb36ae9fc8b3b7d" member_type: VOTER last_known_addr { host: "127.0.223.131" port: 46763 } }
I20260630 12:35:45.407033  3796 catalog_manager.cc:5697] T 48cceef70f174c59bb7cbebd68fb82af P 600de6f0b95e44359ec9fd76a5d246f5 reported cstate change: term changed from 1 to 2, leader changed from ef27e4ec77f444f98cb36ae9fc8b3b7d (127.0.223.131) to 600de6f0b95e44359ec9fd76a5d246f5 (127.0.223.129). New cstate: current_term: 2 leader_uuid: "600de6f0b95e44359ec9fd76a5d246f5" committed_config { opid_index: -1 OBSOLETE_local: false peers { permanent_uuid: "600de6f0b95e44359ec9fd76a5d246f5" member_type: VOTER last_known_addr { host: "127.0.223.129" port: 40603 } health_report { overall_health: HEALTHY } } peers { permanent_uuid: "df700c033faa4f16947fd2d38726e415" member_type: VOTER last_known_addr { host: "127.0.223.130" port: 33925 } health_report { overall_health: UNKNOWN } } peers { permanent_uuid: "ef27e4ec77f444f98cb36ae9fc8b3b7d" member_type: VOTER last_known_addr { host: "127.0.223.131" port: 46763 } health_report { overall_health: UNKNOWN } } }
I20260630 12:35:45.662941  4427 ts_tablet_manager.cc:933] T 9b454827aa63440ead5c95174f14cf8a P ef27e4ec77f444f98cb36ae9fc8b3b7d: Initiating tablet copy from peer 600de6f0b95e44359ec9fd76a5d246f5 (127.0.223.129:40603)
I20260630 12:35:45.665506  4427 tablet_copy_client.cc:323] T 9b454827aa63440ead5c95174f14cf8a P ef27e4ec77f444f98cb36ae9fc8b3b7d: tablet copy: Beginning tablet copy session from remote peer at address 127.0.223.129:40603
I20260630 12:35:45.667683  4429 ts_tablet_manager.cc:933] T f2a8193835af41d9bf2c77451f59ab8d P 1972006ae4444af28f8e69a5dff1eb1f: Initiating tablet copy from peer 600de6f0b95e44359ec9fd76a5d246f5 (127.0.223.129:40603)
I20260630 12:35:45.668066  3909 tablet_copy_service.cc:140] P 600de6f0b95e44359ec9fd76a5d246f5: Received BeginTabletCopySession request for tablet 9b454827aa63440ead5c95174f14cf8a from peer ef27e4ec77f444f98cb36ae9fc8b3b7d ({username='slave'} at 127.0.0.1:55360)
I20260630 12:35:45.668802  3909 tablet_copy_service.cc:161] P 600de6f0b95e44359ec9fd76a5d246f5: Beginning new tablet copy session on tablet 9b454827aa63440ead5c95174f14cf8a from peer ef27e4ec77f444f98cb36ae9fc8b3b7d at {username='slave'} at 127.0.0.1:55360: session id = ef27e4ec77f444f98cb36ae9fc8b3b7d-9b454827aa63440ead5c95174f14cf8a
I20260630 12:35:45.671797  4429 tablet_copy_client.cc:323] T f2a8193835af41d9bf2c77451f59ab8d P 1972006ae4444af28f8e69a5dff1eb1f: tablet copy: Beginning tablet copy session from remote peer at address 127.0.223.129:40603
I20260630 12:35:45.673478  3908 tablet_copy_service.cc:140] P 600de6f0b95e44359ec9fd76a5d246f5: Received BeginTabletCopySession request for tablet f2a8193835af41d9bf2c77451f59ab8d from peer 1972006ae4444af28f8e69a5dff1eb1f ({username='slave'} at 127.0.0.1:36210)
I20260630 12:35:45.674005  3908 tablet_copy_service.cc:161] P 600de6f0b95e44359ec9fd76a5d246f5: Beginning new tablet copy session on tablet f2a8193835af41d9bf2c77451f59ab8d from peer 1972006ae4444af28f8e69a5dff1eb1f at {username='slave'} at 127.0.0.1:36210: session id = 1972006ae4444af28f8e69a5dff1eb1f-f2a8193835af41d9bf2c77451f59ab8d
I20260630 12:35:45.678079  3909 tablet_copy_source_session.cc:215] T 9b454827aa63440ead5c95174f14cf8a P 600de6f0b95e44359ec9fd76a5d246f5: Tablet Copy: opened 0 blocks and 1 log segments
I20260630 12:35:45.679440  3908 tablet_copy_source_session.cc:215] T f2a8193835af41d9bf2c77451f59ab8d P 600de6f0b95e44359ec9fd76a5d246f5: Tablet Copy: opened 0 blocks and 1 log segments
I20260630 12:35:45.681722  4427 data_dirs.cc:400] Could only allocate 1 dirs of requested 3 for tablet 9b454827aa63440ead5c95174f14cf8a. 1 dirs total, 0 dirs full, 0 dirs failed
I20260630 12:35:45.683123  4429 data_dirs.cc:400] Could only allocate 1 dirs of requested 3 for tablet f2a8193835af41d9bf2c77451f59ab8d. 1 dirs total, 0 dirs full, 0 dirs failed
I20260630 12:35:45.701534  4427 tablet_copy_client.cc:806] T 9b454827aa63440ead5c95174f14cf8a P ef27e4ec77f444f98cb36ae9fc8b3b7d: tablet copy: Starting download of 0 data blocks...
I20260630 12:35:45.702268  4427 tablet_copy_client.cc:670] T 9b454827aa63440ead5c95174f14cf8a P ef27e4ec77f444f98cb36ae9fc8b3b7d: tablet copy: Starting download of 1 WAL segments...
I20260630 12:35:45.707485  4427 tablet_copy_client.cc:538] T 9b454827aa63440ead5c95174f14cf8a P ef27e4ec77f444f98cb36ae9fc8b3b7d: tablet copy: Tablet Copy complete. Replacing tablet superblock.
I20260630 12:35:45.710592  4429 tablet_copy_client.cc:806] T f2a8193835af41d9bf2c77451f59ab8d P 1972006ae4444af28f8e69a5dff1eb1f: tablet copy: Starting download of 0 data blocks...
I20260630 12:35:45.711199  4429 tablet_copy_client.cc:670] T f2a8193835af41d9bf2c77451f59ab8d P 1972006ae4444af28f8e69a5dff1eb1f: tablet copy: Starting download of 1 WAL segments...
I20260630 12:35:45.715492  4429 tablet_copy_client.cc:538] T f2a8193835af41d9bf2c77451f59ab8d P 1972006ae4444af28f8e69a5dff1eb1f: tablet copy: Tablet Copy complete. Replacing tablet superblock.
I20260630 12:35:45.723850  4427 tablet_bootstrap.cc:492] T 9b454827aa63440ead5c95174f14cf8a P ef27e4ec77f444f98cb36ae9fc8b3b7d: Bootstrap starting.
I20260630 12:35:45.727990  4431 ts_tablet_manager.cc:933] T 6ae691b77a2343f695202cec50874735 P df700c033faa4f16947fd2d38726e415: Initiating tablet copy from peer 600de6f0b95e44359ec9fd76a5d246f5 (127.0.223.129:40603)
I20260630 12:35:45.728552  4429 tablet_bootstrap.cc:492] T f2a8193835af41d9bf2c77451f59ab8d P 1972006ae4444af28f8e69a5dff1eb1f: Bootstrap starting.
I20260630 12:35:45.740096  4431 tablet_copy_client.cc:323] T 6ae691b77a2343f695202cec50874735 P df700c033faa4f16947fd2d38726e415: tablet copy: Beginning tablet copy session from remote peer at address 127.0.223.129:40603
I20260630 12:35:45.743155  3908 tablet_copy_service.cc:140] P 600de6f0b95e44359ec9fd76a5d246f5: Received BeginTabletCopySession request for tablet 6ae691b77a2343f695202cec50874735 from peer df700c033faa4f16947fd2d38726e415 ({username='slave'} at 127.0.0.1:55366)
I20260630 12:35:45.743701  3908 tablet_copy_service.cc:161] P 600de6f0b95e44359ec9fd76a5d246f5: Beginning new tablet copy session on tablet 6ae691b77a2343f695202cec50874735 from peer df700c033faa4f16947fd2d38726e415 at {username='slave'} at 127.0.0.1:55366: session id = df700c033faa4f16947fd2d38726e415-6ae691b77a2343f695202cec50874735
I20260630 12:35:45.752825  3908 tablet_copy_source_session.cc:215] T 6ae691b77a2343f695202cec50874735 P 600de6f0b95e44359ec9fd76a5d246f5: Tablet Copy: opened 0 blocks and 1 log segments
I20260630 12:35:45.756556  4431 data_dirs.cc:400] Could only allocate 1 dirs of requested 3 for tablet 6ae691b77a2343f695202cec50874735. 1 dirs total, 0 dirs full, 0 dirs failed
I20260630 12:35:45.761723  4429 tablet_bootstrap.cc:492] T f2a8193835af41d9bf2c77451f59ab8d P 1972006ae4444af28f8e69a5dff1eb1f: Bootstrap replayed 1/1 log segments. Stats: ops{read=2 overwritten=0 applied=2 ignored=0} inserts{seen=0 ignored=0} mutations{seen=0 ignored=0} orphaned_commits=0. Pending: 0 replicates
I20260630 12:35:45.763303  4429 tablet_bootstrap.cc:492] T f2a8193835af41d9bf2c77451f59ab8d P 1972006ae4444af28f8e69a5dff1eb1f: Bootstrap complete.
I20260630 12:35:45.764467  4429 ts_tablet_manager.cc:1403] T f2a8193835af41d9bf2c77451f59ab8d P 1972006ae4444af28f8e69a5dff1eb1f: Time spent bootstrapping tablet: real 0.036s	user 0.023s	sys 0.008s
I20260630 12:35:45.768211  4429 raft_consensus.cc:359] T f2a8193835af41d9bf2c77451f59ab8d P 1972006ae4444af28f8e69a5dff1eb1f [term 1 LEARNER]: Replica starting. Triggering 0 pending ops. Active config: opid_index: 2 OBSOLETE_local: false peers { permanent_uuid: "df700c033faa4f16947fd2d38726e415" member_type: VOTER last_known_addr { host: "127.0.223.130" port: 33925 } } peers { permanent_uuid: "600de6f0b95e44359ec9fd76a5d246f5" member_type: VOTER last_known_addr { host: "127.0.223.129" port: 40603 } } peers { permanent_uuid: "ef27e4ec77f444f98cb36ae9fc8b3b7d" member_type: VOTER last_known_addr { host: "127.0.223.131" port: 46763 } attrs { replace: true } } peers { permanent_uuid: "1972006ae4444af28f8e69a5dff1eb1f" member_type: NON_VOTER last_known_addr { host: "127.0.223.132" port: 40411 } attrs { promote: true } }
I20260630 12:35:45.770042  4429 raft_consensus.cc:740] T f2a8193835af41d9bf2c77451f59ab8d P 1972006ae4444af28f8e69a5dff1eb1f [term 1 LEARNER]: Becoming Follower/Learner. State: Replica: 1972006ae4444af28f8e69a5dff1eb1f, State: Initialized, Role: LEARNER
I20260630 12:35:45.770709  4429 consensus_queue.cc:260] T f2a8193835af41d9bf2c77451f59ab8d P 1972006ae4444af28f8e69a5dff1eb1f [NON_LEADER]: Queue going to NON_LEADER mode. State: All replicated index: 0, Majority replicated index: 0, Committed index: 2, Last appended: 1.2, Last appended by leader: 2, Current term: 0, Majority size: -1, State: 0, Mode: NON_LEADER, active raft config: opid_index: 2 OBSOLETE_local: false peers { permanent_uuid: "df700c033faa4f16947fd2d38726e415" member_type: VOTER last_known_addr { host: "127.0.223.130" port: 33925 } } peers { permanent_uuid: "600de6f0b95e44359ec9fd76a5d246f5" member_type: VOTER last_known_addr { host: "127.0.223.129" port: 40603 } } peers { permanent_uuid: "ef27e4ec77f444f98cb36ae9fc8b3b7d" member_type: VOTER last_known_addr { host: "127.0.223.131" port: 46763 } attrs { replace: true } } peers { permanent_uuid: "1972006ae4444af28f8e69a5dff1eb1f" member_type: NON_VOTER last_known_addr { host: "127.0.223.132" port: 40411 } attrs { promote: true } }
I20260630 12:35:45.773272  4429 ts_tablet_manager.cc:1434] T f2a8193835af41d9bf2c77451f59ab8d P 1972006ae4444af28f8e69a5dff1eb1f: Time spent starting tablet: real 0.008s	user 0.006s	sys 0.004s
I20260630 12:35:45.775571  3908 tablet_copy_service.cc:342] P 600de6f0b95e44359ec9fd76a5d246f5: Request end of tablet copy session 1972006ae4444af28f8e69a5dff1eb1f-f2a8193835af41d9bf2c77451f59ab8d received from {username='slave'} at 127.0.0.1:36210
I20260630 12:35:45.776055  3908 tablet_copy_service.cc:434] P 600de6f0b95e44359ec9fd76a5d246f5: ending tablet copy session 1972006ae4444af28f8e69a5dff1eb1f-f2a8193835af41d9bf2c77451f59ab8d on tablet f2a8193835af41d9bf2c77451f59ab8d with peer 1972006ae4444af28f8e69a5dff1eb1f
I20260630 12:35:45.778120  4427 tablet_bootstrap.cc:492] T 9b454827aa63440ead5c95174f14cf8a P ef27e4ec77f444f98cb36ae9fc8b3b7d: Bootstrap replayed 1/1 log segments. Stats: ops{read=2 overwritten=0 applied=2 ignored=0} inserts{seen=0 ignored=0} mutations{seen=0 ignored=0} orphaned_commits=0. Pending: 0 replicates
I20260630 12:35:45.779117  4427 tablet_bootstrap.cc:492] T 9b454827aa63440ead5c95174f14cf8a P ef27e4ec77f444f98cb36ae9fc8b3b7d: Bootstrap complete.
I20260630 12:35:45.779800  4427 ts_tablet_manager.cc:1403] T 9b454827aa63440ead5c95174f14cf8a P ef27e4ec77f444f98cb36ae9fc8b3b7d: Time spent bootstrapping tablet: real 0.056s	user 0.017s	sys 0.027s
I20260630 12:35:45.783543  4431 tablet_copy_client.cc:806] T 6ae691b77a2343f695202cec50874735 P df700c033faa4f16947fd2d38726e415: tablet copy: Starting download of 0 data blocks...
I20260630 12:35:45.783043  4427 raft_consensus.cc:359] T 9b454827aa63440ead5c95174f14cf8a P ef27e4ec77f444f98cb36ae9fc8b3b7d [term 1 LEARNER]: Replica starting. Triggering 0 pending ops. Active config: opid_index: 2 OBSOLETE_local: false peers { permanent_uuid: "1972006ae4444af28f8e69a5dff1eb1f" member_type: VOTER last_known_addr { host: "127.0.223.132" port: 40411 } attrs { replace: true } } peers { permanent_uuid: "df700c033faa4f16947fd2d38726e415" member_type: VOTER last_known_addr { host: "127.0.223.130" port: 33925 } } peers { permanent_uuid: "600de6f0b95e44359ec9fd76a5d246f5" member_type: VOTER last_known_addr { host: "127.0.223.129" port: 40603 } } peers { permanent_uuid: "ef27e4ec77f444f98cb36ae9fc8b3b7d" member_type: NON_VOTER last_known_addr { host: "127.0.223.131" port: 46763 } attrs { promote: true } }
I20260630 12:35:45.784047  4427 raft_consensus.cc:740] T 9b454827aa63440ead5c95174f14cf8a P ef27e4ec77f444f98cb36ae9fc8b3b7d [term 1 LEARNER]: Becoming Follower/Learner. State: Replica: ef27e4ec77f444f98cb36ae9fc8b3b7d, State: Initialized, Role: LEARNER
I20260630 12:35:45.784966  4427 consensus_queue.cc:260] T 9b454827aa63440ead5c95174f14cf8a P ef27e4ec77f444f98cb36ae9fc8b3b7d [NON_LEADER]: Queue going to NON_LEADER mode. State: All replicated index: 0, Majority replicated index: 0, Committed index: 2, Last appended: 1.2, Last appended by leader: 2, Current term: 0, Majority size: -1, State: 0, Mode: NON_LEADER, active raft config: opid_index: 2 OBSOLETE_local: false peers { permanent_uuid: "1972006ae4444af28f8e69a5dff1eb1f" member_type: VOTER last_known_addr { host: "127.0.223.132" port: 40411 } attrs { replace: true } } peers { permanent_uuid: "df700c033faa4f16947fd2d38726e415" member_type: VOTER last_known_addr { host: "127.0.223.130" port: 33925 } } peers { permanent_uuid: "600de6f0b95e44359ec9fd76a5d246f5" member_type: VOTER last_known_addr { host: "127.0.223.129" port: 40603 } } peers { permanent_uuid: "ef27e4ec77f444f98cb36ae9fc8b3b7d" member_type: NON_VOTER last_known_addr { host: "127.0.223.131" port: 46763 } attrs { promote: true } }
I20260630 12:35:45.788244  4427 ts_tablet_manager.cc:1434] T 9b454827aa63440ead5c95174f14cf8a P ef27e4ec77f444f98cb36ae9fc8b3b7d: Time spent starting tablet: real 0.008s	user 0.009s	sys 0.000s
I20260630 12:35:45.789017  4431 tablet_copy_client.cc:670] T 6ae691b77a2343f695202cec50874735 P df700c033faa4f16947fd2d38726e415: tablet copy: Starting download of 1 WAL segments...
I20260630 12:35:45.790117  3908 tablet_copy_service.cc:342] P 600de6f0b95e44359ec9fd76a5d246f5: Request end of tablet copy session ef27e4ec77f444f98cb36ae9fc8b3b7d-9b454827aa63440ead5c95174f14cf8a received from {username='slave'} at 127.0.0.1:55360
I20260630 12:35:45.790558  3908 tablet_copy_service.cc:434] P 600de6f0b95e44359ec9fd76a5d246f5: ending tablet copy session ef27e4ec77f444f98cb36ae9fc8b3b7d-9b454827aa63440ead5c95174f14cf8a on tablet 9b454827aa63440ead5c95174f14cf8a with peer ef27e4ec77f444f98cb36ae9fc8b3b7d
I20260630 12:35:45.793538  4431 tablet_copy_client.cc:538] T 6ae691b77a2343f695202cec50874735 P df700c033faa4f16947fd2d38726e415: tablet copy: Tablet Copy complete. Replacing tablet superblock.
I20260630 12:35:45.804083  4431 tablet_bootstrap.cc:492] T 6ae691b77a2343f695202cec50874735 P df700c033faa4f16947fd2d38726e415: Bootstrap starting.
I20260630 12:35:45.823745  3897 raft_consensus.cc:1275] T 35c5ae3eaa974e8f9065d4f8709856cd P 600de6f0b95e44359ec9fd76a5d246f5 [term 4 FOLLOWER]: Refusing update from remote peer 1972006ae4444af28f8e69a5dff1eb1f: Log matching property violated. Preceding OpId in replica: term: 3 index: 6. Preceding OpId from leader: term: 4 index: 7. (index mismatch)
I20260630 12:35:45.827083  4397 consensus_queue.cc:1048] T 35c5ae3eaa974e8f9065d4f8709856cd P 1972006ae4444af28f8e69a5dff1eb1f [LEADER]: Connected to new peer: Peer: permanent_uuid: "600de6f0b95e44359ec9fd76a5d246f5" member_type: VOTER last_known_addr { host: "127.0.223.129" port: 40603 }, Status: LMP_MISMATCH, Last received: 0.0, Next index: 7, Last known committed idx: 6, Time since last communication: 0.001s
I20260630 12:35:45.828207  4045 raft_consensus.cc:1275] T 48cceef70f174c59bb7cbebd68fb82af P ef27e4ec77f444f98cb36ae9fc8b3b7d [term 2 FOLLOWER]: Refusing update from remote peer 600de6f0b95e44359ec9fd76a5d246f5: Log matching property violated. Preceding OpId in replica: term: 1 index: 1. Preceding OpId from leader: term: 2 index: 2. (index mismatch)
I20260630 12:35:45.830086  4418 consensus_queue.cc:1048] T 48cceef70f174c59bb7cbebd68fb82af P 600de6f0b95e44359ec9fd76a5d246f5 [LEADER]: Connected to new peer: Peer: permanent_uuid: "ef27e4ec77f444f98cb36ae9fc8b3b7d" member_type: VOTER last_known_addr { host: "127.0.223.131" port: 46763 }, Status: LMP_MISMATCH, Last received: 0.0, Next index: 2, Last known committed idx: 1, Time since last communication: 0.000s
I20260630 12:35:45.845924  4431 tablet_bootstrap.cc:492] T 6ae691b77a2343f695202cec50874735 P df700c033faa4f16947fd2d38726e415: Bootstrap replayed 1/1 log segments. Stats: ops{read=2 overwritten=0 applied=2 ignored=0} inserts{seen=0 ignored=0} mutations{seen=0 ignored=0} orphaned_commits=0. Pending: 0 replicates
I20260630 12:35:45.846837  4431 tablet_bootstrap.cc:492] T 6ae691b77a2343f695202cec50874735 P df700c033faa4f16947fd2d38726e415: Bootstrap complete.
I20260630 12:35:45.847477  4431 ts_tablet_manager.cc:1403] T 6ae691b77a2343f695202cec50874735 P df700c033faa4f16947fd2d38726e415: Time spent bootstrapping tablet: real 0.044s	user 0.019s	sys 0.016s
I20260630 12:35:45.850812  4431 raft_consensus.cc:359] T 6ae691b77a2343f695202cec50874735 P df700c033faa4f16947fd2d38726e415 [term 1 LEARNER]: Replica starting. Triggering 0 pending ops. Active config: opid_index: 2 OBSOLETE_local: false peers { permanent_uuid: "600de6f0b95e44359ec9fd76a5d246f5" member_type: VOTER last_known_addr { host: "127.0.223.129" port: 40603 } } peers { permanent_uuid: "1972006ae4444af28f8e69a5dff1eb1f" member_type: VOTER last_known_addr { host: "127.0.223.132" port: 40411 } attrs { replace: true } } peers { permanent_uuid: "ef27e4ec77f444f98cb36ae9fc8b3b7d" member_type: VOTER last_known_addr { host: "127.0.223.131" port: 46763 } } peers { permanent_uuid: "df700c033faa4f16947fd2d38726e415" member_type: NON_VOTER last_known_addr { host: "127.0.223.130" port: 33925 } attrs { promote: true } }
I20260630 12:35:45.851610  4431 raft_consensus.cc:740] T 6ae691b77a2343f695202cec50874735 P df700c033faa4f16947fd2d38726e415 [term 1 LEARNER]: Becoming Follower/Learner. State: Replica: df700c033faa4f16947fd2d38726e415, State: Initialized, Role: LEARNER
I20260630 12:35:45.852258  4431 consensus_queue.cc:260] T 6ae691b77a2343f695202cec50874735 P df700c033faa4f16947fd2d38726e415 [NON_LEADER]: Queue going to NON_LEADER mode. State: All replicated index: 0, Majority replicated index: 0, Committed index: 2, Last appended: 1.2, Last appended by leader: 2, Current term: 0, Majority size: -1, State: 0, Mode: NON_LEADER, active raft config: opid_index: 2 OBSOLETE_local: false peers { permanent_uuid: "600de6f0b95e44359ec9fd76a5d246f5" member_type: VOTER last_known_addr { host: "127.0.223.129" port: 40603 } } peers { permanent_uuid: "1972006ae4444af28f8e69a5dff1eb1f" member_type: VOTER last_known_addr { host: "127.0.223.132" port: 40411 } attrs { replace: true } } peers { permanent_uuid: "ef27e4ec77f444f98cb36ae9fc8b3b7d" member_type: VOTER last_known_addr { host: "127.0.223.131" port: 46763 } } peers { permanent_uuid: "df700c033faa4f16947fd2d38726e415" member_type: NON_VOTER last_known_addr { host: "127.0.223.130" port: 33925 } attrs { promote: true } }
I20260630 12:35:45.860584  4431 ts_tablet_manager.cc:1434] T 6ae691b77a2343f695202cec50874735 P df700c033faa4f16947fd2d38726e415: Time spent starting tablet: real 0.013s	user 0.008s	sys 0.000s
I20260630 12:35:45.862908  3908 tablet_copy_service.cc:342] P 600de6f0b95e44359ec9fd76a5d246f5: Request end of tablet copy session df700c033faa4f16947fd2d38726e415-6ae691b77a2343f695202cec50874735 received from {username='slave'} at 127.0.0.1:55366
I20260630 12:35:45.863374  3908 tablet_copy_service.cc:434] P 600de6f0b95e44359ec9fd76a5d246f5: ending tablet copy session df700c033faa4f16947fd2d38726e415-6ae691b77a2343f695202cec50874735 on tablet 6ae691b77a2343f695202cec50874735 with peer df700c033faa4f16947fd2d38726e415
I20260630 12:35:45.877866  4047 raft_consensus.cc:1275] T 35c5ae3eaa974e8f9065d4f8709856cd P ef27e4ec77f444f98cb36ae9fc8b3b7d [term 4 FOLLOWER]: Refusing update from remote peer 1972006ae4444af28f8e69a5dff1eb1f: Log matching property violated. Preceding OpId in replica: term: 3 index: 6. Preceding OpId from leader: term: 4 index: 7. (index mismatch)
I20260630 12:35:45.880087  4425 consensus_queue.cc:1048] T 35c5ae3eaa974e8f9065d4f8709856cd P 1972006ae4444af28f8e69a5dff1eb1f [LEADER]: Connected to new peer: Peer: permanent_uuid: "ef27e4ec77f444f98cb36ae9fc8b3b7d" member_type: VOTER last_known_addr { host: "127.0.223.131" port: 46763 }, Status: LMP_MISMATCH, Last received: 0.0, Next index: 7, Last known committed idx: 6, Time since last communication: 0.001s
I20260630 12:35:45.888819  3973 raft_consensus.cc:1275] T 48cceef70f174c59bb7cbebd68fb82af P df700c033faa4f16947fd2d38726e415 [term 2 FOLLOWER]: Refusing update from remote peer 600de6f0b95e44359ec9fd76a5d246f5: Log matching property violated. Preceding OpId in replica: term: 1 index: 1. Preceding OpId from leader: term: 2 index: 2. (index mismatch)
I20260630 12:35:45.891671  4414 consensus_queue.cc:1048] T 48cceef70f174c59bb7cbebd68fb82af P 600de6f0b95e44359ec9fd76a5d246f5 [LEADER]: Connected to new peer: Peer: permanent_uuid: "df700c033faa4f16947fd2d38726e415" member_type: VOTER last_known_addr { host: "127.0.223.130" port: 33925 }, Status: LMP_MISMATCH, Last received: 0.0, Next index: 2, Last known committed idx: 1, Time since last communication: 0.000s
