I20260630 12:35:38.669636  3819 tablet_service.cc:1511] Processing CreateTablet for tablet 3ed137052727454488893bf69d001dd0 (DEFAULT_TABLE table=range_aware_rebalance_new_range [id=19c47ad4be9c40b2993418e32a556ff1]), partition=HASH (key) PARTITION 1, RANGE (key) PARTITION 0 <= VALUES < 10
I20260630 12:35:38.670436  3667 tablet_service.cc:1511] Processing CreateTablet for tablet e08ea44645454eeca29bd0ff0b5e8ba2 (DEFAULT_TABLE table=range_aware_rebalance_new_range [id=19c47ad4be9c40b2993418e32a556ff1]), partition=HASH (key) PARTITION 4, RANGE (key) PARTITION 0 <= VALUES < 10
I20260630 12:35:38.670995  3819 data_dirs.cc:400] Could only allocate 1 dirs of requested 3 for tablet 3ed137052727454488893bf69d001dd0. 1 dirs total, 0 dirs full, 0 dirs failed
I20260630 12:35:38.671792  3667 data_dirs.cc:400] Could only allocate 1 dirs of requested 3 for tablet e08ea44645454eeca29bd0ff0b5e8ba2. 1 dirs total, 0 dirs full, 0 dirs failed
I20260630 12:35:38.665437  3743 data_dirs.cc:400] Could only allocate 1 dirs of requested 3 for tablet 8040b544f7754442a8b5881103db7dd2. 1 dirs total, 0 dirs full, 0 dirs failed
I20260630 12:35:38.676052  3665 tablet_service.cc:1511] Processing CreateTablet for tablet 670d031308644776884c288f1a913458 (DEFAULT_TABLE table=range_aware_rebalance_new_range [id=19c47ad4be9c40b2993418e32a556ff1]), partition=HASH (key) PARTITION 6, RANGE (key) PARTITION 0 <= VALUES < 10
I20260630 12:35:38.679303  3664 tablet_service.cc:1511] Processing CreateTablet for tablet c4e99399a38143269d35336078796eab (DEFAULT_TABLE table=range_aware_rebalance_new_range [id=19c47ad4be9c40b2993418e32a556ff1]), partition=HASH (key) PARTITION 7, RANGE (key) PARTITION 0 <= VALUES < 10
I20260630 12:35:38.676123  3666 tablet_service.cc:1511] Processing CreateTablet for tablet ae6fd323756b481a9f5da3ec08e72708 (DEFAULT_TABLE table=range_aware_rebalance_new_range [id=19c47ad4be9c40b2993418e32a556ff1]), partition=HASH (key) PARTITION 5, RANGE (key) PARTITION 0 <= VALUES < 10
I20260630 12:35:38.682181  3665 data_dirs.cc:400] Could only allocate 1 dirs of requested 3 for tablet 670d031308644776884c288f1a913458. 1 dirs total, 0 dirs full, 0 dirs failed
I20260630 12:35:38.682924  3664 data_dirs.cc:400] Could only allocate 1 dirs of requested 3 for tablet c4e99399a38143269d35336078796eab. 1 dirs total, 0 dirs full, 0 dirs failed
I20260630 12:35:38.686031  3666 data_dirs.cc:400] Could only allocate 1 dirs of requested 3 for tablet ae6fd323756b481a9f5da3ec08e72708. 1 dirs total, 0 dirs full, 0 dirs failed
I20260630 12:35:38.687152  3818 tablet_service.cc:1511] Processing CreateTablet for tablet 64f32e9c0b354100816f9312dd0885ce (DEFAULT_TABLE table=range_aware_rebalance_new_range [id=19c47ad4be9c40b2993418e32a556ff1]), partition=HASH (key) PARTITION 2, RANGE (key) PARTITION 0 <= VALUES < 10
I20260630 12:35:38.688586  3818 data_dirs.cc:400] Could only allocate 1 dirs of requested 3 for tablet 64f32e9c0b354100816f9312dd0885ce. 1 dirs total, 0 dirs full, 0 dirs failed
I20260630 12:35:38.704408  3817 tablet_service.cc:1511] Processing CreateTablet for tablet 8040b544f7754442a8b5881103db7dd2 (DEFAULT_TABLE table=range_aware_rebalance_new_range [id=19c47ad4be9c40b2993418e32a556ff1]), partition=HASH (key) PARTITION 3, RANGE (key) PARTITION 0 <= VALUES < 10
I20260630 12:35:38.705891  3817 data_dirs.cc:400] Could only allocate 1 dirs of requested 3 for tablet 8040b544f7754442a8b5881103db7dd2. 1 dirs total, 0 dirs full, 0 dirs failed
I20260630 12:35:38.711020  3816 tablet_service.cc:1511] Processing CreateTablet for tablet e08ea44645454eeca29bd0ff0b5e8ba2 (DEFAULT_TABLE table=range_aware_rebalance_new_range [id=19c47ad4be9c40b2993418e32a556ff1]), partition=HASH (key) PARTITION 4, RANGE (key) PARTITION 0 <= VALUES < 10
I20260630 12:35:38.712455  3816 data_dirs.cc:400] Could only allocate 1 dirs of requested 3 for tablet e08ea44645454eeca29bd0ff0b5e8ba2. 1 dirs total, 0 dirs full, 0 dirs failed
I20260630 12:35:38.715085  3742 tablet_service.cc:1511] Processing CreateTablet for tablet e08ea44645454eeca29bd0ff0b5e8ba2 (DEFAULT_TABLE table=range_aware_rebalance_new_range [id=19c47ad4be9c40b2993418e32a556ff1]), partition=HASH (key) PARTITION 4, RANGE (key) PARTITION 0 <= VALUES < 10
I20260630 12:35:38.717140  3742 data_dirs.cc:400] Could only allocate 1 dirs of requested 3 for tablet e08ea44645454eeca29bd0ff0b5e8ba2. 1 dirs total, 0 dirs full, 0 dirs failed
I20260630 12:35:38.720875  3815 tablet_service.cc:1511] Processing CreateTablet for tablet ae6fd323756b481a9f5da3ec08e72708 (DEFAULT_TABLE table=range_aware_rebalance_new_range [id=19c47ad4be9c40b2993418e32a556ff1]), partition=HASH (key) PARTITION 5, RANGE (key) PARTITION 0 <= VALUES < 10
I20260630 12:35:38.722506  3815 data_dirs.cc:400] Could only allocate 1 dirs of requested 3 for tablet ae6fd323756b481a9f5da3ec08e72708. 1 dirs total, 0 dirs full, 0 dirs failed
I20260630 12:35:38.726495  3814 tablet_service.cc:1511] Processing CreateTablet for tablet 670d031308644776884c288f1a913458 (DEFAULT_TABLE table=range_aware_rebalance_new_range [id=19c47ad4be9c40b2993418e32a556ff1]), partition=HASH (key) PARTITION 6, RANGE (key) PARTITION 0 <= VALUES < 10
I20260630 12:35:38.727892  3814 data_dirs.cc:400] Could only allocate 1 dirs of requested 3 for tablet 670d031308644776884c288f1a913458. 1 dirs total, 0 dirs full, 0 dirs failed
I20260630 12:35:38.730428  3813 tablet_service.cc:1511] Processing CreateTablet for tablet c4e99399a38143269d35336078796eab (DEFAULT_TABLE table=range_aware_rebalance_new_range [id=19c47ad4be9c40b2993418e32a556ff1]), partition=HASH (key) PARTITION 7, RANGE (key) PARTITION 0 <= VALUES < 10
I20260630 12:35:38.731845  3813 data_dirs.cc:400] Could only allocate 1 dirs of requested 3 for tablet c4e99399a38143269d35336078796eab. 1 dirs total, 0 dirs full, 0 dirs failed
I20260630 12:35:38.730458  3743 tablet_service.cc:1511] Processing CreateTablet for tablet ae6fd323756b481a9f5da3ec08e72708 (DEFAULT_TABLE table=range_aware_rebalance_new_range [id=19c47ad4be9c40b2993418e32a556ff1]), partition=HASH (key) PARTITION 5, RANGE (key) PARTITION 0 <= VALUES < 10
I20260630 12:35:38.733201  3743 data_dirs.cc:400] Could only allocate 1 dirs of requested 3 for tablet ae6fd323756b481a9f5da3ec08e72708. 1 dirs total, 0 dirs full, 0 dirs failed
I20260630 12:35:38.734370  3741 tablet_service.cc:1511] Processing CreateTablet for tablet 670d031308644776884c288f1a913458 (DEFAULT_TABLE table=range_aware_rebalance_new_range [id=19c47ad4be9c40b2993418e32a556ff1]), partition=HASH (key) PARTITION 6, RANGE (key) PARTITION 0 <= VALUES < 10
I20260630 12:35:38.736128  3741 data_dirs.cc:400] Could only allocate 1 dirs of requested 3 for tablet 670d031308644776884c288f1a913458. 1 dirs total, 0 dirs full, 0 dirs failed
I20260630 12:35:38.738554  3740 tablet_service.cc:1511] Processing CreateTablet for tablet c4e99399a38143269d35336078796eab (DEFAULT_TABLE table=range_aware_rebalance_new_range [id=19c47ad4be9c40b2993418e32a556ff1]), partition=HASH (key) PARTITION 7, RANGE (key) PARTITION 0 <= VALUES < 10
I20260630 12:35:38.739959  3740 data_dirs.cc:400] Could only allocate 1 dirs of requested 3 for tablet c4e99399a38143269d35336078796eab. 1 dirs total, 0 dirs full, 0 dirs failed
I20260630 12:35:38.773433  3877 tablet_bootstrap.cc:492] T 3ed137052727454488893bf69d001dd0 P 402b8ec0dd22496c9a9510cd8ae84dc3: Bootstrap starting.
I20260630 12:35:38.778695  3876 tablet_bootstrap.cc:492] T 0d9e89891eec446997cf37897b89e03b P 6b34dc44f6244a0088cca693534c2dc5: Bootstrap starting.
I20260630 12:35:38.780956  3875 tablet_bootstrap.cc:492] T 3ed137052727454488893bf69d001dd0 P 09910e6287cc4675b92e0481f44da712: Bootstrap starting.
I20260630 12:35:38.784492  3877 tablet_bootstrap.cc:654] T 3ed137052727454488893bf69d001dd0 P 402b8ec0dd22496c9a9510cd8ae84dc3: Neither blocks nor log segments found. Creating new log.
I20260630 12:35:38.787532  3875 tablet_bootstrap.cc:654] T 3ed137052727454488893bf69d001dd0 P 09910e6287cc4675b92e0481f44da712: Neither blocks nor log segments found. Creating new log.
I20260630 12:35:38.811285  3876 tablet_bootstrap.cc:654] T 0d9e89891eec446997cf37897b89e03b P 6b34dc44f6244a0088cca693534c2dc5: Neither blocks nor log segments found. Creating new log.
I20260630 12:35:38.811980  3877 tablet_bootstrap.cc:492] T 3ed137052727454488893bf69d001dd0 P 402b8ec0dd22496c9a9510cd8ae84dc3: No bootstrap required, opened a new log
I20260630 12:35:38.812497  3877 ts_tablet_manager.cc:1403] T 3ed137052727454488893bf69d001dd0 P 402b8ec0dd22496c9a9510cd8ae84dc3: Time spent bootstrapping tablet: real 0.039s	user 0.018s	sys 0.009s
I20260630 12:35:38.815572  3877 raft_consensus.cc:359] T 3ed137052727454488893bf69d001dd0 P 402b8ec0dd22496c9a9510cd8ae84dc3 [term 0 FOLLOWER]: Replica starting. Triggering 0 pending ops. Active config: opid_index: -1 OBSOLETE_local: false peers { permanent_uuid: "09910e6287cc4675b92e0481f44da712" member_type: VOTER last_known_addr { host: "127.0.171.1" port: 36465 } } peers { permanent_uuid: "6b34dc44f6244a0088cca693534c2dc5" member_type: VOTER last_known_addr { host: "127.0.171.2" port: 35067 } } peers { permanent_uuid: "402b8ec0dd22496c9a9510cd8ae84dc3" member_type: VOTER last_known_addr { host: "127.0.171.3" port: 33357 } }
I20260630 12:35:38.816392  3877 raft_consensus.cc:385] T 3ed137052727454488893bf69d001dd0 P 402b8ec0dd22496c9a9510cd8ae84dc3 [term 0 FOLLOWER]: Consensus starting up: Expiring failure detector timer to make a prompt election more likely
I20260630 12:35:38.816982  3875 tablet_bootstrap.cc:492] T 3ed137052727454488893bf69d001dd0 P 09910e6287cc4675b92e0481f44da712: No bootstrap required, opened a new log
I20260630 12:35:38.816704  3877 raft_consensus.cc:740] T 3ed137052727454488893bf69d001dd0 P 402b8ec0dd22496c9a9510cd8ae84dc3 [term 0 FOLLOWER]: Becoming Follower/Learner. State: Replica: 402b8ec0dd22496c9a9510cd8ae84dc3, State: Initialized, Role: FOLLOWER
I20260630 12:35:38.817447  3875 ts_tablet_manager.cc:1403] T 3ed137052727454488893bf69d001dd0 P 09910e6287cc4675b92e0481f44da712: Time spent bootstrapping tablet: real 0.037s	user 0.014s	sys 0.018s
I20260630 12:35:38.817839  3876 tablet_bootstrap.cc:492] T 0d9e89891eec446997cf37897b89e03b P 6b34dc44f6244a0088cca693534c2dc5: No bootstrap required, opened a new log
I20260630 12:35:38.818341  3876 ts_tablet_manager.cc:1403] T 0d9e89891eec446997cf37897b89e03b P 6b34dc44f6244a0088cca693534c2dc5: Time spent bootstrapping tablet: real 0.040s	user 0.012s	sys 0.000s
I20260630 12:35:38.817957  3877 consensus_queue.cc:260] T 3ed137052727454488893bf69d001dd0 P 402b8ec0dd22496c9a9510cd8ae84dc3 [NON_LEADER]: Queue going to NON_LEADER mode. State: All replicated index: 0, Majority replicated index: 0, Committed index: 0, Last appended: 0.0, Last appended by leader: 0, Current term: 0, Majority size: -1, State: 0, Mode: NON_LEADER, active raft config: opid_index: -1 OBSOLETE_local: false peers { permanent_uuid: "09910e6287cc4675b92e0481f44da712" member_type: VOTER last_known_addr { host: "127.0.171.1" port: 36465 } } peers { permanent_uuid: "6b34dc44f6244a0088cca693534c2dc5" member_type: VOTER last_known_addr { host: "127.0.171.2" port: 35067 } } peers { permanent_uuid: "402b8ec0dd22496c9a9510cd8ae84dc3" member_type: VOTER last_known_addr { host: "127.0.171.3" port: 33357 } }
I20260630 12:35:38.819730  3875 raft_consensus.cc:359] T 3ed137052727454488893bf69d001dd0 P 09910e6287cc4675b92e0481f44da712 [term 0 FOLLOWER]: Replica starting. Triggering 0 pending ops. Active config: opid_index: -1 OBSOLETE_local: false peers { permanent_uuid: "09910e6287cc4675b92e0481f44da712" member_type: VOTER last_known_addr { host: "127.0.171.1" port: 36465 } } peers { permanent_uuid: "6b34dc44f6244a0088cca693534c2dc5" member_type: VOTER last_known_addr { host: "127.0.171.2" port: 35067 } } peers { permanent_uuid: "402b8ec0dd22496c9a9510cd8ae84dc3" member_type: VOTER last_known_addr { host: "127.0.171.3" port: 33357 } }
I20260630 12:35:38.820508  3875 raft_consensus.cc:385] T 3ed137052727454488893bf69d001dd0 P 09910e6287cc4675b92e0481f44da712 [term 0 FOLLOWER]: Consensus starting up: Expiring failure detector timer to make a prompt election more likely
I20260630 12:35:38.820755  3875 raft_consensus.cc:740] T 3ed137052727454488893bf69d001dd0 P 09910e6287cc4675b92e0481f44da712 [term 0 FOLLOWER]: Becoming Follower/Learner. State: Replica: 09910e6287cc4675b92e0481f44da712, State: Initialized, Role: FOLLOWER
I20260630 12:35:38.820897  3877 ts_tablet_manager.cc:1434] T 3ed137052727454488893bf69d001dd0 P 402b8ec0dd22496c9a9510cd8ae84dc3: Time spent starting tablet: real 0.008s	user 0.008s	sys 0.001s
I20260630 12:35:38.821486  3875 consensus_queue.cc:260] T 3ed137052727454488893bf69d001dd0 P 09910e6287cc4675b92e0481f44da712 [NON_LEADER]: Queue going to NON_LEADER mode. State: All replicated index: 0, Majority replicated index: 0, Committed index: 0, Last appended: 0.0, Last appended by leader: 0, Current term: 0, Majority size: -1, State: 0, Mode: NON_LEADER, active raft config: opid_index: -1 OBSOLETE_local: false peers { permanent_uuid: "09910e6287cc4675b92e0481f44da712" member_type: VOTER last_known_addr { host: "127.0.171.1" port: 36465 } } peers { permanent_uuid: "6b34dc44f6244a0088cca693534c2dc5" member_type: VOTER last_known_addr { host: "127.0.171.2" port: 35067 } } peers { permanent_uuid: "402b8ec0dd22496c9a9510cd8ae84dc3" member_type: VOTER last_known_addr { host: "127.0.171.3" port: 33357 } }
I20260630 12:35:38.821979  3877 tablet_bootstrap.cc:492] T 64f32e9c0b354100816f9312dd0885ce P 402b8ec0dd22496c9a9510cd8ae84dc3: Bootstrap starting.
I20260630 12:35:38.822674  3876 raft_consensus.cc:359] T 0d9e89891eec446997cf37897b89e03b P 6b34dc44f6244a0088cca693534c2dc5 [term 0 FOLLOWER]: Replica starting. Triggering 0 pending ops. Active config: opid_index: -1 OBSOLETE_local: false peers { permanent_uuid: "6b34dc44f6244a0088cca693534c2dc5" member_type: VOTER last_known_addr { host: "127.0.171.2" port: 35067 } } peers { permanent_uuid: "09910e6287cc4675b92e0481f44da712" member_type: VOTER last_known_addr { host: "127.0.171.1" port: 36465 } } peers { permanent_uuid: "402b8ec0dd22496c9a9510cd8ae84dc3" member_type: VOTER last_known_addr { host: "127.0.171.3" port: 33357 } }
I20260630 12:35:38.823670  3876 raft_consensus.cc:385] T 0d9e89891eec446997cf37897b89e03b P 6b34dc44f6244a0088cca693534c2dc5 [term 0 FOLLOWER]: Consensus starting up: Expiring failure detector timer to make a prompt election more likely
I20260630 12:35:38.824100  3876 raft_consensus.cc:740] T 0d9e89891eec446997cf37897b89e03b P 6b34dc44f6244a0088cca693534c2dc5 [term 0 FOLLOWER]: Becoming Follower/Learner. State: Replica: 6b34dc44f6244a0088cca693534c2dc5, State: Initialized, Role: FOLLOWER
I20260630 12:35:38.825058  3876 consensus_queue.cc:260] T 0d9e89891eec446997cf37897b89e03b P 6b34dc44f6244a0088cca693534c2dc5 [NON_LEADER]: Queue going to NON_LEADER mode. State: All replicated index: 0, Majority replicated index: 0, Committed index: 0, Last appended: 0.0, Last appended by leader: 0, Current term: 0, Majority size: -1, State: 0, Mode: NON_LEADER, active raft config: opid_index: -1 OBSOLETE_local: false peers { permanent_uuid: "6b34dc44f6244a0088cca693534c2dc5" member_type: VOTER last_known_addr { host: "127.0.171.2" port: 35067 } } peers { permanent_uuid: "09910e6287cc4675b92e0481f44da712" member_type: VOTER last_known_addr { host: "127.0.171.1" port: 36465 } } peers { permanent_uuid: "402b8ec0dd22496c9a9510cd8ae84dc3" member_type: VOTER last_known_addr { host: "127.0.171.3" port: 33357 } }
I20260630 12:35:38.828238  3877 tablet_bootstrap.cc:654] T 64f32e9c0b354100816f9312dd0885ce P 402b8ec0dd22496c9a9510cd8ae84dc3: Neither blocks nor log segments found. Creating new log.
I20260630 12:35:38.832600  3875 ts_tablet_manager.cc:1434] T 3ed137052727454488893bf69d001dd0 P 09910e6287cc4675b92e0481f44da712: Time spent starting tablet: real 0.015s	user 0.009s	sys 0.004s
I20260630 12:35:38.833941  3875 tablet_bootstrap.cc:492] T 0d9e89891eec446997cf37897b89e03b P 09910e6287cc4675b92e0481f44da712: Bootstrap starting.
I20260630 12:35:38.838181  3876 ts_tablet_manager.cc:1434] T 0d9e89891eec446997cf37897b89e03b P 6b34dc44f6244a0088cca693534c2dc5: Time spent starting tablet: real 0.020s	user 0.014s	sys 0.004s
I20260630 12:35:38.839277  3876 tablet_bootstrap.cc:492] T 8040b544f7754442a8b5881103db7dd2 P 6b34dc44f6244a0088cca693534c2dc5: Bootstrap starting.
I20260630 12:35:38.840423  3875 tablet_bootstrap.cc:654] T 0d9e89891eec446997cf37897b89e03b P 09910e6287cc4675b92e0481f44da712: Neither blocks nor log segments found. Creating new log.
I20260630 12:35:38.845961  3876 tablet_bootstrap.cc:654] T 8040b544f7754442a8b5881103db7dd2 P 6b34dc44f6244a0088cca693534c2dc5: Neither blocks nor log segments found. Creating new log.
I20260630 12:35:38.847258  3877 tablet_bootstrap.cc:492] T 64f32e9c0b354100816f9312dd0885ce P 402b8ec0dd22496c9a9510cd8ae84dc3: No bootstrap required, opened a new log
I20260630 12:35:38.847894  3877 ts_tablet_manager.cc:1403] T 64f32e9c0b354100816f9312dd0885ce P 402b8ec0dd22496c9a9510cd8ae84dc3: Time spent bootstrapping tablet: real 0.026s	user 0.011s	sys 0.003s
I20260630 12:35:38.850791  3877 raft_consensus.cc:359] T 64f32e9c0b354100816f9312dd0885ce P 402b8ec0dd22496c9a9510cd8ae84dc3 [term 0 FOLLOWER]: Replica starting. Triggering 0 pending ops. Active config: opid_index: -1 OBSOLETE_local: false peers { permanent_uuid: "09910e6287cc4675b92e0481f44da712" member_type: VOTER last_known_addr { host: "127.0.171.1" port: 36465 } } peers { permanent_uuid: "6b34dc44f6244a0088cca693534c2dc5" member_type: VOTER last_known_addr { host: "127.0.171.2" port: 35067 } } peers { permanent_uuid: "402b8ec0dd22496c9a9510cd8ae84dc3" member_type: VOTER last_known_addr { host: "127.0.171.3" port: 33357 } }
I20260630 12:35:38.851627  3877 raft_consensus.cc:385] T 64f32e9c0b354100816f9312dd0885ce P 402b8ec0dd22496c9a9510cd8ae84dc3 [term 0 FOLLOWER]: Consensus starting up: Expiring failure detector timer to make a prompt election more likely
I20260630 12:35:38.851963  3877 raft_consensus.cc:740] T 64f32e9c0b354100816f9312dd0885ce P 402b8ec0dd22496c9a9510cd8ae84dc3 [term 0 FOLLOWER]: Becoming Follower/Learner. State: Replica: 402b8ec0dd22496c9a9510cd8ae84dc3, State: Initialized, Role: FOLLOWER
I20260630 12:35:38.852833  3877 consensus_queue.cc:260] T 64f32e9c0b354100816f9312dd0885ce P 402b8ec0dd22496c9a9510cd8ae84dc3 [NON_LEADER]: Queue going to NON_LEADER mode. State: All replicated index: 0, Majority replicated index: 0, Committed index: 0, Last appended: 0.0, Last appended by leader: 0, Current term: 0, Majority size: -1, State: 0, Mode: NON_LEADER, active raft config: opid_index: -1 OBSOLETE_local: false peers { permanent_uuid: "09910e6287cc4675b92e0481f44da712" member_type: VOTER last_known_addr { host: "127.0.171.1" port: 36465 } } peers { permanent_uuid: "6b34dc44f6244a0088cca693534c2dc5" member_type: VOTER last_known_addr { host: "127.0.171.2" port: 35067 } } peers { permanent_uuid: "402b8ec0dd22496c9a9510cd8ae84dc3" member_type: VOTER last_known_addr { host: "127.0.171.3" port: 33357 } }
I20260630 12:35:38.858119  3877 ts_tablet_manager.cc:1434] T 64f32e9c0b354100816f9312dd0885ce P 402b8ec0dd22496c9a9510cd8ae84dc3: Time spent starting tablet: real 0.010s	user 0.006s	sys 0.000s
I20260630 12:35:38.858526  3875 tablet_bootstrap.cc:492] T 0d9e89891eec446997cf37897b89e03b P 09910e6287cc4675b92e0481f44da712: No bootstrap required, opened a new log
I20260630 12:35:38.859045  3875 ts_tablet_manager.cc:1403] T 0d9e89891eec446997cf37897b89e03b P 09910e6287cc4675b92e0481f44da712: Time spent bootstrapping tablet: real 0.025s	user 0.015s	sys 0.009s
I20260630 12:35:38.859383  3877 tablet_bootstrap.cc:492] T 8040b544f7754442a8b5881103db7dd2 P 402b8ec0dd22496c9a9510cd8ae84dc3: Bootstrap starting.
I20260630 12:35:38.861711  3875 raft_consensus.cc:359] T 0d9e89891eec446997cf37897b89e03b P 09910e6287cc4675b92e0481f44da712 [term 0 FOLLOWER]: Replica starting. Triggering 0 pending ops. Active config: opid_index: -1 OBSOLETE_local: false peers { permanent_uuid: "6b34dc44f6244a0088cca693534c2dc5" member_type: VOTER last_known_addr { host: "127.0.171.2" port: 35067 } } peers { permanent_uuid: "09910e6287cc4675b92e0481f44da712" member_type: VOTER last_known_addr { host: "127.0.171.1" port: 36465 } } peers { permanent_uuid: "402b8ec0dd22496c9a9510cd8ae84dc3" member_type: VOTER last_known_addr { host: "127.0.171.3" port: 33357 } }
I20260630 12:35:38.862412  3875 raft_consensus.cc:385] T 0d9e89891eec446997cf37897b89e03b P 09910e6287cc4675b92e0481f44da712 [term 0 FOLLOWER]: Consensus starting up: Expiring failure detector timer to make a prompt election more likely
I20260630 12:35:38.862709  3875 raft_consensus.cc:740] T 0d9e89891eec446997cf37897b89e03b P 09910e6287cc4675b92e0481f44da712 [term 0 FOLLOWER]: Becoming Follower/Learner. State: Replica: 09910e6287cc4675b92e0481f44da712, State: Initialized, Role: FOLLOWER
I20260630 12:35:38.863624  3875 consensus_queue.cc:260] T 0d9e89891eec446997cf37897b89e03b P 09910e6287cc4675b92e0481f44da712 [NON_LEADER]: Queue going to NON_LEADER mode. State: All replicated index: 0, Majority replicated index: 0, Committed index: 0, Last appended: 0.0, Last appended by leader: 0, Current term: 0, Majority size: -1, State: 0, Mode: NON_LEADER, active raft config: opid_index: -1 OBSOLETE_local: false peers { permanent_uuid: "6b34dc44f6244a0088cca693534c2dc5" member_type: VOTER last_known_addr { host: "127.0.171.2" port: 35067 } } peers { permanent_uuid: "09910e6287cc4675b92e0481f44da712" member_type: VOTER last_known_addr { host: "127.0.171.1" port: 36465 } } peers { permanent_uuid: "402b8ec0dd22496c9a9510cd8ae84dc3" member_type: VOTER last_known_addr { host: "127.0.171.3" port: 33357 } }
I20260630 12:35:38.865962  3875 ts_tablet_manager.cc:1434] T 0d9e89891eec446997cf37897b89e03b P 09910e6287cc4675b92e0481f44da712: Time spent starting tablet: real 0.007s	user 0.008s	sys 0.000s
I20260630 12:35:38.866911  3875 tablet_bootstrap.cc:492] T 64f32e9c0b354100816f9312dd0885ce P 09910e6287cc4675b92e0481f44da712: Bootstrap starting.
I20260630 12:35:38.867930  3877 tablet_bootstrap.cc:654] T 8040b544f7754442a8b5881103db7dd2 P 402b8ec0dd22496c9a9510cd8ae84dc3: Neither blocks nor log segments found. Creating new log.
I20260630 12:35:38.868361  3876 tablet_bootstrap.cc:492] T 8040b544f7754442a8b5881103db7dd2 P 6b34dc44f6244a0088cca693534c2dc5: No bootstrap required, opened a new log
I20260630 12:35:38.868886  3876 ts_tablet_manager.cc:1403] T 8040b544f7754442a8b5881103db7dd2 P 6b34dc44f6244a0088cca693534c2dc5: Time spent bootstrapping tablet: real 0.030s	user 0.020s	sys 0.008s
I20260630 12:35:38.872424  3875 tablet_bootstrap.cc:654] T 64f32e9c0b354100816f9312dd0885ce P 09910e6287cc4675b92e0481f44da712: Neither blocks nor log segments found. Creating new log.
I20260630 12:35:38.872089  3876 raft_consensus.cc:359] T 8040b544f7754442a8b5881103db7dd2 P 6b34dc44f6244a0088cca693534c2dc5 [term 0 FOLLOWER]: Replica starting. Triggering 0 pending ops. Active config: opid_index: -1 OBSOLETE_local: false peers { permanent_uuid: "6b34dc44f6244a0088cca693534c2dc5" member_type: VOTER last_known_addr { host: "127.0.171.2" port: 35067 } } peers { permanent_uuid: "09910e6287cc4675b92e0481f44da712" member_type: VOTER last_known_addr { host: "127.0.171.1" port: 36465 } } peers { permanent_uuid: "402b8ec0dd22496c9a9510cd8ae84dc3" member_type: VOTER last_known_addr { host: "127.0.171.3" port: 33357 } }
I20260630 12:35:38.873178  3876 raft_consensus.cc:385] T 8040b544f7754442a8b5881103db7dd2 P 6b34dc44f6244a0088cca693534c2dc5 [term 0 FOLLOWER]: Consensus starting up: Expiring failure detector timer to make a prompt election more likely
I20260630 12:35:38.873654  3876 raft_consensus.cc:740] T 8040b544f7754442a8b5881103db7dd2 P 6b34dc44f6244a0088cca693534c2dc5 [term 0 FOLLOWER]: Becoming Follower/Learner. State: Replica: 6b34dc44f6244a0088cca693534c2dc5, State: Initialized, Role: FOLLOWER
I20260630 12:35:38.874814  3876 consensus_queue.cc:260] T 8040b544f7754442a8b5881103db7dd2 P 6b34dc44f6244a0088cca693534c2dc5 [NON_LEADER]: Queue going to NON_LEADER mode. State: All replicated index: 0, Majority replicated index: 0, Committed index: 0, Last appended: 0.0, Last appended by leader: 0, Current term: 0, Majority size: -1, State: 0, Mode: NON_LEADER, active raft config: opid_index: -1 OBSOLETE_local: false peers { permanent_uuid: "6b34dc44f6244a0088cca693534c2dc5" member_type: VOTER last_known_addr { host: "127.0.171.2" port: 35067 } } peers { permanent_uuid: "09910e6287cc4675b92e0481f44da712" member_type: VOTER last_known_addr { host: "127.0.171.1" port: 36465 } } peers { permanent_uuid: "402b8ec0dd22496c9a9510cd8ae84dc3" member_type: VOTER last_known_addr { host: "127.0.171.3" port: 33357 } }
I20260630 12:35:38.878939  3877 tablet_bootstrap.cc:492] T 8040b544f7754442a8b5881103db7dd2 P 402b8ec0dd22496c9a9510cd8ae84dc3: No bootstrap required, opened a new log
I20260630 12:35:38.879364  3877 ts_tablet_manager.cc:1403] T 8040b544f7754442a8b5881103db7dd2 P 402b8ec0dd22496c9a9510cd8ae84dc3: Time spent bootstrapping tablet: real 0.020s	user 0.016s	sys 0.001s
I20260630 12:35:38.881654  3883 raft_consensus.cc:493] T 8040b544f7754442a8b5881103db7dd2 P 6b34dc44f6244a0088cca693534c2dc5 [term 0 FOLLOWER]: Starting pre-election (no leader contacted us within the election timeout)
I20260630 12:35:38.882115  3883 raft_consensus.cc:515] T 8040b544f7754442a8b5881103db7dd2 P 6b34dc44f6244a0088cca693534c2dc5 [term 0 FOLLOWER]: Starting pre-election with config: opid_index: -1 OBSOLETE_local: false peers { permanent_uuid: "6b34dc44f6244a0088cca693534c2dc5" member_type: VOTER last_known_addr { host: "127.0.171.2" port: 35067 } } peers { permanent_uuid: "09910e6287cc4675b92e0481f44da712" member_type: VOTER last_known_addr { host: "127.0.171.1" port: 36465 } } peers { permanent_uuid: "402b8ec0dd22496c9a9510cd8ae84dc3" member_type: VOTER last_known_addr { host: "127.0.171.3" port: 33357 } }
I20260630 12:35:38.882949  3876 ts_tablet_manager.cc:1434] T 8040b544f7754442a8b5881103db7dd2 P 6b34dc44f6244a0088cca693534c2dc5: Time spent starting tablet: real 0.014s	user 0.003s	sys 0.004s
I20260630 12:35:38.883895  3876 tablet_bootstrap.cc:492] T 3ed137052727454488893bf69d001dd0 P 6b34dc44f6244a0088cca693534c2dc5: Bootstrap starting.
I20260630 12:35:38.890152  3877 raft_consensus.cc:359] T 8040b544f7754442a8b5881103db7dd2 P 402b8ec0dd22496c9a9510cd8ae84dc3 [term 0 FOLLOWER]: Replica starting. Triggering 0 pending ops. Active config: opid_index: -1 OBSOLETE_local: false peers { permanent_uuid: "6b34dc44f6244a0088cca693534c2dc5" member_type: VOTER last_known_addr { host: "127.0.171.2" port: 35067 } } peers { permanent_uuid: "09910e6287cc4675b92e0481f44da712" member_type: VOTER last_known_addr { host: "127.0.171.1" port: 36465 } } peers { permanent_uuid: "402b8ec0dd22496c9a9510cd8ae84dc3" member_type: VOTER last_known_addr { host: "127.0.171.3" port: 33357 } }
I20260630 12:35:38.890908  3877 raft_consensus.cc:385] T 8040b544f7754442a8b5881103db7dd2 P 402b8ec0dd22496c9a9510cd8ae84dc3 [term 0 FOLLOWER]: Consensus starting up: Expiring failure detector timer to make a prompt election more likely
I20260630 12:35:38.891206  3877 raft_consensus.cc:740] T 8040b544f7754442a8b5881103db7dd2 P 402b8ec0dd22496c9a9510cd8ae84dc3 [term 0 FOLLOWER]: Becoming Follower/Learner. State: Replica: 402b8ec0dd22496c9a9510cd8ae84dc3, State: Initialized, Role: FOLLOWER
I20260630 12:35:38.891991  3877 consensus_queue.cc:260] T 8040b544f7754442a8b5881103db7dd2 P 402b8ec0dd22496c9a9510cd8ae84dc3 [NON_LEADER]: Queue going to NON_LEADER mode. State: All replicated index: 0, Majority replicated index: 0, Committed index: 0, Last appended: 0.0, Last appended by leader: 0, Current term: 0, Majority size: -1, State: 0, Mode: NON_LEADER, active raft config: opid_index: -1 OBSOLETE_local: false peers { permanent_uuid: "6b34dc44f6244a0088cca693534c2dc5" member_type: VOTER last_known_addr { host: "127.0.171.2" port: 35067 } } peers { permanent_uuid: "09910e6287cc4675b92e0481f44da712" member_type: VOTER last_known_addr { host: "127.0.171.1" port: 36465 } } peers { permanent_uuid: "402b8ec0dd22496c9a9510cd8ae84dc3" member_type: VOTER last_known_addr { host: "127.0.171.3" port: 33357 } }
I20260630 12:35:38.894372  3877 ts_tablet_manager.cc:1434] T 8040b544f7754442a8b5881103db7dd2 P 402b8ec0dd22496c9a9510cd8ae84dc3: Time spent starting tablet: real 0.015s	user 0.008s	sys 0.000s
I20260630 12:35:38.894696  3883 leader_election.cc:290] T 8040b544f7754442a8b5881103db7dd2 P 6b34dc44f6244a0088cca693534c2dc5 [CANDIDATE]: Term 1 pre-election: Requested pre-vote from peers 09910e6287cc4675b92e0481f44da712 (127.0.171.1:36465), 402b8ec0dd22496c9a9510cd8ae84dc3 (127.0.171.3:33357)
I20260630 12:35:38.895372  3877 tablet_bootstrap.cc:492] T 670d031308644776884c288f1a913458 P 402b8ec0dd22496c9a9510cd8ae84dc3: Bootstrap starting.
I20260630 12:35:38.899188  3875 tablet_bootstrap.cc:492] T 64f32e9c0b354100816f9312dd0885ce P 09910e6287cc4675b92e0481f44da712: No bootstrap required, opened a new log
I20260630 12:35:38.899698  3875 ts_tablet_manager.cc:1403] T 64f32e9c0b354100816f9312dd0885ce P 09910e6287cc4675b92e0481f44da712: Time spent bootstrapping tablet: real 0.033s	user 0.016s	sys 0.013s
I20260630 12:35:38.902446  3875 raft_consensus.cc:359] T 64f32e9c0b354100816f9312dd0885ce P 09910e6287cc4675b92e0481f44da712 [term 0 FOLLOWER]: Replica starting. Triggering 0 pending ops. Active config: opid_index: -1 OBSOLETE_local: false peers { permanent_uuid: "09910e6287cc4675b92e0481f44da712" member_type: VOTER last_known_addr { host: "127.0.171.1" port: 36465 } } peers { permanent_uuid: "6b34dc44f6244a0088cca693534c2dc5" member_type: VOTER last_known_addr { host: "127.0.171.2" port: 35067 } } peers { permanent_uuid: "402b8ec0dd22496c9a9510cd8ae84dc3" member_type: VOTER last_known_addr { host: "127.0.171.3" port: 33357 } }
I20260630 12:35:38.903158  3875 raft_consensus.cc:385] T 64f32e9c0b354100816f9312dd0885ce P 09910e6287cc4675b92e0481f44da712 [term 0 FOLLOWER]: Consensus starting up: Expiring failure detector timer to make a prompt election more likely
I20260630 12:35:38.903476  3875 raft_consensus.cc:740] T 64f32e9c0b354100816f9312dd0885ce P 09910e6287cc4675b92e0481f44da712 [term 0 FOLLOWER]: Becoming Follower/Learner. State: Replica: 09910e6287cc4675b92e0481f44da712, State: Initialized, Role: FOLLOWER
I20260630 12:35:38.897248  3876 tablet_bootstrap.cc:654] T 3ed137052727454488893bf69d001dd0 P 6b34dc44f6244a0088cca693534c2dc5: Neither blocks nor log segments found. Creating new log.
I20260630 12:35:38.904325  3875 consensus_queue.cc:260] T 64f32e9c0b354100816f9312dd0885ce P 09910e6287cc4675b92e0481f44da712 [NON_LEADER]: Queue going to NON_LEADER mode. State: All replicated index: 0, Majority replicated index: 0, Committed index: 0, Last appended: 0.0, Last appended by leader: 0, Current term: 0, Majority size: -1, State: 0, Mode: NON_LEADER, active raft config: opid_index: -1 OBSOLETE_local: false peers { permanent_uuid: "09910e6287cc4675b92e0481f44da712" member_type: VOTER last_known_addr { host: "127.0.171.1" port: 36465 } } peers { permanent_uuid: "6b34dc44f6244a0088cca693534c2dc5" member_type: VOTER last_known_addr { host: "127.0.171.2" port: 35067 } } peers { permanent_uuid: "402b8ec0dd22496c9a9510cd8ae84dc3" member_type: VOTER last_known_addr { host: "127.0.171.3" port: 33357 } }
I20260630 12:35:38.906322  3877 tablet_bootstrap.cc:654] T 670d031308644776884c288f1a913458 P 402b8ec0dd22496c9a9510cd8ae84dc3: Neither blocks nor log segments found. Creating new log.
I20260630 12:35:38.907050  3681 tablet_service.cc:1917] Received RequestConsensusVote() RPC: tablet_id: "8040b544f7754442a8b5881103db7dd2" candidate_uuid: "6b34dc44f6244a0088cca693534c2dc5" candidate_term: 1 candidate_status { last_received { term: 0 index: 0 } } ignore_live_leader: false dest_uuid: "09910e6287cc4675b92e0481f44da712" is_pre_election: true
I20260630 12:35:38.908272  3875 ts_tablet_manager.cc:1434] T 64f32e9c0b354100816f9312dd0885ce P 09910e6287cc4675b92e0481f44da712: Time spent starting tablet: real 0.008s	user 0.006s	sys 0.001s
I20260630 12:35:38.909286  3875 tablet_bootstrap.cc:492] T ae6fd323756b481a9f5da3ec08e72708 P 09910e6287cc4675b92e0481f44da712: Bootstrap starting.
I20260630 12:35:38.910069  3881 raft_consensus.cc:493] T 64f32e9c0b354100816f9312dd0885ce P 402b8ec0dd22496c9a9510cd8ae84dc3 [term 0 FOLLOWER]: Starting pre-election (no leader contacted us within the election timeout)
I20260630 12:35:38.910537  3881 raft_consensus.cc:515] T 64f32e9c0b354100816f9312dd0885ce P 402b8ec0dd22496c9a9510cd8ae84dc3 [term 0 FOLLOWER]: Starting pre-election with config: opid_index: -1 OBSOLETE_local: false peers { permanent_uuid: "09910e6287cc4675b92e0481f44da712" member_type: VOTER last_known_addr { host: "127.0.171.1" port: 36465 } } peers { permanent_uuid: "6b34dc44f6244a0088cca693534c2dc5" member_type: VOTER last_known_addr { host: "127.0.171.2" port: 35067 } } peers { permanent_uuid: "402b8ec0dd22496c9a9510cd8ae84dc3" member_type: VOTER last_known_addr { host: "127.0.171.3" port: 33357 } }
I20260630 12:35:38.913259  3881 leader_election.cc:290] T 64f32e9c0b354100816f9312dd0885ce P 402b8ec0dd22496c9a9510cd8ae84dc3 [CANDIDATE]: Term 1 pre-election: Requested pre-vote from peers 09910e6287cc4675b92e0481f44da712 (127.0.171.1:36465), 6b34dc44f6244a0088cca693534c2dc5 (127.0.171.2:35067)
W20260630 12:35:38.914163  3720 leader_election.cc:343] T 8040b544f7754442a8b5881103db7dd2 P 6b34dc44f6244a0088cca693534c2dc5 [CANDIDATE]: Term 1 pre-election: Tablet error from VoteRequest() call to peer 09910e6287cc4675b92e0481f44da712 (127.0.171.1:36465): Illegal state: must be running to vote when last-logged opid is not known
I20260630 12:35:38.923939  3875 tablet_bootstrap.cc:654] T ae6fd323756b481a9f5da3ec08e72708 P 09910e6287cc4675b92e0481f44da712: Neither blocks nor log segments found. Creating new log.
I20260630 12:35:38.931981  3830 tablet_service.cc:1917] Received RequestConsensusVote() RPC: tablet_id: "8040b544f7754442a8b5881103db7dd2" candidate_uuid: "6b34dc44f6244a0088cca693534c2dc5" candidate_term: 1 candidate_status { last_received { term: 0 index: 0 } } ignore_live_leader: false dest_uuid: "402b8ec0dd22496c9a9510cd8ae84dc3" is_pre_election: true
I20260630 12:35:38.932818  3830 raft_consensus.cc:2468] T 8040b544f7754442a8b5881103db7dd2 P 402b8ec0dd22496c9a9510cd8ae84dc3 [term 0 FOLLOWER]: Leader pre-election vote request: Granting yes vote for candidate 6b34dc44f6244a0088cca693534c2dc5 in term 0.
I20260630 12:35:38.934046  3875 tablet_bootstrap.cc:492] T ae6fd323756b481a9f5da3ec08e72708 P 09910e6287cc4675b92e0481f44da712: No bootstrap required, opened a new log
I20260630 12:35:38.934183  3722 leader_election.cc:304] T 8040b544f7754442a8b5881103db7dd2 P 6b34dc44f6244a0088cca693534c2dc5 [CANDIDATE]: Term 1 pre-election: Election decided. Result: candidate won. Election summary: received 3 responses out of 3 voters: 2 yes votes; 1 no votes. yes voters: 402b8ec0dd22496c9a9510cd8ae84dc3, 6b34dc44f6244a0088cca693534c2dc5; no voters: 09910e6287cc4675b92e0481f44da712
I20260630 12:35:38.934612  3875 ts_tablet_manager.cc:1403] T ae6fd323756b481a9f5da3ec08e72708 P 09910e6287cc4675b92e0481f44da712: Time spent bootstrapping tablet: real 0.026s	user 0.009s	sys 0.001s
I20260630 12:35:38.935109  3883 raft_consensus.cc:2804] T 8040b544f7754442a8b5881103db7dd2 P 6b34dc44f6244a0088cca693534c2dc5 [term 0 FOLLOWER]: Leader pre-election won for term 1
I20260630 12:35:38.935658  3883 raft_consensus.cc:493] T 8040b544f7754442a8b5881103db7dd2 P 6b34dc44f6244a0088cca693534c2dc5 [term 0 FOLLOWER]: Starting leader election (no leader contacted us within the election timeout)
I20260630 12:35:38.936197  3883 raft_consensus.cc:3060] T 8040b544f7754442a8b5881103db7dd2 P 6b34dc44f6244a0088cca693534c2dc5 [term 0 FOLLOWER]: Advancing to term 1
I20260630 12:35:38.937526  3875 raft_consensus.cc:359] T ae6fd323756b481a9f5da3ec08e72708 P 09910e6287cc4675b92e0481f44da712 [term 0 FOLLOWER]: Replica starting. Triggering 0 pending ops. Active config: opid_index: -1 OBSOLETE_local: false peers { permanent_uuid: "6b34dc44f6244a0088cca693534c2dc5" member_type: VOTER last_known_addr { host: "127.0.171.2" port: 35067 } } peers { permanent_uuid: "09910e6287cc4675b92e0481f44da712" member_type: VOTER last_known_addr { host: "127.0.171.1" port: 36465 } } peers { permanent_uuid: "402b8ec0dd22496c9a9510cd8ae84dc3" member_type: VOTER last_known_addr { host: "127.0.171.3" port: 33357 } }
I20260630 12:35:38.938292  3875 raft_consensus.cc:385] T ae6fd323756b481a9f5da3ec08e72708 P 09910e6287cc4675b92e0481f44da712 [term 0 FOLLOWER]: Consensus starting up: Expiring failure detector timer to make a prompt election more likely
I20260630 12:35:38.938589  3875 raft_consensus.cc:740] T ae6fd323756b481a9f5da3ec08e72708 P 09910e6287cc4675b92e0481f44da712 [term 0 FOLLOWER]: Becoming Follower/Learner. State: Replica: 09910e6287cc4675b92e0481f44da712, State: Initialized, Role: FOLLOWER
I20260630 12:35:38.939067  3876 tablet_bootstrap.cc:492] T 3ed137052727454488893bf69d001dd0 P 6b34dc44f6244a0088cca693534c2dc5: No bootstrap required, opened a new log
I20260630 12:35:38.939646  3876 ts_tablet_manager.cc:1403] T 3ed137052727454488893bf69d001dd0 P 6b34dc44f6244a0088cca693534c2dc5: Time spent bootstrapping tablet: real 0.056s	user 0.010s	sys 0.014s
I20260630 12:35:38.942442  3876 raft_consensus.cc:359] T 3ed137052727454488893bf69d001dd0 P 6b34dc44f6244a0088cca693534c2dc5 [term 0 FOLLOWER]: Replica starting. Triggering 0 pending ops. Active config: opid_index: -1 OBSOLETE_local: false peers { permanent_uuid: "09910e6287cc4675b92e0481f44da712" member_type: VOTER last_known_addr { host: "127.0.171.1" port: 36465 } } peers { permanent_uuid: "6b34dc44f6244a0088cca693534c2dc5" member_type: VOTER last_known_addr { host: "127.0.171.2" port: 35067 } } peers { permanent_uuid: "402b8ec0dd22496c9a9510cd8ae84dc3" member_type: VOTER last_known_addr { host: "127.0.171.3" port: 33357 } }
I20260630 12:35:38.943181  3876 raft_consensus.cc:385] T 3ed137052727454488893bf69d001dd0 P 6b34dc44f6244a0088cca693534c2dc5 [term 0 FOLLOWER]: Consensus starting up: Expiring failure detector timer to make a prompt election more likely
I20260630 12:35:38.943464  3876 raft_consensus.cc:740] T 3ed137052727454488893bf69d001dd0 P 6b34dc44f6244a0088cca693534c2dc5 [term 0 FOLLOWER]: Becoming Follower/Learner. State: Replica: 6b34dc44f6244a0088cca693534c2dc5, State: Initialized, Role: FOLLOWER
I20260630 12:35:38.943907  3883 raft_consensus.cc:515] T 8040b544f7754442a8b5881103db7dd2 P 6b34dc44f6244a0088cca693534c2dc5 [term 1 FOLLOWER]: Starting leader election with config: opid_index: -1 OBSOLETE_local: false peers { permanent_uuid: "6b34dc44f6244a0088cca693534c2dc5" member_type: VOTER last_known_addr { host: "127.0.171.2" port: 35067 } } peers { permanent_uuid: "09910e6287cc4675b92e0481f44da712" member_type: VOTER last_known_addr { host: "127.0.171.1" port: 36465 } } peers { permanent_uuid: "402b8ec0dd22496c9a9510cd8ae84dc3" member_type: VOTER last_known_addr { host: "127.0.171.3" port: 33357 } }
I20260630 12:35:38.944247  3876 consensus_queue.cc:260] T 3ed137052727454488893bf69d001dd0 P 6b34dc44f6244a0088cca693534c2dc5 [NON_LEADER]: Queue going to NON_LEADER mode. State: All replicated index: 0, Majority replicated index: 0, Committed index: 0, Last appended: 0.0, Last appended by leader: 0, Current term: 0, Majority size: -1, State: 0, Mode: NON_LEADER, active raft config: opid_index: -1 OBSOLETE_local: false peers { permanent_uuid: "09910e6287cc4675b92e0481f44da712" member_type: VOTER last_known_addr { host: "127.0.171.1" port: 36465 } } peers { permanent_uuid: "6b34dc44f6244a0088cca693534c2dc5" member_type: VOTER last_known_addr { host: "127.0.171.2" port: 35067 } } peers { permanent_uuid: "402b8ec0dd22496c9a9510cd8ae84dc3" member_type: VOTER last_known_addr { host: "127.0.171.3" port: 33357 } }
I20260630 12:35:38.939045  3877 tablet_bootstrap.cc:492] T 670d031308644776884c288f1a913458 P 402b8ec0dd22496c9a9510cd8ae84dc3: No bootstrap required, opened a new log
I20260630 12:35:38.946072  3877 ts_tablet_manager.cc:1403] T 670d031308644776884c288f1a913458 P 402b8ec0dd22496c9a9510cd8ae84dc3: Time spent bootstrapping tablet: real 0.051s	user 0.011s	sys 0.014s
I20260630 12:35:38.946833  3681 tablet_service.cc:1917] Received RequestConsensusVote() RPC: tablet_id: "8040b544f7754442a8b5881103db7dd2" candidate_uuid: "6b34dc44f6244a0088cca693534c2dc5" candidate_term: 1 candidate_status { last_received { term: 0 index: 0 } } ignore_live_leader: false dest_uuid: "09910e6287cc4675b92e0481f44da712"
I20260630 12:35:38.939989  3875 consensus_queue.cc:260] T ae6fd323756b481a9f5da3ec08e72708 P 09910e6287cc4675b92e0481f44da712 [NON_LEADER]: Queue going to NON_LEADER mode. State: All replicated index: 0, Majority replicated index: 0, Committed index: 0, Last appended: 0.0, Last appended by leader: 0, Current term: 0, Majority size: -1, State: 0, Mode: NON_LEADER, active raft config: opid_index: -1 OBSOLETE_local: false peers { permanent_uuid: "6b34dc44f6244a0088cca693534c2dc5" member_type: VOTER last_known_addr { host: "127.0.171.2" port: 35067 } } peers { permanent_uuid: "09910e6287cc4675b92e0481f44da712" member_type: VOTER last_known_addr { host: "127.0.171.1" port: 36465 } } peers { permanent_uuid: "402b8ec0dd22496c9a9510cd8ae84dc3" member_type: VOTER last_known_addr { host: "127.0.171.3" port: 33357 } }
I20260630 12:35:38.948711  3756 tablet_service.cc:1917] Received RequestConsensusVote() RPC: tablet_id: "64f32e9c0b354100816f9312dd0885ce" candidate_uuid: "402b8ec0dd22496c9a9510cd8ae84dc3" candidate_term: 1 candidate_status { last_received { term: 0 index: 0 } } ignore_live_leader: false dest_uuid: "6b34dc44f6244a0088cca693534c2dc5" is_pre_election: true
I20260630 12:35:38.950192  3875 ts_tablet_manager.cc:1434] T ae6fd323756b481a9f5da3ec08e72708 P 09910e6287cc4675b92e0481f44da712: Time spent starting tablet: real 0.015s	user 0.004s	sys 0.004s
I20260630 12:35:38.951231  3875 tablet_bootstrap.cc:492] T e08ea44645454eeca29bd0ff0b5e8ba2 P 09910e6287cc4675b92e0481f44da712: Bootstrap starting.
W20260630 12:35:38.952859  3720 leader_election.cc:343] T 8040b544f7754442a8b5881103db7dd2 P 6b34dc44f6244a0088cca693534c2dc5 [CANDIDATE]: Term 1 election: Tablet error from VoteRequest() call to peer 09910e6287cc4675b92e0481f44da712 (127.0.171.1:36465): Illegal state: must be running to vote when last-logged opid is not known
W20260630 12:35:38.954257  3796 leader_election.cc:343] T 64f32e9c0b354100816f9312dd0885ce P 402b8ec0dd22496c9a9510cd8ae84dc3 [CANDIDATE]: Term 1 pre-election: Tablet error from VoteRequest() call to peer 6b34dc44f6244a0088cca693534c2dc5 (127.0.171.2:35067): Illegal state: must be running to vote when last-logged opid is not known
I20260630 12:35:38.955675  3883 leader_election.cc:290] T 8040b544f7754442a8b5881103db7dd2 P 6b34dc44f6244a0088cca693534c2dc5 [CANDIDATE]: Term 1 election: Requested vote from peers 09910e6287cc4675b92e0481f44da712 (127.0.171.1:36465), 402b8ec0dd22496c9a9510cd8ae84dc3 (127.0.171.3:33357)
I20260630 12:35:38.956821  3830 tablet_service.cc:1917] Received RequestConsensusVote() RPC: tablet_id: "8040b544f7754442a8b5881103db7dd2" candidate_uuid: "6b34dc44f6244a0088cca693534c2dc5" candidate_term: 1 candidate_status { last_received { term: 0 index: 0 } } ignore_live_leader: false dest_uuid: "402b8ec0dd22496c9a9510cd8ae84dc3"
I20260630 12:35:38.957387  3830 raft_consensus.cc:3060] T 8040b544f7754442a8b5881103db7dd2 P 402b8ec0dd22496c9a9510cd8ae84dc3 [term 0 FOLLOWER]: Advancing to term 1
I20260630 12:35:38.962622  3896 raft_consensus.cc:493] T 3ed137052727454488893bf69d001dd0 P 6b34dc44f6244a0088cca693534c2dc5 [term 0 FOLLOWER]: Starting pre-election (no leader contacted us within the election timeout)
I20260630 12:35:38.963519  3876 ts_tablet_manager.cc:1434] T 3ed137052727454488893bf69d001dd0 P 6b34dc44f6244a0088cca693534c2dc5: Time spent starting tablet: real 0.024s	user 0.004s	sys 0.014s
I20260630 12:35:38.948743  3877 raft_consensus.cc:359] T 670d031308644776884c288f1a913458 P 402b8ec0dd22496c9a9510cd8ae84dc3 [term 0 FOLLOWER]: Replica starting. Triggering 0 pending ops. Active config: opid_index: -1 OBSOLETE_local: false peers { permanent_uuid: "6b34dc44f6244a0088cca693534c2dc5" member_type: VOTER last_known_addr { host: "127.0.171.2" port: 35067 } } peers { permanent_uuid: "09910e6287cc4675b92e0481f44da712" member_type: VOTER last_known_addr { host: "127.0.171.1" port: 36465 } } peers { permanent_uuid: "402b8ec0dd22496c9a9510cd8ae84dc3" member_type: VOTER last_known_addr { host: "127.0.171.3" port: 33357 } }
I20260630 12:35:38.964339  3877 raft_consensus.cc:385] T 670d031308644776884c288f1a913458 P 402b8ec0dd22496c9a9510cd8ae84dc3 [term 0 FOLLOWER]: Consensus starting up: Expiring failure detector timer to make a prompt election more likely
I20260630 12:35:38.964597  3876 tablet_bootstrap.cc:492] T 64f32e9c0b354100816f9312dd0885ce P 6b34dc44f6244a0088cca693534c2dc5: Bootstrap starting.
I20260630 12:35:38.964617  3877 raft_consensus.cc:740] T 670d031308644776884c288f1a913458 P 402b8ec0dd22496c9a9510cd8ae84dc3 [term 0 FOLLOWER]: Becoming Follower/Learner. State: Replica: 402b8ec0dd22496c9a9510cd8ae84dc3, State: Initialized, Role: FOLLOWER
I20260630 12:35:38.965701  3877 consensus_queue.cc:260] T 670d031308644776884c288f1a913458 P 402b8ec0dd22496c9a9510cd8ae84dc3 [NON_LEADER]: Queue going to NON_LEADER mode. State: All replicated index: 0, Majority replicated index: 0, Committed index: 0, Last appended: 0.0, Last appended by leader: 0, Current term: 0, Majority size: -1, State: 0, Mode: NON_LEADER, active raft config: opid_index: -1 OBSOLETE_local: false peers { permanent_uuid: "6b34dc44f6244a0088cca693534c2dc5" member_type: VOTER last_known_addr { host: "127.0.171.2" port: 35067 } } peers { permanent_uuid: "09910e6287cc4675b92e0481f44da712" member_type: VOTER last_known_addr { host: "127.0.171.1" port: 36465 } } peers { permanent_uuid: "402b8ec0dd22496c9a9510cd8ae84dc3" member_type: VOTER last_known_addr { host: "127.0.171.3" port: 33357 } }
I20260630 12:35:38.967671  3875 tablet_bootstrap.cc:654] T e08ea44645454eeca29bd0ff0b5e8ba2 P 09910e6287cc4675b92e0481f44da712: Neither blocks nor log segments found. Creating new log.
I20260630 12:35:38.963155  3896 raft_consensus.cc:515] T 3ed137052727454488893bf69d001dd0 P 6b34dc44f6244a0088cca693534c2dc5 [term 0 FOLLOWER]: Starting pre-election with config: opid_index: -1 OBSOLETE_local: false peers { permanent_uuid: "09910e6287cc4675b92e0481f44da712" member_type: VOTER last_known_addr { host: "127.0.171.1" port: 36465 } } peers { permanent_uuid: "6b34dc44f6244a0088cca693534c2dc5" member_type: VOTER last_known_addr { host: "127.0.171.2" port: 35067 } } peers { permanent_uuid: "402b8ec0dd22496c9a9510cd8ae84dc3" member_type: VOTER last_known_addr { host: "127.0.171.3" port: 33357 } }
I20260630 12:35:38.971048  3876 tablet_bootstrap.cc:654] T 64f32e9c0b354100816f9312dd0885ce P 6b34dc44f6244a0088cca693534c2dc5: Neither blocks nor log segments found. Creating new log.
I20260630 12:35:38.971825  3877 ts_tablet_manager.cc:1434] T 670d031308644776884c288f1a913458 P 402b8ec0dd22496c9a9510cd8ae84dc3: Time spent starting tablet: real 0.025s	user 0.000s	sys 0.006s
I20260630 12:35:38.972891  3877 tablet_bootstrap.cc:492] T 0d9e89891eec446997cf37897b89e03b P 402b8ec0dd22496c9a9510cd8ae84dc3: Bootstrap starting.
I20260630 12:35:38.973716  3882 raft_consensus.cc:493] T 3ed137052727454488893bf69d001dd0 P 09910e6287cc4675b92e0481f44da712 [term 0 FOLLOWER]: Starting pre-election (no leader contacted us within the election timeout)
I20260630 12:35:38.973922  3830 raft_consensus.cc:2468] T 8040b544f7754442a8b5881103db7dd2 P 402b8ec0dd22496c9a9510cd8ae84dc3 [term 1 FOLLOWER]: Leader election vote request: Granting yes vote for candidate 6b34dc44f6244a0088cca693534c2dc5 in term 1.
I20260630 12:35:38.974222  3882 raft_consensus.cc:515] T 3ed137052727454488893bf69d001dd0 P 09910e6287cc4675b92e0481f44da712 [term 0 FOLLOWER]: Starting pre-election with config: opid_index: -1 OBSOLETE_local: false peers { permanent_uuid: "09910e6287cc4675b92e0481f44da712" member_type: VOTER last_known_addr { host: "127.0.171.1" port: 36465 } } peers { permanent_uuid: "6b34dc44f6244a0088cca693534c2dc5" member_type: VOTER last_known_addr { host: "127.0.171.2" port: 35067 } } peers { permanent_uuid: "402b8ec0dd22496c9a9510cd8ae84dc3" member_type: VOTER last_known_addr { host: "127.0.171.3" port: 33357 } }
I20260630 12:35:38.977628  3882 leader_election.cc:290] T 3ed137052727454488893bf69d001dd0 P 09910e6287cc4675b92e0481f44da712 [CANDIDATE]: Term 1 pre-election: Requested pre-vote from peers 6b34dc44f6244a0088cca693534c2dc5 (127.0.171.2:35067), 402b8ec0dd22496c9a9510cd8ae84dc3 (127.0.171.3:33357)
I20260630 12:35:38.979105  3722 leader_election.cc:304] T 8040b544f7754442a8b5881103db7dd2 P 6b34dc44f6244a0088cca693534c2dc5 [CANDIDATE]: Term 1 election: Election decided. Result: candidate won. Election summary: received 3 responses out of 3 voters: 2 yes votes; 1 no votes. yes voters: 402b8ec0dd22496c9a9510cd8ae84dc3, 6b34dc44f6244a0088cca693534c2dc5; no voters: 09910e6287cc4675b92e0481f44da712
I20260630 12:35:38.980736  3896 leader_election.cc:290] T 3ed137052727454488893bf69d001dd0 P 6b34dc44f6244a0088cca693534c2dc5 [CANDIDATE]: Term 1 pre-election: Requested pre-vote from peers 09910e6287cc4675b92e0481f44da712 (127.0.171.1:36465), 402b8ec0dd22496c9a9510cd8ae84dc3 (127.0.171.3:33357)
I20260630 12:35:38.981248  3896 raft_consensus.cc:2804] T 8040b544f7754442a8b5881103db7dd2 P 6b34dc44f6244a0088cca693534c2dc5 [term 1 FOLLOWER]: Leader election won for term 1
I20260630 12:35:38.983065  3681 tablet_service.cc:1917] Received RequestConsensusVote() RPC: tablet_id: "3ed137052727454488893bf69d001dd0" candidate_uuid: "6b34dc44f6244a0088cca693534c2dc5" candidate_term: 1 candidate_status { last_received { term: 0 index: 0 } } ignore_live_leader: false dest_uuid: "09910e6287cc4675b92e0481f44da712" is_pre_election: true
