I20260630 12:35:40.105567  4284 leader_election.cc:304] T 17cfb3a282964c5f9dee6f48132d21e7 P b38214faeab941c491f20f40b7ecc523 [CANDIDATE]: Term 1 pre-election: Election decided. Result: candidate lost. Election summary: received 3 responses out of 3 voters: 1 yes votes; 2 no votes. yes voters: b38214faeab941c491f20f40b7ecc523; no voters: 80a006ac1ae7495698ea06c8c078f27f, 90f09520d1fe499eb01baaf2c4cc0505
I20260630 12:35:40.107298  4387 raft_consensus.cc:493] T 664c590bc0304bcda36daa78a04954c8 P 90f09520d1fe499eb01baaf2c4cc0505 [term 2 FOLLOWER]: Starting pre-election (no leader contacted us within the election timeout)
I20260630 12:35:40.106426  4404 raft_consensus.cc:2749] T 17cfb3a282964c5f9dee6f48132d21e7 P b38214faeab941c491f20f40b7ecc523 [term 0 FOLLOWER]: Leader pre-election lost for term 1. Reason: could not achieve majority
I20260630 12:35:40.107923  4387 raft_consensus.cc:515] T 664c590bc0304bcda36daa78a04954c8 P 90f09520d1fe499eb01baaf2c4cc0505 [term 2 FOLLOWER]: Starting pre-election with config: opid_index: -1 OBSOLETE_local: false peers { permanent_uuid: "90f09520d1fe499eb01baaf2c4cc0505" member_type: VOTER last_known_addr { host: "127.1.4.194" port: 32969 } } peers { permanent_uuid: "bfbe796a1a014977acda1b7c63eb40fc" member_type: VOTER last_known_addr { host: "127.1.4.193" port: 41269 } } peers { permanent_uuid: "80a006ac1ae7495698ea06c8c078f27f" member_type: VOTER last_known_addr { host: "127.1.4.195" port: 39889 } }
I20260630 12:35:40.108547  4321 raft_consensus.cc:3060] T 17cfb3a282964c5f9dee6f48132d21e7 P b38214faeab941c491f20f40b7ecc523 [term 0 FOLLOWER]: Advancing to term 1
I20260630 12:35:40.109911  4387 leader_election.cc:290] T 664c590bc0304bcda36daa78a04954c8 P 90f09520d1fe499eb01baaf2c4cc0505 [CANDIDATE]: Term 3 pre-election: Requested pre-vote from peers bfbe796a1a014977acda1b7c63eb40fc (127.1.4.193:41269), 80a006ac1ae7495698ea06c8c078f27f (127.1.4.195:39889)
I20260630 12:35:40.110961  4010 tablet_service.cc:1917] Received RequestConsensusVote() RPC: tablet_id: "664c590bc0304bcda36daa78a04954c8" candidate_uuid: "90f09520d1fe499eb01baaf2c4cc0505" candidate_term: 3 candidate_status { last_received { term: 1 index: 1 } } ignore_live_leader: false dest_uuid: "bfbe796a1a014977acda1b7c63eb40fc" is_pre_election: true
I20260630 12:35:40.111084  4162 tablet_service.cc:1917] Received RequestConsensusVote() RPC: tablet_id: "664c590bc0304bcda36daa78a04954c8" candidate_uuid: "90f09520d1fe499eb01baaf2c4cc0505" candidate_term: 3 candidate_status { last_received { term: 1 index: 1 } } ignore_live_leader: false dest_uuid: "80a006ac1ae7495698ea06c8c078f27f" is_pre_election: true
I20260630 12:35:40.111712  4162 raft_consensus.cc:2468] T 664c590bc0304bcda36daa78a04954c8 P 80a006ac1ae7495698ea06c8c078f27f [term 2 FOLLOWER]: Leader pre-election vote request: Granting yes vote for candidate 90f09520d1fe499eb01baaf2c4cc0505 in term 2.
I20260630 12:35:40.111712  4010 raft_consensus.cc:2468] T 664c590bc0304bcda36daa78a04954c8 P bfbe796a1a014977acda1b7c63eb40fc [term 1 FOLLOWER]: Leader pre-election vote request: Granting yes vote for candidate 90f09520d1fe499eb01baaf2c4cc0505 in term 1.
I20260630 12:35:40.113162  4053 leader_election.cc:304] T 664c590bc0304bcda36daa78a04954c8 P 90f09520d1fe499eb01baaf2c4cc0505 [CANDIDATE]: Term 3 pre-election: Election decided. Result: candidate won. Election summary: received 2 responses out of 3 voters: 2 yes votes; 0 no votes. yes voters: 90f09520d1fe499eb01baaf2c4cc0505, bfbe796a1a014977acda1b7c63eb40fc; no voters: 
I20260630 12:35:40.114038  4387 raft_consensus.cc:2804] T 664c590bc0304bcda36daa78a04954c8 P 90f09520d1fe499eb01baaf2c4cc0505 [term 2 FOLLOWER]: Leader pre-election won for term 3
I20260630 12:35:40.114466  4387 raft_consensus.cc:493] T 664c590bc0304bcda36daa78a04954c8 P 90f09520d1fe499eb01baaf2c4cc0505 [term 2 FOLLOWER]: Starting leader election (no leader contacted us within the election timeout)
I20260630 12:35:40.114863  4387 raft_consensus.cc:3060] T 664c590bc0304bcda36daa78a04954c8 P 90f09520d1fe499eb01baaf2c4cc0505 [term 2 FOLLOWER]: Advancing to term 3
I20260630 12:35:40.127197  4387 raft_consensus.cc:515] T 664c590bc0304bcda36daa78a04954c8 P 90f09520d1fe499eb01baaf2c4cc0505 [term 3 FOLLOWER]: Starting leader election with config: opid_index: -1 OBSOLETE_local: false peers { permanent_uuid: "90f09520d1fe499eb01baaf2c4cc0505" member_type: VOTER last_known_addr { host: "127.1.4.194" port: 32969 } } peers { permanent_uuid: "bfbe796a1a014977acda1b7c63eb40fc" member_type: VOTER last_known_addr { host: "127.1.4.193" port: 41269 } } peers { permanent_uuid: "80a006ac1ae7495698ea06c8c078f27f" member_type: VOTER last_known_addr { host: "127.1.4.195" port: 39889 } }
I20260630 12:35:40.130334  4010 tablet_service.cc:1917] Received RequestConsensusVote() RPC: tablet_id: "664c590bc0304bcda36daa78a04954c8" candidate_uuid: "90f09520d1fe499eb01baaf2c4cc0505" candidate_term: 3 candidate_status { last_received { term: 1 index: 1 } } ignore_live_leader: false dest_uuid: "bfbe796a1a014977acda1b7c63eb40fc"
I20260630 12:35:40.130996  4010 raft_consensus.cc:3060] T 664c590bc0304bcda36daa78a04954c8 P bfbe796a1a014977acda1b7c63eb40fc [term 1 FOLLOWER]: Advancing to term 3
I20260630 12:35:40.138707  4010 raft_consensus.cc:2468] T 664c590bc0304bcda36daa78a04954c8 P bfbe796a1a014977acda1b7c63eb40fc [term 3 FOLLOWER]: Leader election vote request: Granting yes vote for candidate 90f09520d1fe499eb01baaf2c4cc0505 in term 3.
I20260630 12:35:40.140116  4053 leader_election.cc:304] T 664c590bc0304bcda36daa78a04954c8 P 90f09520d1fe499eb01baaf2c4cc0505 [CANDIDATE]: Term 3 election: Election decided. Result: candidate won. Election summary: received 2 responses out of 3 voters: 2 yes votes; 0 no votes. yes voters: 90f09520d1fe499eb01baaf2c4cc0505, bfbe796a1a014977acda1b7c63eb40fc; no voters: 
I20260630 12:35:40.140995  4382 raft_consensus.cc:2804] T 664c590bc0304bcda36daa78a04954c8 P 90f09520d1fe499eb01baaf2c4cc0505 [term 3 FOLLOWER]: Leader election won for term 3
I20260630 12:35:40.141471  4382 raft_consensus.cc:697] T 664c590bc0304bcda36daa78a04954c8 P 90f09520d1fe499eb01baaf2c4cc0505 [term 3 LEADER]: Becoming Leader. State: Replica: 90f09520d1fe499eb01baaf2c4cc0505, State: Running, Role: LEADER
I20260630 12:35:40.142261  4382 consensus_queue.cc:237] T 664c590bc0304bcda36daa78a04954c8 P 90f09520d1fe499eb01baaf2c4cc0505 [LEADER]: Queue going to LEADER mode. State: All replicated index: 0, Majority replicated index: 1, Committed index: 1, Last appended: 1.1, Last appended by leader: 1, Current term: 3, Majority size: 2, State: 0, Mode: LEADER, active raft config: opid_index: -1 OBSOLETE_local: false peers { permanent_uuid: "90f09520d1fe499eb01baaf2c4cc0505" member_type: VOTER last_known_addr { host: "127.1.4.194" port: 32969 } } peers { permanent_uuid: "bfbe796a1a014977acda1b7c63eb40fc" member_type: VOTER last_known_addr { host: "127.1.4.193" port: 41269 } } peers { permanent_uuid: "80a006ac1ae7495698ea06c8c078f27f" member_type: VOTER last_known_addr { host: "127.1.4.195" port: 39889 } }
I20260630 12:35:40.148965  4387 leader_election.cc:290] T 664c590bc0304bcda36daa78a04954c8 P 90f09520d1fe499eb01baaf2c4cc0505 [CANDIDATE]: Term 3 election: Requested vote from peers bfbe796a1a014977acda1b7c63eb40fc (127.1.4.193:41269), 80a006ac1ae7495698ea06c8c078f27f (127.1.4.195:39889)
I20260630 12:35:40.148908  4162 tablet_service.cc:1917] Received RequestConsensusVote() RPC: tablet_id: "664c590bc0304bcda36daa78a04954c8" candidate_uuid: "90f09520d1fe499eb01baaf2c4cc0505" candidate_term: 3 candidate_status { last_received { term: 1 index: 1 } } ignore_live_leader: false dest_uuid: "80a006ac1ae7495698ea06c8c078f27f"
I20260630 12:35:40.150210  4162 raft_consensus.cc:3060] T 664c590bc0304bcda36daa78a04954c8 P 80a006ac1ae7495698ea06c8c078f27f [term 2 FOLLOWER]: Advancing to term 3
I20260630 12:35:40.157887  4162 raft_consensus.cc:2468] T 664c590bc0304bcda36daa78a04954c8 P 80a006ac1ae7495698ea06c8c078f27f [term 3 FOLLOWER]: Leader election vote request: Granting yes vote for candidate 90f09520d1fe499eb01baaf2c4cc0505 in term 3.
I20260630 12:35:40.165208  3906 catalog_manager.cc:5697] T 664c590bc0304bcda36daa78a04954c8 P 90f09520d1fe499eb01baaf2c4cc0505 reported cstate change: term changed from 1 to 3. New cstate: current_term: 3 leader_uuid: "90f09520d1fe499eb01baaf2c4cc0505" committed_config { opid_index: -1 OBSOLETE_local: false peers { permanent_uuid: "90f09520d1fe499eb01baaf2c4cc0505" member_type: VOTER last_known_addr { host: "127.1.4.194" port: 32969 } health_report { overall_health: HEALTHY } } peers { permanent_uuid: "bfbe796a1a014977acda1b7c63eb40fc" member_type: VOTER last_known_addr { host: "127.1.4.193" port: 41269 } health_report { overall_health: UNKNOWN } } peers { permanent_uuid: "80a006ac1ae7495698ea06c8c078f27f" member_type: VOTER last_known_addr { host: "127.1.4.195" port: 39889 } health_report { overall_health: UNKNOWN } } }
I20260630 12:35:40.310678  4404 consensus_queue.cc:1048] T 1006336c83264132a80199243293af3e P b38214faeab941c491f20f40b7ecc523 [LEADER]: Connected to new peer: Peer: permanent_uuid: "bfbe796a1a014977acda1b7c63eb40fc" member_type: VOTER last_known_addr { host: "127.1.4.193" port: 41269 }, Status: LMP_MISMATCH, Last received: 0.0, Next index: 1, Last known committed idx: 0, Time since last communication: 0.000s
I20260630 12:35:40.323347  4404 consensus_queue.cc:1048] T 1006336c83264132a80199243293af3e P b38214faeab941c491f20f40b7ecc523 [LEADER]: Connected to new peer: Peer: permanent_uuid: "90f09520d1fe499eb01baaf2c4cc0505" member_type: VOTER last_known_addr { host: "127.1.4.194" port: 32969 }, Status: LMP_MISMATCH, Last received: 0.0, Next index: 1, Last known committed idx: 0, Time since last communication: 0.000s
I20260630 12:35:40.332376  4470 raft_consensus.cc:493] T aa217e5be2534de0afbdd40934f0af8f P 80a006ac1ae7495698ea06c8c078f27f [term 2 FOLLOWER]: Starting pre-election (no leader contacted us within the election timeout)
I20260630 12:35:40.332898  4470 raft_consensus.cc:515] T aa217e5be2534de0afbdd40934f0af8f P 80a006ac1ae7495698ea06c8c078f27f [term 2 FOLLOWER]: Starting pre-election with config: opid_index: -1 OBSOLETE_local: false peers { permanent_uuid: "bfbe796a1a014977acda1b7c63eb40fc" member_type: VOTER last_known_addr { host: "127.1.4.193" port: 41269 } } peers { permanent_uuid: "90f09520d1fe499eb01baaf2c4cc0505" member_type: VOTER last_known_addr { host: "127.1.4.194" port: 32969 } } peers { permanent_uuid: "80a006ac1ae7495698ea06c8c078f27f" member_type: VOTER last_known_addr { host: "127.1.4.195" port: 39889 } }
I20260630 12:35:40.335152  4470 leader_election.cc:290] T aa217e5be2534de0afbdd40934f0af8f P 80a006ac1ae7495698ea06c8c078f27f [CANDIDATE]: Term 3 pre-election: Requested pre-vote from peers bfbe796a1a014977acda1b7c63eb40fc (127.1.4.193:41269), 90f09520d1fe499eb01baaf2c4cc0505 (127.1.4.194:32969)
I20260630 12:35:40.337375  4084 tablet_service.cc:1917] Received RequestConsensusVote() RPC: tablet_id: "aa217e5be2534de0afbdd40934f0af8f" candidate_uuid: "80a006ac1ae7495698ea06c8c078f27f" candidate_term: 3 candidate_status { last_received { term: 1 index: 1 } } ignore_live_leader: false dest_uuid: "90f09520d1fe499eb01baaf2c4cc0505" is_pre_election: true
I20260630 12:35:40.338065  4084 raft_consensus.cc:2468] T aa217e5be2534de0afbdd40934f0af8f P 90f09520d1fe499eb01baaf2c4cc0505 [term 2 FOLLOWER]: Leader pre-election vote request: Granting yes vote for candidate 80a006ac1ae7495698ea06c8c078f27f in term 2.
I20260630 12:35:40.339663  4126 leader_election.cc:304] T aa217e5be2534de0afbdd40934f0af8f P 80a006ac1ae7495698ea06c8c078f27f [CANDIDATE]: Term 3 pre-election: Election decided. Result: candidate won. Election summary: received 2 responses out of 3 voters: 2 yes votes; 0 no votes. yes voters: 80a006ac1ae7495698ea06c8c078f27f, 90f09520d1fe499eb01baaf2c4cc0505; no voters: 
I20260630 12:35:40.341787  4010 tablet_service.cc:1917] Received RequestConsensusVote() RPC: tablet_id: "aa217e5be2534de0afbdd40934f0af8f" candidate_uuid: "80a006ac1ae7495698ea06c8c078f27f" candidate_term: 3 candidate_status { last_received { term: 1 index: 1 } } ignore_live_leader: false dest_uuid: "bfbe796a1a014977acda1b7c63eb40fc" is_pre_election: true
I20260630 12:35:40.342713  4470 raft_consensus.cc:2804] T aa217e5be2534de0afbdd40934f0af8f P 80a006ac1ae7495698ea06c8c078f27f [term 2 FOLLOWER]: Leader pre-election won for term 3
I20260630 12:35:40.343140  4470 raft_consensus.cc:493] T aa217e5be2534de0afbdd40934f0af8f P 80a006ac1ae7495698ea06c8c078f27f [term 2 FOLLOWER]: Starting leader election (no leader contacted us within the election timeout)
I20260630 12:35:40.343631  4470 raft_consensus.cc:3060] T aa217e5be2534de0afbdd40934f0af8f P 80a006ac1ae7495698ea06c8c078f27f [term 2 FOLLOWER]: Advancing to term 3
I20260630 12:35:40.350730  4470 raft_consensus.cc:515] T aa217e5be2534de0afbdd40934f0af8f P 80a006ac1ae7495698ea06c8c078f27f [term 3 FOLLOWER]: Starting leader election with config: opid_index: -1 OBSOLETE_local: false peers { permanent_uuid: "bfbe796a1a014977acda1b7c63eb40fc" member_type: VOTER last_known_addr { host: "127.1.4.193" port: 41269 } } peers { permanent_uuid: "90f09520d1fe499eb01baaf2c4cc0505" member_type: VOTER last_known_addr { host: "127.1.4.194" port: 32969 } } peers { permanent_uuid: "80a006ac1ae7495698ea06c8c078f27f" member_type: VOTER last_known_addr { host: "127.1.4.195" port: 39889 } }
I20260630 12:35:40.352841  4470 leader_election.cc:290] T aa217e5be2534de0afbdd40934f0af8f P 80a006ac1ae7495698ea06c8c078f27f [CANDIDATE]: Term 3 election: Requested vote from peers bfbe796a1a014977acda1b7c63eb40fc (127.1.4.193:41269), 90f09520d1fe499eb01baaf2c4cc0505 (127.1.4.194:32969)
I20260630 12:35:40.356735  4010 tablet_service.cc:1917] Received RequestConsensusVote() RPC: tablet_id: "aa217e5be2534de0afbdd40934f0af8f" candidate_uuid: "80a006ac1ae7495698ea06c8c078f27f" candidate_term: 3 candidate_status { last_received { term: 1 index: 1 } } ignore_live_leader: false dest_uuid: "bfbe796a1a014977acda1b7c63eb40fc"
I20260630 12:35:40.358472  4083 tablet_service.cc:1917] Received RequestConsensusVote() RPC: tablet_id: "aa217e5be2534de0afbdd40934f0af8f" candidate_uuid: "80a006ac1ae7495698ea06c8c078f27f" candidate_term: 3 candidate_status { last_received { term: 1 index: 1 } } ignore_live_leader: false dest_uuid: "90f09520d1fe499eb01baaf2c4cc0505"
I20260630 12:35:40.359103  4083 raft_consensus.cc:3060] T aa217e5be2534de0afbdd40934f0af8f P 90f09520d1fe499eb01baaf2c4cc0505 [term 2 FOLLOWER]: Advancing to term 3
I20260630 12:35:40.364689  4083 raft_consensus.cc:2468] T aa217e5be2534de0afbdd40934f0af8f P 90f09520d1fe499eb01baaf2c4cc0505 [term 3 FOLLOWER]: Leader election vote request: Granting yes vote for candidate 80a006ac1ae7495698ea06c8c078f27f in term 3.
I20260630 12:35:40.365684  4126 leader_election.cc:304] T aa217e5be2534de0afbdd40934f0af8f P 80a006ac1ae7495698ea06c8c078f27f [CANDIDATE]: Term 3 election: Election decided. Result: candidate won. Election summary: received 3 responses out of 3 voters: 2 yes votes; 1 no votes. yes voters: 80a006ac1ae7495698ea06c8c078f27f, 90f09520d1fe499eb01baaf2c4cc0505; no voters: bfbe796a1a014977acda1b7c63eb40fc
I20260630 12:35:40.366488  4470 raft_consensus.cc:2804] T aa217e5be2534de0afbdd40934f0af8f P 80a006ac1ae7495698ea06c8c078f27f [term 3 FOLLOWER]: Leader election won for term 3
I20260630 12:35:40.366971  4470 raft_consensus.cc:697] T aa217e5be2534de0afbdd40934f0af8f P 80a006ac1ae7495698ea06c8c078f27f [term 3 LEADER]: Becoming Leader. State: Replica: 80a006ac1ae7495698ea06c8c078f27f, State: Running, Role: LEADER
I20260630 12:35:40.367902  4162 raft_consensus.cc:1275] T b09e32e2669c47d4a1497254668326d6 P 80a006ac1ae7495698ea06c8c078f27f [term 2 FOLLOWER]: Refusing update from remote peer 90f09520d1fe499eb01baaf2c4cc0505: Log matching property violated. Preceding OpId in replica: term: 1 index: 1. Preceding OpId from leader: term: 2 index: 2. (index mismatch)
I20260630 12:35:40.367794  4470 consensus_queue.cc:237] T aa217e5be2534de0afbdd40934f0af8f P 80a006ac1ae7495698ea06c8c078f27f [LEADER]: Queue going to LEADER mode. State: All replicated index: 0, Majority replicated index: 1, Committed index: 1, Last appended: 1.1, Last appended by leader: 1, Current term: 3, Majority size: 2, State: 0, Mode: LEADER, active raft config: opid_index: -1 OBSOLETE_local: false peers { permanent_uuid: "bfbe796a1a014977acda1b7c63eb40fc" member_type: VOTER last_known_addr { host: "127.1.4.193" port: 41269 } } peers { permanent_uuid: "90f09520d1fe499eb01baaf2c4cc0505" member_type: VOTER last_known_addr { host: "127.1.4.194" port: 32969 } } peers { permanent_uuid: "80a006ac1ae7495698ea06c8c078f27f" member_type: VOTER last_known_addr { host: "127.1.4.195" port: 39889 } }
I20260630 12:35:40.369254  4387 consensus_queue.cc:1048] T b09e32e2669c47d4a1497254668326d6 P 90f09520d1fe499eb01baaf2c4cc0505 [LEADER]: Connected to new peer: Peer: permanent_uuid: "80a006ac1ae7495698ea06c8c078f27f" member_type: VOTER last_known_addr { host: "127.1.4.195" port: 39889 }, Status: LMP_MISMATCH, Last received: 0.0, Next index: 2, Last known committed idx: 1, Time since last communication: 0.000s
I20260630 12:35:40.375277  4442 raft_consensus.cc:493] T 4911bd2231a4444d9797144fb95fa21b P 80a006ac1ae7495698ea06c8c078f27f [term 1 FOLLOWER]: Starting pre-election (detected failure of leader 90f09520d1fe499eb01baaf2c4cc0505)
I20260630 12:35:40.375972  4442 raft_consensus.cc:515] T 4911bd2231a4444d9797144fb95fa21b P 80a006ac1ae7495698ea06c8c078f27f [term 1 FOLLOWER]: Starting pre-election with config: opid_index: -1 OBSOLETE_local: false peers { permanent_uuid: "bfbe796a1a014977acda1b7c63eb40fc" member_type: VOTER last_known_addr { host: "127.1.4.193" port: 41269 } } peers { permanent_uuid: "90f09520d1fe499eb01baaf2c4cc0505" member_type: VOTER last_known_addr { host: "127.1.4.194" port: 32969 } } peers { permanent_uuid: "80a006ac1ae7495698ea06c8c078f27f" member_type: VOTER last_known_addr { host: "127.1.4.195" port: 39889 } }
I20260630 12:35:40.378297  4442 leader_election.cc:290] T 4911bd2231a4444d9797144fb95fa21b P 80a006ac1ae7495698ea06c8c078f27f [CANDIDATE]: Term 2 pre-election: Requested pre-vote from peers bfbe796a1a014977acda1b7c63eb40fc (127.1.4.193:41269), 90f09520d1fe499eb01baaf2c4cc0505 (127.1.4.194:32969)
I20260630 12:35:40.379137  4010 tablet_service.cc:1917] Received RequestConsensusVote() RPC: tablet_id: "4911bd2231a4444d9797144fb95fa21b" candidate_uuid: "80a006ac1ae7495698ea06c8c078f27f" candidate_term: 2 candidate_status { last_received { term: 1 index: 1 } } ignore_live_leader: false dest_uuid: "bfbe796a1a014977acda1b7c63eb40fc" is_pre_election: true
I20260630 12:35:40.380000  4010 raft_consensus.cc:2393] T 4911bd2231a4444d9797144fb95fa21b P bfbe796a1a014977acda1b7c63eb40fc [term 2 FOLLOWER]: Leader pre-election vote request: Denying vote to candidate 80a006ac1ae7495698ea06c8c078f27f in current term 2: Already voted for candidate bfbe796a1a014977acda1b7c63eb40fc in this term.
I20260630 12:35:40.380937  4083 tablet_service.cc:1917] Received RequestConsensusVote() RPC: tablet_id: "4911bd2231a4444d9797144fb95fa21b" candidate_uuid: "80a006ac1ae7495698ea06c8c078f27f" candidate_term: 2 candidate_status { last_received { term: 1 index: 1 } } ignore_live_leader: false dest_uuid: "90f09520d1fe499eb01baaf2c4cc0505" is_pre_election: true
I20260630 12:35:40.381551  4083 raft_consensus.cc:2468] T 4911bd2231a4444d9797144fb95fa21b P 90f09520d1fe499eb01baaf2c4cc0505 [term 2 FOLLOWER]: Leader pre-election vote request: Granting yes vote for candidate 80a006ac1ae7495698ea06c8c078f27f in term 2.
I20260630 12:35:40.383960  4126 leader_election.cc:304] T 4911bd2231a4444d9797144fb95fa21b P 80a006ac1ae7495698ea06c8c078f27f [CANDIDATE]: Term 2 pre-election: Election decided. Result: candidate won. Election summary: received 3 responses out of 3 voters: 2 yes votes; 1 no votes. yes voters: 80a006ac1ae7495698ea06c8c078f27f, 90f09520d1fe499eb01baaf2c4cc0505; no voters: bfbe796a1a014977acda1b7c63eb40fc
I20260630 12:35:40.386083  3907 catalog_manager.cc:5697] T aa217e5be2534de0afbdd40934f0af8f P 80a006ac1ae7495698ea06c8c078f27f reported cstate change: term changed from 1 to 3, leader changed from 90f09520d1fe499eb01baaf2c4cc0505 (127.1.4.194) to 80a006ac1ae7495698ea06c8c078f27f (127.1.4.195). New cstate: current_term: 3 leader_uuid: "80a006ac1ae7495698ea06c8c078f27f" committed_config { opid_index: -1 OBSOLETE_local: false peers { permanent_uuid: "bfbe796a1a014977acda1b7c63eb40fc" member_type: VOTER last_known_addr { host: "127.1.4.193" port: 41269 } health_report { overall_health: UNKNOWN } } peers { permanent_uuid: "90f09520d1fe499eb01baaf2c4cc0505" member_type: VOTER last_known_addr { host: "127.1.4.194" port: 32969 } health_report { overall_health: UNKNOWN } } peers { permanent_uuid: "80a006ac1ae7495698ea06c8c078f27f" member_type: VOTER last_known_addr { host: "127.1.4.195" port: 39889 } health_report { overall_health: HEALTHY } } }
I20260630 12:35:40.386960  4470 raft_consensus.cc:2804] T 4911bd2231a4444d9797144fb95fa21b P 80a006ac1ae7495698ea06c8c078f27f [term 1 FOLLOWER]: Leader pre-election won for term 2
I20260630 12:35:40.387727  4470 raft_consensus.cc:493] T 4911bd2231a4444d9797144fb95fa21b P 80a006ac1ae7495698ea06c8c078f27f [term 1 FOLLOWER]: Starting leader election (detected failure of leader 90f09520d1fe499eb01baaf2c4cc0505)
I20260630 12:35:40.388180  4470 raft_consensus.cc:3060] T 4911bd2231a4444d9797144fb95fa21b P 80a006ac1ae7495698ea06c8c078f27f [term 1 FOLLOWER]: Advancing to term 2
I20260630 12:35:40.396739  4010 raft_consensus.cc:1275] T b09e32e2669c47d4a1497254668326d6 P bfbe796a1a014977acda1b7c63eb40fc [term 2 FOLLOWER]: Refusing update from remote peer 90f09520d1fe499eb01baaf2c4cc0505: Log matching property violated. Preceding OpId in replica: term: 1 index: 1. Preceding OpId from leader: term: 2 index: 2. (index mismatch)
I20260630 12:35:40.398425  3964 auto_leader_rebalancer.cc:141] leader rebalance for table range_aware_rebalance_new_range
I20260630 12:35:40.399173  4382 consensus_queue.cc:1048] T b09e32e2669c47d4a1497254668326d6 P 90f09520d1fe499eb01baaf2c4cc0505 [LEADER]: Connected to new peer: Peer: permanent_uuid: "bfbe796a1a014977acda1b7c63eb40fc" member_type: VOTER last_known_addr { host: "127.1.4.193" port: 41269 }, Status: LMP_MISMATCH, Last received: 0.0, Next index: 2, Last known committed idx: 1, Time since last communication: 0.000s
I20260630 12:35:40.423069  4470 raft_consensus.cc:515] T 4911bd2231a4444d9797144fb95fa21b P 80a006ac1ae7495698ea06c8c078f27f [term 2 FOLLOWER]: Starting leader election with config: opid_index: -1 OBSOLETE_local: false peers { permanent_uuid: "bfbe796a1a014977acda1b7c63eb40fc" member_type: VOTER last_known_addr { host: "127.1.4.193" port: 41269 } } peers { permanent_uuid: "90f09520d1fe499eb01baaf2c4cc0505" member_type: VOTER last_known_addr { host: "127.1.4.194" port: 32969 } } peers { permanent_uuid: "80a006ac1ae7495698ea06c8c078f27f" member_type: VOTER last_known_addr { host: "127.1.4.195" port: 39889 } }
I20260630 12:35:40.426677  4470 leader_election.cc:290] T 4911bd2231a4444d9797144fb95fa21b P 80a006ac1ae7495698ea06c8c078f27f [CANDIDATE]: Term 2 election: Requested vote from peers bfbe796a1a014977acda1b7c63eb40fc (127.1.4.193:41269), 90f09520d1fe499eb01baaf2c4cc0505 (127.1.4.194:32969)
I20260630 12:35:40.427098  4008 tablet_service.cc:1917] Received RequestConsensusVote() RPC: tablet_id: "4911bd2231a4444d9797144fb95fa21b" candidate_uuid: "80a006ac1ae7495698ea06c8c078f27f" candidate_term: 2 candidate_status { last_received { term: 1 index: 1 } } ignore_live_leader: false dest_uuid: "bfbe796a1a014977acda1b7c63eb40fc"
I20260630 12:35:40.427417  4083 tablet_service.cc:1917] Received RequestConsensusVote() RPC: tablet_id: "4911bd2231a4444d9797144fb95fa21b" candidate_uuid: "80a006ac1ae7495698ea06c8c078f27f" candidate_term: 2 candidate_status { last_received { term: 1 index: 1 } } ignore_live_leader: false dest_uuid: "90f09520d1fe499eb01baaf2c4cc0505"
I20260630 12:35:40.428124  4008 raft_consensus.cc:2393] T 4911bd2231a4444d9797144fb95fa21b P bfbe796a1a014977acda1b7c63eb40fc [term 2 FOLLOWER]: Leader election vote request: Denying vote to candidate 80a006ac1ae7495698ea06c8c078f27f in current term 2: Already voted for candidate bfbe796a1a014977acda1b7c63eb40fc in this term.
I20260630 12:35:40.435431  4083 raft_consensus.cc:2468] T 4911bd2231a4444d9797144fb95fa21b P 90f09520d1fe499eb01baaf2c4cc0505 [term 2 FOLLOWER]: Leader election vote request: Granting yes vote for candidate 80a006ac1ae7495698ea06c8c078f27f in term 2.
I20260630 12:35:40.437099  4126 leader_election.cc:304] T 4911bd2231a4444d9797144fb95fa21b P 80a006ac1ae7495698ea06c8c078f27f [CANDIDATE]: Term 2 election: Election decided. Result: candidate won. Election summary: received 3 responses out of 3 voters: 2 yes votes; 1 no votes. yes voters: 80a006ac1ae7495698ea06c8c078f27f, 90f09520d1fe499eb01baaf2c4cc0505; no voters: bfbe796a1a014977acda1b7c63eb40fc
I20260630 12:35:40.438505  4470 raft_consensus.cc:2804] T 4911bd2231a4444d9797144fb95fa21b P 80a006ac1ae7495698ea06c8c078f27f [term 2 FOLLOWER]: Leader election won for term 2
I20260630 12:35:40.439092  4470 raft_consensus.cc:697] T 4911bd2231a4444d9797144fb95fa21b P 80a006ac1ae7495698ea06c8c078f27f [term 2 LEADER]: Becoming Leader. State: Replica: 80a006ac1ae7495698ea06c8c078f27f, State: Running, Role: LEADER
I20260630 12:35:40.440092  4470 consensus_queue.cc:237] T 4911bd2231a4444d9797144fb95fa21b P 80a006ac1ae7495698ea06c8c078f27f [LEADER]: Queue going to LEADER mode. State: All replicated index: 0, Majority replicated index: 1, Committed index: 1, Last appended: 1.1, Last appended by leader: 1, Current term: 2, Majority size: 2, State: 0, Mode: LEADER, active raft config: opid_index: -1 OBSOLETE_local: false peers { permanent_uuid: "bfbe796a1a014977acda1b7c63eb40fc" member_type: VOTER last_known_addr { host: "127.1.4.193" port: 41269 } } peers { permanent_uuid: "90f09520d1fe499eb01baaf2c4cc0505" member_type: VOTER last_known_addr { host: "127.1.4.194" port: 32969 } } peers { permanent_uuid: "80a006ac1ae7495698ea06c8c078f27f" member_type: VOTER last_known_addr { host: "127.1.4.195" port: 39889 } }
I20260630 12:35:40.453866  3906 catalog_manager.cc:5697] T 4911bd2231a4444d9797144fb95fa21b P 80a006ac1ae7495698ea06c8c078f27f reported cstate change: term changed from 1 to 2, leader changed from 90f09520d1fe499eb01baaf2c4cc0505 (127.1.4.194) to 80a006ac1ae7495698ea06c8c078f27f (127.1.4.195). New cstate: current_term: 2 leader_uuid: "80a006ac1ae7495698ea06c8c078f27f" committed_config { opid_index: -1 OBSOLETE_local: false peers { permanent_uuid: "bfbe796a1a014977acda1b7c63eb40fc" member_type: VOTER last_known_addr { host: "127.1.4.193" port: 41269 } health_report { overall_health: UNKNOWN } } peers { permanent_uuid: "90f09520d1fe499eb01baaf2c4cc0505" member_type: VOTER last_known_addr { host: "127.1.4.194" port: 32969 } health_report { overall_health: UNKNOWN } } peers { permanent_uuid: "80a006ac1ae7495698ea06c8c078f27f" member_type: VOTER last_known_addr { host: "127.1.4.195" port: 39889 } health_report { overall_health: HEALTHY } } }
I20260630 12:35:40.488106  4083 consensus_queue.cc:237] T b09e32e2669c47d4a1497254668326d6 P 90f09520d1fe499eb01baaf2c4cc0505 [LEADER]: Queue going to LEADER mode. State: All replicated index: 0, Majority replicated index: 2, Committed index: 2, Last appended: 2.2, Last appended by leader: 1, Current term: 2, Majority size: 2, State: 0, Mode: LEADER, active raft config: opid_index: 3 OBSOLETE_local: false peers { permanent_uuid: "90f09520d1fe499eb01baaf2c4cc0505" member_type: VOTER last_known_addr { host: "127.1.4.194" port: 32969 } } peers { permanent_uuid: "bfbe796a1a014977acda1b7c63eb40fc" member_type: VOTER last_known_addr { host: "127.1.4.193" port: 41269 } attrs { replace: true } } peers { permanent_uuid: "80a006ac1ae7495698ea06c8c078f27f" member_type: VOTER last_known_addr { host: "127.1.4.195" port: 39889 } } peers { permanent_uuid: "b38214faeab941c491f20f40b7ecc523" member_type: NON_VOTER last_known_addr { host: "127.1.4.196" port: 38353 } attrs { promote: true } }
I20260630 12:35:40.488337  4084 tablet_service.cc:2072] Received LeaderStepDown RPC: tablet_id: "17cfb3a282964c5f9dee6f48132d21e7"
dest_uuid: "90f09520d1fe499eb01baaf2c4cc0505"
mode: GRACEFUL
new_leader_uuid: "b38214faeab941c491f20f40b7ecc523"
 from {username='slave'} at 127.0.0.1:53380
I20260630 12:35:40.489197  4084 raft_consensus.cc:606] T 17cfb3a282964c5f9dee6f48132d21e7 P 90f09520d1fe499eb01baaf2c4cc0505 [term 1 LEADER]: Received request to transfer leadership to TS b38214faeab941c491f20f40b7ecc523
I20260630 12:35:40.499843  4162 raft_consensus.cc:1275] T b09e32e2669c47d4a1497254668326d6 P 80a006ac1ae7495698ea06c8c078f27f [term 2 FOLLOWER]: Refusing update from remote peer 90f09520d1fe499eb01baaf2c4cc0505: Log matching property violated. Preceding OpId in replica: term: 2 index: 2. Preceding OpId from leader: term: 2 index: 3. (index mismatch)
I20260630 12:35:40.501171  4010 raft_consensus.cc:1275] T b09e32e2669c47d4a1497254668326d6 P bfbe796a1a014977acda1b7c63eb40fc [term 2 FOLLOWER]: Refusing update from remote peer 90f09520d1fe499eb01baaf2c4cc0505: Log matching property violated. Preceding OpId in replica: term: 2 index: 2. Preceding OpId from leader: term: 2 index: 3. (index mismatch)
I20260630 12:35:40.501971  4382 consensus_queue.cc:1048] T b09e32e2669c47d4a1497254668326d6 P 90f09520d1fe499eb01baaf2c4cc0505 [LEADER]: Connected to new peer: Peer: permanent_uuid: "80a006ac1ae7495698ea06c8c078f27f" member_type: VOTER last_known_addr { host: "127.1.4.195" port: 39889 }, Status: LMP_MISMATCH, Last received: 0.0, Next index: 3, Last known committed idx: 2, Time since last communication: 0.000s
I20260630 12:35:40.503010  4388 consensus_queue.cc:1048] T b09e32e2669c47d4a1497254668326d6 P 90f09520d1fe499eb01baaf2c4cc0505 [LEADER]: Connected to new peer: Peer: permanent_uuid: "bfbe796a1a014977acda1b7c63eb40fc" member_type: VOTER last_known_addr { host: "127.1.4.193" port: 41269 } attrs { replace: true }, Status: LMP_MISMATCH, Last received: 0.0, Next index: 3, Last known committed idx: 2, Time since last communication: 0.000s
W20260630 12:35:40.502750  4054 consensus_peers.cc:597] T b09e32e2669c47d4a1497254668326d6 P 90f09520d1fe499eb01baaf2c4cc0505 -> Peer b38214faeab941c491f20f40b7ecc523 (127.1.4.196:38353): Couldn't send request to peer b38214faeab941c491f20f40b7ecc523. Error code: TABLET_NOT_FOUND (6). Status: Not found: Tablet not found: b09e32e2669c47d4a1497254668326d6. This is attempt 1: this message will repeat every 5th retry.
I20260630 12:35:40.510160  4382 raft_consensus.cc:2955] T b09e32e2669c47d4a1497254668326d6 P 90f09520d1fe499eb01baaf2c4cc0505 [term 2 LEADER]: Committing config change with OpId 2.3: config changed from index -1 to 3, NON_VOTER b38214faeab941c491f20f40b7ecc523 (127.1.4.196) added. New config: { opid_index: 3 OBSOLETE_local: false peers { permanent_uuid: "90f09520d1fe499eb01baaf2c4cc0505" member_type: VOTER last_known_addr { host: "127.1.4.194" port: 32969 } } peers { permanent_uuid: "bfbe796a1a014977acda1b7c63eb40fc" member_type: VOTER last_known_addr { host: "127.1.4.193" port: 41269 } attrs { replace: true } } peers { permanent_uuid: "80a006ac1ae7495698ea06c8c078f27f" member_type: VOTER last_known_addr { host: "127.1.4.195" port: 39889 } } peers { permanent_uuid: "b38214faeab941c491f20f40b7ecc523" member_type: NON_VOTER last_known_addr { host: "127.1.4.196" port: 38353 } attrs { promote: true } } }
I20260630 12:35:40.517426  4008 tablet_service.cc:2072] Received LeaderStepDown RPC: tablet_id: "329ad6a4773f42b7a25ce379e863ceee"
dest_uuid: "bfbe796a1a014977acda1b7c63eb40fc"
mode: GRACEFUL
new_leader_uuid: "b38214faeab941c491f20f40b7ecc523"
 from {username='slave'} at 127.0.0.1:45906
I20260630 12:35:40.518234  4008 raft_consensus.cc:606] T 329ad6a4773f42b7a25ce379e863ceee P bfbe796a1a014977acda1b7c63eb40fc [term 1 LEADER]: Received request to transfer leadership to TS b38214faeab941c491f20f40b7ecc523
I20260630 12:35:40.520304  4373 raft_consensus.cc:993] T 329ad6a4773f42b7a25ce379e863ceee P bfbe796a1a014977acda1b7c63eb40fc: : Instructing follower b38214faeab941c491f20f40b7ecc523 to start an election
I20260630 12:35:40.520823  4376 raft_consensus.cc:1081] T 329ad6a4773f42b7a25ce379e863ceee P bfbe796a1a014977acda1b7c63eb40fc [term 1 LEADER]: Signalling peer b38214faeab941c491f20f40b7ecc523 to start an election
I20260630 12:35:40.521886  4008 raft_consensus.cc:2955] T b09e32e2669c47d4a1497254668326d6 P bfbe796a1a014977acda1b7c63eb40fc [term 2 FOLLOWER]: Committing config change with OpId 2.3: config changed from index -1 to 3, NON_VOTER b38214faeab941c491f20f40b7ecc523 (127.1.4.196) added. New config: { opid_index: 3 OBSOLETE_local: false peers { permanent_uuid: "90f09520d1fe499eb01baaf2c4cc0505" member_type: VOTER last_known_addr { host: "127.1.4.194" port: 32969 } } peers { permanent_uuid: "bfbe796a1a014977acda1b7c63eb40fc" member_type: VOTER last_known_addr { host: "127.1.4.193" port: 41269 } attrs { replace: true } } peers { permanent_uuid: "80a006ac1ae7495698ea06c8c078f27f" member_type: VOTER last_known_addr { host: "127.1.4.195" port: 39889 } } peers { permanent_uuid: "b38214faeab941c491f20f40b7ecc523" member_type: NON_VOTER last_known_addr { host: "127.1.4.196" port: 38353 } attrs { promote: true } } }
I20260630 12:35:40.523448  4321 tablet_service.cc:2044] Received Run Leader Election RPC: tablet_id: "329ad6a4773f42b7a25ce379e863ceee"
dest_uuid: "b38214faeab941c491f20f40b7ecc523"
 from {username='slave'} at 127.0.0.1:49966
I20260630 12:35:40.524160  4321 raft_consensus.cc:493] T 329ad6a4773f42b7a25ce379e863ceee P b38214faeab941c491f20f40b7ecc523 [term 1 FOLLOWER]: Starting forced leader election (received explicit request)
I20260630 12:35:40.524544  4321 raft_consensus.cc:3060] T 329ad6a4773f42b7a25ce379e863ceee P b38214faeab941c491f20f40b7ecc523 [term 1 FOLLOWER]: Advancing to term 2
I20260630 12:35:40.517544  4162 raft_consensus.cc:2955] T b09e32e2669c47d4a1497254668326d6 P 80a006ac1ae7495698ea06c8c078f27f [term 2 FOLLOWER]: Committing config change with OpId 2.3: config changed from index -1 to 3, NON_VOTER b38214faeab941c491f20f40b7ecc523 (127.1.4.196) added. New config: { opid_index: 3 OBSOLETE_local: false peers { permanent_uuid: "90f09520d1fe499eb01baaf2c4cc0505" member_type: VOTER last_known_addr { host: "127.1.4.194" port: 32969 } } peers { permanent_uuid: "bfbe796a1a014977acda1b7c63eb40fc" member_type: VOTER last_known_addr { host: "127.1.4.193" port: 41269 } attrs { replace: true } } peers { permanent_uuid: "80a006ac1ae7495698ea06c8c078f27f" member_type: VOTER last_known_addr { host: "127.1.4.195" port: 39889 } } peers { permanent_uuid: "b38214faeab941c491f20f40b7ecc523" member_type: NON_VOTER last_known_addr { host: "127.1.4.196" port: 38353 } attrs { promote: true } } }
I20260630 12:35:40.533103  4321 raft_consensus.cc:515] T 329ad6a4773f42b7a25ce379e863ceee P b38214faeab941c491f20f40b7ecc523 [term 2 FOLLOWER]: Starting forced leader election with config: opid_index: -1 OBSOLETE_local: false peers { permanent_uuid: "90f09520d1fe499eb01baaf2c4cc0505" member_type: VOTER last_known_addr { host: "127.1.4.194" port: 32969 } } peers { permanent_uuid: "b38214faeab941c491f20f40b7ecc523" member_type: VOTER last_known_addr { host: "127.1.4.196" port: 38353 } } peers { permanent_uuid: "bfbe796a1a014977acda1b7c63eb40fc" member_type: VOTER last_known_addr { host: "127.1.4.193" port: 41269 } }
I20260630 12:35:40.535461  4010 tablet_service.cc:2072] Received LeaderStepDown RPC: tablet_id: "4c756f64183942f7b126e7536fa4320d"
dest_uuid: "bfbe796a1a014977acda1b7c63eb40fc"
mode: GRACEFUL
new_leader_uuid: "80a006ac1ae7495698ea06c8c078f27f"
 from {username='slave'} at 127.0.0.1:45906
I20260630 12:35:40.536214  4010 raft_consensus.cc:606] T 4c756f64183942f7b126e7536fa4320d P bfbe796a1a014977acda1b7c63eb40fc [term 1 LEADER]: Received request to transfer leadership to TS 80a006ac1ae7495698ea06c8c078f27f
I20260630 12:35:40.536602  4083 tablet_service.cc:1917] Received RequestConsensusVote() RPC: tablet_id: "329ad6a4773f42b7a25ce379e863ceee" candidate_uuid: "b38214faeab941c491f20f40b7ecc523" candidate_term: 2 candidate_status { last_received { term: 1 index: 1 } } ignore_live_leader: true dest_uuid: "90f09520d1fe499eb01baaf2c4cc0505"
I20260630 12:35:40.537249  4083 raft_consensus.cc:3060] T 329ad6a4773f42b7a25ce379e863ceee P 90f09520d1fe499eb01baaf2c4cc0505 [term 1 FOLLOWER]: Advancing to term 2
I20260630 12:35:40.539461  4010 tablet_service.cc:2072] Received LeaderStepDown RPC: tablet_id: "a55d3475f11642eaaedb7c9d0ca2395f"
dest_uuid: "bfbe796a1a014977acda1b7c63eb40fc"
mode: GRACEFUL
new_leader_uuid: "80a006ac1ae7495698ea06c8c078f27f"
 from {username='slave'} at 127.0.0.1:45906
I20260630 12:35:40.540123  4010 raft_consensus.cc:606] T a55d3475f11642eaaedb7c9d0ca2395f P bfbe796a1a014977acda1b7c63eb40fc [term 2 LEADER]: Received request to transfer leadership to TS 80a006ac1ae7495698ea06c8c078f27f
I20260630 12:35:40.543202  4084 tablet_service.cc:2072] Received LeaderStepDown RPC: tablet_id: "b09e32e2669c47d4a1497254668326d6"
dest_uuid: "90f09520d1fe499eb01baaf2c4cc0505"
mode: GRACEFUL
new_leader_uuid: "80a006ac1ae7495698ea06c8c078f27f"
 from {username='slave'} at 127.0.0.1:53380
I20260630 12:35:40.546187  4083 raft_consensus.cc:2468] T 329ad6a4773f42b7a25ce379e863ceee P 90f09520d1fe499eb01baaf2c4cc0505 [term 2 FOLLOWER]: Leader election vote request: Granting yes vote for candidate b38214faeab941c491f20f40b7ecc523 in term 2.
I20260630 12:35:40.548734  4010 tablet_service.cc:1917] Received RequestConsensusVote() RPC: tablet_id: "329ad6a4773f42b7a25ce379e863ceee" candidate_uuid: "b38214faeab941c491f20f40b7ecc523" candidate_term: 2 candidate_status { last_received { term: 1 index: 1 } } ignore_live_leader: true dest_uuid: "bfbe796a1a014977acda1b7c63eb40fc"
I20260630 12:35:40.548252  3906 catalog_manager.cc:5697] T b09e32e2669c47d4a1497254668326d6 P 80a006ac1ae7495698ea06c8c078f27f reported cstate change: config changed from index -1 to 3, NON_VOTER b38214faeab941c491f20f40b7ecc523 (127.1.4.196) added. New cstate: current_term: 2 leader_uuid: "90f09520d1fe499eb01baaf2c4cc0505" committed_config { opid_index: 3 OBSOLETE_local: false peers { permanent_uuid: "90f09520d1fe499eb01baaf2c4cc0505" member_type: VOTER last_known_addr { host: "127.1.4.194" port: 32969 } } peers { permanent_uuid: "bfbe796a1a014977acda1b7c63eb40fc" member_type: VOTER last_known_addr { host: "127.1.4.193" port: 41269 } attrs { replace: true } } peers { permanent_uuid: "80a006ac1ae7495698ea06c8c078f27f" member_type: VOTER last_known_addr { host: "127.1.4.195" port: 39889 } } peers { permanent_uuid: "b38214faeab941c491f20f40b7ecc523" member_type: NON_VOTER last_known_addr { host: "127.1.4.196" port: 38353 } attrs { promote: true } } }
I20260630 12:35:40.555423  4388 raft_consensus.cc:993] T 17cfb3a282964c5f9dee6f48132d21e7 P 90f09520d1fe499eb01baaf2c4cc0505: : Instructing follower b38214faeab941c491f20f40b7ecc523 to start an election
I20260630 12:35:40.549513  4010 raft_consensus.cc:3055] T 329ad6a4773f42b7a25ce379e863ceee P bfbe796a1a014977acda1b7c63eb40fc [term 1 LEADER]: Stepping down as leader of term 1
I20260630 12:35:40.559489  4376 raft_consensus.cc:493] T aa217e5be2534de0afbdd40934f0af8f P bfbe796a1a014977acda1b7c63eb40fc [term 1 FOLLOWER]: Starting pre-election (detected failure of leader 90f09520d1fe499eb01baaf2c4cc0505)
I20260630 12:35:40.550695  4283 leader_election.cc:304] T 329ad6a4773f42b7a25ce379e863ceee P b38214faeab941c491f20f40b7ecc523 [CANDIDATE]: Term 2 election: Election decided. Result: candidate won. Election summary: received 2 responses out of 3 voters: 2 yes votes; 0 no votes. yes voters: 90f09520d1fe499eb01baaf2c4cc0505, b38214faeab941c491f20f40b7ecc523; no voters: 
I20260630 12:35:40.560200  4010 raft_consensus.cc:740] T 329ad6a4773f42b7a25ce379e863ceee P bfbe796a1a014977acda1b7c63eb40fc [term 1 LEADER]: Becoming Follower/Learner. State: Replica: bfbe796a1a014977acda1b7c63eb40fc, State: Running, Role: LEADER
I20260630 12:35:40.574087  4010 consensus_queue.cc:260] T 329ad6a4773f42b7a25ce379e863ceee P bfbe796a1a014977acda1b7c63eb40fc [NON_LEADER]: Queue going to NON_LEADER mode. State: All replicated index: 0, Majority replicated index: 1, Committed index: 1, Last appended: 1.1, Last appended by leader: 1, Current term: 1, Majority size: -1, State: 0, Mode: NON_LEADER, active raft config: opid_index: -1 OBSOLETE_local: false peers { permanent_uuid: "90f09520d1fe499eb01baaf2c4cc0505" member_type: VOTER last_known_addr { host: "127.1.4.194" port: 32969 } } peers { permanent_uuid: "b38214faeab941c491f20f40b7ecc523" member_type: VOTER last_known_addr { host: "127.1.4.196" port: 38353 } } peers { permanent_uuid: "bfbe796a1a014977acda1b7c63eb40fc" member_type: VOTER last_known_addr { host: "127.1.4.193" port: 41269 } }
I20260630 12:35:40.575374  4010 raft_consensus.cc:3060] T 329ad6a4773f42b7a25ce379e863ceee P bfbe796a1a014977acda1b7c63eb40fc [term 1 FOLLOWER]: Advancing to term 2
I20260630 12:35:40.560643  4404 raft_consensus.cc:2804] T 329ad6a4773f42b7a25ce379e863ceee P b38214faeab941c491f20f40b7ecc523 [term 2 FOLLOWER]: Leader election won for term 2
I20260630 12:35:40.577380  4404 raft_consensus.cc:697] T 329ad6a4773f42b7a25ce379e863ceee P b38214faeab941c491f20f40b7ecc523 [term 2 LEADER]: Becoming Leader. State: Replica: b38214faeab941c491f20f40b7ecc523, State: Running, Role: LEADER
I20260630 12:35:40.563566  4387 raft_consensus.cc:1081] T 17cfb3a282964c5f9dee6f48132d21e7 P 90f09520d1fe499eb01baaf2c4cc0505 [term 1 LEADER]: Signalling peer b38214faeab941c491f20f40b7ecc523 to start an election
I20260630 12:35:40.561817  4012 consensus_queue.cc:237] T 6b191426f5494698964db43c8c9ef571 P bfbe796a1a014977acda1b7c63eb40fc [LEADER]: Queue going to LEADER mode. State: All replicated index: 0, Majority replicated index: 2, Committed index: 2, Last appended: 2.2, Last appended by leader: 1, Current term: 2, Majority size: 2, State: 0, Mode: LEADER, active raft config: opid_index: 3 OBSOLETE_local: false peers { permanent_uuid: "bfbe796a1a014977acda1b7c63eb40fc" member_type: VOTER last_known_addr { host: "127.1.4.193" port: 41269 } } peers { permanent_uuid: "90f09520d1fe499eb01baaf2c4cc0505" member_type: VOTER last_known_addr { host: "127.1.4.194" port: 32969 } } peers { permanent_uuid: "80a006ac1ae7495698ea06c8c078f27f" member_type: VOTER last_known_addr { host: "127.1.4.195" port: 39889 } attrs { replace: true } } peers { permanent_uuid: "b38214faeab941c491f20f40b7ecc523" member_type: NON_VOTER last_known_addr { host: "127.1.4.196" port: 38353 } attrs { promote: true } }
I20260630 12:35:40.578286  4404 consensus_queue.cc:237] T 329ad6a4773f42b7a25ce379e863ceee P b38214faeab941c491f20f40b7ecc523 [LEADER]: Queue going to LEADER mode. State: All replicated index: 0, Majority replicated index: 1, Committed index: 1, Last appended: 1.1, Last appended by leader: 1, Current term: 2, Majority size: 2, State: 0, Mode: LEADER, active raft config: opid_index: -1 OBSOLETE_local: false peers { permanent_uuid: "90f09520d1fe499eb01baaf2c4cc0505" member_type: VOTER last_known_addr { host: "127.1.4.194" port: 32969 } } peers { permanent_uuid: "b38214faeab941c491f20f40b7ecc523" member_type: VOTER last_known_addr { host: "127.1.4.196" port: 38353 } } peers { permanent_uuid: "bfbe796a1a014977acda1b7c63eb40fc" member_type: VOTER last_known_addr { host: "127.1.4.193" port: 41269 } }
I20260630 12:35:40.579444  4084 raft_consensus.cc:606] T b09e32e2669c47d4a1497254668326d6 P 90f09520d1fe499eb01baaf2c4cc0505 [term 2 LEADER]: Received request to transfer leadership to TS 80a006ac1ae7495698ea06c8c078f27f
I20260630 12:35:40.582758  3964 auto_leader_rebalancer.cc:440] table: range_aware_rebalance_new_range, leader rebalance finish, leader transfer count: 5
I20260630 12:35:40.583653  3964 auto_leader_rebalancer.cc:515] All tables' leader rebalancing finished this round
I20260630 12:35:40.587603  4322 tablet_service.cc:2044] Received Run Leader Election RPC: tablet_id: "17cfb3a282964c5f9dee6f48132d21e7"
dest_uuid: "b38214faeab941c491f20f40b7ecc523"
 from {username='slave'} at 127.0.0.1:49974
I20260630 12:35:40.560084  4376 raft_consensus.cc:515] T aa217e5be2534de0afbdd40934f0af8f P bfbe796a1a014977acda1b7c63eb40fc [term 1 FOLLOWER]: Starting pre-election with config: opid_index: -1 OBSOLETE_local: false peers { permanent_uuid: "bfbe796a1a014977acda1b7c63eb40fc" member_type: VOTER last_known_addr { host: "127.1.4.193" port: 41269 } } peers { permanent_uuid: "90f09520d1fe499eb01baaf2c4cc0505" member_type: VOTER last_known_addr { host: "127.1.4.194" port: 32969 } } peers { permanent_uuid: "80a006ac1ae7495698ea06c8c078f27f" member_type: VOTER last_known_addr { host: "127.1.4.195" port: 39889 } }
I20260630 12:35:40.588372  4322 raft_consensus.cc:493] T 17cfb3a282964c5f9dee6f48132d21e7 P b38214faeab941c491f20f40b7ecc523 [term 1 FOLLOWER]: Starting forced leader election (received explicit request)
I20260630 12:35:40.588802  4322 raft_consensus.cc:3060] T 17cfb3a282964c5f9dee6f48132d21e7 P b38214faeab941c491f20f40b7ecc523 [term 1 FOLLOWER]: Advancing to term 2
I20260630 12:35:40.596875  3906 catalog_manager.cc:5697] T 329ad6a4773f42b7a25ce379e863ceee P b38214faeab941c491f20f40b7ecc523 reported cstate change: term changed from 1 to 2, leader changed from bfbe796a1a014977acda1b7c63eb40fc (127.1.4.193) to b38214faeab941c491f20f40b7ecc523 (127.1.4.196). New cstate: current_term: 2 leader_uuid: "b38214faeab941c491f20f40b7ecc523" committed_config { opid_index: -1 OBSOLETE_local: false peers { permanent_uuid: "90f09520d1fe499eb01baaf2c4cc0505" member_type: VOTER last_known_addr { host: "127.1.4.194" port: 32969 } health_report { overall_health: UNKNOWN } } peers { permanent_uuid: "b38214faeab941c491f20f40b7ecc523" member_type: VOTER last_known_addr { host: "127.1.4.196" port: 38353 } health_report { overall_health: HEALTHY } } peers { permanent_uuid: "bfbe796a1a014977acda1b7c63eb40fc" member_type: VOTER last_known_addr { host: "127.1.4.193" port: 41269 } health_report { overall_health: UNKNOWN } } }
I20260630 12:35:40.598194  4162 tablet_service.cc:1917] Received RequestConsensusVote() RPC: tablet_id: "aa217e5be2534de0afbdd40934f0af8f" candidate_uuid: "bfbe796a1a014977acda1b7c63eb40fc" candidate_term: 2 candidate_status { last_received { term: 1 index: 1 } } ignore_live_leader: false dest_uuid: "80a006ac1ae7495698ea06c8c078f27f" is_pre_election: true
I20260630 12:35:40.598974  4084 tablet_service.cc:1917] Received RequestConsensusVote() RPC: tablet_id: "aa217e5be2534de0afbdd40934f0af8f" candidate_uuid: "bfbe796a1a014977acda1b7c63eb40fc" candidate_term: 2 candidate_status { last_received { term: 1 index: 1 } } ignore_live_leader: false dest_uuid: "90f09520d1fe499eb01baaf2c4cc0505" is_pre_election: true
I20260630 12:35:40.551183  4321 leader_election.cc:290] T 329ad6a4773f42b7a25ce379e863ceee P b38214faeab941c491f20f40b7ecc523 [CANDIDATE]: Term 2 election: Requested vote from peers 90f09520d1fe499eb01baaf2c4cc0505 (127.1.4.194:32969), bfbe796a1a014977acda1b7c63eb40fc (127.1.4.193:41269)
I20260630 12:35:40.604147  4008 raft_consensus.cc:1275] T 664c590bc0304bcda36daa78a04954c8 P bfbe796a1a014977acda1b7c63eb40fc [term 3 FOLLOWER]: Refusing update from remote peer 90f09520d1fe499eb01baaf2c4cc0505: Log matching property violated. Preceding OpId in replica: term: 1 index: 1. Preceding OpId from leader: term: 3 index: 2. (index mismatch)
I20260630 12:35:40.599466  4010 raft_consensus.cc:2468] T 329ad6a4773f42b7a25ce379e863ceee P bfbe796a1a014977acda1b7c63eb40fc [term 2 FOLLOWER]: Leader election vote request: Granting yes vote for candidate b38214faeab941c491f20f40b7ecc523 in term 2.
I20260630 12:35:40.601761  4084 raft_consensus.cc:2368] T aa217e5be2534de0afbdd40934f0af8f P 90f09520d1fe499eb01baaf2c4cc0505 [term 3 FOLLOWER]: Leader pre-election vote request: Denying vote to candidate bfbe796a1a014977acda1b7c63eb40fc for earlier term 2. Current term is 3.
I20260630 12:35:40.596908  4376 leader_election.cc:290] T aa217e5be2534de0afbdd40934f0af8f P bfbe796a1a014977acda1b7c63eb40fc [CANDIDATE]: Term 2 pre-election: Requested pre-vote from peers 90f09520d1fe499eb01baaf2c4cc0505 (127.1.4.194:32969), 80a006ac1ae7495698ea06c8c078f27f (127.1.4.195:39889)
I20260630 12:35:40.607941  4387 consensus_queue.cc:1048] T 664c590bc0304bcda36daa78a04954c8 P 90f09520d1fe499eb01baaf2c4cc0505 [LEADER]: Connected to new peer: Peer: permanent_uuid: "bfbe796a1a014977acda1b7c63eb40fc" member_type: VOTER last_known_addr { host: "127.1.4.193" port: 41269 }, Status: LMP_MISMATCH, Last received: 0.0, Next index: 2, Last known committed idx: 1, Time since last communication: 0.001s
I20260630 12:35:40.608997  3977 leader_election.cc:400] T aa217e5be2534de0afbdd40934f0af8f P bfbe796a1a014977acda1b7c63eb40fc [CANDIDATE]: Term 2 pre-election: Vote denied by peer 90f09520d1fe499eb01baaf2c4cc0505 (127.1.4.194:32969) with higher term. Message: Invalid argument: T aa217e5be2534de0afbdd40934f0af8f P 90f09520d1fe499eb01baaf2c4cc0505 [term 3 FOLLOWER]: Leader pre-election vote request: Denying vote to candidate bfbe796a1a014977acda1b7c63eb40fc for earlier term 2. Current term is 3.
I20260630 12:35:40.609341  3977 leader_election.cc:403] T aa217e5be2534de0afbdd40934f0af8f P bfbe796a1a014977acda1b7c63eb40fc [CANDIDATE]: Term 2 pre-election: Cancelling election due to peer responding with higher term
I20260630 12:35:40.616611  4373 raft_consensus.cc:3060] T aa217e5be2534de0afbdd40934f0af8f P bfbe796a1a014977acda1b7c63eb40fc [term 1 FOLLOWER]: Advancing to term 3
I20260630 12:35:40.623193  4443 raft_consensus.cc:993] T a55d3475f11642eaaedb7c9d0ca2395f P bfbe796a1a014977acda1b7c63eb40fc: : Instructing follower 80a006ac1ae7495698ea06c8c078f27f to start an election
