I20260630 12:34:25.822145  1981 consensus_queue.cc:237] T 80e14f78a38d47e2af2af55162049682 P 0b46859aedec44cc9e3ef6bb09b8c41d [LEADER]: Queue going to LEADER mode. State: All replicated index: 0, Majority replicated index: 3, Committed index: 3, Last appended: 2.3, Last appended by leader: 3, Current term: 3, Majority size: 2, State: 0, Mode: LEADER, active raft config: opid_index: 2 OBSOLETE_local: false peers { permanent_uuid: "b3da65b6516f4dd4ab9c92a25ede4df6" member_type: VOTER last_known_addr { host: "127.0.228.65" port: 42635 } } peers { permanent_uuid: "0b46859aedec44cc9e3ef6bb09b8c41d" member_type: VOTER last_known_addr { host: "127.0.228.66" port: 43295 } } peers { permanent_uuid: "b65f4de43d1c4671862bc30959b74349" member_type: VOTER last_known_addr { host: "127.0.228.67" port: 40707 } attrs { replace: true } } peers { permanent_uuid: "e42757755c2047f5bcbded15fbde7753" member_type: NON_VOTER last_known_addr { host: "127.0.228.68" port: 40933 } attrs { promote: true } }
I20260630 12:34:25.830278  1479 catalog_manager.cc:5697] T 80e14f78a38d47e2af2af55162049682 P 0b46859aedec44cc9e3ef6bb09b8c41d reported cstate change: term changed from 2 to 3, leader changed from b65f4de43d1c4671862bc30959b74349 (127.0.228.67) to 0b46859aedec44cc9e3ef6bb09b8c41d (127.0.228.66). New cstate: current_term: 3 leader_uuid: "0b46859aedec44cc9e3ef6bb09b8c41d" committed_config { opid_index: 2 OBSOLETE_local: false peers { permanent_uuid: "b3da65b6516f4dd4ab9c92a25ede4df6" member_type: VOTER last_known_addr { host: "127.0.228.65" port: 42635 } health_report { overall_health: UNKNOWN } } peers { permanent_uuid: "0b46859aedec44cc9e3ef6bb09b8c41d" member_type: VOTER last_known_addr { host: "127.0.228.66" port: 43295 } health_report { overall_health: HEALTHY } } peers { permanent_uuid: "b65f4de43d1c4671862bc30959b74349" member_type: VOTER last_known_addr { host: "127.0.228.67" port: 40707 } attrs { replace: true } health_report { overall_health: UNKNOWN } } peers { permanent_uuid: "e42757755c2047f5bcbded15fbde7753" member_type: NON_VOTER last_known_addr { host: "127.0.228.68" port: 40933 } attrs { promote: true } health_report { overall_health: UNKNOWN } } }
I20260630 12:34:25.938447  1890 raft_consensus.cc:1217] T e0c9f93aa5da4d31bd0999f2ced0feb0 P e42757755c2047f5bcbded15fbde7753 [term 1 LEARNER]: Deduplicated request from leader. Original: 1.1->[1.2-1.2]   Dedup: 1.2->[]
W20260630 12:34:26.163053  1604 debug-util.cc:398] Leaking SignalData structure 0x7b08000ec560 after lost signal to thread 916
W20260630 12:34:26.164072  1604 debug-util.cc:398] Leaking SignalData structure 0x7b08001a1100 after lost signal to thread 1515
W20260630 12:34:26.299875  1624 consensus_peers.cc:597] T 80e14f78a38d47e2af2af55162049682 P 0b46859aedec44cc9e3ef6bb09b8c41d -> Peer b3da65b6516f4dd4ab9c92a25ede4df6 (127.0.228.65:42635): Couldn't send request to peer b3da65b6516f4dd4ab9c92a25ede4df6. Status: Network error: Client connection negotiation failed: client connection to 127.0.228.65:42635: connect: Connection refused (error 111). This is attempt 1: this message will repeat every 5th retry.
I20260630 12:34:26.316473  1731 raft_consensus.cc:1275] T 80e14f78a38d47e2af2af55162049682 P b65f4de43d1c4671862bc30959b74349 [term 3 FOLLOWER]: Refusing update from remote peer 0b46859aedec44cc9e3ef6bb09b8c41d: Log matching property violated. Preceding OpId in replica: term: 2 index: 3. Preceding OpId from leader: term: 3 index: 4. (index mismatch)
I20260630 12:34:26.317996  1981 consensus_queue.cc:1048] T 80e14f78a38d47e2af2af55162049682 P 0b46859aedec44cc9e3ef6bb09b8c41d [LEADER]: Connected to new peer: Peer: permanent_uuid: "b65f4de43d1c4671862bc30959b74349" member_type: VOTER last_known_addr { host: "127.0.228.67" port: 40707 } attrs { replace: true }, Status: LMP_MISMATCH, Last received: 0.0, Next index: 4, Last known committed idx: 3, Time since last communication: 0.000s
W20260630 12:34:26.333863  1621 consensus_peers.cc:597] T 80e14f78a38d47e2af2af55162049682 P 0b46859aedec44cc9e3ef6bb09b8c41d -> Peer e42757755c2047f5bcbded15fbde7753 (127.0.228.68:40933): Couldn't send request to peer e42757755c2047f5bcbded15fbde7753. Error code: TABLET_NOT_FOUND (6). Status: Not found: Tablet not found: 80e14f78a38d47e2af2af55162049682. This is attempt 1: this message will repeat every 5th retry.
W20260630 12:34:26.382071   913 thread.cc:527] Waited for 1000ms trying to join with diag-logger (tid 1604)
I20260630 12:34:26.404520  1981 raft_consensus.cc:1064] T e0c9f93aa5da4d31bd0999f2ced0feb0 P 0b46859aedec44cc9e3ef6bb09b8c41d: attempting to promote NON_VOTER e42757755c2047f5bcbded15fbde7753 to VOTER
I20260630 12:34:26.407411  1981 consensus_queue.cc:237] T e0c9f93aa5da4d31bd0999f2ced0feb0 P 0b46859aedec44cc9e3ef6bb09b8c41d [LEADER]: Queue going to LEADER mode. State: All replicated index: 0, Majority replicated index: 2, Committed index: 2, Last appended: 1.2, Last appended by leader: 0, Current term: 1, Majority size: 3, State: 0, Mode: LEADER, active raft config: opid_index: 3 OBSOLETE_local: false peers { permanent_uuid: "b3da65b6516f4dd4ab9c92a25ede4df6" member_type: VOTER last_known_addr { host: "127.0.228.65" port: 42635 } attrs { replace: true } } peers { permanent_uuid: "0b46859aedec44cc9e3ef6bb09b8c41d" member_type: VOTER last_known_addr { host: "127.0.228.66" port: 43295 } } peers { permanent_uuid: "b65f4de43d1c4671862bc30959b74349" member_type: VOTER last_known_addr { host: "127.0.228.67" port: 40707 } } peers { permanent_uuid: "e42757755c2047f5bcbded15fbde7753" member_type: VOTER last_known_addr { host: "127.0.228.68" port: 40933 } attrs { promote: false } }
I20260630 12:34:26.415807  1731 raft_consensus.cc:1275] T e0c9f93aa5da4d31bd0999f2ced0feb0 P b65f4de43d1c4671862bc30959b74349 [term 1 FOLLOWER]: Refusing update from remote peer 0b46859aedec44cc9e3ef6bb09b8c41d: Log matching property violated. Preceding OpId in replica: term: 1 index: 2. Preceding OpId from leader: term: 1 index: 3. (index mismatch)
I20260630 12:34:26.419430  1890 raft_consensus.cc:1275] T e0c9f93aa5da4d31bd0999f2ced0feb0 P e42757755c2047f5bcbded15fbde7753 [term 1 LEARNER]: Refusing update from remote peer 0b46859aedec44cc9e3ef6bb09b8c41d: Log matching property violated. Preceding OpId in replica: term: 1 index: 2. Preceding OpId from leader: term: 1 index: 3. (index mismatch)
I20260630 12:34:26.422443  2023 consensus_queue.cc:1048] T e0c9f93aa5da4d31bd0999f2ced0feb0 P 0b46859aedec44cc9e3ef6bb09b8c41d [LEADER]: Connected to new peer: Peer: permanent_uuid: "e42757755c2047f5bcbded15fbde7753" member_type: VOTER last_known_addr { host: "127.0.228.68" port: 40933 } attrs { promote: false }, Status: LMP_MISMATCH, Last received: 0.0, Next index: 3, Last known committed idx: 2, Time since last communication: 0.000s
I20260630 12:34:26.424090  2023 consensus_queue.cc:1048] T e0c9f93aa5da4d31bd0999f2ced0feb0 P 0b46859aedec44cc9e3ef6bb09b8c41d [LEADER]: Connected to new peer: Peer: permanent_uuid: "b65f4de43d1c4671862bc30959b74349" member_type: VOTER last_known_addr { host: "127.0.228.67" port: 40707 }, Status: LMP_MISMATCH, Last received: 0.0, Next index: 3, Last known committed idx: 2, Time since last communication: 0.000s
W20260630 12:34:26.425906  1624 consensus_peers.cc:597] T e0c9f93aa5da4d31bd0999f2ced0feb0 P 0b46859aedec44cc9e3ef6bb09b8c41d -> Peer b3da65b6516f4dd4ab9c92a25ede4df6 (127.0.228.65:42635): Couldn't send request to peer b3da65b6516f4dd4ab9c92a25ede4df6. Status: Network error: Client connection negotiation failed: client connection to 127.0.228.65:42635: connect: Connection refused (error 111). This is attempt 1: this message will repeat every 5th retry.
I20260630 12:34:26.434679  1981 raft_consensus.cc:493] T b4ad9b21e9dd4e5e9c6ac6f4bdf75181 P 0b46859aedec44cc9e3ef6bb09b8c41d [term 2 FOLLOWER]: Starting pre-election (detected failure of leader b3da65b6516f4dd4ab9c92a25ede4df6)
I20260630 12:34:26.435448  1981 raft_consensus.cc:515] T b4ad9b21e9dd4e5e9c6ac6f4bdf75181 P 0b46859aedec44cc9e3ef6bb09b8c41d [term 2 FOLLOWER]: Starting pre-election with config: opid_index: 3 OBSOLETE_local: false peers { permanent_uuid: "b3da65b6516f4dd4ab9c92a25ede4df6" member_type: VOTER last_known_addr { host: "127.0.228.65" port: 42635 } } peers { permanent_uuid: "0b46859aedec44cc9e3ef6bb09b8c41d" member_type: VOTER last_known_addr { host: "127.0.228.66" port: 43295 } attrs { replace: true } } peers { permanent_uuid: "b65f4de43d1c4671862bc30959b74349" member_type: VOTER last_known_addr { host: "127.0.228.67" port: 40707 } } peers { permanent_uuid: "e42757755c2047f5bcbded15fbde7753" member_type: NON_VOTER last_known_addr { host: "127.0.228.68" port: 40933 } attrs { promote: true } }
W20260630 12:34:26.443248  1624 leader_election.cc:336] T b4ad9b21e9dd4e5e9c6ac6f4bdf75181 P 0b46859aedec44cc9e3ef6bb09b8c41d [CANDIDATE]: Term 3 pre-election: RPC error from VoteRequest() call to peer b3da65b6516f4dd4ab9c92a25ede4df6 (127.0.228.65:42635): Network error: Client connection negotiation failed: client connection to 127.0.228.65:42635: connect: Connection refused (error 111)
I20260630 12:34:26.444584  1981 leader_election.cc:290] T b4ad9b21e9dd4e5e9c6ac6f4bdf75181 P 0b46859aedec44cc9e3ef6bb09b8c41d [CANDIDATE]: Term 3 pre-election: Requested pre-vote from peers b3da65b6516f4dd4ab9c92a25ede4df6 (127.0.228.65:42635), b65f4de43d1c4671862bc30959b74349 (127.0.228.67:40707)
I20260630 12:34:26.445815  1730 tablet_service.cc:1917] Received RequestConsensusVote() RPC: tablet_id: "b4ad9b21e9dd4e5e9c6ac6f4bdf75181" candidate_uuid: "0b46859aedec44cc9e3ef6bb09b8c41d" candidate_term: 3 candidate_status { last_received { term: 2 index: 3 } } ignore_live_leader: false dest_uuid: "b65f4de43d1c4671862bc30959b74349" is_pre_election: true
I20260630 12:34:26.447458  1621 leader_election.cc:304] T b4ad9b21e9dd4e5e9c6ac6f4bdf75181 P 0b46859aedec44cc9e3ef6bb09b8c41d [CANDIDATE]: Term 3 pre-election: Election decided. Result: candidate lost. Election summary: received 3 responses out of 3 voters: 1 yes votes; 2 no votes. yes voters: 0b46859aedec44cc9e3ef6bb09b8c41d; no voters: b3da65b6516f4dd4ab9c92a25ede4df6, b65f4de43d1c4671862bc30959b74349
I20260630 12:34:26.448268  1981 raft_consensus.cc:2749] T b4ad9b21e9dd4e5e9c6ac6f4bdf75181 P 0b46859aedec44cc9e3ef6bb09b8c41d [term 2 FOLLOWER]: Leader pre-election lost for term 3. Reason: could not achieve majority
I20260630 12:34:26.457077  2023 raft_consensus.cc:2955] T e0c9f93aa5da4d31bd0999f2ced0feb0 P 0b46859aedec44cc9e3ef6bb09b8c41d [term 1 LEADER]: Committing config change with OpId 1.3: config changed from index 2 to 3, e42757755c2047f5bcbded15fbde7753 (127.0.228.68) changed from NON_VOTER to VOTER. New config: { opid_index: 3 OBSOLETE_local: false peers { permanent_uuid: "b3da65b6516f4dd4ab9c92a25ede4df6" member_type: VOTER last_known_addr { host: "127.0.228.65" port: 42635 } attrs { replace: true } } peers { permanent_uuid: "0b46859aedec44cc9e3ef6bb09b8c41d" member_type: VOTER last_known_addr { host: "127.0.228.66" port: 43295 } } peers { permanent_uuid: "b65f4de43d1c4671862bc30959b74349" member_type: VOTER last_known_addr { host: "127.0.228.67" port: 40707 } } peers { permanent_uuid: "e42757755c2047f5bcbded15fbde7753" member_type: VOTER last_known_addr { host: "127.0.228.68" port: 40933 } attrs { promote: false } } }
I20260630 12:34:26.459939  2001 raft_consensus.cc:493] T b4ad9b21e9dd4e5e9c6ac6f4bdf75181 P b65f4de43d1c4671862bc30959b74349 [term 2 FOLLOWER]: Starting pre-election (detected failure of leader b3da65b6516f4dd4ab9c92a25ede4df6)
I20260630 12:34:26.460505  2001 raft_consensus.cc:515] T b4ad9b21e9dd4e5e9c6ac6f4bdf75181 P b65f4de43d1c4671862bc30959b74349 [term 2 FOLLOWER]: Starting pre-election with config: opid_index: 3 OBSOLETE_local: false peers { permanent_uuid: "b3da65b6516f4dd4ab9c92a25ede4df6" member_type: VOTER last_known_addr { host: "127.0.228.65" port: 42635 } } peers { permanent_uuid: "0b46859aedec44cc9e3ef6bb09b8c41d" member_type: VOTER last_known_addr { host: "127.0.228.66" port: 43295 } attrs { replace: true } } peers { permanent_uuid: "b65f4de43d1c4671862bc30959b74349" member_type: VOTER last_known_addr { host: "127.0.228.67" port: 40707 } } peers { permanent_uuid: "e42757755c2047f5bcbded15fbde7753" member_type: NON_VOTER last_known_addr { host: "127.0.228.68" port: 40933 } attrs { promote: true } }
I20260630 12:34:26.462836  2001 leader_election.cc:290] T b4ad9b21e9dd4e5e9c6ac6f4bdf75181 P b65f4de43d1c4671862bc30959b74349 [CANDIDATE]: Term 3 pre-election: Requested pre-vote from peers b3da65b6516f4dd4ab9c92a25ede4df6 (127.0.228.65:42635), 0b46859aedec44cc9e3ef6bb09b8c41d (127.0.228.66:43295)
I20260630 12:34:26.468408  1658 tablet_service.cc:1917] Received RequestConsensusVote() RPC: tablet_id: "b4ad9b21e9dd4e5e9c6ac6f4bdf75181" candidate_uuid: "b65f4de43d1c4671862bc30959b74349" candidate_term: 3 candidate_status { last_received { term: 2 index: 3 } } ignore_live_leader: false dest_uuid: "0b46859aedec44cc9e3ef6bb09b8c41d" is_pre_election: true
I20260630 12:34:26.469089  1658 raft_consensus.cc:2468] T b4ad9b21e9dd4e5e9c6ac6f4bdf75181 P 0b46859aedec44cc9e3ef6bb09b8c41d [term 2 FOLLOWER]: Leader pre-election vote request: Granting yes vote for candidate b65f4de43d1c4671862bc30959b74349 in term 2.
W20260630 12:34:26.469137  1698 leader_election.cc:336] T b4ad9b21e9dd4e5e9c6ac6f4bdf75181 P b65f4de43d1c4671862bc30959b74349 [CANDIDATE]: Term 3 pre-election: RPC error from VoteRequest() call to peer b3da65b6516f4dd4ab9c92a25ede4df6 (127.0.228.65:42635): Network error: Client connection negotiation failed: client connection to 127.0.228.65:42635: connect: Connection refused (error 111)
I20260630 12:34:26.470144  2001 raft_consensus.cc:493] T aae127a612e74ae9a8664ddf858150e1 P b65f4de43d1c4671862bc30959b74349 [term 1 FOLLOWER]: Starting pre-election (detected failure of leader b3da65b6516f4dd4ab9c92a25ede4df6)
I20260630 12:34:26.470695  2001 raft_consensus.cc:515] T aae127a612e74ae9a8664ddf858150e1 P b65f4de43d1c4671862bc30959b74349 [term 1 FOLLOWER]: Starting pre-election with config: opid_index: -1 OBSOLETE_local: false peers { permanent_uuid: "b3da65b6516f4dd4ab9c92a25ede4df6" member_type: VOTER last_known_addr { host: "127.0.228.65" port: 42635 } } peers { permanent_uuid: "0b46859aedec44cc9e3ef6bb09b8c41d" member_type: VOTER last_known_addr { host: "127.0.228.66" port: 43295 } } peers { permanent_uuid: "b65f4de43d1c4671862bc30959b74349" member_type: VOTER last_known_addr { host: "127.0.228.67" port: 40707 } }
I20260630 12:34:26.471550  1698 leader_election.cc:304] T b4ad9b21e9dd4e5e9c6ac6f4bdf75181 P b65f4de43d1c4671862bc30959b74349 [CANDIDATE]: Term 3 pre-election: Election decided. Result: candidate won. Election summary: received 3 responses out of 3 voters: 2 yes votes; 1 no votes. yes voters: 0b46859aedec44cc9e3ef6bb09b8c41d, b65f4de43d1c4671862bc30959b74349; no voters: b3da65b6516f4dd4ab9c92a25ede4df6
I20260630 12:34:26.459336  1731 raft_consensus.cc:2955] T e0c9f93aa5da4d31bd0999f2ced0feb0 P b65f4de43d1c4671862bc30959b74349 [term 1 FOLLOWER]: Committing config change with OpId 1.3: config changed from index 2 to 3, e42757755c2047f5bcbded15fbde7753 (127.0.228.68) changed from NON_VOTER to VOTER. New config: { opid_index: 3 OBSOLETE_local: false peers { permanent_uuid: "b3da65b6516f4dd4ab9c92a25ede4df6" member_type: VOTER last_known_addr { host: "127.0.228.65" port: 42635 } attrs { replace: true } } peers { permanent_uuid: "0b46859aedec44cc9e3ef6bb09b8c41d" member_type: VOTER last_known_addr { host: "127.0.228.66" port: 43295 } } peers { permanent_uuid: "b65f4de43d1c4671862bc30959b74349" member_type: VOTER last_known_addr { host: "127.0.228.67" port: 40707 } } peers { permanent_uuid: "e42757755c2047f5bcbded15fbde7753" member_type: VOTER last_known_addr { host: "127.0.228.68" port: 40933 } attrs { promote: false } } }
I20260630 12:34:26.473730  2013 raft_consensus.cc:2804] T b4ad9b21e9dd4e5e9c6ac6f4bdf75181 P b65f4de43d1c4671862bc30959b74349 [term 2 FOLLOWER]: Leader pre-election won for term 3
I20260630 12:34:26.474095  2013 raft_consensus.cc:493] T b4ad9b21e9dd4e5e9c6ac6f4bdf75181 P b65f4de43d1c4671862bc30959b74349 [term 2 FOLLOWER]: Starting leader election (detected failure of leader b3da65b6516f4dd4ab9c92a25ede4df6)
I20260630 12:34:26.474444  2013 raft_consensus.cc:3060] T b4ad9b21e9dd4e5e9c6ac6f4bdf75181 P b65f4de43d1c4671862bc30959b74349 [term 2 FOLLOWER]: Advancing to term 3
I20260630 12:34:26.481426  2013 raft_consensus.cc:515] T b4ad9b21e9dd4e5e9c6ac6f4bdf75181 P b65f4de43d1c4671862bc30959b74349 [term 3 FOLLOWER]: Starting leader election with config: opid_index: 3 OBSOLETE_local: false peers { permanent_uuid: "b3da65b6516f4dd4ab9c92a25ede4df6" member_type: VOTER last_known_addr { host: "127.0.228.65" port: 42635 } } peers { permanent_uuid: "0b46859aedec44cc9e3ef6bb09b8c41d" member_type: VOTER last_known_addr { host: "127.0.228.66" port: 43295 } attrs { replace: true } } peers { permanent_uuid: "b65f4de43d1c4671862bc30959b74349" member_type: VOTER last_known_addr { host: "127.0.228.67" port: 40707 } } peers { permanent_uuid: "e42757755c2047f5bcbded15fbde7753" member_type: NON_VOTER last_known_addr { host: "127.0.228.68" port: 40933 } attrs { promote: true } }
I20260630 12:34:26.484688  2001 leader_election.cc:290] T aae127a612e74ae9a8664ddf858150e1 P b65f4de43d1c4671862bc30959b74349 [CANDIDATE]: Term 2 pre-election: Requested pre-vote from peers b3da65b6516f4dd4ab9c92a25ede4df6 (127.0.228.65:42635), 0b46859aedec44cc9e3ef6bb09b8c41d (127.0.228.66:43295)
I20260630 12:34:26.487318  1658 tablet_service.cc:1917] Received RequestConsensusVote() RPC: tablet_id: "aae127a612e74ae9a8664ddf858150e1" candidate_uuid: "b65f4de43d1c4671862bc30959b74349" candidate_term: 2 candidate_status { last_received { term: 1 index: 1 } } ignore_live_leader: false dest_uuid: "0b46859aedec44cc9e3ef6bb09b8c41d" is_pre_election: true
I20260630 12:34:26.486938  1478 catalog_manager.cc:5697] T e0c9f93aa5da4d31bd0999f2ced0feb0 P b65f4de43d1c4671862bc30959b74349 reported cstate change: config changed from index 2 to 3, e42757755c2047f5bcbded15fbde7753 (127.0.228.68) changed from NON_VOTER to VOTER. New cstate: current_term: 1 leader_uuid: "0b46859aedec44cc9e3ef6bb09b8c41d" committed_config { opid_index: 3 OBSOLETE_local: false peers { permanent_uuid: "b3da65b6516f4dd4ab9c92a25ede4df6" member_type: VOTER last_known_addr { host: "127.0.228.65" port: 42635 } attrs { replace: true } } peers { permanent_uuid: "0b46859aedec44cc9e3ef6bb09b8c41d" member_type: VOTER last_known_addr { host: "127.0.228.66" port: 43295 } } peers { permanent_uuid: "b65f4de43d1c4671862bc30959b74349" member_type: VOTER last_known_addr { host: "127.0.228.67" port: 40707 } } peers { permanent_uuid: "e42757755c2047f5bcbded15fbde7753" member_type: VOTER last_known_addr { host: "127.0.228.68" port: 40933 } attrs { promote: false } } }
I20260630 12:34:26.491925  2013 leader_election.cc:290] T b4ad9b21e9dd4e5e9c6ac6f4bdf75181 P b65f4de43d1c4671862bc30959b74349 [CANDIDATE]: Term 3 election: Requested vote from peers b3da65b6516f4dd4ab9c92a25ede4df6 (127.0.228.65:42635), 0b46859aedec44cc9e3ef6bb09b8c41d (127.0.228.66:43295)
W20260630 12:34:26.489897  1698 leader_election.cc:336] T aae127a612e74ae9a8664ddf858150e1 P b65f4de43d1c4671862bc30959b74349 [CANDIDATE]: Term 2 pre-election: RPC error from VoteRequest() call to peer b3da65b6516f4dd4ab9c92a25ede4df6 (127.0.228.65:42635): Network error: Client connection negotiation failed: client connection to 127.0.228.65:42635: connect: Connection refused (error 111)
I20260630 12:34:26.494082  1890 raft_consensus.cc:2955] T e0c9f93aa5da4d31bd0999f2ced0feb0 P e42757755c2047f5bcbded15fbde7753 [term 1 FOLLOWER]: Committing config change with OpId 1.3: config changed from index 2 to 3, e42757755c2047f5bcbded15fbde7753 (127.0.228.68) changed from NON_VOTER to VOTER. New config: { opid_index: 3 OBSOLETE_local: false peers { permanent_uuid: "b3da65b6516f4dd4ab9c92a25ede4df6" member_type: VOTER last_known_addr { host: "127.0.228.65" port: 42635 } attrs { replace: true } } peers { permanent_uuid: "0b46859aedec44cc9e3ef6bb09b8c41d" member_type: VOTER last_known_addr { host: "127.0.228.66" port: 43295 } } peers { permanent_uuid: "b65f4de43d1c4671862bc30959b74349" member_type: VOTER last_known_addr { host: "127.0.228.67" port: 40707 } } peers { permanent_uuid: "e42757755c2047f5bcbded15fbde7753" member_type: VOTER last_known_addr { host: "127.0.228.68" port: 40933 } attrs { promote: false } } }
I20260630 12:34:26.496165  1658 tablet_service.cc:1917] Received RequestConsensusVote() RPC: tablet_id: "b4ad9b21e9dd4e5e9c6ac6f4bdf75181" candidate_uuid: "b65f4de43d1c4671862bc30959b74349" candidate_term: 3 candidate_status { last_received { term: 2 index: 3 } } ignore_live_leader: false dest_uuid: "0b46859aedec44cc9e3ef6bb09b8c41d"
I20260630 12:34:26.496763  1658 raft_consensus.cc:3060] T b4ad9b21e9dd4e5e9c6ac6f4bdf75181 P 0b46859aedec44cc9e3ef6bb09b8c41d [term 2 FOLLOWER]: Advancing to term 3
I20260630 12:34:26.502813  1658 raft_consensus.cc:2468] T b4ad9b21e9dd4e5e9c6ac6f4bdf75181 P 0b46859aedec44cc9e3ef6bb09b8c41d [term 3 FOLLOWER]: Leader election vote request: Granting yes vote for candidate b65f4de43d1c4671862bc30959b74349 in term 3.
I20260630 12:34:26.496266  1698 leader_election.cc:304] T aae127a612e74ae9a8664ddf858150e1 P b65f4de43d1c4671862bc30959b74349 [CANDIDATE]: Term 2 pre-election: Election decided. Result: candidate lost. Election summary: received 3 responses out of 3 voters: 1 yes votes; 2 no votes. yes voters: b65f4de43d1c4671862bc30959b74349; no voters: 0b46859aedec44cc9e3ef6bb09b8c41d, b3da65b6516f4dd4ab9c92a25ede4df6
I20260630 12:34:26.505105  2001 raft_consensus.cc:2749] T aae127a612e74ae9a8664ddf858150e1 P b65f4de43d1c4671862bc30959b74349 [term 1 FOLLOWER]: Leader pre-election lost for term 2. Reason: could not achieve majority
I20260630 12:34:26.506840  1698 leader_election.cc:304] T b4ad9b21e9dd4e5e9c6ac6f4bdf75181 P b65f4de43d1c4671862bc30959b74349 [CANDIDATE]: Term 3 election: Election decided. Result: candidate won. Election summary: received 2 responses out of 3 voters: 2 yes votes; 0 no votes. yes voters: 0b46859aedec44cc9e3ef6bb09b8c41d, b65f4de43d1c4671862bc30959b74349; no voters: 
I20260630 12:34:26.507576  2001 raft_consensus.cc:2804] T b4ad9b21e9dd4e5e9c6ac6f4bdf75181 P b65f4de43d1c4671862bc30959b74349 [term 3 FOLLOWER]: Leader election won for term 3
I20260630 12:34:26.508046  2001 raft_consensus.cc:697] T b4ad9b21e9dd4e5e9c6ac6f4bdf75181 P b65f4de43d1c4671862bc30959b74349 [term 3 LEADER]: Becoming Leader. State: Replica: b65f4de43d1c4671862bc30959b74349, State: Running, Role: LEADER
I20260630 12:34:26.508916  2001 consensus_queue.cc:237] T b4ad9b21e9dd4e5e9c6ac6f4bdf75181 P b65f4de43d1c4671862bc30959b74349 [LEADER]: Queue going to LEADER mode. State: All replicated index: 0, Majority replicated index: 3, Committed index: 3, Last appended: 2.3, Last appended by leader: 3, Current term: 3, Majority size: 2, State: 0, Mode: LEADER, active raft config: opid_index: 3 OBSOLETE_local: false peers { permanent_uuid: "b3da65b6516f4dd4ab9c92a25ede4df6" member_type: VOTER last_known_addr { host: "127.0.228.65" port: 42635 } } peers { permanent_uuid: "0b46859aedec44cc9e3ef6bb09b8c41d" member_type: VOTER last_known_addr { host: "127.0.228.66" port: 43295 } attrs { replace: true } } peers { permanent_uuid: "b65f4de43d1c4671862bc30959b74349" member_type: VOTER last_known_addr { host: "127.0.228.67" port: 40707 } } peers { permanent_uuid: "e42757755c2047f5bcbded15fbde7753" member_type: NON_VOTER last_known_addr { host: "127.0.228.68" port: 40933 } attrs { promote: true } }
I20260630 12:34:26.510434  1981 raft_consensus.cc:493] T 656eca4dd53349ceaa20fedc5c40dbe7 P 0b46859aedec44cc9e3ef6bb09b8c41d [term 2 FOLLOWER]: Starting pre-election (detected failure of leader b3da65b6516f4dd4ab9c92a25ede4df6)
I20260630 12:34:26.510172  1956 raft_consensus.cc:493] T 656eca4dd53349ceaa20fedc5c40dbe7 P b65f4de43d1c4671862bc30959b74349 [term 2 FOLLOWER]: Starting pre-election (detected failure of leader b3da65b6516f4dd4ab9c92a25ede4df6)
I20260630 12:34:26.512705  1956 raft_consensus.cc:515] T 656eca4dd53349ceaa20fedc5c40dbe7 P b65f4de43d1c4671862bc30959b74349 [term 2 FOLLOWER]: Starting pre-election with config: opid_index: 3 OBSOLETE_local: false peers { permanent_uuid: "b3da65b6516f4dd4ab9c92a25ede4df6" member_type: VOTER last_known_addr { host: "127.0.228.65" port: 42635 } } peers { permanent_uuid: "0b46859aedec44cc9e3ef6bb09b8c41d" member_type: VOTER last_known_addr { host: "127.0.228.66" port: 43295 } attrs { replace: true } } peers { permanent_uuid: "b65f4de43d1c4671862bc30959b74349" member_type: VOTER last_known_addr { host: "127.0.228.67" port: 40707 } } peers { permanent_uuid: "e42757755c2047f5bcbded15fbde7753" member_type: NON_VOTER last_known_addr { host: "127.0.228.68" port: 40933 } attrs { promote: true } }
I20260630 12:34:26.512049  1981 raft_consensus.cc:515] T 656eca4dd53349ceaa20fedc5c40dbe7 P 0b46859aedec44cc9e3ef6bb09b8c41d [term 2 FOLLOWER]: Starting pre-election with config: opid_index: 3 OBSOLETE_local: false peers { permanent_uuid: "b3da65b6516f4dd4ab9c92a25ede4df6" member_type: VOTER last_known_addr { host: "127.0.228.65" port: 42635 } } peers { permanent_uuid: "0b46859aedec44cc9e3ef6bb09b8c41d" member_type: VOTER last_known_addr { host: "127.0.228.66" port: 43295 } attrs { replace: true } } peers { permanent_uuid: "b65f4de43d1c4671862bc30959b74349" member_type: VOTER last_known_addr { host: "127.0.228.67" port: 40707 } } peers { permanent_uuid: "e42757755c2047f5bcbded15fbde7753" member_type: NON_VOTER last_known_addr { host: "127.0.228.68" port: 40933 } attrs { promote: true } }
I20260630 12:34:26.514788  1956 leader_election.cc:290] T 656eca4dd53349ceaa20fedc5c40dbe7 P b65f4de43d1c4671862bc30959b74349 [CANDIDATE]: Term 3 pre-election: Requested pre-vote from peers b3da65b6516f4dd4ab9c92a25ede4df6 (127.0.228.65:42635), 0b46859aedec44cc9e3ef6bb09b8c41d (127.0.228.66:43295)
I20260630 12:34:26.518867  1658 tablet_service.cc:1917] Received RequestConsensusVote() RPC: tablet_id: "656eca4dd53349ceaa20fedc5c40dbe7" candidate_uuid: "b65f4de43d1c4671862bc30959b74349" candidate_term: 3 candidate_status { last_received { term: 2 index: 3 } } ignore_live_leader: false dest_uuid: "0b46859aedec44cc9e3ef6bb09b8c41d" is_pre_election: true
I20260630 12:34:26.519512  1658 raft_consensus.cc:2468] T 656eca4dd53349ceaa20fedc5c40dbe7 P 0b46859aedec44cc9e3ef6bb09b8c41d [term 2 FOLLOWER]: Leader pre-election vote request: Granting yes vote for candidate b65f4de43d1c4671862bc30959b74349 in term 2.
I20260630 12:34:26.521149  1981 leader_election.cc:290] T 656eca4dd53349ceaa20fedc5c40dbe7 P 0b46859aedec44cc9e3ef6bb09b8c41d [CANDIDATE]: Term 3 pre-election: Requested pre-vote from peers b3da65b6516f4dd4ab9c92a25ede4df6 (127.0.228.65:42635), b65f4de43d1c4671862bc30959b74349 (127.0.228.67:40707)
W20260630 12:34:26.521644  1624 leader_election.cc:336] T 656eca4dd53349ceaa20fedc5c40dbe7 P 0b46859aedec44cc9e3ef6bb09b8c41d [CANDIDATE]: Term 3 pre-election: RPC error from VoteRequest() call to peer b3da65b6516f4dd4ab9c92a25ede4df6 (127.0.228.65:42635): Network error: Client connection negotiation failed: client connection to 127.0.228.65:42635: connect: Connection refused (error 111)
W20260630 12:34:26.523496  1698 leader_election.cc:336] T b4ad9b21e9dd4e5e9c6ac6f4bdf75181 P b65f4de43d1c4671862bc30959b74349 [CANDIDATE]: Term 3 election: RPC error from VoteRequest() call to peer b3da65b6516f4dd4ab9c92a25ede4df6 (127.0.228.65:42635): Network error: Client connection negotiation failed: client connection to 127.0.228.65:42635: connect: Connection refused (error 111)
I20260630 12:34:26.534627  1698 leader_election.cc:304] T 656eca4dd53349ceaa20fedc5c40dbe7 P b65f4de43d1c4671862bc30959b74349 [CANDIDATE]: Term 3 pre-election: Election decided. Result: candidate won. Election summary: received 2 responses out of 3 voters: 2 yes votes; 0 no votes. yes voters: 0b46859aedec44cc9e3ef6bb09b8c41d, b65f4de43d1c4671862bc30959b74349; no voters: 
I20260630 12:34:26.535415  2001 raft_consensus.cc:2804] T 656eca4dd53349ceaa20fedc5c40dbe7 P b65f4de43d1c4671862bc30959b74349 [term 2 FOLLOWER]: Leader pre-election won for term 3
I20260630 12:34:26.535781  2001 raft_consensus.cc:493] T 656eca4dd53349ceaa20fedc5c40dbe7 P b65f4de43d1c4671862bc30959b74349 [term 2 FOLLOWER]: Starting leader election (detected failure of leader b3da65b6516f4dd4ab9c92a25ede4df6)
I20260630 12:34:26.536178  2001 raft_consensus.cc:3060] T 656eca4dd53349ceaa20fedc5c40dbe7 P b65f4de43d1c4671862bc30959b74349 [term 2 FOLLOWER]: Advancing to term 3
W20260630 12:34:26.536514  1698 leader_election.cc:336] T 656eca4dd53349ceaa20fedc5c40dbe7 P b65f4de43d1c4671862bc30959b74349 [CANDIDATE]: Term 3 pre-election: RPC error from VoteRequest() call to peer b3da65b6516f4dd4ab9c92a25ede4df6 (127.0.228.65:42635): Network error: Client connection negotiation failed: client connection to 127.0.228.65:42635: connect: Connection refused (error 111)
I20260630 12:34:26.537690  1731 tablet_service.cc:1917] Received RequestConsensusVote() RPC: tablet_id: "656eca4dd53349ceaa20fedc5c40dbe7" candidate_uuid: "0b46859aedec44cc9e3ef6bb09b8c41d" candidate_term: 3 candidate_status { last_received { term: 2 index: 3 } } ignore_live_leader: false dest_uuid: "b65f4de43d1c4671862bc30959b74349" is_pre_election: true
I20260630 12:34:26.548741  1658 consensus_queue.cc:237] T e0c9f93aa5da4d31bd0999f2ced0feb0 P 0b46859aedec44cc9e3ef6bb09b8c41d [LEADER]: Queue going to LEADER mode. State: All replicated index: 0, Majority replicated index: 3, Committed index: 3, Last appended: 1.3, Last appended by leader: 0, Current term: 1, Majority size: 2, State: 0, Mode: LEADER, active raft config: opid_index: 4 OBSOLETE_local: false peers { permanent_uuid: "0b46859aedec44cc9e3ef6bb09b8c41d" member_type: VOTER last_known_addr { host: "127.0.228.66" port: 43295 } } peers { permanent_uuid: "b65f4de43d1c4671862bc30959b74349" member_type: VOTER last_known_addr { host: "127.0.228.67" port: 40707 } } peers { permanent_uuid: "e42757755c2047f5bcbded15fbde7753" member_type: VOTER last_known_addr { host: "127.0.228.68" port: 40933 } attrs { promote: false } }
I20260630 12:34:26.550930  1481 catalog_manager.cc:5697] T b4ad9b21e9dd4e5e9c6ac6f4bdf75181 P b65f4de43d1c4671862bc30959b74349 reported cstate change: term changed from 2 to 3, leader changed from b3da65b6516f4dd4ab9c92a25ede4df6 (127.0.228.65) to b65f4de43d1c4671862bc30959b74349 (127.0.228.67). New cstate: current_term: 3 leader_uuid: "b65f4de43d1c4671862bc30959b74349" committed_config { opid_index: 3 OBSOLETE_local: false peers { permanent_uuid: "b3da65b6516f4dd4ab9c92a25ede4df6" member_type: VOTER last_known_addr { host: "127.0.228.65" port: 42635 } health_report { overall_health: UNKNOWN } } peers { permanent_uuid: "0b46859aedec44cc9e3ef6bb09b8c41d" member_type: VOTER last_known_addr { host: "127.0.228.66" port: 43295 } attrs { replace: true } health_report { overall_health: UNKNOWN } } peers { permanent_uuid: "b65f4de43d1c4671862bc30959b74349" member_type: VOTER last_known_addr { host: "127.0.228.67" port: 40707 } health_report { overall_health: HEALTHY } } peers { permanent_uuid: "e42757755c2047f5bcbded15fbde7753" member_type: NON_VOTER last_known_addr { host: "127.0.228.68" port: 40933 } attrs { promote: true } health_report { overall_health: UNKNOWN } } }
I20260630 12:34:26.555310  1890 raft_consensus.cc:1275] T e0c9f93aa5da4d31bd0999f2ced0feb0 P e42757755c2047f5bcbded15fbde7753 [term 1 FOLLOWER]: Refusing update from remote peer 0b46859aedec44cc9e3ef6bb09b8c41d: Log matching property violated. Preceding OpId in replica: term: 1 index: 3. Preceding OpId from leader: term: 1 index: 4. (index mismatch)
I20260630 12:34:26.555855  1730 raft_consensus.cc:1275] T e0c9f93aa5da4d31bd0999f2ced0feb0 P b65f4de43d1c4671862bc30959b74349 [term 1 FOLLOWER]: Refusing update from remote peer 0b46859aedec44cc9e3ef6bb09b8c41d: Log matching property violated. Preceding OpId in replica: term: 1 index: 3. Preceding OpId from leader: term: 1 index: 4. (index mismatch)
I20260630 12:34:26.556950  1981 consensus_queue.cc:1048] T e0c9f93aa5da4d31bd0999f2ced0feb0 P 0b46859aedec44cc9e3ef6bb09b8c41d [LEADER]: Connected to new peer: Peer: permanent_uuid: "e42757755c2047f5bcbded15fbde7753" member_type: VOTER last_known_addr { host: "127.0.228.68" port: 40933 } attrs { promote: false }, Status: LMP_MISMATCH, Last received: 0.0, Next index: 4, Last known committed idx: 3, Time since last communication: 0.000s
I20260630 12:34:26.557255  2001 raft_consensus.cc:515] T 656eca4dd53349ceaa20fedc5c40dbe7 P b65f4de43d1c4671862bc30959b74349 [term 3 FOLLOWER]: Starting leader election with config: opid_index: 3 OBSOLETE_local: false peers { permanent_uuid: "b3da65b6516f4dd4ab9c92a25ede4df6" member_type: VOTER last_known_addr { host: "127.0.228.65" port: 42635 } } peers { permanent_uuid: "0b46859aedec44cc9e3ef6bb09b8c41d" member_type: VOTER last_known_addr { host: "127.0.228.66" port: 43295 } attrs { replace: true } } peers { permanent_uuid: "b65f4de43d1c4671862bc30959b74349" member_type: VOTER last_known_addr { host: "127.0.228.67" port: 40707 } } peers { permanent_uuid: "e42757755c2047f5bcbded15fbde7753" member_type: NON_VOTER last_known_addr { host: "127.0.228.68" port: 40933 } attrs { promote: true } }
I20260630 12:34:26.558678  1731 raft_consensus.cc:2393] T 656eca4dd53349ceaa20fedc5c40dbe7 P b65f4de43d1c4671862bc30959b74349 [term 3 FOLLOWER]: Leader pre-election vote request: Denying vote to candidate 0b46859aedec44cc9e3ef6bb09b8c41d in current term 3: Already voted for candidate b65f4de43d1c4671862bc30959b74349 in this term.
I20260630 12:34:26.559383  2001 leader_election.cc:290] T 656eca4dd53349ceaa20fedc5c40dbe7 P b65f4de43d1c4671862bc30959b74349 [CANDIDATE]: Term 3 election: Requested vote from peers b3da65b6516f4dd4ab9c92a25ede4df6 (127.0.228.65:42635), 0b46859aedec44cc9e3ef6bb09b8c41d (127.0.228.66:43295)
I20260630 12:34:26.561384  1981 consensus_queue.cc:1048] T e0c9f93aa5da4d31bd0999f2ced0feb0 P 0b46859aedec44cc9e3ef6bb09b8c41d [LEADER]: Connected to new peer: Peer: permanent_uuid: "b65f4de43d1c4671862bc30959b74349" member_type: VOTER last_known_addr { host: "127.0.228.67" port: 40707 }, Status: LMP_MISMATCH, Last received: 0.0, Next index: 4, Last known committed idx: 3, Time since last communication: 0.000s
I20260630 12:34:26.563264  1658 tablet_service.cc:1917] Received RequestConsensusVote() RPC: tablet_id: "656eca4dd53349ceaa20fedc5c40dbe7" candidate_uuid: "b65f4de43d1c4671862bc30959b74349" candidate_term: 3 candidate_status { last_received { term: 2 index: 3 } } ignore_live_leader: false dest_uuid: "0b46859aedec44cc9e3ef6bb09b8c41d"
I20260630 12:34:26.563777  1658 raft_consensus.cc:3060] T 656eca4dd53349ceaa20fedc5c40dbe7 P 0b46859aedec44cc9e3ef6bb09b8c41d [term 2 FOLLOWER]: Advancing to term 3
I20260630 12:34:26.566633  1621 leader_election.cc:304] T 656eca4dd53349ceaa20fedc5c40dbe7 P 0b46859aedec44cc9e3ef6bb09b8c41d [CANDIDATE]: Term 3 pre-election: Election decided. Result: candidate lost. Election summary: received 3 responses out of 3 voters: 1 yes votes; 2 no votes. yes voters: 0b46859aedec44cc9e3ef6bb09b8c41d; no voters: b3da65b6516f4dd4ab9c92a25ede4df6, b65f4de43d1c4671862bc30959b74349
W20260630 12:34:26.567270  1698 leader_election.cc:336] T 656eca4dd53349ceaa20fedc5c40dbe7 P b65f4de43d1c4671862bc30959b74349 [CANDIDATE]: Term 3 election: RPC error from VoteRequest() call to peer b3da65b6516f4dd4ab9c92a25ede4df6 (127.0.228.65:42635): Network error: Client connection negotiation failed: client connection to 127.0.228.65:42635: connect: Connection refused (error 111)
I20260630 12:34:26.569952  2023 raft_consensus.cc:2955] T e0c9f93aa5da4d31bd0999f2ced0feb0 P 0b46859aedec44cc9e3ef6bb09b8c41d [term 1 LEADER]: Committing config change with OpId 1.4: config changed from index 3 to 4, VOTER b3da65b6516f4dd4ab9c92a25ede4df6 (127.0.228.65) evicted. New config: { opid_index: 4 OBSOLETE_local: false peers { permanent_uuid: "0b46859aedec44cc9e3ef6bb09b8c41d" member_type: VOTER last_known_addr { host: "127.0.228.66" port: 43295 } } peers { permanent_uuid: "b65f4de43d1c4671862bc30959b74349" member_type: VOTER last_known_addr { host: "127.0.228.67" port: 40707 } } peers { permanent_uuid: "e42757755c2047f5bcbded15fbde7753" member_type: VOTER last_known_addr { host: "127.0.228.68" port: 40933 } attrs { promote: false } } }
I20260630 12:34:26.573036  1890 raft_consensus.cc:2955] T e0c9f93aa5da4d31bd0999f2ced0feb0 P e42757755c2047f5bcbded15fbde7753 [term 1 FOLLOWER]: Committing config change with OpId 1.4: config changed from index 3 to 4, VOTER b3da65b6516f4dd4ab9c92a25ede4df6 (127.0.228.65) evicted. New config: { opid_index: 4 OBSOLETE_local: false peers { permanent_uuid: "0b46859aedec44cc9e3ef6bb09b8c41d" member_type: VOTER last_known_addr { host: "127.0.228.66" port: 43295 } } peers { permanent_uuid: "b65f4de43d1c4671862bc30959b74349" member_type: VOTER last_known_addr { host: "127.0.228.67" port: 40707 } } peers { permanent_uuid: "e42757755c2047f5bcbded15fbde7753" member_type: VOTER last_known_addr { host: "127.0.228.68" port: 40933 } attrs { promote: false } } }
I20260630 12:34:26.580664  1731 raft_consensus.cc:2955] T e0c9f93aa5da4d31bd0999f2ced0feb0 P b65f4de43d1c4671862bc30959b74349 [term 1 FOLLOWER]: Committing config change with OpId 1.4: config changed from index 3 to 4, VOTER b3da65b6516f4dd4ab9c92a25ede4df6 (127.0.228.65) evicted. New config: { opid_index: 4 OBSOLETE_local: false peers { permanent_uuid: "0b46859aedec44cc9e3ef6bb09b8c41d" member_type: VOTER last_known_addr { host: "127.0.228.66" port: 43295 } } peers { permanent_uuid: "b65f4de43d1c4671862bc30959b74349" member_type: VOTER last_known_addr { host: "127.0.228.67" port: 40707 } } peers { permanent_uuid: "e42757755c2047f5bcbded15fbde7753" member_type: VOTER last_known_addr { host: "127.0.228.68" port: 40933 } attrs { promote: false } } }
I20260630 12:34:26.589872  1468 catalog_manager.cc:5210] ChangeConfig:REMOVE_PEER RPC for tablet e0c9f93aa5da4d31bd0999f2ced0feb0 with cas_config_opid_index 3: ChangeConfig:REMOVE_PEER succeeded (attempt 1)
I20260630 12:34:26.591737  1658 raft_consensus.cc:2468] T 656eca4dd53349ceaa20fedc5c40dbe7 P 0b46859aedec44cc9e3ef6bb09b8c41d [term 3 FOLLOWER]: Leader election vote request: Granting yes vote for candidate b65f4de43d1c4671862bc30959b74349 in term 3.
I20260630 12:34:26.596683  1981 raft_consensus.cc:2749] T 656eca4dd53349ceaa20fedc5c40dbe7 P 0b46859aedec44cc9e3ef6bb09b8c41d [term 3 FOLLOWER]: Leader pre-election lost for term 3. Reason: could not achieve majority
I20260630 12:34:26.593881  1481 catalog_manager.cc:5697] T e0c9f93aa5da4d31bd0999f2ced0feb0 P 0b46859aedec44cc9e3ef6bb09b8c41d reported cstate change: config changed from index 3 to 4, VOTER b3da65b6516f4dd4ab9c92a25ede4df6 (127.0.228.65) evicted. New cstate: current_term: 1 leader_uuid: "0b46859aedec44cc9e3ef6bb09b8c41d" committed_config { opid_index: 4 OBSOLETE_local: false peers { permanent_uuid: "0b46859aedec44cc9e3ef6bb09b8c41d" member_type: VOTER last_known_addr { host: "127.0.228.66" port: 43295 } health_report { overall_health: HEALTHY } } peers { permanent_uuid: "b65f4de43d1c4671862bc30959b74349" member_type: VOTER last_known_addr { host: "127.0.228.67" port: 40707 } health_report { overall_health: HEALTHY } } peers { permanent_uuid: "e42757755c2047f5bcbded15fbde7753" member_type: VOTER last_known_addr { host: "127.0.228.68" port: 40933 } attrs { promote: false } health_report { overall_health: HEALTHY } } }
I20260630 12:34:26.600719  1698 leader_election.cc:304] T 656eca4dd53349ceaa20fedc5c40dbe7 P b65f4de43d1c4671862bc30959b74349 [CANDIDATE]: Term 3 election: Election decided. Result: candidate won. Election summary: received 3 responses out of 3 voters: 2 yes votes; 1 no votes. yes voters: 0b46859aedec44cc9e3ef6bb09b8c41d, b65f4de43d1c4671862bc30959b74349; no voters: b3da65b6516f4dd4ab9c92a25ede4df6
I20260630 12:34:26.601565  2001 raft_consensus.cc:2804] T 656eca4dd53349ceaa20fedc5c40dbe7 P b65f4de43d1c4671862bc30959b74349 [term 3 FOLLOWER]: Leader election won for term 3
I20260630 12:34:26.602327  2001 raft_consensus.cc:697] T 656eca4dd53349ceaa20fedc5c40dbe7 P b65f4de43d1c4671862bc30959b74349 [term 3 LEADER]: Becoming Leader. State: Replica: b65f4de43d1c4671862bc30959b74349, State: Running, Role: LEADER
I20260630 12:34:26.603299  2001 consensus_queue.cc:237] T 656eca4dd53349ceaa20fedc5c40dbe7 P b65f4de43d1c4671862bc30959b74349 [LEADER]: Queue going to LEADER mode. State: All replicated index: 0, Majority replicated index: 3, Committed index: 3, Last appended: 2.3, Last appended by leader: 3, Current term: 3, Majority size: 2, State: 0, Mode: LEADER, active raft config: opid_index: 3 OBSOLETE_local: false peers { permanent_uuid: "b3da65b6516f4dd4ab9c92a25ede4df6" member_type: VOTER last_known_addr { host: "127.0.228.65" port: 42635 } } peers { permanent_uuid: "0b46859aedec44cc9e3ef6bb09b8c41d" member_type: VOTER last_known_addr { host: "127.0.228.66" port: 43295 } attrs { replace: true } } peers { permanent_uuid: "b65f4de43d1c4671862bc30959b74349" member_type: VOTER last_known_addr { host: "127.0.228.67" port: 40707 } } peers { permanent_uuid: "e42757755c2047f5bcbded15fbde7753" member_type: NON_VOTER last_known_addr { host: "127.0.228.68" port: 40933 } attrs { promote: true } }
I20260630 12:34:26.634981  1479 catalog_manager.cc:5697] T 656eca4dd53349ceaa20fedc5c40dbe7 P b65f4de43d1c4671862bc30959b74349 reported cstate change: term changed from 2 to 3, leader changed from b3da65b6516f4dd4ab9c92a25ede4df6 (127.0.228.65) to b65f4de43d1c4671862bc30959b74349 (127.0.228.67). New cstate: current_term: 3 leader_uuid: "b65f4de43d1c4671862bc30959b74349" committed_config { opid_index: 3 OBSOLETE_local: false peers { permanent_uuid: "b3da65b6516f4dd4ab9c92a25ede4df6" member_type: VOTER last_known_addr { host: "127.0.228.65" port: 42635 } health_report { overall_health: UNKNOWN } } peers { permanent_uuid: "0b46859aedec44cc9e3ef6bb09b8c41d" member_type: VOTER last_known_addr { host: "127.0.228.66" port: 43295 } attrs { replace: true } health_report { overall_health: UNKNOWN } } peers { permanent_uuid: "b65f4de43d1c4671862bc30959b74349" member_type: VOTER last_known_addr { host: "127.0.228.67" port: 40707 } health_report { overall_health: HEALTHY } } peers { permanent_uuid: "e42757755c2047f5bcbded15fbde7753" member_type: NON_VOTER last_known_addr { host: "127.0.228.68" port: 40933 } attrs { promote: true } health_report { overall_health: UNKNOWN } } }
W20260630 12:34:26.638108  1468 catalog_manager.cc:4755] TS b3da65b6516f4dd4ab9c92a25ede4df6 (127.0.228.65:42635): DeleteTablet:TABLET_DATA_TOMBSTONED RPC failed for tablet e0c9f93aa5da4d31bd0999f2ced0feb0: Network error: Client connection negotiation failed: client connection to 127.0.228.65:42635: connect: Connection refused (error 111)
I20260630 12:34:26.674026   913 tablet_server.cc:196] TabletServer@127.0.228.65:0 shutdown complete.
I20260630 12:34:26.694199   913 tablet_server.cc:179] TabletServer@127.0.228.66:0 shutting down...
W20260630 12:34:26.703692  1698 consensus_peers.cc:597] T 84b56393472b4a53922d0593f73b567d P b65f4de43d1c4671862bc30959b74349 -> Peer 0b46859aedec44cc9e3ef6bb09b8c41d (127.0.228.66:43295): Couldn't send request to peer 0b46859aedec44cc9e3ef6bb09b8c41d. Status: Remote error: Service unavailable: service kudu.consensus.ConsensusService not registered on TabletServer. This is attempt 1: this message will repeat every 5th retry.
I20260630 12:34:26.727463   913 ts_tablet_manager.cc:1507] Shutting down tablet manager...
I20260630 12:34:26.728166   913 tablet_replica.cc:333] T 316f95daf1a940e28ced328429169af5 P 0b46859aedec44cc9e3ef6bb09b8c41d: stopping tablet replica
I20260630 12:34:26.729032   913 raft_consensus.cc:2243] T 316f95daf1a940e28ced328429169af5 P 0b46859aedec44cc9e3ef6bb09b8c41d [term 3 LEADER]: Raft consensus shutting down.
I20260630 12:34:26.729750   913 raft_consensus.cc:2272] T 316f95daf1a940e28ced328429169af5 P 0b46859aedec44cc9e3ef6bb09b8c41d [term 3 FOLLOWER]: Raft consensus is shut down!
I20260630 12:34:26.731642   913 tablet_replica.cc:333] T b4ad9b21e9dd4e5e9c6ac6f4bdf75181 P 0b46859aedec44cc9e3ef6bb09b8c41d: stopping tablet replica
I20260630 12:34:26.732169   913 raft_consensus.cc:2243] T b4ad9b21e9dd4e5e9c6ac6f4bdf75181 P 0b46859aedec44cc9e3ef6bb09b8c41d [term 3 FOLLOWER]: Raft consensus shutting down.
I20260630 12:34:26.732661   913 raft_consensus.cc:2272] T b4ad9b21e9dd4e5e9c6ac6f4bdf75181 P 0b46859aedec44cc9e3ef6bb09b8c41d [term 3 FOLLOWER]: Raft consensus is shut down!
I20260630 12:34:26.734750   913 tablet_replica.cc:333] T 656eca4dd53349ceaa20fedc5c40dbe7 P 0b46859aedec44cc9e3ef6bb09b8c41d: stopping tablet replica
I20260630 12:34:26.735323   913 raft_consensus.cc:2243] T 656eca4dd53349ceaa20fedc5c40dbe7 P 0b46859aedec44cc9e3ef6bb09b8c41d [term 3 FOLLOWER]: Raft consensus shutting down.
I20260630 12:34:26.735824   913 raft_consensus.cc:2272] T 656eca4dd53349ceaa20fedc5c40dbe7 P 0b46859aedec44cc9e3ef6bb09b8c41d [term 3 FOLLOWER]: Raft consensus is shut down!
I20260630 12:34:26.737855   913 tablet_replica.cc:333] T aae127a612e74ae9a8664ddf858150e1 P 0b46859aedec44cc9e3ef6bb09b8c41d: stopping tablet replica
I20260630 12:34:26.738384   913 raft_consensus.cc:2243] T aae127a612e74ae9a8664ddf858150e1 P 0b46859aedec44cc9e3ef6bb09b8c41d [term 1 FOLLOWER]: Raft consensus shutting down.
I20260630 12:34:26.738840   913 raft_consensus.cc:2272] T aae127a612e74ae9a8664ddf858150e1 P 0b46859aedec44cc9e3ef6bb09b8c41d [term 1 FOLLOWER]: Raft consensus is shut down!
I20260630 12:34:26.740511   913 tablet_replica.cc:333] T e0c9f93aa5da4d31bd0999f2ced0feb0 P 0b46859aedec44cc9e3ef6bb09b8c41d: stopping tablet replica
I20260630 12:34:26.741204   913 raft_consensus.cc:2243] T e0c9f93aa5da4d31bd0999f2ced0feb0 P 0b46859aedec44cc9e3ef6bb09b8c41d [term 1 LEADER]: Raft consensus shutting down.
I20260630 12:34:26.741891   913 raft_consensus.cc:2272] T e0c9f93aa5da4d31bd0999f2ced0feb0 P 0b46859aedec44cc9e3ef6bb09b8c41d [term 1 FOLLOWER]: Raft consensus is shut down!
I20260630 12:34:26.744998   913 tablet_replica.cc:333] T 80e14f78a38d47e2af2af55162049682 P 0b46859aedec44cc9e3ef6bb09b8c41d: stopping tablet replica
I20260630 12:34:26.745373  2038 ts_tablet_manager.cc:933] T 80e14f78a38d47e2af2af55162049682 P e42757755c2047f5bcbded15fbde7753: Initiating tablet copy from peer 0b46859aedec44cc9e3ef6bb09b8c41d (127.0.228.66:43295)
I20260630 12:34:26.745663   913 raft_consensus.cc:2243] T 80e14f78a38d47e2af2af55162049682 P 0b46859aedec44cc9e3ef6bb09b8c41d [term 3 LEADER]: Raft consensus shutting down.
I20260630 12:34:26.746608   913 raft_consensus.cc:2272] T 80e14f78a38d47e2af2af55162049682 P 0b46859aedec44cc9e3ef6bb09b8c41d [term 3 FOLLOWER]: Raft consensus is shut down!
I20260630 12:34:26.749269   913 tablet_replica.cc:333] T 76f5abb698934a8d90c8c65af55cdd9f P 0b46859aedec44cc9e3ef6bb09b8c41d: stopping tablet replica
I20260630 12:34:26.750020   913 raft_consensus.cc:2243] T 76f5abb698934a8d90c8c65af55cdd9f P 0b46859aedec44cc9e3ef6bb09b8c41d [term 1 FOLLOWER]: Raft consensus shutting down.
I20260630 12:34:26.750592   913 raft_consensus.cc:2272] T 76f5abb698934a8d90c8c65af55cdd9f P 0b46859aedec44cc9e3ef6bb09b8c41d [term 1 FOLLOWER]: Raft consensus is shut down!
I20260630 12:34:26.751819  2038 tablet_copy_client.cc:323] T 80e14f78a38d47e2af2af55162049682 P e42757755c2047f5bcbded15fbde7753: tablet copy: Beginning tablet copy session from remote peer at address 127.0.228.66:43295
I20260630 12:34:26.752874   913 tablet_replica.cc:333] T 84b56393472b4a53922d0593f73b567d P 0b46859aedec44cc9e3ef6bb09b8c41d: stopping tablet replica
I20260630 12:34:26.753423   913 raft_consensus.cc:2243] T 84b56393472b4a53922d0593f73b567d P 0b46859aedec44cc9e3ef6bb09b8c41d [term 2 FOLLOWER]: Raft consensus shutting down.
I20260630 12:34:26.753813   913 raft_consensus.cc:2272] T 84b56393472b4a53922d0593f73b567d P 0b46859aedec44cc9e3ef6bb09b8c41d [term 2 FOLLOWER]: Raft consensus is shut down!
I20260630 12:34:26.777264   913 tablet_server.cc:196] TabletServer@127.0.228.66:0 shutdown complete.
W20260630 12:34:26.777244  1698 consensus_peers.cc:597] T 76f5abb698934a8d90c8c65af55cdd9f P b65f4de43d1c4671862bc30959b74349 -> Peer 0b46859aedec44cc9e3ef6bb09b8c41d (127.0.228.66:43295): Couldn't send request to peer 0b46859aedec44cc9e3ef6bb09b8c41d. Status: Network error: Client connection negotiation failed: client connection to 127.0.228.66:43295: connect: Connection refused (error 111). This is attempt 1: this message will repeat every 5th retry.
I20260630 12:34:26.798307   913 tablet_server.cc:179] TabletServer@127.0.228.67:0 shutting down...
W20260630 12:34:26.802524  1854 connection.cc:466] server connection from 127.0.0.1:50402 torn down before Call kudu.consensus.ConsensusService.StartTabletCopy from 127.0.0.1:50402 (request call id 12) could send its response
I20260630 12:34:26.834239  1534 auto_leader_rebalancer.cc:141] leader rebalance for table test-workload
I20260630 12:34:26.835237   913 ts_tablet_manager.cc:1507] Shutting down tablet manager...
I20260630 12:34:26.836102   913 tablet_replica.cc:333] T 80e14f78a38d47e2af2af55162049682 P b65f4de43d1c4671862bc30959b74349: stopping tablet replica
I20260630 12:34:26.836972   913 raft_consensus.cc:2243] T 80e14f78a38d47e2af2af55162049682 P b65f4de43d1c4671862bc30959b74349 [term 3 FOLLOWER]: Raft consensus shutting down.
I20260630 12:34:26.837579   913 raft_consensus.cc:2272] T 80e14f78a38d47e2af2af55162049682 P b65f4de43d1c4671862bc30959b74349 [term 3 FOLLOWER]: Raft consensus is shut down!
I20260630 12:34:26.840510   913 tablet_replica.cc:333] T 316f95daf1a940e28ced328429169af5 P b65f4de43d1c4671862bc30959b74349: stopping tablet replica
I20260630 12:34:26.841213   913 raft_consensus.cc:2243] T 316f95daf1a940e28ced328429169af5 P b65f4de43d1c4671862bc30959b74349 [term 3 FOLLOWER]: Raft consensus shutting down.
