[==========] Running 26 tests from 2 test suites.
[----------] Global test environment set-up.
[----------] 24 tests from AutoRebalancerTest
[ RUN      ] AutoRebalancerTest.OnlyLeaderDoesAutoRebalancing
WARNING: Logging before InitGoogleLogging() is written to STDERR
I20260630 12:34:09.199522  1091 internal_mini_cluster.cc:156] Creating distributed mini masters. Addrs: 127.1.16.254:46519,127.1.16.253:44653,127.1.16.252:33861
I20260630 12:34:09.201761  1091 env_posix.cc:2267] Not raising this process' open files per process limit of 1048576; it is already as high as it can go
I20260630 12:34:09.202869  1091 file_cache.cc:492] Constructed file cache file cache with capacity 419430
W20260630 12:34:09.221850  1098 instance_detector.cc:116] could not retrieve Azure instance metadata: Network error: curl error: HTTP response code said error: The requested URL returned error: 404
W20260630 12:34:09.222196  1097 instance_detector.cc:116] could not retrieve AWS instance metadata: Network error: curl error: HTTP response code said error: The requested URL returned error: 404
I20260630 12:34:09.223928  1091 server_base.cc:1061] running on GCE node
W20260630 12:34:09.222244  1100 instance_detector.cc:116] could not retrieve OpenStack instance metadata: Network error: curl error: HTTP response code said error: The requested URL returned error: 404
I20260630 12:34:10.461155  1091 hybrid_clock.cc:584] initializing the hybrid clock with 'system_unsync' time source
W20260630 12:34:10.461387  1091 system_unsync_time.cc:38] NTP support is disabled. Clock error bounds will not be accurate. This configuration is not suitable for distributed clusters.
I20260630 12:34:10.461651  1091 hybrid_clock.cc:648] HybridClock initialized: now 1782822850461624 us; error 0 us; skew 500 ppm
I20260630 12:34:10.462570  1091 server_base.cc:861] Flag tcmalloc_max_total_thread_cache_bytes is not working since tcmalloc is not enabled.
I20260630 12:34:10.468619  1091 webserver.cc:533] Webserver started at http://127.1.16.254:41287/ using document root <none> and password file <none>
I20260630 12:34:10.469470  1091 fs_manager.cc:362] Metadata directory not provided
I20260630 12:34:10.469668  1091 fs_manager.cc:368] Using write-ahead log directory (fs_wal_dir) as metadata directory
I20260630 12:34:10.470221  1091 server_base.cc:909] This appears to be a new deployment of Kudu; creating new FS layout
I20260630 12:34:10.476191  1091 fs_manager.cc:1068] Generated new instance metadata in path /tmp/dist-test-taskDpWLeb/test-tmp/auto_rebalancer-test.0.AutoRebalancerTest.OnlyLeaderDoesAutoRebalancing.1782822849031346-1091-0/minicluster-data/master-0-root/instance:
uuid: "6be95a5165d644c4b4f33ebcaf1d101a"
format_stamp: "Formatted at 2026-06-30 12:34:10 on dist-test-slave-wkhr"
I20260630 12:34:10.484124  1091 fs_manager.cc:696] Time spent creating directory manager: real 0.007s	user 0.007s	sys 0.001s
I20260630 12:34:10.489648  1106 log_block_manager.cc:4031] Time spent loading block containers with low live blocks: real 0.000s	user 0.000s	sys 0.000s
I20260630 12:34:10.490857  1091 fs_manager.cc:730] Time spent opening block manager: real 0.004s	user 0.002s	sys 0.001s
I20260630 12:34:10.491243  1091 fs_manager.cc:647] Opened local filesystem: /tmp/dist-test-taskDpWLeb/test-tmp/auto_rebalancer-test.0.AutoRebalancerTest.OnlyLeaderDoesAutoRebalancing.1782822849031346-1091-0/minicluster-data/master-0-root
uuid: "6be95a5165d644c4b4f33ebcaf1d101a"
format_stamp: "Formatted at 2026-06-30 12:34:10 on dist-test-slave-wkhr"
I20260630 12:34:10.491596  1091 fs_report.cc:389] FS layout report
--------------------
wal directory: /tmp/dist-test-taskDpWLeb/test-tmp/auto_rebalancer-test.0.AutoRebalancerTest.OnlyLeaderDoesAutoRebalancing.1782822849031346-1091-0/minicluster-data/master-0-root
metadata directory: /tmp/dist-test-taskDpWLeb/test-tmp/auto_rebalancer-test.0.AutoRebalancerTest.OnlyLeaderDoesAutoRebalancing.1782822849031346-1091-0/minicluster-data/master-0-root
1 data directories: /tmp/dist-test-taskDpWLeb/test-tmp/auto_rebalancer-test.0.AutoRebalancerTest.OnlyLeaderDoesAutoRebalancing.1782822849031346-1091-0/minicluster-data/master-0-root/data
Total live blocks: 0
Total live bytes: 0
Total live bytes (after alignment): 0
Total number of LBM containers: 0 (0 full)
Did not check for missing blocks
Did not check for orphaned blocks
Total full LBM containers with extra space: 0 (0 repaired)
Total full LBM container extra space in bytes: 0 (0 repaired)
Total incomplete LBM containers: 0 (0 repaired)
Total LBM partial records: 0 (0 repaired)
Total corrupted LBM metadata records in RocksDB: 0 (0 repaired)
I20260630 12:34:10.557049  1091 rpc_server.cc:225] running with OpenSSL 1.1.1  11 Sep 2018
I20260630 12:34:10.558593  1091 env_posix.cc:2267] Not raising this process' running threads per effective uid limit of 18446744073709551615; it is already as high as it can go
I20260630 12:34:10.559216  1091 kserver.cc:163] Server-wide thread pool size limit: 3276
I20260630 12:34:10.635665  1091 rpc_server.cc:307] RPC server started. Bound to: 127.1.16.254:46519
I20260630 12:34:10.635865  1157 acceptor_pool.cc:272] collecting diagnostics on the listening RPC socket 127.1.16.254:46519 every 8 connection(s)
I20260630 12:34:10.642768  1091 file_cache.cc:492] Constructed file cache file cache with capacity 419430
I20260630 12:34:10.644202  1158 data_dirs.cc:400] Could only allocate 1 dirs of requested 3 for tablet 00000000000000000000000000000000. 1 dirs total, 0 dirs full, 0 dirs failed
W20260630 12:34:10.650363  1160 instance_detector.cc:116] could not retrieve AWS instance metadata: Network error: curl error: HTTP response code said error: The requested URL returned error: 404
W20260630 12:34:10.652064  1161 instance_detector.cc:116] could not retrieve Azure instance metadata: Network error: curl error: HTTP response code said error: The requested URL returned error: 404
W20260630 12:34:10.655743  1163 instance_detector.cc:116] could not retrieve OpenStack instance metadata: Network error: curl error: HTTP response code said error: The requested URL returned error: 404
I20260630 12:34:10.656944  1091 server_base.cc:1061] running on GCE node
I20260630 12:34:10.657662  1091 hybrid_clock.cc:584] initializing the hybrid clock with 'system_unsync' time source
W20260630 12:34:10.657904  1091 system_unsync_time.cc:38] NTP support is disabled. Clock error bounds will not be accurate. This configuration is not suitable for distributed clusters.
I20260630 12:34:10.658083  1091 hybrid_clock.cc:648] HybridClock initialized: now 1782822850658056 us; error 0 us; skew 500 ppm
I20260630 12:34:10.658600  1091 server_base.cc:861] Flag tcmalloc_max_total_thread_cache_bytes is not working since tcmalloc is not enabled.
I20260630 12:34:10.662062  1091 webserver.cc:533] Webserver started at http://127.1.16.253:43989/ using document root <none> and password file <none>
I20260630 12:34:10.662597  1091 fs_manager.cc:362] Metadata directory not provided
I20260630 12:34:10.662853  1091 fs_manager.cc:368] Using write-ahead log directory (fs_wal_dir) as metadata directory
I20260630 12:34:10.663141  1091 server_base.cc:909] This appears to be a new deployment of Kudu; creating new FS layout
I20260630 12:34:10.664201  1091 fs_manager.cc:1068] Generated new instance metadata in path /tmp/dist-test-taskDpWLeb/test-tmp/auto_rebalancer-test.0.AutoRebalancerTest.OnlyLeaderDoesAutoRebalancing.1782822849031346-1091-0/minicluster-data/master-1-root/instance:
uuid: "827dec8b3a424ed2ae76329c0420aca0"
format_stamp: "Formatted at 2026-06-30 12:34:10 on dist-test-slave-wkhr"
I20260630 12:34:10.666266  1158 sys_catalog.cc:422] member_type: VOTER last_known_addr { host: "127.1.16.254" port: 46519 } has no permanent_uuid. Determining permanent_uuid...
I20260630 12:34:10.671800  1091 fs_manager.cc:696] Time spent creating directory manager: real 0.007s	user 0.006s	sys 0.002s
I20260630 12:34:10.679945  1169 log_block_manager.cc:4031] Time spent loading block containers with low live blocks: real 0.000s	user 0.000s	sys 0.000s
I20260630 12:34:10.681880  1091 fs_manager.cc:730] Time spent opening block manager: real 0.008s	user 0.002s	sys 0.006s
I20260630 12:34:10.682202  1091 fs_manager.cc:647] Opened local filesystem: /tmp/dist-test-taskDpWLeb/test-tmp/auto_rebalancer-test.0.AutoRebalancerTest.OnlyLeaderDoesAutoRebalancing.1782822849031346-1091-0/minicluster-data/master-1-root
uuid: "827dec8b3a424ed2ae76329c0420aca0"
format_stamp: "Formatted at 2026-06-30 12:34:10 on dist-test-slave-wkhr"
I20260630 12:34:10.682456  1091 fs_report.cc:389] FS layout report
--------------------
wal directory: /tmp/dist-test-taskDpWLeb/test-tmp/auto_rebalancer-test.0.AutoRebalancerTest.OnlyLeaderDoesAutoRebalancing.1782822849031346-1091-0/minicluster-data/master-1-root
metadata directory: /tmp/dist-test-taskDpWLeb/test-tmp/auto_rebalancer-test.0.AutoRebalancerTest.OnlyLeaderDoesAutoRebalancing.1782822849031346-1091-0/minicluster-data/master-1-root
1 data directories: /tmp/dist-test-taskDpWLeb/test-tmp/auto_rebalancer-test.0.AutoRebalancerTest.OnlyLeaderDoesAutoRebalancing.1782822849031346-1091-0/minicluster-data/master-1-root/data
Total live blocks: 0
Total live bytes: 0
Total live bytes (after alignment): 0
Total number of LBM containers: 0 (0 full)
Did not check for missing blocks
Did not check for orphaned blocks
Total full LBM containers with extra space: 0 (0 repaired)
Total full LBM container extra space in bytes: 0 (0 repaired)
Total incomplete LBM containers: 0 (0 repaired)
Total LBM partial records: 0 (0 repaired)
Total corrupted LBM metadata records in RocksDB: 0 (0 repaired)
I20260630 12:34:10.702216  1158 sys_catalog.cc:422] member_type: VOTER last_known_addr { host: "127.1.16.253" port: 44653 } has no permanent_uuid. Determining permanent_uuid...
W20260630 12:34:10.705161  1109 proxy.cc:239] Call had error, refreshing address and retrying: Network error: Client connection negotiation failed: client connection to 127.1.16.253:44653: connect: Connection refused (error 111)
W20260630 12:34:10.709899  1158 consensus_peers.cc:760] Error getting permanent uuid from config peer 127.1.16.253:44653: Network error: Client connection negotiation failed: client connection to 127.1.16.253:44653: connect: Connection refused (error 111)
I20260630 12:34:10.716312  1091 rpc_server.cc:225] running with OpenSSL 1.1.1  11 Sep 2018
I20260630 12:34:10.717564  1091 kserver.cc:163] Server-wide thread pool size limit: 3276
I20260630 12:34:10.759464  1158 consensus_peers.cc:770] Retrying to get permanent uuid for remote peer: member_type: VOTER last_known_addr { host: "127.1.16.253" port: 44653 } attempt: 1
W20260630 12:34:10.764125  1158 consensus_peers.cc:760] Error getting permanent uuid from config peer 127.1.16.253:44653: Network error: Client connection negotiation failed: client connection to 127.1.16.253:44653: connect: Connection refused (error 111)
I20260630 12:34:10.788308  1091 rpc_server.cc:307] RPC server started. Bound to: 127.1.16.253:44653
I20260630 12:34:10.788534  1222 acceptor_pool.cc:272] collecting diagnostics on the listening RPC socket 127.1.16.253:44653 every 8 connection(s)
I20260630 12:34:10.793030  1223 data_dirs.cc:400] Could only allocate 1 dirs of requested 3 for tablet 00000000000000000000000000000000. 1 dirs total, 0 dirs full, 0 dirs failed
I20260630 12:34:10.793903  1091 file_cache.cc:492] Constructed file cache file cache with capacity 419430
I20260630 12:34:10.798537  1223 sys_catalog.cc:422] member_type: VOTER last_known_addr { host: "127.1.16.254" port: 46519 } has no permanent_uuid. Determining permanent_uuid...
W20260630 12:34:10.800751  1225 instance_detector.cc:116] could not retrieve AWS instance metadata: Network error: curl error: HTTP response code said error: The requested URL returned error: 404
W20260630 12:34:10.802834  1226 instance_detector.cc:116] could not retrieve Azure instance metadata: Network error: curl error: HTTP response code said error: The requested URL returned error: 404
W20260630 12:34:10.809396  1229 instance_detector.cc:116] could not retrieve OpenStack instance metadata: Network error: curl error: HTTP response code said error: The requested URL returned error: 404
I20260630 12:34:10.812594  1091 server_base.cc:1061] running on GCE node
I20260630 12:34:10.813431  1091 hybrid_clock.cc:584] initializing the hybrid clock with 'system_unsync' time source
W20260630 12:34:10.813709  1091 system_unsync_time.cc:38] NTP support is disabled. Clock error bounds will not be accurate. This configuration is not suitable for distributed clusters.
I20260630 12:34:10.813920  1091 hybrid_clock.cc:648] HybridClock initialized: now 1782822850813901 us; error 0 us; skew 500 ppm
I20260630 12:34:10.814601  1091 server_base.cc:861] Flag tcmalloc_max_total_thread_cache_bytes is not working since tcmalloc is not enabled.
I20260630 12:34:10.815049  1223 sys_catalog.cc:422] member_type: VOTER last_known_addr { host: "127.1.16.253" port: 44653 } has no permanent_uuid. Determining permanent_uuid...
I20260630 12:34:10.818871  1091 webserver.cc:533] Webserver started at http://127.1.16.252:43437/ using document root <none> and password file <none>
I20260630 12:34:10.819422  1091 fs_manager.cc:362] Metadata directory not provided
I20260630 12:34:10.819648  1091 fs_manager.cc:368] Using write-ahead log directory (fs_wal_dir) as metadata directory
I20260630 12:34:10.819940  1091 server_base.cc:909] This appears to be a new deployment of Kudu; creating new FS layout
I20260630 12:34:10.821095  1091 fs_manager.cc:1068] Generated new instance metadata in path /tmp/dist-test-taskDpWLeb/test-tmp/auto_rebalancer-test.0.AutoRebalancerTest.OnlyLeaderDoesAutoRebalancing.1782822849031346-1091-0/minicluster-data/master-2-root/instance:
uuid: "709afc872dbb49d49f5705c12374325c"
format_stamp: "Formatted at 2026-06-30 12:34:10 on dist-test-slave-wkhr"
I20260630 12:34:10.827203  1091 fs_manager.cc:696] Time spent creating directory manager: real 0.005s	user 0.006s	sys 0.001s
I20260630 12:34:10.833120  1158 consensus_peers.cc:770] Retrying to get permanent uuid for remote peer: member_type: VOTER last_known_addr { host: "127.1.16.253" port: 44653 } attempt: 2
I20260630 12:34:10.837275  1235 log_block_manager.cc:4031] Time spent loading block containers with low live blocks: real 0.000s	user 0.000s	sys 0.000s
I20260630 12:34:10.838340  1091 fs_manager.cc:730] Time spent opening block manager: real 0.008s	user 0.004s	sys 0.003s
I20260630 12:34:10.838734  1091 fs_manager.cc:647] Opened local filesystem: /tmp/dist-test-taskDpWLeb/test-tmp/auto_rebalancer-test.0.AutoRebalancerTest.OnlyLeaderDoesAutoRebalancing.1782822849031346-1091-0/minicluster-data/master-2-root
uuid: "709afc872dbb49d49f5705c12374325c"
format_stamp: "Formatted at 2026-06-30 12:34:10 on dist-test-slave-wkhr"
I20260630 12:34:10.839205  1091 fs_report.cc:389] FS layout report
--------------------
wal directory: /tmp/dist-test-taskDpWLeb/test-tmp/auto_rebalancer-test.0.AutoRebalancerTest.OnlyLeaderDoesAutoRebalancing.1782822849031346-1091-0/minicluster-data/master-2-root
metadata directory: /tmp/dist-test-taskDpWLeb/test-tmp/auto_rebalancer-test.0.AutoRebalancerTest.OnlyLeaderDoesAutoRebalancing.1782822849031346-1091-0/minicluster-data/master-2-root
1 data directories: /tmp/dist-test-taskDpWLeb/test-tmp/auto_rebalancer-test.0.AutoRebalancerTest.OnlyLeaderDoesAutoRebalancing.1782822849031346-1091-0/minicluster-data/master-2-root/data
Total live blocks: 0
Total live bytes: 0
Total live bytes (after alignment): 0
Total number of LBM containers: 0 (0 full)
Did not check for missing blocks
Did not check for orphaned blocks
Total full LBM containers with extra space: 0 (0 repaired)
Total full LBM container extra space in bytes: 0 (0 repaired)
Total incomplete LBM containers: 0 (0 repaired)
Total LBM partial records: 0 (0 repaired)
Total corrupted LBM metadata records in RocksDB: 0 (0 repaired)
I20260630 12:34:10.841334  1223 sys_catalog.cc:422] member_type: VOTER last_known_addr { host: "127.1.16.252" port: 33861 } has no permanent_uuid. Determining permanent_uuid...
W20260630 12:34:10.851649  1223 consensus_peers.cc:760] Error getting permanent uuid from config peer 127.1.16.252:33861: Network error: Client connection negotiation failed: client connection to 127.1.16.252:33861: connect: Connection refused (error 111)
I20260630 12:34:10.852113  1158 sys_catalog.cc:422] member_type: VOTER last_known_addr { host: "127.1.16.252" port: 33861 } has no permanent_uuid. Determining permanent_uuid...
W20260630 12:34:10.856528  1158 consensus_peers.cc:760] Error getting permanent uuid from config peer 127.1.16.252:33861: Network error: Client connection negotiation failed: client connection to 127.1.16.252:33861: connect: Connection refused (error 111)
I20260630 12:34:10.860348  1091 rpc_server.cc:225] running with OpenSSL 1.1.1  11 Sep 2018
I20260630 12:34:10.861688  1091 kserver.cc:163] Server-wide thread pool size limit: 3276
I20260630 12:34:10.887974  1158 consensus_peers.cc:770] Retrying to get permanent uuid for remote peer: member_type: VOTER last_known_addr { host: "127.1.16.252" port: 33861 } attempt: 1
W20260630 12:34:10.892930  1158 consensus_peers.cc:760] Error getting permanent uuid from config peer 127.1.16.252:33861: Network error: Client connection negotiation failed: client connection to 127.1.16.252:33861: connect: Connection refused (error 111)
I20260630 12:34:10.895241  1223 consensus_peers.cc:770] Retrying to get permanent uuid for remote peer: member_type: VOTER last_known_addr { host: "127.1.16.252" port: 33861 } attempt: 1
W20260630 12:34:10.899533  1223 consensus_peers.cc:760] Error getting permanent uuid from config peer 127.1.16.252:33861: Network error: Client connection negotiation failed: client connection to 127.1.16.252:33861: connect: Connection refused (error 111)
I20260630 12:34:10.934114  1091 rpc_server.cc:307] RPC server started. Bound to: 127.1.16.252:33861
I20260630 12:34:10.934227  1288 acceptor_pool.cc:272] collecting diagnostics on the listening RPC socket 127.1.16.252:33861 every 8 connection(s)
I20260630 12:34:10.938028  1091 internal_mini_cluster.cc:184] Waiting to initialize catalog manager on master 0
I20260630 12:34:10.939003  1289 data_dirs.cc:400] Could only allocate 1 dirs of requested 3 for tablet 00000000000000000000000000000000. 1 dirs total, 0 dirs full, 0 dirs failed
I20260630 12:34:10.944357  1289 sys_catalog.cc:422] member_type: VOTER last_known_addr { host: "127.1.16.254" port: 46519 } has no permanent_uuid. Determining permanent_uuid...
I20260630 12:34:10.956809  1289 sys_catalog.cc:422] member_type: VOTER last_known_addr { host: "127.1.16.253" port: 44653 } has no permanent_uuid. Determining permanent_uuid...
I20260630 12:34:10.966418  1289 sys_catalog.cc:422] member_type: VOTER last_known_addr { host: "127.1.16.252" port: 33861 } has no permanent_uuid. Determining permanent_uuid...
I20260630 12:34:10.967082  1223 consensus_peers.cc:770] Retrying to get permanent uuid for remote peer: member_type: VOTER last_known_addr { host: "127.1.16.252" port: 33861 } attempt: 2
I20260630 12:34:10.969014  1158 consensus_peers.cc:770] Retrying to get permanent uuid for remote peer: member_type: VOTER last_known_addr { host: "127.1.16.252" port: 33861 } attempt: 2
I20260630 12:34:10.992620  1289 tablet_bootstrap.cc:492] T 00000000000000000000000000000000 P 709afc872dbb49d49f5705c12374325c: Bootstrap starting.
I20260630 12:34:10.993468  1158 tablet_bootstrap.cc:492] T 00000000000000000000000000000000 P 6be95a5165d644c4b4f33ebcaf1d101a: Bootstrap starting.
I20260630 12:34:10.997807  1223 tablet_bootstrap.cc:492] T 00000000000000000000000000000000 P 827dec8b3a424ed2ae76329c0420aca0: Bootstrap starting.
I20260630 12:34:10.999361  1289 tablet_bootstrap.cc:654] T 00000000000000000000000000000000 P 709afc872dbb49d49f5705c12374325c: Neither blocks nor log segments found. Creating new log.
I20260630 12:34:11.000298  1158 tablet_bootstrap.cc:654] T 00000000000000000000000000000000 P 6be95a5165d644c4b4f33ebcaf1d101a: Neither blocks nor log segments found. Creating new log.
I20260630 12:34:11.001753  1289 log.cc:826] T 00000000000000000000000000000000 P 709afc872dbb49d49f5705c12374325c: Log is configured to *not* fsync() on all Append() calls
I20260630 12:34:11.005179  1223 tablet_bootstrap.cc:654] T 00000000000000000000000000000000 P 827dec8b3a424ed2ae76329c0420aca0: Neither blocks nor log segments found. Creating new log.
I20260630 12:34:11.006542  1289 tablet_bootstrap.cc:492] T 00000000000000000000000000000000 P 709afc872dbb49d49f5705c12374325c: No bootstrap required, opened a new log
I20260630 12:34:11.009665  1158 tablet_bootstrap.cc:492] T 00000000000000000000000000000000 P 6be95a5165d644c4b4f33ebcaf1d101a: No bootstrap required, opened a new log
I20260630 12:34:11.011771  1223 tablet_bootstrap.cc:492] T 00000000000000000000000000000000 P 827dec8b3a424ed2ae76329c0420aca0: No bootstrap required, opened a new log
I20260630 12:34:11.026957  1289 raft_consensus.cc:359] T 00000000000000000000000000000000 P 709afc872dbb49d49f5705c12374325c [term 0 FOLLOWER]: Replica starting. Triggering 0 pending ops. Active config: opid_index: -1 OBSOLETE_local: false peers { permanent_uuid: "6be95a5165d644c4b4f33ebcaf1d101a" member_type: VOTER last_known_addr { host: "127.1.16.254" port: 46519 } } peers { permanent_uuid: "827dec8b3a424ed2ae76329c0420aca0" member_type: VOTER last_known_addr { host: "127.1.16.253" port: 44653 } } peers { permanent_uuid: "709afc872dbb49d49f5705c12374325c" member_type: VOTER last_known_addr { host: "127.1.16.252" port: 33861 } }
I20260630 12:34:11.026968  1223 raft_consensus.cc:359] T 00000000000000000000000000000000 P 827dec8b3a424ed2ae76329c0420aca0 [term 0 FOLLOWER]: Replica starting. Triggering 0 pending ops. Active config: opid_index: -1 OBSOLETE_local: false peers { permanent_uuid: "6be95a5165d644c4b4f33ebcaf1d101a" member_type: VOTER last_known_addr { host: "127.1.16.254" port: 46519 } } peers { permanent_uuid: "827dec8b3a424ed2ae76329c0420aca0" member_type: VOTER last_known_addr { host: "127.1.16.253" port: 44653 } } peers { permanent_uuid: "709afc872dbb49d49f5705c12374325c" member_type: VOTER last_known_addr { host: "127.1.16.252" port: 33861 } }
I20260630 12:34:11.026968  1158 raft_consensus.cc:359] T 00000000000000000000000000000000 P 6be95a5165d644c4b4f33ebcaf1d101a [term 0 FOLLOWER]: Replica starting. Triggering 0 pending ops. Active config: opid_index: -1 OBSOLETE_local: false peers { permanent_uuid: "6be95a5165d644c4b4f33ebcaf1d101a" member_type: VOTER last_known_addr { host: "127.1.16.254" port: 46519 } } peers { permanent_uuid: "827dec8b3a424ed2ae76329c0420aca0" member_type: VOTER last_known_addr { host: "127.1.16.253" port: 44653 } } peers { permanent_uuid: "709afc872dbb49d49f5705c12374325c" member_type: VOTER last_known_addr { host: "127.1.16.252" port: 33861 } }
I20260630 12:34:11.027921  1289 raft_consensus.cc:385] T 00000000000000000000000000000000 P 709afc872dbb49d49f5705c12374325c [term 0 FOLLOWER]: Consensus starting up: Expiring failure detector timer to make a prompt election more likely
I20260630 12:34:11.027969  1223 raft_consensus.cc:385] T 00000000000000000000000000000000 P 827dec8b3a424ed2ae76329c0420aca0 [term 0 FOLLOWER]: Consensus starting up: Expiring failure detector timer to make a prompt election more likely
I20260630 12:34:11.028048  1158 raft_consensus.cc:385] T 00000000000000000000000000000000 P 6be95a5165d644c4b4f33ebcaf1d101a [term 0 FOLLOWER]: Consensus starting up: Expiring failure detector timer to make a prompt election more likely
I20260630 12:34:11.028295  1289 raft_consensus.cc:740] T 00000000000000000000000000000000 P 709afc872dbb49d49f5705c12374325c [term 0 FOLLOWER]: Becoming Follower/Learner. State: Replica: 709afc872dbb49d49f5705c12374325c, State: Initialized, Role: FOLLOWER
I20260630 12:34:11.028402  1223 raft_consensus.cc:740] T 00000000000000000000000000000000 P 827dec8b3a424ed2ae76329c0420aca0 [term 0 FOLLOWER]: Becoming Follower/Learner. State: Replica: 827dec8b3a424ed2ae76329c0420aca0, State: Initialized, Role: FOLLOWER
I20260630 12:34:11.028458  1158 raft_consensus.cc:740] T 00000000000000000000000000000000 P 6be95a5165d644c4b4f33ebcaf1d101a [term 0 FOLLOWER]: Becoming Follower/Learner. State: Replica: 6be95a5165d644c4b4f33ebcaf1d101a, State: Initialized, Role: FOLLOWER
I20260630 12:34:11.029397  1289 consensus_queue.cc:260] T 00000000000000000000000000000000 P 709afc872dbb49d49f5705c12374325c [NON_LEADER]: Queue going to NON_LEADER mode. State: All replicated index: 0, Majority replicated index: 0, Committed index: 0, Last appended: 0.0, Last appended by leader: 0, Current term: 0, Majority size: -1, State: 0, Mode: NON_LEADER, active raft config: opid_index: -1 OBSOLETE_local: false peers { permanent_uuid: "6be95a5165d644c4b4f33ebcaf1d101a" member_type: VOTER last_known_addr { host: "127.1.16.254" port: 46519 } } peers { permanent_uuid: "827dec8b3a424ed2ae76329c0420aca0" member_type: VOTER last_known_addr { host: "127.1.16.253" port: 44653 } } peers { permanent_uuid: "709afc872dbb49d49f5705c12374325c" member_type: VOTER last_known_addr { host: "127.1.16.252" port: 33861 } }
I20260630 12:34:11.029412  1223 consensus_queue.cc:260] T 00000000000000000000000000000000 P 827dec8b3a424ed2ae76329c0420aca0 [NON_LEADER]: Queue going to NON_LEADER mode. State: All replicated index: 0, Majority replicated index: 0, Committed index: 0, Last appended: 0.0, Last appended by leader: 0, Current term: 0, Majority size: -1, State: 0, Mode: NON_LEADER, active raft config: opid_index: -1 OBSOLETE_local: false peers { permanent_uuid: "6be95a5165d644c4b4f33ebcaf1d101a" member_type: VOTER last_known_addr { host: "127.1.16.254" port: 46519 } } peers { permanent_uuid: "827dec8b3a424ed2ae76329c0420aca0" member_type: VOTER last_known_addr { host: "127.1.16.253" port: 44653 } } peers { permanent_uuid: "709afc872dbb49d49f5705c12374325c" member_type: VOTER last_known_addr { host: "127.1.16.252" port: 33861 } }
I20260630 12:34:11.029412  1158 consensus_queue.cc:260] T 00000000000000000000000000000000 P 6be95a5165d644c4b4f33ebcaf1d101a [NON_LEADER]: Queue going to NON_LEADER mode. State: All replicated index: 0, Majority replicated index: 0, Committed index: 0, Last appended: 0.0, Last appended by leader: 0, Current term: 0, Majority size: -1, State: 0, Mode: NON_LEADER, active raft config: opid_index: -1 OBSOLETE_local: false peers { permanent_uuid: "6be95a5165d644c4b4f33ebcaf1d101a" member_type: VOTER last_known_addr { host: "127.1.16.254" port: 46519 } } peers { permanent_uuid: "827dec8b3a424ed2ae76329c0420aca0" member_type: VOTER last_known_addr { host: "127.1.16.253" port: 44653 } } peers { permanent_uuid: "709afc872dbb49d49f5705c12374325c" member_type: VOTER last_known_addr { host: "127.1.16.252" port: 33861 } }
I20260630 12:34:11.035001  1299 sys_catalog.cc:455] T 00000000000000000000000000000000 P 827dec8b3a424ed2ae76329c0420aca0 [sys.catalog]: SysCatalogTable state changed. Reason: RaftConsensus started. Latest consensus state: current_term: 0 committed_config { opid_index: -1 OBSOLETE_local: false peers { permanent_uuid: "6be95a5165d644c4b4f33ebcaf1d101a" member_type: VOTER last_known_addr { host: "127.1.16.254" port: 46519 } } peers { permanent_uuid: "827dec8b3a424ed2ae76329c0420aca0" member_type: VOTER last_known_addr { host: "127.1.16.253" port: 44653 } } peers { permanent_uuid: "709afc872dbb49d49f5705c12374325c" member_type: VOTER last_known_addr { host: "127.1.16.252" port: 33861 } } }
I20260630 12:34:11.036176  1299 sys_catalog.cc:458] T 00000000000000000000000000000000 P 827dec8b3a424ed2ae76329c0420aca0 [sys.catalog]: This master's current role is: FOLLOWER
I20260630 12:34:11.036616  1223 sys_catalog.cc:565] T 00000000000000000000000000000000 P 827dec8b3a424ed2ae76329c0420aca0 [sys.catalog]: configured and running, proceeding with master startup.
I20260630 12:34:11.036592  1289 sys_catalog.cc:565] T 00000000000000000000000000000000 P 709afc872dbb49d49f5705c12374325c [sys.catalog]: configured and running, proceeding with master startup.
I20260630 12:34:11.037416  1298 sys_catalog.cc:455] T 00000000000000000000000000000000 P 709afc872dbb49d49f5705c12374325c [sys.catalog]: SysCatalogTable state changed. Reason: RaftConsensus started. Latest consensus state: current_term: 0 committed_config { opid_index: -1 OBSOLETE_local: false peers { permanent_uuid: "6be95a5165d644c4b4f33ebcaf1d101a" member_type: VOTER last_known_addr { host: "127.1.16.254" port: 46519 } } peers { permanent_uuid: "827dec8b3a424ed2ae76329c0420aca0" member_type: VOTER last_known_addr { host: "127.1.16.253" port: 44653 } } peers { permanent_uuid: "709afc872dbb49d49f5705c12374325c" member_type: VOTER last_known_addr { host: "127.1.16.252" port: 33861 } } }
I20260630 12:34:11.038425  1298 sys_catalog.cc:458] T 00000000000000000000000000000000 P 709afc872dbb49d49f5705c12374325c [sys.catalog]: This master's current role is: FOLLOWER
I20260630 12:34:11.039582  1300 sys_catalog.cc:455] T 00000000000000000000000000000000 P 6be95a5165d644c4b4f33ebcaf1d101a [sys.catalog]: SysCatalogTable state changed. Reason: RaftConsensus started. Latest consensus state: current_term: 0 committed_config { opid_index: -1 OBSOLETE_local: false peers { permanent_uuid: "6be95a5165d644c4b4f33ebcaf1d101a" member_type: VOTER last_known_addr { host: "127.1.16.254" port: 46519 } } peers { permanent_uuid: "827dec8b3a424ed2ae76329c0420aca0" member_type: VOTER last_known_addr { host: "127.1.16.253" port: 44653 } } peers { permanent_uuid: "709afc872dbb49d49f5705c12374325c" member_type: VOTER last_known_addr { host: "127.1.16.252" port: 33861 } } }
I20260630 12:34:11.040555  1300 sys_catalog.cc:458] T 00000000000000000000000000000000 P 6be95a5165d644c4b4f33ebcaf1d101a [sys.catalog]: This master's current role is: FOLLOWER
I20260630 12:34:11.041123  1158 sys_catalog.cc:565] T 00000000000000000000000000000000 P 6be95a5165d644c4b4f33ebcaf1d101a [sys.catalog]: configured and running, proceeding with master startup.
W20260630 12:34:11.064833  1112 tablet.cc:2406] T 00000000000000000000000000000000 P 6be95a5165d644c4b4f33ebcaf1d101a: Can't schedule compaction. Clean time has not been advanced past its initial value.
W20260630 12:34:11.095683  1331 catalog_manager.cc:1594] T 00000000000000000000000000000000 P 827dec8b3a424ed2ae76329c0420aca0: loading cluster ID for follower catalog manager: Not found: cluster ID entry not found
W20260630 12:34:11.095695  1330 catalog_manager.cc:1594] T 00000000000000000000000000000000 P 709afc872dbb49d49f5705c12374325c: loading cluster ID for follower catalog manager: Not found: cluster ID entry not found
W20260630 12:34:11.096302  1331 catalog_manager.cc:883] Not found: cluster ID entry not found: failed to prepare follower catalog manager, will retry
W20260630 12:34:11.096487  1330 catalog_manager.cc:883] Not found: cluster ID entry not found: failed to prepare follower catalog manager, will retry
I20260630 12:34:11.099403  1091 internal_mini_cluster.cc:184] Waiting to initialize catalog manager on master 1
I20260630 12:34:11.099709  1091 internal_mini_cluster.cc:184] Waiting to initialize catalog manager on master 2
I20260630 12:34:11.101627  1091 file_cache.cc:492] Constructed file cache file cache with capacity 419430
W20260630 12:34:11.103739  1334 catalog_manager.cc:1594] T 00000000000000000000000000000000 P 6be95a5165d644c4b4f33ebcaf1d101a: loading cluster ID for follower catalog manager: Not found: cluster ID entry not found
W20260630 12:34:11.104038  1334 catalog_manager.cc:883] Not found: cluster ID entry not found: failed to prepare follower catalog manager, will retry
W20260630 12:34:11.111613  1335 instance_detector.cc:116] could not retrieve AWS instance metadata: Network error: curl error: HTTP response code said error: The requested URL returned error: 404
W20260630 12:34:11.114205  1336 instance_detector.cc:116] could not retrieve Azure instance metadata: Network error: curl error: HTTP response code said error: The requested URL returned error: 404
W20260630 12:34:11.116083  1338 instance_detector.cc:116] could not retrieve OpenStack instance metadata: Network error: curl error: HTTP response code said error: The requested URL returned error: 404
I20260630 12:34:11.116808  1091 server_base.cc:1061] running on GCE node
I20260630 12:34:11.117638  1091 hybrid_clock.cc:584] initializing the hybrid clock with 'system_unsync' time source
W20260630 12:34:11.117816  1091 system_unsync_time.cc:38] NTP support is disabled. Clock error bounds will not be accurate. This configuration is not suitable for distributed clusters.
I20260630 12:34:11.117954  1091 hybrid_clock.cc:648] HybridClock initialized: now 1782822851117930 us; error 0 us; skew 500 ppm
I20260630 12:34:11.118387  1091 server_base.cc:861] Flag tcmalloc_max_total_thread_cache_bytes is not working since tcmalloc is not enabled.
I20260630 12:34:11.121542  1091 webserver.cc:533] Webserver started at http://127.1.16.193:42981/ using document root <none> and password file <none>
I20260630 12:34:11.122077  1091 fs_manager.cc:362] Metadata directory not provided
I20260630 12:34:11.122409  1091 fs_manager.cc:368] Using write-ahead log directory (fs_wal_dir) as metadata directory
I20260630 12:34:11.122700  1091 server_base.cc:909] This appears to be a new deployment of Kudu; creating new FS layout
I20260630 12:34:11.123984  1091 fs_manager.cc:1068] Generated new instance metadata in path /tmp/dist-test-taskDpWLeb/test-tmp/auto_rebalancer-test.0.AutoRebalancerTest.OnlyLeaderDoesAutoRebalancing.1782822849031346-1091-0/minicluster-data/ts-0-root/instance:
uuid: "cda7c0576f64453b84a25e16222ed6a8"
format_stamp: "Formatted at 2026-06-30 12:34:11 on dist-test-slave-wkhr"
I20260630 12:34:11.128762  1091 fs_manager.cc:696] Time spent creating directory manager: real 0.004s	user 0.001s	sys 0.004s
I20260630 12:34:11.133111  1343 log_block_manager.cc:4031] Time spent loading block containers with low live blocks: real 0.000s	user 0.000s	sys 0.000s
I20260630 12:34:11.134028  1091 fs_manager.cc:730] Time spent opening block manager: real 0.003s	user 0.004s	sys 0.000s
I20260630 12:34:11.134313  1091 fs_manager.cc:647] Opened local filesystem: /tmp/dist-test-taskDpWLeb/test-tmp/auto_rebalancer-test.0.AutoRebalancerTest.OnlyLeaderDoesAutoRebalancing.1782822849031346-1091-0/minicluster-data/ts-0-root
uuid: "cda7c0576f64453b84a25e16222ed6a8"
format_stamp: "Formatted at 2026-06-30 12:34:11 on dist-test-slave-wkhr"
I20260630 12:34:11.134595  1091 fs_report.cc:389] FS layout report
--------------------
wal directory: /tmp/dist-test-taskDpWLeb/test-tmp/auto_rebalancer-test.0.AutoRebalancerTest.OnlyLeaderDoesAutoRebalancing.1782822849031346-1091-0/minicluster-data/ts-0-root
metadata directory: /tmp/dist-test-taskDpWLeb/test-tmp/auto_rebalancer-test.0.AutoRebalancerTest.OnlyLeaderDoesAutoRebalancing.1782822849031346-1091-0/minicluster-data/ts-0-root
1 data directories: /tmp/dist-test-taskDpWLeb/test-tmp/auto_rebalancer-test.0.AutoRebalancerTest.OnlyLeaderDoesAutoRebalancing.1782822849031346-1091-0/minicluster-data/ts-0-root/data
Total live blocks: 0
Total live bytes: 0
Total live bytes (after alignment): 0
Total number of LBM containers: 0 (0 full)
Did not check for missing blocks
Did not check for orphaned blocks
Total full LBM containers with extra space: 0 (0 repaired)
Total full LBM container extra space in bytes: 0 (0 repaired)
Total incomplete LBM containers: 0 (0 repaired)
Total LBM partial records: 0 (0 repaired)
Total corrupted LBM metadata records in RocksDB: 0 (0 repaired)
I20260630 12:34:11.142308  1300 raft_consensus.cc:493] T 00000000000000000000000000000000 P 6be95a5165d644c4b4f33ebcaf1d101a [term 0 FOLLOWER]: Starting pre-election (no leader contacted us within the election timeout)
I20260630 12:34:11.142982  1300 raft_consensus.cc:515] T 00000000000000000000000000000000 P 6be95a5165d644c4b4f33ebcaf1d101a [term 0 FOLLOWER]: Starting pre-election with config: opid_index: -1 OBSOLETE_local: false peers { permanent_uuid: "6be95a5165d644c4b4f33ebcaf1d101a" member_type: VOTER last_known_addr { host: "127.1.16.254" port: 46519 } } peers { permanent_uuid: "827dec8b3a424ed2ae76329c0420aca0" member_type: VOTER last_known_addr { host: "127.1.16.253" port: 44653 } } peers { permanent_uuid: "709afc872dbb49d49f5705c12374325c" member_type: VOTER last_known_addr { host: "127.1.16.252" port: 33861 } }
I20260630 12:34:11.146811  1198 tablet_service.cc:1917] Received RequestConsensusVote() RPC: tablet_id: "00000000000000000000000000000000" candidate_uuid: "6be95a5165d644c4b4f33ebcaf1d101a" candidate_term: 1 candidate_status { last_received { term: 0 index: 0 } } ignore_live_leader: false dest_uuid: "827dec8b3a424ed2ae76329c0420aca0" is_pre_election: true
I20260630 12:34:11.147287  1263 tablet_service.cc:1917] Received RequestConsensusVote() RPC: tablet_id: "00000000000000000000000000000000" candidate_uuid: "6be95a5165d644c4b4f33ebcaf1d101a" candidate_term: 1 candidate_status { last_received { term: 0 index: 0 } } ignore_live_leader: false dest_uuid: "709afc872dbb49d49f5705c12374325c" is_pre_election: true
I20260630 12:34:11.147569  1198 raft_consensus.cc:2468] T 00000000000000000000000000000000 P 827dec8b3a424ed2ae76329c0420aca0 [term 0 FOLLOWER]: Leader pre-election vote request: Granting yes vote for candidate 6be95a5165d644c4b4f33ebcaf1d101a in term 0.
I20260630 12:34:11.147967  1263 raft_consensus.cc:2468] T 00000000000000000000000000000000 P 709afc872dbb49d49f5705c12374325c [term 0 FOLLOWER]: Leader pre-election vote request: Granting yes vote for candidate 6be95a5165d644c4b4f33ebcaf1d101a in term 0.
I20260630 12:34:11.148957  1109 leader_election.cc:304] T 00000000000000000000000000000000 P 6be95a5165d644c4b4f33ebcaf1d101a [CANDIDATE]: Term 1 pre-election: Election decided. Result: candidate won. Election summary: received 2 responses out of 3 voters: 2 yes votes; 0 no votes. yes voters: 6be95a5165d644c4b4f33ebcaf1d101a, 827dec8b3a424ed2ae76329c0420aca0; no voters: 
I20260630 12:34:11.149372  1300 leader_election.cc:290] T 00000000000000000000000000000000 P 6be95a5165d644c4b4f33ebcaf1d101a [CANDIDATE]: Term 1 pre-election: Requested pre-vote from peers 827dec8b3a424ed2ae76329c0420aca0 (127.1.16.253:44653), 709afc872dbb49d49f5705c12374325c (127.1.16.252:33861)
I20260630 12:34:11.149878  1300 raft_consensus.cc:2804] T 00000000000000000000000000000000 P 6be95a5165d644c4b4f33ebcaf1d101a [term 0 FOLLOWER]: Leader pre-election won for term 1
I20260630 12:34:11.150244  1300 raft_consensus.cc:493] T 00000000000000000000000000000000 P 6be95a5165d644c4b4f33ebcaf1d101a [term 0 FOLLOWER]: Starting leader election (no leader contacted us within the election timeout)
I20260630 12:34:11.150583  1300 raft_consensus.cc:3060] T 00000000000000000000000000000000 P 6be95a5165d644c4b4f33ebcaf1d101a [term 0 FOLLOWER]: Advancing to term 1
I20260630 12:34:11.158955  1300 raft_consensus.cc:515] T 00000000000000000000000000000000 P 6be95a5165d644c4b4f33ebcaf1d101a [term 1 FOLLOWER]: Starting leader election with config: opid_index: -1 OBSOLETE_local: false peers { permanent_uuid: "6be95a5165d644c4b4f33ebcaf1d101a" member_type: VOTER last_known_addr { host: "127.1.16.254" port: 46519 } } peers { permanent_uuid: "827dec8b3a424ed2ae76329c0420aca0" member_type: VOTER last_known_addr { host: "127.1.16.253" port: 44653 } } peers { permanent_uuid: "709afc872dbb49d49f5705c12374325c" member_type: VOTER last_known_addr { host: "127.1.16.252" port: 33861 } }
I20260630 12:34:11.161010  1300 leader_election.cc:290] T 00000000000000000000000000000000 P 6be95a5165d644c4b4f33ebcaf1d101a [CANDIDATE]: Term 1 election: Requested vote from peers 827dec8b3a424ed2ae76329c0420aca0 (127.1.16.253:44653), 709afc872dbb49d49f5705c12374325c (127.1.16.252:33861)
I20260630 12:34:11.162569  1263 tablet_service.cc:1917] Received RequestConsensusVote() RPC: tablet_id: "00000000000000000000000000000000" candidate_uuid: "6be95a5165d644c4b4f33ebcaf1d101a" candidate_term: 1 candidate_status { last_received { term: 0 index: 0 } } ignore_live_leader: false dest_uuid: "709afc872dbb49d49f5705c12374325c"
I20260630 12:34:11.163185  1263 raft_consensus.cc:3060] T 00000000000000000000000000000000 P 709afc872dbb49d49f5705c12374325c [term 0 FOLLOWER]: Advancing to term 1
I20260630 12:34:11.167204  1198 tablet_service.cc:1917] Received RequestConsensusVote() RPC: tablet_id: "00000000000000000000000000000000" candidate_uuid: "6be95a5165d644c4b4f33ebcaf1d101a" candidate_term: 1 candidate_status { last_received { term: 0 index: 0 } } ignore_live_leader: false dest_uuid: "827dec8b3a424ed2ae76329c0420aca0"
I20260630 12:34:11.167759  1198 raft_consensus.cc:3060] T 00000000000000000000000000000000 P 827dec8b3a424ed2ae76329c0420aca0 [term 0 FOLLOWER]: Advancing to term 1
I20260630 12:34:11.170449  1263 raft_consensus.cc:2468] T 00000000000000000000000000000000 P 709afc872dbb49d49f5705c12374325c [term 1 FOLLOWER]: Leader election vote request: Granting yes vote for candidate 6be95a5165d644c4b4f33ebcaf1d101a in term 1.
I20260630 12:34:11.171693  1091 rpc_server.cc:225] running with OpenSSL 1.1.1  11 Sep 2018
I20260630 12:34:11.171856  1110 leader_election.cc:304] T 00000000000000000000000000000000 P 6be95a5165d644c4b4f33ebcaf1d101a [CANDIDATE]: Term 1 election: Election decided. Result: candidate won. Election summary: received 2 responses out of 3 voters: 2 yes votes; 0 no votes. yes voters: 6be95a5165d644c4b4f33ebcaf1d101a, 709afc872dbb49d49f5705c12374325c; no voters: 
I20260630 12:34:11.173167  1348 raft_consensus.cc:2804] T 00000000000000000000000000000000 P 6be95a5165d644c4b4f33ebcaf1d101a [term 1 FOLLOWER]: Leader election won for term 1
I20260630 12:34:11.173451  1091 kserver.cc:163] Server-wide thread pool size limit: 3276
I20260630 12:34:11.173971  1348 raft_consensus.cc:697] T 00000000000000000000000000000000 P 6be95a5165d644c4b4f33ebcaf1d101a [term 1 LEADER]: Becoming Leader. State: Replica: 6be95a5165d644c4b4f33ebcaf1d101a, State: Running, Role: LEADER
I20260630 12:34:11.174767  1198 raft_consensus.cc:2468] T 00000000000000000000000000000000 P 827dec8b3a424ed2ae76329c0420aca0 [term 1 FOLLOWER]: Leader election vote request: Granting yes vote for candidate 6be95a5165d644c4b4f33ebcaf1d101a in term 1.
I20260630 12:34:11.175732  1348 consensus_queue.cc:237] T 00000000000000000000000000000000 P 6be95a5165d644c4b4f33ebcaf1d101a [LEADER]: Queue going to LEADER mode. State: All replicated index: 0, Majority replicated index: 0, Committed index: 0, Last appended: 0.0, Last appended by leader: 0, Current term: 1, Majority size: 2, State: 0, Mode: LEADER, active raft config: opid_index: -1 OBSOLETE_local: false peers { permanent_uuid: "6be95a5165d644c4b4f33ebcaf1d101a" member_type: VOTER last_known_addr { host: "127.1.16.254" port: 46519 } } peers { permanent_uuid: "827dec8b3a424ed2ae76329c0420aca0" member_type: VOTER last_known_addr { host: "127.1.16.253" port: 44653 } } peers { permanent_uuid: "709afc872dbb49d49f5705c12374325c" member_type: VOTER last_known_addr { host: "127.1.16.252" port: 33861 } }
I20260630 12:34:11.177234  1091 txn_system_client.cc:432] TxnSystemClient initialization is disabled...
I20260630 12:34:11.182127  1091 ts_tablet_manager.cc:585] Loaded tablet metadata (0 total tablets, 0 live tablets)
I20260630 12:34:11.182394  1091 ts_tablet_manager.cc:531] Time spent load tablet metadata: real 0.000s	user 0.000s	sys 0.000s
I20260630 12:34:11.182663  1091 ts_tablet_manager.cc:616] Registered 0 tablets
I20260630 12:34:11.182915  1091 ts_tablet_manager.cc:595] Time spent register tablets: real 0.000s	user 0.001s	sys 0.000s
I20260630 12:34:11.186074  1300 sys_catalog.cc:455] T 00000000000000000000000000000000 P 6be95a5165d644c4b4f33ebcaf1d101a [sys.catalog]: SysCatalogTable state changed. Reason: New leader 6be95a5165d644c4b4f33ebcaf1d101a. Latest consensus state: current_term: 1 leader_uuid: "6be95a5165d644c4b4f33ebcaf1d101a" committed_config { opid_index: -1 OBSOLETE_local: false peers { permanent_uuid: "6be95a5165d644c4b4f33ebcaf1d101a" member_type: VOTER last_known_addr { host: "127.1.16.254" port: 46519 } } peers { permanent_uuid: "827dec8b3a424ed2ae76329c0420aca0" member_type: VOTER last_known_addr { host: "127.1.16.253" port: 44653 } } peers { permanent_uuid: "709afc872dbb49d49f5705c12374325c" member_type: VOTER last_known_addr { host: "127.1.16.252" port: 33861 } } }
I20260630 12:34:11.186867  1300 sys_catalog.cc:458] T 00000000000000000000000000000000 P 6be95a5165d644c4b4f33ebcaf1d101a [sys.catalog]: This master's current role is: LEADER
I20260630 12:34:11.190222  1353 catalog_manager.cc:1511] Loading table and tablet metadata into memory...
I20260630 12:34:11.199045  1353 catalog_manager.cc:1520] Initializing Kudu cluster ID...
I20260630 12:34:11.230896  1263 raft_consensus.cc:1275] T 00000000000000000000000000000000 P 709afc872dbb49d49f5705c12374325c [term 1 FOLLOWER]: Refusing update from remote peer 6be95a5165d644c4b4f33ebcaf1d101a: Log matching property violated. Preceding OpId in replica: term: 0 index: 0. Preceding OpId from leader: term: 1 index: 2. (index mismatch)
I20260630 12:34:11.231491  1198 raft_consensus.cc:1275] T 00000000000000000000000000000000 P 827dec8b3a424ed2ae76329c0420aca0 [term 1 FOLLOWER]: Refusing update from remote peer 6be95a5165d644c4b4f33ebcaf1d101a: Log matching property violated. Preceding OpId in replica: term: 0 index: 0. Preceding OpId from leader: term: 1 index: 2. (index mismatch)
I20260630 12:34:11.232694  1300 consensus_queue.cc:1048] T 00000000000000000000000000000000 P 6be95a5165d644c4b4f33ebcaf1d101a [LEADER]: Connected to new peer: Peer: permanent_uuid: "709afc872dbb49d49f5705c12374325c" member_type: VOTER last_known_addr { host: "127.1.16.252" port: 33861 }, Status: LMP_MISMATCH, Last received: 0.0, Next index: 1, Last known committed idx: 0, Time since last communication: 0.000s
I20260630 12:34:11.233366  1348 consensus_queue.cc:1048] T 00000000000000000000000000000000 P 6be95a5165d644c4b4f33ebcaf1d101a [LEADER]: Connected to new peer: Peer: permanent_uuid: "827dec8b3a424ed2ae76329c0420aca0" member_type: VOTER last_known_addr { host: "127.1.16.253" port: 44653 }, Status: LMP_MISMATCH, Last received: 0.0, Next index: 1, Last known committed idx: 0, Time since last communication: 0.000s
I20260630 12:34:11.257532  1298 sys_catalog.cc:455] T 00000000000000000000000000000000 P 709afc872dbb49d49f5705c12374325c [sys.catalog]: SysCatalogTable state changed. Reason: New leader 6be95a5165d644c4b4f33ebcaf1d101a. Latest consensus state: current_term: 1 leader_uuid: "6be95a5165d644c4b4f33ebcaf1d101a" committed_config { opid_index: -1 OBSOLETE_local: false peers { permanent_uuid: "6be95a5165d644c4b4f33ebcaf1d101a" member_type: VOTER last_known_addr { host: "127.1.16.254" port: 46519 } } peers { permanent_uuid: "827dec8b3a424ed2ae76329c0420aca0" member_type: VOTER last_known_addr { host: "127.1.16.253" port: 44653 } } peers { permanent_uuid: "709afc872dbb49d49f5705c12374325c" member_type: VOTER last_known_addr { host: "127.1.16.252" port: 33861 } } }
I20260630 12:34:11.258571  1298 sys_catalog.cc:458] T 00000000000000000000000000000000 P 709afc872dbb49d49f5705c12374325c [sys.catalog]: This master's current role is: FOLLOWER
I20260630 12:34:11.279868  1371 mvcc.cc:204] Tried to move back new op lower bound from 7302442398624997376 to 7302442398429081600. Current Snapshot: MvccSnapshot[applied={T|T < 7302442398624997376}]
I20260630 12:34:11.302444  1298 sys_catalog.cc:455] T 00000000000000000000000000000000 P 709afc872dbb49d49f5705c12374325c [sys.catalog]: SysCatalogTable state changed. Reason: Replicated consensus-only round. Latest consensus state: current_term: 1 leader_uuid: "6be95a5165d644c4b4f33ebcaf1d101a" committed_config { opid_index: -1 OBSOLETE_local: false peers { permanent_uuid: "6be95a5165d644c4b4f33ebcaf1d101a" member_type: VOTER last_known_addr { host: "127.1.16.254" port: 46519 } } peers { permanent_uuid: "827dec8b3a424ed2ae76329c0420aca0" member_type: VOTER last_known_addr { host: "127.1.16.253" port: 44653 } } peers { permanent_uuid: "709afc872dbb49d49f5705c12374325c" member_type: VOTER last_known_addr { host: "127.1.16.252" port: 33861 } } }
I20260630 12:34:11.303536  1298 sys_catalog.cc:458] T 00000000000000000000000000000000 P 709afc872dbb49d49f5705c12374325c [sys.catalog]: This master's current role is: FOLLOWER
I20260630 12:34:11.306186  1299 sys_catalog.cc:455] T 00000000000000000000000000000000 P 827dec8b3a424ed2ae76329c0420aca0 [sys.catalog]: SysCatalogTable state changed. Reason: New leader 6be95a5165d644c4b4f33ebcaf1d101a. Latest consensus state: current_term: 1 leader_uuid: "6be95a5165d644c4b4f33ebcaf1d101a" committed_config { opid_index: -1 OBSOLETE_local: false peers { permanent_uuid: "6be95a5165d644c4b4f33ebcaf1d101a" member_type: VOTER last_known_addr { host: "127.1.16.254" port: 46519 } } peers { permanent_uuid: "827dec8b3a424ed2ae76329c0420aca0" member_type: VOTER last_known_addr { host: "127.1.16.253" port: 44653 } } peers { permanent_uuid: "709afc872dbb49d49f5705c12374325c" member_type: VOTER last_known_addr { host: "127.1.16.252" port: 33861 } } }
I20260630 12:34:11.306929  1299 sys_catalog.cc:458] T 00000000000000000000000000000000 P 827dec8b3a424ed2ae76329c0420aca0 [sys.catalog]: This master's current role is: FOLLOWER
