I20260630 12:35:57.026551  4827 consensus_queue.cc:237] T 00000000000000000000000000000000 P 67e715ed64814f608074b572ae0bdc83 [LEADER]: Queue going to LEADER mode. State: All replicated index: 0, Majority replicated index: 0, Committed index: 0, Last appended: 0.0, Last appended by leader: 0, Current term: 1, Majority size: 1, State: 0, Mode: LEADER, active raft config: opid_index: -1 OBSOLETE_local: true peers { permanent_uuid: "67e715ed64814f608074b572ae0bdc83" member_type: VOTER }
I20260630 12:35:57.027047  4824 sys_catalog.cc:565] T 00000000000000000000000000000000 P 67e715ed64814f608074b572ae0bdc83 [sys.catalog]: configured and running, proceeding with master startup.
I20260630 12:35:57.030007  4829 sys_catalog.cc:455] T 00000000000000000000000000000000 P 67e715ed64814f608074b572ae0bdc83 [sys.catalog]: SysCatalogTable state changed. Reason: New leader 67e715ed64814f608074b572ae0bdc83. Latest consensus state: current_term: 1 leader_uuid: "67e715ed64814f608074b572ae0bdc83" committed_config { opid_index: -1 OBSOLETE_local: true peers { permanent_uuid: "67e715ed64814f608074b572ae0bdc83" member_type: VOTER } }
I20260630 12:35:57.030895  4829 sys_catalog.cc:458] T 00000000000000000000000000000000 P 67e715ed64814f608074b572ae0bdc83 [sys.catalog]: This master's current role is: LEADER
I20260630 12:35:57.029913  4828 sys_catalog.cc:455] T 00000000000000000000000000000000 P 67e715ed64814f608074b572ae0bdc83 [sys.catalog]: SysCatalogTable state changed. Reason: RaftConsensus started. Latest consensus state: current_term: 1 leader_uuid: "67e715ed64814f608074b572ae0bdc83" committed_config { opid_index: -1 OBSOLETE_local: true peers { permanent_uuid: "67e715ed64814f608074b572ae0bdc83" member_type: VOTER } }
I20260630 12:35:57.031652  4828 sys_catalog.cc:458] T 00000000000000000000000000000000 P 67e715ed64814f608074b572ae0bdc83 [sys.catalog]: This master's current role is: LEADER
I20260630 12:35:57.041009  4833 catalog_manager.cc:1511] Loading table and tablet metadata into memory...
I20260630 12:35:57.047756  4833 catalog_manager.cc:1520] Initializing Kudu cluster ID...
I20260630 12:35:57.049077   767 internal_mini_cluster.cc:184] Waiting to initialize catalog manager on master 0
I20260630 12:35:57.057420  4833 catalog_manager.cc:1383] Generated new cluster ID: f21902c59e364ad8a00f1e07c8811b10
I20260630 12:35:57.057677  4833 catalog_manager.cc:1531] Initializing Kudu internal certificate authority...
I20260630 12:35:57.084364  4833 catalog_manager.cc:1406] Generated new certificate authority record
I20260630 12:35:57.085781  4833 catalog_manager.cc:1540] Loading token signing keys...
I20260630 12:35:57.109550  4833 catalog_manager.cc:6070] T 00000000000000000000000000000000 P 67e715ed64814f608074b572ae0bdc83: Generated new TSK 0
I20260630 12:35:57.110338  4833 catalog_manager.cc:1550] Initializing in-progress tserver states...
I20260630 12:35:57.115427   767 file_cache.cc:492] Constructed file cache file cache with capacity 419430
W20260630 12:35:57.121963  4845 instance_detector.cc:116] could not retrieve AWS instance metadata: Network error: curl error: HTTP response code said error: The requested URL returned error: 404
W20260630 12:35:57.123793  4846 instance_detector.cc:116] could not retrieve Azure instance metadata: Network error: curl error: HTTP response code said error: The requested URL returned error: 404
I20260630 12:35:57.125422   767 server_base.cc:1061] running on GCE node
W20260630 12:35:57.125350  4848 instance_detector.cc:116] could not retrieve OpenStack instance metadata: Network error: curl error: HTTP response code said error: The requested URL returned error: 404
I20260630 12:35:57.126561   767 hybrid_clock.cc:584] initializing the hybrid clock with 'system_unsync' time source
W20260630 12:35:57.126772   767 system_unsync_time.cc:38] NTP support is disabled. Clock error bounds will not be accurate. This configuration is not suitable for distributed clusters.
I20260630 12:35:57.126992   767 hybrid_clock.cc:648] HybridClock initialized: now 1782822957126976 us; error 0 us; skew 500 ppm
I20260630 12:35:57.127614   767 server_base.cc:861] Flag tcmalloc_max_total_thread_cache_bytes is not working since tcmalloc is not enabled.
I20260630 12:35:57.130235   767 webserver.cc:533] Webserver started at http://127.0.191.193:37383/ using document root <none> and password file <none>
I20260630 12:35:57.130726   767 fs_manager.cc:362] Metadata directory not provided
I20260630 12:35:57.130934   767 fs_manager.cc:368] Using write-ahead log directory (fs_wal_dir) as metadata directory
I20260630 12:35:57.131247   767 server_base.cc:909] This appears to be a new deployment of Kudu; creating new FS layout
I20260630 12:35:57.132354   767 fs_manager.cc:1068] Generated new instance metadata in path /tmp/dist-test-taske88rfF/test-tmp/auto_rebalancer-test.0.AutoRebalancerTest.NoReplicaMovesIfCannotFixPlacementPolicy.1782822847867974-767-0/minicluster-data/ts-0-root/instance:
uuid: "8a072719ca834f3d9e869f0e7b7d5bcd"
format_stamp: "Formatted at 2026-06-30 12:35:57 on dist-test-slave-xgxq"
I20260630 12:35:57.137538   767 fs_manager.cc:696] Time spent creating directory manager: real 0.004s	user 0.001s	sys 0.004s
I20260630 12:35:57.141113  4853 log_block_manager.cc:4031] Time spent loading block containers with low live blocks: real 0.000s	user 0.000s	sys 0.000s
I20260630 12:35:57.142115   767 fs_manager.cc:730] Time spent opening block manager: real 0.003s	user 0.003s	sys 0.000s
I20260630 12:35:57.142421   767 fs_manager.cc:647] Opened local filesystem: /tmp/dist-test-taske88rfF/test-tmp/auto_rebalancer-test.0.AutoRebalancerTest.NoReplicaMovesIfCannotFixPlacementPolicy.1782822847867974-767-0/minicluster-data/ts-0-root
uuid: "8a072719ca834f3d9e869f0e7b7d5bcd"
format_stamp: "Formatted at 2026-06-30 12:35:57 on dist-test-slave-xgxq"
I20260630 12:35:57.142720   767 fs_report.cc:389] FS layout report
--------------------
wal directory: /tmp/dist-test-taske88rfF/test-tmp/auto_rebalancer-test.0.AutoRebalancerTest.NoReplicaMovesIfCannotFixPlacementPolicy.1782822847867974-767-0/minicluster-data/ts-0-root
metadata directory: /tmp/dist-test-taske88rfF/test-tmp/auto_rebalancer-test.0.AutoRebalancerTest.NoReplicaMovesIfCannotFixPlacementPolicy.1782822847867974-767-0/minicluster-data/ts-0-root
1 data directories: /tmp/dist-test-taske88rfF/test-tmp/auto_rebalancer-test.0.AutoRebalancerTest.NoReplicaMovesIfCannotFixPlacementPolicy.1782822847867974-767-0/minicluster-data/ts-0-root/data
Total live blocks: 0
Total live bytes: 0
Total live bytes (after alignment): 0
Total number of LBM containers: 0 (0 full)
Did not check for missing blocks
Did not check for orphaned blocks
Total full LBM containers with extra space: 0 (0 repaired)
Total full LBM container extra space in bytes: 0 (0 repaired)
Total incomplete LBM containers: 0 (0 repaired)
Total LBM partial records: 0 (0 repaired)
Total corrupted LBM metadata records in RocksDB: 0 (0 repaired)
I20260630 12:35:57.155711   767 rpc_server.cc:225] running with OpenSSL 1.1.1  11 Sep 2018
I20260630 12:35:57.156944   767 kserver.cc:163] Server-wide thread pool size limit: 3276
I20260630 12:35:57.158388   767 txn_system_client.cc:432] TxnSystemClient initialization is disabled...
I20260630 12:35:57.160705   767 ts_tablet_manager.cc:585] Loaded tablet metadata (0 total tablets, 0 live tablets)
I20260630 12:35:57.160923   767 ts_tablet_manager.cc:531] Time spent load tablet metadata: real 0.000s	user 0.000s	sys 0.000s
I20260630 12:35:57.161159   767 ts_tablet_manager.cc:616] Registered 0 tablets
I20260630 12:35:57.161362   767 ts_tablet_manager.cc:595] Time spent register tablets: real 0.000s	user 0.000s	sys 0.000s
I20260630 12:35:57.201648   767 rpc_server.cc:307] RPC server started. Bound to: 127.0.191.193:40221
I20260630 12:35:57.201782  4915 acceptor_pool.cc:272] collecting diagnostics on the listening RPC socket 127.0.191.193:40221 every 8 connection(s)
I20260630 12:35:57.206626   767 file_cache.cc:492] Constructed file cache file cache with capacity 419430
W20260630 12:35:57.214262  4920 instance_detector.cc:116] could not retrieve AWS instance metadata: Network error: curl error: HTTP response code said error: The requested URL returned error: 404
W20260630 12:35:57.214759  4921 instance_detector.cc:116] could not retrieve Azure instance metadata: Network error: curl error: HTTP response code said error: The requested URL returned error: 404
W20260630 12:35:57.218431  4923 instance_detector.cc:116] could not retrieve OpenStack instance metadata: Network error: curl error: HTTP response code said error: The requested URL returned error: 404
I20260630 12:35:57.218585   767 server_base.cc:1061] running on GCE node
I20260630 12:35:57.219574   767 hybrid_clock.cc:584] initializing the hybrid clock with 'system_unsync' time source
W20260630 12:35:57.219820   767 system_unsync_time.cc:38] NTP support is disabled. Clock error bounds will not be accurate. This configuration is not suitable for distributed clusters.
I20260630 12:35:57.220068   767 hybrid_clock.cc:648] HybridClock initialized: now 1782822957220047 us; error 0 us; skew 500 ppm
I20260630 12:35:57.221251   767 server_base.cc:861] Flag tcmalloc_max_total_thread_cache_bytes is not working since tcmalloc is not enabled.
I20260630 12:35:57.224803   767 webserver.cc:533] Webserver started at http://127.0.191.194:43969/ using document root <none> and password file <none>
I20260630 12:35:57.224933  4916 heartbeater.cc:344] Connected to a master server at 127.0.191.254:38839
I20260630 12:35:57.225370   767 fs_manager.cc:362] Metadata directory not provided
I20260630 12:35:57.225397  4916 heartbeater.cc:461] Registering TS with master...
I20260630 12:35:57.225704   767 fs_manager.cc:368] Using write-ahead log directory (fs_wal_dir) as metadata directory
I20260630 12:35:57.226012   767 server_base.cc:909] This appears to be a new deployment of Kudu; creating new FS layout
I20260630 12:35:57.226367  4916 heartbeater.cc:507] Master 127.0.191.254:38839 requested a full tablet report, sending...
I20260630 12:35:57.227207   767 fs_manager.cc:1068] Generated new instance metadata in path /tmp/dist-test-taske88rfF/test-tmp/auto_rebalancer-test.0.AutoRebalancerTest.NoReplicaMovesIfCannotFixPlacementPolicy.1782822847867974-767-0/minicluster-data/ts-1-root/instance:
uuid: "e582ddf5ae7549a28c3affe409cc258f"
format_stamp: "Formatted at 2026-06-30 12:35:57 on dist-test-slave-xgxq"
I20260630 12:35:57.228688  4789 ts_manager.cc:194] Registered new tserver with Master: 8a072719ca834f3d9e869f0e7b7d5bcd (127.0.191.193:40221)
I20260630 12:35:57.230466  4789 master_service.cc:502] Signed X509 certificate for tserver {username='slave'} at 127.0.0.1:38770
I20260630 12:35:57.232256   767 fs_manager.cc:696] Time spent creating directory manager: real 0.004s	user 0.002s	sys 0.005s
I20260630 12:35:57.235764  4928 log_block_manager.cc:4031] Time spent loading block containers with low live blocks: real 0.000s	user 0.000s	sys 0.000s
I20260630 12:35:57.236667   767 fs_manager.cc:730] Time spent opening block manager: real 0.002s	user 0.003s	sys 0.000s
I20260630 12:35:57.236956   767 fs_manager.cc:647] Opened local filesystem: /tmp/dist-test-taske88rfF/test-tmp/auto_rebalancer-test.0.AutoRebalancerTest.NoReplicaMovesIfCannotFixPlacementPolicy.1782822847867974-767-0/minicluster-data/ts-1-root
uuid: "e582ddf5ae7549a28c3affe409cc258f"
format_stamp: "Formatted at 2026-06-30 12:35:57 on dist-test-slave-xgxq"
I20260630 12:35:57.237239   767 fs_report.cc:389] FS layout report
--------------------
wal directory: /tmp/dist-test-taske88rfF/test-tmp/auto_rebalancer-test.0.AutoRebalancerTest.NoReplicaMovesIfCannotFixPlacementPolicy.1782822847867974-767-0/minicluster-data/ts-1-root
metadata directory: /tmp/dist-test-taske88rfF/test-tmp/auto_rebalancer-test.0.AutoRebalancerTest.NoReplicaMovesIfCannotFixPlacementPolicy.1782822847867974-767-0/minicluster-data/ts-1-root
1 data directories: /tmp/dist-test-taske88rfF/test-tmp/auto_rebalancer-test.0.AutoRebalancerTest.NoReplicaMovesIfCannotFixPlacementPolicy.1782822847867974-767-0/minicluster-data/ts-1-root/data
Total live blocks: 0
Total live bytes: 0
Total live bytes (after alignment): 0
Total number of LBM containers: 0 (0 full)
Did not check for missing blocks
Did not check for orphaned blocks
Total full LBM containers with extra space: 0 (0 repaired)
Total full LBM container extra space in bytes: 0 (0 repaired)
Total incomplete LBM containers: 0 (0 repaired)
Total LBM partial records: 0 (0 repaired)
Total corrupted LBM metadata records in RocksDB: 0 (0 repaired)
I20260630 12:35:57.253489   767 rpc_server.cc:225] running with OpenSSL 1.1.1  11 Sep 2018
I20260630 12:35:57.254683   767 kserver.cc:163] Server-wide thread pool size limit: 3276
I20260630 12:35:57.256089   767 txn_system_client.cc:432] TxnSystemClient initialization is disabled...
I20260630 12:35:57.258320   767 ts_tablet_manager.cc:585] Loaded tablet metadata (0 total tablets, 0 live tablets)
I20260630 12:35:57.258538   767 ts_tablet_manager.cc:531] Time spent load tablet metadata: real 0.000s	user 0.000s	sys 0.000s
I20260630 12:35:57.258790   767 ts_tablet_manager.cc:616] Registered 0 tablets
I20260630 12:35:57.258958   767 ts_tablet_manager.cc:595] Time spent register tablets: real 0.000s	user 0.000s	sys 0.000s
I20260630 12:35:57.299185   767 rpc_server.cc:307] RPC server started. Bound to: 127.0.191.194:36359
I20260630 12:35:57.299309  4990 acceptor_pool.cc:272] collecting diagnostics on the listening RPC socket 127.0.191.194:36359 every 8 connection(s)
I20260630 12:35:57.304136   767 file_cache.cc:492] Constructed file cache file cache with capacity 419430
W20260630 12:35:57.312011  4994 instance_detector.cc:116] could not retrieve AWS instance metadata: Network error: curl error: HTTP response code said error: The requested URL returned error: 404
W20260630 12:35:57.312359  4995 instance_detector.cc:116] could not retrieve Azure instance metadata: Network error: curl error: HTTP response code said error: The requested URL returned error: 404
I20260630 12:35:57.315562   767 server_base.cc:1061] running on GCE node
W20260630 12:35:57.316242  4997 instance_detector.cc:116] could not retrieve OpenStack instance metadata: Network error: curl error: HTTP response code said error: The requested URL returned error: 404
I20260630 12:35:57.317356  4991 heartbeater.cc:344] Connected to a master server at 127.0.191.254:38839
I20260630 12:35:57.317412   767 hybrid_clock.cc:584] initializing the hybrid clock with 'system_unsync' time source
W20260630 12:35:57.317821   767 system_unsync_time.cc:38] NTP support is disabled. Clock error bounds will not be accurate. This configuration is not suitable for distributed clusters.
I20260630 12:35:57.317847  4991 heartbeater.cc:461] Registering TS with master...
I20260630 12:35:57.318068   767 hybrid_clock.cc:648] HybridClock initialized: now 1782822957318051 us; error 0 us; skew 500 ppm
I20260630 12:35:57.318820  4991 heartbeater.cc:507] Master 127.0.191.254:38839 requested a full tablet report, sending...
I20260630 12:35:57.318930   767 server_base.cc:861] Flag tcmalloc_max_total_thread_cache_bytes is not working since tcmalloc is not enabled.
I20260630 12:35:57.321858  4789 ts_manager.cc:194] Registered new tserver with Master: e582ddf5ae7549a28c3affe409cc258f (127.0.191.194:36359)
I20260630 12:35:57.323143   767 webserver.cc:533] Webserver started at http://127.0.191.195:32895/ using document root <none> and password file <none>
I20260630 12:35:57.323856   767 fs_manager.cc:362] Metadata directory not provided
I20260630 12:35:57.323982  4789 master_service.cc:502] Signed X509 certificate for tserver {username='slave'} at 127.0.0.1:38776
I20260630 12:35:57.324126   767 fs_manager.cc:368] Using write-ahead log directory (fs_wal_dir) as metadata directory
I20260630 12:35:57.324594   767 server_base.cc:909] This appears to be a new deployment of Kudu; creating new FS layout
I20260630 12:35:57.326083   767 fs_manager.cc:1068] Generated new instance metadata in path /tmp/dist-test-taske88rfF/test-tmp/auto_rebalancer-test.0.AutoRebalancerTest.NoReplicaMovesIfCannotFixPlacementPolicy.1782822847867974-767-0/minicluster-data/ts-2-root/instance:
uuid: "f399e5cc8e9145449aa1ff5f3996d6bc"
format_stamp: "Formatted at 2026-06-30 12:35:57 on dist-test-slave-xgxq"
I20260630 12:35:57.330935   767 fs_manager.cc:696] Time spent creating directory manager: real 0.004s	user 0.006s	sys 0.000s
I20260630 12:35:57.334395  5002 log_block_manager.cc:4031] Time spent loading block containers with low live blocks: real 0.000s	user 0.000s	sys 0.000s
I20260630 12:35:57.335217   767 fs_manager.cc:730] Time spent opening block manager: real 0.002s	user 0.000s	sys 0.002s
I20260630 12:35:57.335534   767 fs_manager.cc:647] Opened local filesystem: /tmp/dist-test-taske88rfF/test-tmp/auto_rebalancer-test.0.AutoRebalancerTest.NoReplicaMovesIfCannotFixPlacementPolicy.1782822847867974-767-0/minicluster-data/ts-2-root
uuid: "f399e5cc8e9145449aa1ff5f3996d6bc"
format_stamp: "Formatted at 2026-06-30 12:35:57 on dist-test-slave-xgxq"
I20260630 12:35:57.335841   767 fs_report.cc:389] FS layout report
--------------------
wal directory: /tmp/dist-test-taske88rfF/test-tmp/auto_rebalancer-test.0.AutoRebalancerTest.NoReplicaMovesIfCannotFixPlacementPolicy.1782822847867974-767-0/minicluster-data/ts-2-root
metadata directory: /tmp/dist-test-taske88rfF/test-tmp/auto_rebalancer-test.0.AutoRebalancerTest.NoReplicaMovesIfCannotFixPlacementPolicy.1782822847867974-767-0/minicluster-data/ts-2-root
1 data directories: /tmp/dist-test-taske88rfF/test-tmp/auto_rebalancer-test.0.AutoRebalancerTest.NoReplicaMovesIfCannotFixPlacementPolicy.1782822847867974-767-0/minicluster-data/ts-2-root/data
Total live blocks: 0
Total live bytes: 0
Total live bytes (after alignment): 0
Total number of LBM containers: 0 (0 full)
Did not check for missing blocks
Did not check for orphaned blocks
Total full LBM containers with extra space: 0 (0 repaired)
Total full LBM container extra space in bytes: 0 (0 repaired)
Total incomplete LBM containers: 0 (0 repaired)
Total LBM partial records: 0 (0 repaired)
Total corrupted LBM metadata records in RocksDB: 0 (0 repaired)
I20260630 12:35:57.351207   767 rpc_server.cc:225] running with OpenSSL 1.1.1  11 Sep 2018
I20260630 12:35:57.352540   767 kserver.cc:163] Server-wide thread pool size limit: 3276
I20260630 12:35:57.354203   767 txn_system_client.cc:432] TxnSystemClient initialization is disabled...
I20260630 12:35:57.356698   767 ts_tablet_manager.cc:585] Loaded tablet metadata (0 total tablets, 0 live tablets)
I20260630 12:35:57.356948   767 ts_tablet_manager.cc:531] Time spent load tablet metadata: real 0.000s	user 0.000s	sys 0.000s
I20260630 12:35:57.357218   767 ts_tablet_manager.cc:616] Registered 0 tablets
I20260630 12:35:57.357424   767 ts_tablet_manager.cc:595] Time spent register tablets: real 0.000s	user 0.000s	sys 0.000s
I20260630 12:35:57.400693   767 rpc_server.cc:307] RPC server started. Bound to: 127.0.191.195:38649
I20260630 12:35:57.400842  5064 acceptor_pool.cc:272] collecting diagnostics on the listening RPC socket 127.0.191.195:38649 every 8 connection(s)
I20260630 12:35:57.414706  5065 heartbeater.cc:344] Connected to a master server at 127.0.191.254:38839
I20260630 12:35:57.415045  5065 heartbeater.cc:461] Registering TS with master...
I20260630 12:35:57.415817  5065 heartbeater.cc:507] Master 127.0.191.254:38839 requested a full tablet report, sending...
I20260630 12:35:57.417738  4789 ts_manager.cc:194] Registered new tserver with Master: f399e5cc8e9145449aa1ff5f3996d6bc (127.0.191.195:38649)
I20260630 12:35:57.417976   767 internal_mini_cluster.cc:371] 3 TS(s) registered with all masters after 0.0137814s
I20260630 12:35:57.419126  4789 master_service.cc:502] Signed X509 certificate for tserver {username='slave'} at 127.0.0.1:38782
I20260630 12:35:58.233340  4916 heartbeater.cc:499] Master 127.0.191.254:38839 was elected leader, sending a full tablet report...
I20260630 12:35:58.326952  4991 heartbeater.cc:499] Master 127.0.191.254:38839 was elected leader, sending a full tablet report...
I20260630 12:35:58.422042  5065 heartbeater.cc:499] Master 127.0.191.254:38839 was elected leader, sending a full tablet report...
I20260630 12:35:58.486241  4789 catalog_manager.cc:2283] Servicing CreateTable request from {username='slave'} at 127.0.0.1:38796:
name: "test-workload"
schema {
  columns {
    name: "key"
    type: INT32
    is_key: true
    is_nullable: false
    encoding: AUTO_ENCODING
    compression: DEFAULT_COMPRESSION
    cfile_block_size: 0
    immutable: false
  }
  columns {
    name: "int_val"
    type: INT32
    is_key: false
    is_nullable: false
    encoding: AUTO_ENCODING
    compression: DEFAULT_COMPRESSION
    cfile_block_size: 0
    immutable: false
  }
  columns {
    name: "string_val"
    type: STRING
    is_key: false
    is_nullable: true
    encoding: AUTO_ENCODING
    compression: DEFAULT_COMPRESSION
    cfile_block_size: 0
    immutable: false
  }
}
num_replicas: 3
split_rows_range_bounds {
}
partition_schema {
  range_schema {
    columns {
      name: "key"
    }
  }
}
W20260630 12:35:58.488299  4789 catalog_manager.cc:7077] The number of live tablet servers is not enough to re-replicate a tablet replica of the newly created table test-workload in case of a server failure: 4 tablet servers would be needed, 3 are available. Consider bringing up more tablet servers.
I20260630 12:35:58.530608  5030 tablet_service.cc:1511] Processing CreateTablet for tablet 16367abd226f4eb6899be9d0cb278706 (DEFAULT_TABLE table=test-workload [id=05d9199fc057404abaa7fcf53d649b8f]), partition=RANGE (key) PARTITION UNBOUNDED
I20260630 12:35:58.532572  5030 data_dirs.cc:400] Could only allocate 1 dirs of requested 3 for tablet 16367abd226f4eb6899be9d0cb278706. 1 dirs total, 0 dirs full, 0 dirs failed
I20260630 12:35:58.565007  4956 tablet_service.cc:1511] Processing CreateTablet for tablet 16367abd226f4eb6899be9d0cb278706 (DEFAULT_TABLE table=test-workload [id=05d9199fc057404abaa7fcf53d649b8f]), partition=RANGE (key) PARTITION UNBOUNDED
I20260630 12:35:58.565718  4881 tablet_service.cc:1511] Processing CreateTablet for tablet 16367abd226f4eb6899be9d0cb278706 (DEFAULT_TABLE table=test-workload [id=05d9199fc057404abaa7fcf53d649b8f]), partition=RANGE (key) PARTITION UNBOUNDED
I20260630 12:35:58.567843  4956 data_dirs.cc:400] Could only allocate 1 dirs of requested 3 for tablet 16367abd226f4eb6899be9d0cb278706. 1 dirs total, 0 dirs full, 0 dirs failed
I20260630 12:35:58.567843  4881 data_dirs.cc:400] Could only allocate 1 dirs of requested 3 for tablet 16367abd226f4eb6899be9d0cb278706. 1 dirs total, 0 dirs full, 0 dirs failed
I20260630 12:35:58.578104  5087 tablet_bootstrap.cc:492] T 16367abd226f4eb6899be9d0cb278706 P f399e5cc8e9145449aa1ff5f3996d6bc: Bootstrap starting.
I20260630 12:35:58.587428  5088 tablet_bootstrap.cc:492] T 16367abd226f4eb6899be9d0cb278706 P e582ddf5ae7549a28c3affe409cc258f: Bootstrap starting.
I20260630 12:35:58.587596  5087 tablet_bootstrap.cc:654] T 16367abd226f4eb6899be9d0cb278706 P f399e5cc8e9145449aa1ff5f3996d6bc: Neither blocks nor log segments found. Creating new log.
I20260630 12:35:58.589475  5089 tablet_bootstrap.cc:492] T 16367abd226f4eb6899be9d0cb278706 P 8a072719ca834f3d9e869f0e7b7d5bcd: Bootstrap starting.
I20260630 12:35:58.595572  5087 tablet_bootstrap.cc:492] T 16367abd226f4eb6899be9d0cb278706 P f399e5cc8e9145449aa1ff5f3996d6bc: No bootstrap required, opened a new log
I20260630 12:35:58.595767  5088 tablet_bootstrap.cc:654] T 16367abd226f4eb6899be9d0cb278706 P e582ddf5ae7549a28c3affe409cc258f: Neither blocks nor log segments found. Creating new log.
I20260630 12:35:58.596235  5087 ts_tablet_manager.cc:1403] T 16367abd226f4eb6899be9d0cb278706 P f399e5cc8e9145449aa1ff5f3996d6bc: Time spent bootstrapping tablet: real 0.019s	user 0.010s	sys 0.006s
I20260630 12:35:58.596683  5089 tablet_bootstrap.cc:654] T 16367abd226f4eb6899be9d0cb278706 P 8a072719ca834f3d9e869f0e7b7d5bcd: Neither blocks nor log segments found. Creating new log.
I20260630 12:35:58.600458  5087 raft_consensus.cc:359] T 16367abd226f4eb6899be9d0cb278706 P f399e5cc8e9145449aa1ff5f3996d6bc [term 0 FOLLOWER]: Replica starting. Triggering 0 pending ops. Active config: opid_index: -1 OBSOLETE_local: false peers { permanent_uuid: "f399e5cc8e9145449aa1ff5f3996d6bc" member_type: VOTER last_known_addr { host: "127.0.191.195" port: 38649 } } peers { permanent_uuid: "8a072719ca834f3d9e869f0e7b7d5bcd" member_type: VOTER last_known_addr { host: "127.0.191.193" port: 40221 } } peers { permanent_uuid: "e582ddf5ae7549a28c3affe409cc258f" member_type: VOTER last_known_addr { host: "127.0.191.194" port: 36359 } }
I20260630 12:35:58.601333  5088 tablet_bootstrap.cc:492] T 16367abd226f4eb6899be9d0cb278706 P e582ddf5ae7549a28c3affe409cc258f: No bootstrap required, opened a new log
I20260630 12:35:58.601579  5087 raft_consensus.cc:385] T 16367abd226f4eb6899be9d0cb278706 P f399e5cc8e9145449aa1ff5f3996d6bc [term 0 FOLLOWER]: Consensus starting up: Expiring failure detector timer to make a prompt election more likely
I20260630 12:35:58.601812  5088 ts_tablet_manager.cc:1403] T 16367abd226f4eb6899be9d0cb278706 P e582ddf5ae7549a28c3affe409cc258f: Time spent bootstrapping tablet: real 0.015s	user 0.009s	sys 0.004s
I20260630 12:35:58.602092  5087 raft_consensus.cc:740] T 16367abd226f4eb6899be9d0cb278706 P f399e5cc8e9145449aa1ff5f3996d6bc [term 0 FOLLOWER]: Becoming Follower/Learner. State: Replica: f399e5cc8e9145449aa1ff5f3996d6bc, State: Initialized, Role: FOLLOWER
I20260630 12:35:58.602847  5089 tablet_bootstrap.cc:492] T 16367abd226f4eb6899be9d0cb278706 P 8a072719ca834f3d9e869f0e7b7d5bcd: No bootstrap required, opened a new log
I20260630 12:35:58.603338  5089 ts_tablet_manager.cc:1403] T 16367abd226f4eb6899be9d0cb278706 P 8a072719ca834f3d9e869f0e7b7d5bcd: Time spent bootstrapping tablet: real 0.014s	user 0.011s	sys 0.000s
I20260630 12:35:58.603012  5087 consensus_queue.cc:260] T 16367abd226f4eb6899be9d0cb278706 P f399e5cc8e9145449aa1ff5f3996d6bc [NON_LEADER]: Queue going to NON_LEADER mode. State: All replicated index: 0, Majority replicated index: 0, Committed index: 0, Last appended: 0.0, Last appended by leader: 0, Current term: 0, Majority size: -1, State: 0, Mode: NON_LEADER, active raft config: opid_index: -1 OBSOLETE_local: false peers { permanent_uuid: "f399e5cc8e9145449aa1ff5f3996d6bc" member_type: VOTER last_known_addr { host: "127.0.191.195" port: 38649 } } peers { permanent_uuid: "8a072719ca834f3d9e869f0e7b7d5bcd" member_type: VOTER last_known_addr { host: "127.0.191.193" port: 40221 } } peers { permanent_uuid: "e582ddf5ae7549a28c3affe409cc258f" member_type: VOTER last_known_addr { host: "127.0.191.194" port: 36359 } }
I20260630 12:35:58.604606  5088 raft_consensus.cc:359] T 16367abd226f4eb6899be9d0cb278706 P e582ddf5ae7549a28c3affe409cc258f [term 0 FOLLOWER]: Replica starting. Triggering 0 pending ops. Active config: opid_index: -1 OBSOLETE_local: false peers { permanent_uuid: "f399e5cc8e9145449aa1ff5f3996d6bc" member_type: VOTER last_known_addr { host: "127.0.191.195" port: 38649 } } peers { permanent_uuid: "8a072719ca834f3d9e869f0e7b7d5bcd" member_type: VOTER last_known_addr { host: "127.0.191.193" port: 40221 } } peers { permanent_uuid: "e582ddf5ae7549a28c3affe409cc258f" member_type: VOTER last_known_addr { host: "127.0.191.194" port: 36359 } }
I20260630 12:35:58.605433  5088 raft_consensus.cc:385] T 16367abd226f4eb6899be9d0cb278706 P e582ddf5ae7549a28c3affe409cc258f [term 0 FOLLOWER]: Consensus starting up: Expiring failure detector timer to make a prompt election more likely
I20260630 12:35:58.605756  5088 raft_consensus.cc:740] T 16367abd226f4eb6899be9d0cb278706 P e582ddf5ae7549a28c3affe409cc258f [term 0 FOLLOWER]: Becoming Follower/Learner. State: Replica: e582ddf5ae7549a28c3affe409cc258f, State: Initialized, Role: FOLLOWER
I20260630 12:35:58.606258  5087 ts_tablet_manager.cc:1434] T 16367abd226f4eb6899be9d0cb278706 P f399e5cc8e9145449aa1ff5f3996d6bc: Time spent starting tablet: real 0.010s	user 0.009s	sys 0.000s
I20260630 12:35:58.606472  5089 raft_consensus.cc:359] T 16367abd226f4eb6899be9d0cb278706 P 8a072719ca834f3d9e869f0e7b7d5bcd [term 0 FOLLOWER]: Replica starting. Triggering 0 pending ops. Active config: opid_index: -1 OBSOLETE_local: false peers { permanent_uuid: "f399e5cc8e9145449aa1ff5f3996d6bc" member_type: VOTER last_known_addr { host: "127.0.191.195" port: 38649 } } peers { permanent_uuid: "8a072719ca834f3d9e869f0e7b7d5bcd" member_type: VOTER last_known_addr { host: "127.0.191.193" port: 40221 } } peers { permanent_uuid: "e582ddf5ae7549a28c3affe409cc258f" member_type: VOTER last_known_addr { host: "127.0.191.194" port: 36359 } }
I20260630 12:35:58.607251  5089 raft_consensus.cc:385] T 16367abd226f4eb6899be9d0cb278706 P 8a072719ca834f3d9e869f0e7b7d5bcd [term 0 FOLLOWER]: Consensus starting up: Expiring failure detector timer to make a prompt election more likely
I20260630 12:35:58.607560  5089 raft_consensus.cc:740] T 16367abd226f4eb6899be9d0cb278706 P 8a072719ca834f3d9e869f0e7b7d5bcd [term 0 FOLLOWER]: Becoming Follower/Learner. State: Replica: 8a072719ca834f3d9e869f0e7b7d5bcd, State: Initialized, Role: FOLLOWER
I20260630 12:35:58.607800  5088 consensus_queue.cc:260] T 16367abd226f4eb6899be9d0cb278706 P e582ddf5ae7549a28c3affe409cc258f [NON_LEADER]: Queue going to NON_LEADER mode. State: All replicated index: 0, Majority replicated index: 0, Committed index: 0, Last appended: 0.0, Last appended by leader: 0, Current term: 0, Majority size: -1, State: 0, Mode: NON_LEADER, active raft config: opid_index: -1 OBSOLETE_local: false peers { permanent_uuid: "f399e5cc8e9145449aa1ff5f3996d6bc" member_type: VOTER last_known_addr { host: "127.0.191.195" port: 38649 } } peers { permanent_uuid: "8a072719ca834f3d9e869f0e7b7d5bcd" member_type: VOTER last_known_addr { host: "127.0.191.193" port: 40221 } } peers { permanent_uuid: "e582ddf5ae7549a28c3affe409cc258f" member_type: VOTER last_known_addr { host: "127.0.191.194" port: 36359 } }
I20260630 12:35:58.608388  5089 consensus_queue.cc:260] T 16367abd226f4eb6899be9d0cb278706 P 8a072719ca834f3d9e869f0e7b7d5bcd [NON_LEADER]: Queue going to NON_LEADER mode. State: All replicated index: 0, Majority replicated index: 0, Committed index: 0, Last appended: 0.0, Last appended by leader: 0, Current term: 0, Majority size: -1, State: 0, Mode: NON_LEADER, active raft config: opid_index: -1 OBSOLETE_local: false peers { permanent_uuid: "f399e5cc8e9145449aa1ff5f3996d6bc" member_type: VOTER last_known_addr { host: "127.0.191.195" port: 38649 } } peers { permanent_uuid: "8a072719ca834f3d9e869f0e7b7d5bcd" member_type: VOTER last_known_addr { host: "127.0.191.193" port: 40221 } } peers { permanent_uuid: "e582ddf5ae7549a28c3affe409cc258f" member_type: VOTER last_known_addr { host: "127.0.191.194" port: 36359 } }
I20260630 12:35:58.611796  5089 ts_tablet_manager.cc:1434] T 16367abd226f4eb6899be9d0cb278706 P 8a072719ca834f3d9e869f0e7b7d5bcd: Time spent starting tablet: real 0.008s	user 0.009s	sys 0.000s
I20260630 12:35:58.615314  5088 ts_tablet_manager.cc:1434] T 16367abd226f4eb6899be9d0cb278706 P e582ddf5ae7549a28c3affe409cc258f: Time spent starting tablet: real 0.013s	user 0.006s	sys 0.004s
W20260630 12:35:58.656437  5066 tablet.cc:2406] T 16367abd226f4eb6899be9d0cb278706 P f399e5cc8e9145449aa1ff5f3996d6bc: Can't schedule compaction. Clean time has not been advanced past its initial value.
I20260630 12:35:58.741853  5093 raft_consensus.cc:493] T 16367abd226f4eb6899be9d0cb278706 P f399e5cc8e9145449aa1ff5f3996d6bc [term 0 FOLLOWER]: Starting pre-election (no leader contacted us within the election timeout)
I20260630 12:35:58.742434  5093 raft_consensus.cc:515] T 16367abd226f4eb6899be9d0cb278706 P f399e5cc8e9145449aa1ff5f3996d6bc [term 0 FOLLOWER]: Starting pre-election with config: opid_index: -1 OBSOLETE_local: false peers { permanent_uuid: "f399e5cc8e9145449aa1ff5f3996d6bc" member_type: VOTER last_known_addr { host: "127.0.191.195" port: 38649 } } peers { permanent_uuid: "8a072719ca834f3d9e869f0e7b7d5bcd" member_type: VOTER last_known_addr { host: "127.0.191.193" port: 40221 } } peers { permanent_uuid: "e582ddf5ae7549a28c3affe409cc258f" member_type: VOTER last_known_addr { host: "127.0.191.194" port: 36359 } }
I20260630 12:35:58.744906  5093 leader_election.cc:290] T 16367abd226f4eb6899be9d0cb278706 P f399e5cc8e9145449aa1ff5f3996d6bc [CANDIDATE]: Term 1 pre-election: Requested pre-vote from peers 8a072719ca834f3d9e869f0e7b7d5bcd (127.0.191.193:40221), e582ddf5ae7549a28c3affe409cc258f (127.0.191.194:36359)
I20260630 12:35:58.756507  4891 tablet_service.cc:1917] Received RequestConsensusVote() RPC: tablet_id: "16367abd226f4eb6899be9d0cb278706" candidate_uuid: "f399e5cc8e9145449aa1ff5f3996d6bc" candidate_term: 1 candidate_status { last_received { term: 0 index: 0 } } ignore_live_leader: false dest_uuid: "8a072719ca834f3d9e869f0e7b7d5bcd" is_pre_election: true
I20260630 12:35:58.757366  4891 raft_consensus.cc:2468] T 16367abd226f4eb6899be9d0cb278706 P 8a072719ca834f3d9e869f0e7b7d5bcd [term 0 FOLLOWER]: Leader pre-election vote request: Granting yes vote for candidate f399e5cc8e9145449aa1ff5f3996d6bc in term 0.
I20260630 12:35:58.758773  5004 leader_election.cc:304] T 16367abd226f4eb6899be9d0cb278706 P f399e5cc8e9145449aa1ff5f3996d6bc [CANDIDATE]: Term 1 pre-election: Election decided. Result: candidate won. Election summary: received 2 responses out of 3 voters: 2 yes votes; 0 no votes. yes voters: 8a072719ca834f3d9e869f0e7b7d5bcd, f399e5cc8e9145449aa1ff5f3996d6bc; no voters: 
I20260630 12:35:58.758832  4966 tablet_service.cc:1917] Received RequestConsensusVote() RPC: tablet_id: "16367abd226f4eb6899be9d0cb278706" candidate_uuid: "f399e5cc8e9145449aa1ff5f3996d6bc" candidate_term: 1 candidate_status { last_received { term: 0 index: 0 } } ignore_live_leader: false dest_uuid: "e582ddf5ae7549a28c3affe409cc258f" is_pre_election: true
I20260630 12:35:58.759538  4966 raft_consensus.cc:2468] T 16367abd226f4eb6899be9d0cb278706 P e582ddf5ae7549a28c3affe409cc258f [term 0 FOLLOWER]: Leader pre-election vote request: Granting yes vote for candidate f399e5cc8e9145449aa1ff5f3996d6bc in term 0.
I20260630 12:35:58.759653  5093 raft_consensus.cc:2804] T 16367abd226f4eb6899be9d0cb278706 P f399e5cc8e9145449aa1ff5f3996d6bc [term 0 FOLLOWER]: Leader pre-election won for term 1
I20260630 12:35:58.760066  5093 raft_consensus.cc:493] T 16367abd226f4eb6899be9d0cb278706 P f399e5cc8e9145449aa1ff5f3996d6bc [term 0 FOLLOWER]: Starting leader election (no leader contacted us within the election timeout)
I20260630 12:35:58.760402  5093 raft_consensus.cc:3060] T 16367abd226f4eb6899be9d0cb278706 P f399e5cc8e9145449aa1ff5f3996d6bc [term 0 FOLLOWER]: Advancing to term 1
I20260630 12:35:58.766436  5093 raft_consensus.cc:515] T 16367abd226f4eb6899be9d0cb278706 P f399e5cc8e9145449aa1ff5f3996d6bc [term 1 FOLLOWER]: Starting leader election with config: opid_index: -1 OBSOLETE_local: false peers { permanent_uuid: "f399e5cc8e9145449aa1ff5f3996d6bc" member_type: VOTER last_known_addr { host: "127.0.191.195" port: 38649 } } peers { permanent_uuid: "8a072719ca834f3d9e869f0e7b7d5bcd" member_type: VOTER last_known_addr { host: "127.0.191.193" port: 40221 } } peers { permanent_uuid: "e582ddf5ae7549a28c3affe409cc258f" member_type: VOTER last_known_addr { host: "127.0.191.194" port: 36359 } }
I20260630 12:35:58.768052  5093 leader_election.cc:290] T 16367abd226f4eb6899be9d0cb278706 P f399e5cc8e9145449aa1ff5f3996d6bc [CANDIDATE]: Term 1 election: Requested vote from peers 8a072719ca834f3d9e869f0e7b7d5bcd (127.0.191.193:40221), e582ddf5ae7549a28c3affe409cc258f (127.0.191.194:36359)
I20260630 12:35:58.768986  4891 tablet_service.cc:1917] Received RequestConsensusVote() RPC: tablet_id: "16367abd226f4eb6899be9d0cb278706" candidate_uuid: "f399e5cc8e9145449aa1ff5f3996d6bc" candidate_term: 1 candidate_status { last_received { term: 0 index: 0 } } ignore_live_leader: false dest_uuid: "8a072719ca834f3d9e869f0e7b7d5bcd"
I20260630 12:35:58.769248  4966 tablet_service.cc:1917] Received RequestConsensusVote() RPC: tablet_id: "16367abd226f4eb6899be9d0cb278706" candidate_uuid: "f399e5cc8e9145449aa1ff5f3996d6bc" candidate_term: 1 candidate_status { last_received { term: 0 index: 0 } } ignore_live_leader: false dest_uuid: "e582ddf5ae7549a28c3affe409cc258f"
I20260630 12:35:58.769492  4891 raft_consensus.cc:3060] T 16367abd226f4eb6899be9d0cb278706 P 8a072719ca834f3d9e869f0e7b7d5bcd [term 0 FOLLOWER]: Advancing to term 1
I20260630 12:35:58.769820  4966 raft_consensus.cc:3060] T 16367abd226f4eb6899be9d0cb278706 P e582ddf5ae7549a28c3affe409cc258f [term 0 FOLLOWER]: Advancing to term 1
I20260630 12:35:58.775027  4891 raft_consensus.cc:2468] T 16367abd226f4eb6899be9d0cb278706 P 8a072719ca834f3d9e869f0e7b7d5bcd [term 1 FOLLOWER]: Leader election vote request: Granting yes vote for candidate f399e5cc8e9145449aa1ff5f3996d6bc in term 1.
I20260630 12:35:58.775082  4966 raft_consensus.cc:2468] T 16367abd226f4eb6899be9d0cb278706 P e582ddf5ae7549a28c3affe409cc258f [term 1 FOLLOWER]: Leader election vote request: Granting yes vote for candidate f399e5cc8e9145449aa1ff5f3996d6bc in term 1.
I20260630 12:35:58.776292  5004 leader_election.cc:304] T 16367abd226f4eb6899be9d0cb278706 P f399e5cc8e9145449aa1ff5f3996d6bc [CANDIDATE]: Term 1 election: Election decided. Result: candidate won. Election summary: received 2 responses out of 3 voters: 2 yes votes; 0 no votes. yes voters: 8a072719ca834f3d9e869f0e7b7d5bcd, f399e5cc8e9145449aa1ff5f3996d6bc; no voters: 
I20260630 12:35:58.776961  5093 raft_consensus.cc:2804] T 16367abd226f4eb6899be9d0cb278706 P f399e5cc8e9145449aa1ff5f3996d6bc [term 1 FOLLOWER]: Leader election won for term 1
I20260630 12:35:58.778007  5093 raft_consensus.cc:697] T 16367abd226f4eb6899be9d0cb278706 P f399e5cc8e9145449aa1ff5f3996d6bc [term 1 LEADER]: Becoming Leader. State: Replica: f399e5cc8e9145449aa1ff5f3996d6bc, State: Running, Role: LEADER
I20260630 12:35:58.778733  5093 consensus_queue.cc:237] T 16367abd226f4eb6899be9d0cb278706 P f399e5cc8e9145449aa1ff5f3996d6bc [LEADER]: Queue going to LEADER mode. State: All replicated index: 0, Majority replicated index: 0, Committed index: 0, Last appended: 0.0, Last appended by leader: 0, Current term: 1, Majority size: 2, State: 0, Mode: LEADER, active raft config: opid_index: -1 OBSOLETE_local: false peers { permanent_uuid: "f399e5cc8e9145449aa1ff5f3996d6bc" member_type: VOTER last_known_addr { host: "127.0.191.195" port: 38649 } } peers { permanent_uuid: "8a072719ca834f3d9e869f0e7b7d5bcd" member_type: VOTER last_known_addr { host: "127.0.191.193" port: 40221 } } peers { permanent_uuid: "e582ddf5ae7549a28c3affe409cc258f" member_type: VOTER last_known_addr { host: "127.0.191.194" port: 36359 } }
I20260630 12:35:58.785778  4788 catalog_manager.cc:5697] T 16367abd226f4eb6899be9d0cb278706 P f399e5cc8e9145449aa1ff5f3996d6bc reported cstate change: term changed from 0 to 1, leader changed from <none> to f399e5cc8e9145449aa1ff5f3996d6bc (127.0.191.195). New cstate: current_term: 1 leader_uuid: "f399e5cc8e9145449aa1ff5f3996d6bc" committed_config { opid_index: -1 OBSOLETE_local: false peers { permanent_uuid: "f399e5cc8e9145449aa1ff5f3996d6bc" member_type: VOTER last_known_addr { host: "127.0.191.195" port: 38649 } health_report { overall_health: HEALTHY } } peers { permanent_uuid: "8a072719ca834f3d9e869f0e7b7d5bcd" member_type: VOTER last_known_addr { host: "127.0.191.193" port: 40221 } health_report { overall_health: UNKNOWN } } peers { permanent_uuid: "e582ddf5ae7549a28c3affe409cc258f" member_type: VOTER last_known_addr { host: "127.0.191.194" port: 36359 } health_report { overall_health: UNKNOWN } } }
I20260630 12:35:59.046432  4837 placement_policy_util.cc:411] tablet 16367abd226f4eb6899be9d0cb278706: detected majority of replicas (2 of 3) at location L0
I20260630 12:35:59.048137  4842 auto_leader_rebalancer.cc:141] leader rebalance for table test-workload
I20260630 12:35:59.049860  4842 auto_leader_rebalancer.cc:440] table: test-workload, leader rebalance finish, leader transfer count: 0
I20260630 12:35:59.050199  4842 auto_leader_rebalancer.cc:515] All tables' leader rebalancing finished this round
I20260630 12:35:59.238198  5093 consensus_queue.cc:1048] T 16367abd226f4eb6899be9d0cb278706 P f399e5cc8e9145449aa1ff5f3996d6bc [LEADER]: Connected to new peer: Peer: permanent_uuid: "8a072719ca834f3d9e869f0e7b7d5bcd" member_type: VOTER last_known_addr { host: "127.0.191.193" port: 40221 }, Status: LMP_MISMATCH, Last received: 0.0, Next index: 1, Last known committed idx: 0, Time since last communication: 0.000s
I20260630 12:35:59.254621  5098 consensus_queue.cc:1048] T 16367abd226f4eb6899be9d0cb278706 P f399e5cc8e9145449aa1ff5f3996d6bc [LEADER]: Connected to new peer: Peer: permanent_uuid: "e582ddf5ae7549a28c3affe409cc258f" member_type: VOTER last_known_addr { host: "127.0.191.194" port: 36359 }, Status: LMP_MISMATCH, Last received: 0.0, Next index: 1, Last known committed idx: 0, Time since last communication: 0.000s
I20260630 12:36:00.055346  4837 placement_policy_util.cc:411] tablet 16367abd226f4eb6899be9d0cb278706: detected majority of replicas (2 of 3) at location L0
I20260630 12:36:01.051211  4842 auto_leader_rebalancer.cc:141] leader rebalance for table test-workload
I20260630 12:36:01.052537  4842 auto_leader_rebalancer.cc:440] table: test-workload, leader rebalance finish, leader transfer count: 0
I20260630 12:36:01.052873  4842 auto_leader_rebalancer.cc:515] All tables' leader rebalancing finished this round
I20260630 12:36:01.063741  4837 placement_policy_util.cc:411] tablet 16367abd226f4eb6899be9d0cb278706: detected majority of replicas (2 of 3) at location L0
I20260630 12:36:02.071942  4837 placement_policy_util.cc:411] tablet 16367abd226f4eb6899be9d0cb278706: detected majority of replicas (2 of 3) at location L0
I20260630 12:36:03.053874  4842 auto_leader_rebalancer.cc:141] leader rebalance for table test-workload
I20260630 12:36:03.055155  4842 auto_leader_rebalancer.cc:440] table: test-workload, leader rebalance finish, leader transfer count: 0
I20260630 12:36:03.055466  4842 auto_leader_rebalancer.cc:515] All tables' leader rebalancing finished this round
I20260630 12:36:03.080185  4837 placement_policy_util.cc:411] tablet 16367abd226f4eb6899be9d0cb278706: detected majority of replicas (2 of 3) at location L0
I20260630 12:36:04.088860  4837 placement_policy_util.cc:411] tablet 16367abd226f4eb6899be9d0cb278706: detected majority of replicas (2 of 3) at location L0
I20260630 12:36:05.056524  4842 auto_leader_rebalancer.cc:141] leader rebalance for table test-workload
I20260630 12:36:05.057752  4842 auto_leader_rebalancer.cc:440] table: test-workload, leader rebalance finish, leader transfer count: 0
I20260630 12:36:05.058099  4842 auto_leader_rebalancer.cc:515] All tables' leader rebalancing finished this round
I20260630 12:36:05.097093  4837 placement_policy_util.cc:411] tablet 16367abd226f4eb6899be9d0cb278706: detected majority of replicas (2 of 3) at location L0
I20260630 12:36:06.105610  4837 placement_policy_util.cc:411] tablet 16367abd226f4eb6899be9d0cb278706: detected majority of replicas (2 of 3) at location L0
I20260630 12:36:07.059094  4842 auto_leader_rebalancer.cc:141] leader rebalance for table test-workload
I20260630 12:36:07.060377  4842 auto_leader_rebalancer.cc:440] table: test-workload, leader rebalance finish, leader transfer count: 0
I20260630 12:36:07.060654  4842 auto_leader_rebalancer.cc:515] All tables' leader rebalancing finished this round
I20260630 12:36:07.113637  4837 placement_policy_util.cc:411] tablet 16367abd226f4eb6899be9d0cb278706: detected majority of replicas (2 of 3) at location L0
I20260630 12:36:08.120091  4837 placement_policy_util.cc:411] tablet 16367abd226f4eb6899be9d0cb278706: detected majority of replicas (2 of 3) at location L0
I20260630 12:36:09.062135  4842 auto_leader_rebalancer.cc:141] leader rebalance for table test-workload
I20260630 12:36:09.064096  4842 auto_leader_rebalancer.cc:440] table: test-workload, leader rebalance finish, leader transfer count: 0
I20260630 12:36:09.064519  4842 auto_leader_rebalancer.cc:515] All tables' leader rebalancing finished this round
I20260630 12:36:09.126914  4837 placement_policy_util.cc:411] tablet 16367abd226f4eb6899be9d0cb278706: detected majority of replicas (2 of 3) at location L0
I20260630 12:36:09.872182   767 tablet_server.cc:179] TabletServer@127.0.191.193:0 shutting down...
I20260630 12:36:09.898983   767 ts_tablet_manager.cc:1507] Shutting down tablet manager...
I20260630 12:36:09.899818   767 tablet_replica.cc:333] T 16367abd226f4eb6899be9d0cb278706 P 8a072719ca834f3d9e869f0e7b7d5bcd: stopping tablet replica
I20260630 12:36:09.900537   767 raft_consensus.cc:2243] T 16367abd226f4eb6899be9d0cb278706 P 8a072719ca834f3d9e869f0e7b7d5bcd [term 1 FOLLOWER]: Raft consensus shutting down.
I20260630 12:36:09.901144   767 raft_consensus.cc:2272] T 16367abd226f4eb6899be9d0cb278706 P 8a072719ca834f3d9e869f0e7b7d5bcd [term 1 FOLLOWER]: Raft consensus is shut down!
I20260630 12:36:09.921617   767 tablet_server.cc:196] TabletServer@127.0.191.193:0 shutdown complete.
I20260630 12:36:09.934459   767 tablet_server.cc:179] TabletServer@127.0.191.194:0 shutting down...
I20260630 12:36:09.957294   767 ts_tablet_manager.cc:1507] Shutting down tablet manager...
I20260630 12:36:09.958112   767 tablet_replica.cc:333] T 16367abd226f4eb6899be9d0cb278706 P e582ddf5ae7549a28c3affe409cc258f: stopping tablet replica
I20260630 12:36:09.958676   767 raft_consensus.cc:2243] T 16367abd226f4eb6899be9d0cb278706 P e582ddf5ae7549a28c3affe409cc258f [term 1 FOLLOWER]: Raft consensus shutting down.
I20260630 12:36:09.959252   767 raft_consensus.cc:2272] T 16367abd226f4eb6899be9d0cb278706 P e582ddf5ae7549a28c3affe409cc258f [term 1 FOLLOWER]: Raft consensus is shut down!
I20260630 12:36:09.980798   767 tablet_server.cc:196] TabletServer@127.0.191.194:0 shutdown complete.
I20260630 12:36:09.995783   767 tablet_server.cc:179] TabletServer@127.0.191.195:0 shutting down...
I20260630 12:36:10.019945   767 ts_tablet_manager.cc:1507] Shutting down tablet manager...
I20260630 12:36:10.020684   767 tablet_replica.cc:333] T 16367abd226f4eb6899be9d0cb278706 P f399e5cc8e9145449aa1ff5f3996d6bc: stopping tablet replica
I20260630 12:36:10.021149   767 raft_consensus.cc:2243] T 16367abd226f4eb6899be9d0cb278706 P f399e5cc8e9145449aa1ff5f3996d6bc [term 1 LEADER]: Raft consensus shutting down.
I20260630 12:36:10.022012   767 raft_consensus.cc:2272] T 16367abd226f4eb6899be9d0cb278706 P f399e5cc8e9145449aa1ff5f3996d6bc [term 1 FOLLOWER]: Raft consensus is shut down!
I20260630 12:36:10.042380   767 tablet_server.cc:196] TabletServer@127.0.191.195:0 shutdown complete.
I20260630 12:36:10.053894   767 master.cc:562] Master@127.0.191.254:38839 shutting down...
I20260630 12:36:10.075495   767 raft_consensus.cc:2243] T 00000000000000000000000000000000 P 67e715ed64814f608074b572ae0bdc83 [term 1 LEADER]: Raft consensus shutting down.
I20260630 12:36:10.076382   767 raft_consensus.cc:2272] T 00000000000000000000000000000000 P 67e715ed64814f608074b572ae0bdc83 [term 1 FOLLOWER]: Raft consensus is shut down!
I20260630 12:36:10.076800   767 tablet_replica.cc:333] T 00000000000000000000000000000000 P 67e715ed64814f608074b572ae0bdc83: stopping tablet replica
I20260630 12:36:10.095939   767 master.cc:584] Master@127.0.191.254:38839 shutdown complete.
[       OK ] AutoRebalancerTest.NoReplicaMovesIfCannotFixPlacementPolicy (13229 ms)
[ RUN      ] AutoRebalancerTest.TestMaxMovesPerServer
I20260630 12:36:10.133253   767 internal_mini_cluster.cc:156] Creating distributed mini masters. Addrs: 127.0.191.254:43535
I20260630 12:36:10.134450   767 file_cache.cc:492] Constructed file cache file cache with capacity 419430
W20260630 12:36:10.140422  5109 instance_detector.cc:116] could not retrieve AWS instance metadata: Network error: curl error: HTTP response code said error: The requested URL returned error: 404
W20260630 12:36:10.140813  5110 instance_detector.cc:116] could not retrieve Azure instance metadata: Network error: curl error: HTTP response code said error: The requested URL returned error: 404
W20260630 12:36:10.141836  5112 instance_detector.cc:116] could not retrieve OpenStack instance metadata: Network error: curl error: HTTP response code said error: The requested URL returned error: 404
I20260630 12:36:10.142457   767 server_base.cc:1061] running on GCE node
I20260630 12:36:10.143344   767 hybrid_clock.cc:584] initializing the hybrid clock with 'system_unsync' time source
W20260630 12:36:10.143551   767 system_unsync_time.cc:38] NTP support is disabled. Clock error bounds will not be accurate. This configuration is not suitable for distributed clusters.
I20260630 12:36:10.143730   767 hybrid_clock.cc:648] HybridClock initialized: now 1782822970143697 us; error 0 us; skew 500 ppm
I20260630 12:36:10.144321   767 server_base.cc:861] Flag tcmalloc_max_total_thread_cache_bytes is not working since tcmalloc is not enabled.
I20260630 12:36:10.146900   767 webserver.cc:533] Webserver started at http://127.0.191.254:37555/ using document root <none> and password file <none>
I20260630 12:36:10.147398   767 fs_manager.cc:362] Metadata directory not provided
I20260630 12:36:10.147622   767 fs_manager.cc:368] Using write-ahead log directory (fs_wal_dir) as metadata directory
I20260630 12:36:10.147929   767 server_base.cc:909] This appears to be a new deployment of Kudu; creating new FS layout
I20260630 12:36:10.149199   767 fs_manager.cc:1068] Generated new instance metadata in path /tmp/dist-test-taske88rfF/test-tmp/auto_rebalancer-test.0.AutoRebalancerTest.TestMaxMovesPerServer.1782822847867974-767-0/minicluster-data/master-0-root/instance:
uuid: "16412a307c0d4ab3addc1be6d3279112"
format_stamp: "Formatted at 2026-06-30 12:36:10 on dist-test-slave-xgxq"
