W20260630 12:35:30.655669  3780 consensus_peers.cc:597] T dd26d997725e46548668b7b8fc7ae8c4 P fa817345a7a94344b3ef7172122945d6 -> Peer 658bdc0940ab4b418824a8d88c271621 (127.0.191.196:40013): Couldn't send request to peer 658bdc0940ab4b418824a8d88c271621. Error code: TABLET_NOT_FOUND (6). Status: Not found: Tablet not found: dd26d997725e46548668b7b8fc7ae8c4. This is attempt 1: this message will repeat every 5th retry.
I20260630 12:35:30.656056  3891 raft_consensus.cc:1275] T dd26d997725e46548668b7b8fc7ae8c4 P 835c51ca1700485ea0723d9ac5fb8be4 [term 1 FOLLOWER]: Refusing update from remote peer fa817345a7a94344b3ef7172122945d6: Log matching property violated. Preceding OpId in replica: term: 1 index: 1. Preceding OpId from leader: term: 1 index: 2. (index mismatch)
I20260630 12:35:30.656898  3741 raft_consensus.cc:1275] T dd26d997725e46548668b7b8fc7ae8c4 P 8012b527eeb54201856cd7121902760e [term 1 FOLLOWER]: Refusing update from remote peer fa817345a7a94344b3ef7172122945d6: Log matching property violated. Preceding OpId in replica: term: 1 index: 1. Preceding OpId from leader: term: 1 index: 2. (index mismatch)
I20260630 12:35:30.657615  4112 consensus_queue.cc:1048] T dd26d997725e46548668b7b8fc7ae8c4 P fa817345a7a94344b3ef7172122945d6 [LEADER]: Connected to new peer: Peer: permanent_uuid: "835c51ca1700485ea0723d9ac5fb8be4" member_type: VOTER last_known_addr { host: "127.0.191.195" port: 41437 }, Status: LMP_MISMATCH, Last received: 0.0, Next index: 2, Last known committed idx: 1, Time since last communication: 0.000s
I20260630 12:35:30.658453  3976 consensus_queue.cc:1048] T dd26d997725e46548668b7b8fc7ae8c4 P fa817345a7a94344b3ef7172122945d6 [LEADER]: Connected to new peer: Peer: permanent_uuid: "8012b527eeb54201856cd7121902760e" member_type: VOTER last_known_addr { host: "127.0.191.193" port: 34485 } attrs { replace: true }, Status: LMP_MISMATCH, Last received: 0.0, Next index: 2, Last known committed idx: 1, Time since last communication: 0.000s
I20260630 12:35:30.669737  3976 raft_consensus.cc:2955] T dd26d997725e46548668b7b8fc7ae8c4 P fa817345a7a94344b3ef7172122945d6 [term 1 LEADER]: Committing config change with OpId 1.2: config changed from index -1 to 2, NON_VOTER 658bdc0940ab4b418824a8d88c271621 (127.0.191.196) added. New config: { opid_index: 2 OBSOLETE_local: false peers { permanent_uuid: "fa817345a7a94344b3ef7172122945d6" member_type: VOTER last_known_addr { host: "127.0.191.194" port: 35333 } } peers { permanent_uuid: "8012b527eeb54201856cd7121902760e" member_type: VOTER last_known_addr { host: "127.0.191.193" port: 34485 } attrs { replace: true } } peers { permanent_uuid: "835c51ca1700485ea0723d9ac5fb8be4" member_type: VOTER last_known_addr { host: "127.0.191.195" port: 41437 } } peers { permanent_uuid: "658bdc0940ab4b418824a8d88c271621" member_type: NON_VOTER last_known_addr { host: "127.0.191.196" port: 40013 } attrs { promote: true } } }
I20260630 12:35:30.671598  3891 raft_consensus.cc:2955] T dd26d997725e46548668b7b8fc7ae8c4 P 835c51ca1700485ea0723d9ac5fb8be4 [term 1 FOLLOWER]: Committing config change with OpId 1.2: config changed from index -1 to 2, NON_VOTER 658bdc0940ab4b418824a8d88c271621 (127.0.191.196) added. New config: { opid_index: 2 OBSOLETE_local: false peers { permanent_uuid: "fa817345a7a94344b3ef7172122945d6" member_type: VOTER last_known_addr { host: "127.0.191.194" port: 35333 } } peers { permanent_uuid: "8012b527eeb54201856cd7121902760e" member_type: VOTER last_known_addr { host: "127.0.191.193" port: 34485 } attrs { replace: true } } peers { permanent_uuid: "835c51ca1700485ea0723d9ac5fb8be4" member_type: VOTER last_known_addr { host: "127.0.191.195" port: 41437 } } peers { permanent_uuid: "658bdc0940ab4b418824a8d88c271621" member_type: NON_VOTER last_known_addr { host: "127.0.191.196" port: 40013 } attrs { promote: true } } }
I20260630 12:35:30.683023  3741 raft_consensus.cc:2955] T dd26d997725e46548668b7b8fc7ae8c4 P 8012b527eeb54201856cd7121902760e [term 1 FOLLOWER]: Committing config change with OpId 1.2: config changed from index -1 to 2, NON_VOTER 658bdc0940ab4b418824a8d88c271621 (127.0.191.196) added. New config: { opid_index: 2 OBSOLETE_local: false peers { permanent_uuid: "fa817345a7a94344b3ef7172122945d6" member_type: VOTER last_known_addr { host: "127.0.191.194" port: 35333 } } peers { permanent_uuid: "8012b527eeb54201856cd7121902760e" member_type: VOTER last_known_addr { host: "127.0.191.193" port: 34485 } attrs { replace: true } } peers { permanent_uuid: "835c51ca1700485ea0723d9ac5fb8be4" member_type: VOTER last_known_addr { host: "127.0.191.195" port: 41437 } } peers { permanent_uuid: "658bdc0940ab4b418824a8d88c271621" member_type: NON_VOTER last_known_addr { host: "127.0.191.196" port: 40013 } attrs { promote: true } } }
I20260630 12:35:30.684233  3640 catalog_manager.cc:5697] T dd26d997725e46548668b7b8fc7ae8c4 P fa817345a7a94344b3ef7172122945d6 reported cstate change: config changed from index -1 to 2, NON_VOTER 658bdc0940ab4b418824a8d88c271621 (127.0.191.196) added. New cstate: current_term: 1 leader_uuid: "fa817345a7a94344b3ef7172122945d6" committed_config { opid_index: 2 OBSOLETE_local: false peers { permanent_uuid: "fa817345a7a94344b3ef7172122945d6" member_type: VOTER last_known_addr { host: "127.0.191.194" port: 35333 } health_report { overall_health: HEALTHY } } peers { permanent_uuid: "8012b527eeb54201856cd7121902760e" member_type: VOTER last_known_addr { host: "127.0.191.193" port: 34485 } attrs { replace: true } health_report { overall_health: UNKNOWN } } peers { permanent_uuid: "835c51ca1700485ea0723d9ac5fb8be4" member_type: VOTER last_known_addr { host: "127.0.191.195" port: 41437 } health_report { overall_health: HEALTHY } } peers { permanent_uuid: "658bdc0940ab4b418824a8d88c271621" member_type: NON_VOTER last_known_addr { host: "127.0.191.196" port: 40013 } attrs { promote: true } health_report { overall_health: UNKNOWN } } }
I20260630 12:35:31.065835  4199 ts_tablet_manager.cc:933] T fafa46e2f0314785878a765cc394ad46 P 658bdc0940ab4b418824a8d88c271621: Initiating tablet copy from peer 835c51ca1700485ea0723d9ac5fb8be4 (127.0.191.195:41437)
I20260630 12:35:31.070353  4199 tablet_copy_client.cc:323] T fafa46e2f0314785878a765cc394ad46 P 658bdc0940ab4b418824a8d88c271621: tablet copy: Beginning tablet copy session from remote peer at address 127.0.191.195:41437
I20260630 12:35:31.072682  3901 tablet_copy_service.cc:140] P 835c51ca1700485ea0723d9ac5fb8be4: Received BeginTabletCopySession request for tablet fafa46e2f0314785878a765cc394ad46 from peer 658bdc0940ab4b418824a8d88c271621 ({username='slave'} at 127.0.0.1:44264)
I20260630 12:35:31.073426  3901 tablet_copy_service.cc:161] P 835c51ca1700485ea0723d9ac5fb8be4: Beginning new tablet copy session on tablet fafa46e2f0314785878a765cc394ad46 from peer 658bdc0940ab4b418824a8d88c271621 at {username='slave'} at 127.0.0.1:44264: session id = 658bdc0940ab4b418824a8d88c271621-fafa46e2f0314785878a765cc394ad46
I20260630 12:35:31.079051  3901 tablet_copy_source_session.cc:215] T fafa46e2f0314785878a765cc394ad46 P 835c51ca1700485ea0723d9ac5fb8be4: Tablet Copy: opened 0 blocks and 1 log segments
I20260630 12:35:31.081967  4199 data_dirs.cc:400] Could only allocate 1 dirs of requested 3 for tablet fafa46e2f0314785878a765cc394ad46. 1 dirs total, 0 dirs full, 0 dirs failed
I20260630 12:35:31.093587  4199 tablet_copy_client.cc:806] T fafa46e2f0314785878a765cc394ad46 P 658bdc0940ab4b418824a8d88c271621: tablet copy: Starting download of 0 data blocks...
I20260630 12:35:31.094151  4199 tablet_copy_client.cc:670] T fafa46e2f0314785878a765cc394ad46 P 658bdc0940ab4b418824a8d88c271621: tablet copy: Starting download of 1 WAL segments...
I20260630 12:35:31.097637  4199 tablet_copy_client.cc:538] T fafa46e2f0314785878a765cc394ad46 P 658bdc0940ab4b418824a8d88c271621: tablet copy: Tablet Copy complete. Replacing tablet superblock.
I20260630 12:35:31.103735  4199 tablet_bootstrap.cc:492] T fafa46e2f0314785878a765cc394ad46 P 658bdc0940ab4b418824a8d88c271621: Bootstrap starting.
I20260630 12:35:31.118098  4201 ts_tablet_manager.cc:933] T dd26d997725e46548668b7b8fc7ae8c4 P 658bdc0940ab4b418824a8d88c271621: Initiating tablet copy from peer fa817345a7a94344b3ef7172122945d6 (127.0.191.194:35333)
I20260630 12:35:31.119762  4201 tablet_copy_client.cc:323] T dd26d997725e46548668b7b8fc7ae8c4 P 658bdc0940ab4b418824a8d88c271621: tablet copy: Beginning tablet copy session from remote peer at address 127.0.191.194:35333
I20260630 12:35:31.121685  3827 tablet_copy_service.cc:140] P fa817345a7a94344b3ef7172122945d6: Received BeginTabletCopySession request for tablet dd26d997725e46548668b7b8fc7ae8c4 from peer 658bdc0940ab4b418824a8d88c271621 ({username='slave'} at 127.0.0.1:53884)
I20260630 12:35:31.122236  3827 tablet_copy_service.cc:161] P fa817345a7a94344b3ef7172122945d6: Beginning new tablet copy session on tablet dd26d997725e46548668b7b8fc7ae8c4 from peer 658bdc0940ab4b418824a8d88c271621 at {username='slave'} at 127.0.0.1:53884: session id = 658bdc0940ab4b418824a8d88c271621-dd26d997725e46548668b7b8fc7ae8c4
I20260630 12:35:31.123956  4199 tablet_bootstrap.cc:492] T fafa46e2f0314785878a765cc394ad46 P 658bdc0940ab4b418824a8d88c271621: Bootstrap replayed 1/1 log segments. Stats: ops{read=2 overwritten=0 applied=2 ignored=0} inserts{seen=0 ignored=0} mutations{seen=0 ignored=0} orphaned_commits=0. Pending: 0 replicates
I20260630 12:35:31.124748  4199 tablet_bootstrap.cc:492] T fafa46e2f0314785878a765cc394ad46 P 658bdc0940ab4b418824a8d88c271621: Bootstrap complete.
I20260630 12:35:31.125286  4199 ts_tablet_manager.cc:1403] T fafa46e2f0314785878a765cc394ad46 P 658bdc0940ab4b418824a8d88c271621: Time spent bootstrapping tablet: real 0.022s	user 0.019s	sys 0.004s
I20260630 12:35:31.127388  4199 raft_consensus.cc:359] T fafa46e2f0314785878a765cc394ad46 P 658bdc0940ab4b418824a8d88c271621 [term 1 LEARNER]: Replica starting. Triggering 0 pending ops. Active config: opid_index: 2 OBSOLETE_local: false peers { permanent_uuid: "fa817345a7a94344b3ef7172122945d6" member_type: VOTER last_known_addr { host: "127.0.191.194" port: 35333 } } peers { permanent_uuid: "8012b527eeb54201856cd7121902760e" member_type: VOTER last_known_addr { host: "127.0.191.193" port: 34485 } attrs { replace: true } } peers { permanent_uuid: "835c51ca1700485ea0723d9ac5fb8be4" member_type: VOTER last_known_addr { host: "127.0.191.195" port: 41437 } } peers { permanent_uuid: "658bdc0940ab4b418824a8d88c271621" member_type: NON_VOTER last_known_addr { host: "127.0.191.196" port: 40013 } attrs { promote: true } }
I20260630 12:35:31.127992  4199 raft_consensus.cc:740] T fafa46e2f0314785878a765cc394ad46 P 658bdc0940ab4b418824a8d88c271621 [term 1 LEARNER]: Becoming Follower/Learner. State: Replica: 658bdc0940ab4b418824a8d88c271621, State: Initialized, Role: LEARNER
I20260630 12:35:31.128551  4199 consensus_queue.cc:260] T fafa46e2f0314785878a765cc394ad46 P 658bdc0940ab4b418824a8d88c271621 [NON_LEADER]: Queue going to NON_LEADER mode. State: All replicated index: 0, Majority replicated index: 0, Committed index: 2, Last appended: 1.2, Last appended by leader: 2, Current term: 0, Majority size: -1, State: 0, Mode: NON_LEADER, active raft config: opid_index: 2 OBSOLETE_local: false peers { permanent_uuid: "fa817345a7a94344b3ef7172122945d6" member_type: VOTER last_known_addr { host: "127.0.191.194" port: 35333 } } peers { permanent_uuid: "8012b527eeb54201856cd7121902760e" member_type: VOTER last_known_addr { host: "127.0.191.193" port: 34485 } attrs { replace: true } } peers { permanent_uuid: "835c51ca1700485ea0723d9ac5fb8be4" member_type: VOTER last_known_addr { host: "127.0.191.195" port: 41437 } } peers { permanent_uuid: "658bdc0940ab4b418824a8d88c271621" member_type: NON_VOTER last_known_addr { host: "127.0.191.196" port: 40013 } attrs { promote: true } }
I20260630 12:35:31.130121  3827 tablet_copy_source_session.cc:215] T dd26d997725e46548668b7b8fc7ae8c4 P fa817345a7a94344b3ef7172122945d6: Tablet Copy: opened 0 blocks and 1 log segments
I20260630 12:35:31.131119  4199 ts_tablet_manager.cc:1434] T fafa46e2f0314785878a765cc394ad46 P 658bdc0940ab4b418824a8d88c271621: Time spent starting tablet: real 0.006s	user 0.005s	sys 0.000s
I20260630 12:35:31.132853  3901 tablet_copy_service.cc:342] P 835c51ca1700485ea0723d9ac5fb8be4: Request end of tablet copy session 658bdc0940ab4b418824a8d88c271621-fafa46e2f0314785878a765cc394ad46 received from {username='slave'} at 127.0.0.1:44264
I20260630 12:35:31.133409  3901 tablet_copy_service.cc:434] P 835c51ca1700485ea0723d9ac5fb8be4: ending tablet copy session 658bdc0940ab4b418824a8d88c271621-fafa46e2f0314785878a765cc394ad46 on tablet fafa46e2f0314785878a765cc394ad46 with peer 658bdc0940ab4b418824a8d88c271621
I20260630 12:35:31.134306  4201 data_dirs.cc:400] Could only allocate 1 dirs of requested 3 for tablet dd26d997725e46548668b7b8fc7ae8c4. 1 dirs total, 0 dirs full, 0 dirs failed
I20260630 12:35:31.146551  4199 ts_tablet_manager.cc:933] T a06958a5656e4ad593af7df359e15be9 P 658bdc0940ab4b418824a8d88c271621: Initiating tablet copy from peer 8012b527eeb54201856cd7121902760e (127.0.191.193:34485)
I20260630 12:35:31.148532  4199 tablet_copy_client.cc:323] T a06958a5656e4ad593af7df359e15be9 P 658bdc0940ab4b418824a8d88c271621: tablet copy: Beginning tablet copy session from remote peer at address 127.0.191.193:34485
I20260630 12:35:31.150400  3752 tablet_copy_service.cc:140] P 8012b527eeb54201856cd7121902760e: Received BeginTabletCopySession request for tablet a06958a5656e4ad593af7df359e15be9 from peer 658bdc0940ab4b418824a8d88c271621 ({username='slave'} at 127.0.0.1:56950)
I20260630 12:35:31.150960  3752 tablet_copy_service.cc:161] P 8012b527eeb54201856cd7121902760e: Beginning new tablet copy session on tablet a06958a5656e4ad593af7df359e15be9 from peer 658bdc0940ab4b418824a8d88c271621 at {username='slave'} at 127.0.0.1:56950: session id = 658bdc0940ab4b418824a8d88c271621-a06958a5656e4ad593af7df359e15be9
I20260630 12:35:31.150987  4201 tablet_copy_client.cc:806] T dd26d997725e46548668b7b8fc7ae8c4 P 658bdc0940ab4b418824a8d88c271621: tablet copy: Starting download of 0 data blocks...
I20260630 12:35:31.151794  4201 tablet_copy_client.cc:670] T dd26d997725e46548668b7b8fc7ae8c4 P 658bdc0940ab4b418824a8d88c271621: tablet copy: Starting download of 1 WAL segments...
I20260630 12:35:31.156213  4201 tablet_copy_client.cc:538] T dd26d997725e46548668b7b8fc7ae8c4 P 658bdc0940ab4b418824a8d88c271621: tablet copy: Tablet Copy complete. Replacing tablet superblock.
I20260630 12:35:31.158942  3752 tablet_copy_source_session.cc:215] T a06958a5656e4ad593af7df359e15be9 P 8012b527eeb54201856cd7121902760e: Tablet Copy: opened 0 blocks and 1 log segments
I20260630 12:35:31.163437  4201 tablet_bootstrap.cc:492] T dd26d997725e46548668b7b8fc7ae8c4 P 658bdc0940ab4b418824a8d88c271621: Bootstrap starting.
I20260630 12:35:31.164266  4199 data_dirs.cc:400] Could only allocate 1 dirs of requested 3 for tablet a06958a5656e4ad593af7df359e15be9. 1 dirs total, 0 dirs full, 0 dirs failed
I20260630 12:35:31.189654  4199 tablet_copy_client.cc:806] T a06958a5656e4ad593af7df359e15be9 P 658bdc0940ab4b418824a8d88c271621: tablet copy: Starting download of 0 data blocks...
I20260630 12:35:31.190649  4199 tablet_copy_client.cc:670] T a06958a5656e4ad593af7df359e15be9 P 658bdc0940ab4b418824a8d88c271621: tablet copy: Starting download of 1 WAL segments...
I20260630 12:35:31.192592  4201 tablet_bootstrap.cc:492] T dd26d997725e46548668b7b8fc7ae8c4 P 658bdc0940ab4b418824a8d88c271621: Bootstrap replayed 1/1 log segments. Stats: ops{read=2 overwritten=0 applied=2 ignored=0} inserts{seen=0 ignored=0} mutations{seen=0 ignored=0} orphaned_commits=0. Pending: 0 replicates
I20260630 12:35:31.193466  4201 tablet_bootstrap.cc:492] T dd26d997725e46548668b7b8fc7ae8c4 P 658bdc0940ab4b418824a8d88c271621: Bootstrap complete.
I20260630 12:35:31.194166  4201 ts_tablet_manager.cc:1403] T dd26d997725e46548668b7b8fc7ae8c4 P 658bdc0940ab4b418824a8d88c271621: Time spent bootstrapping tablet: real 0.031s	user 0.024s	sys 0.004s
I20260630 12:35:31.194330  4206 ts_tablet_manager.cc:933] T 3ac671ca2d0a46af8c6c181cfc6fb5d1 P 658bdc0940ab4b418824a8d88c271621: Initiating tablet copy from peer fa817345a7a94344b3ef7172122945d6 (127.0.191.194:35333)
I20260630 12:35:31.198010  4199 tablet_copy_client.cc:538] T a06958a5656e4ad593af7df359e15be9 P 658bdc0940ab4b418824a8d88c271621: tablet copy: Tablet Copy complete. Replacing tablet superblock.
I20260630 12:35:31.197654  4201 raft_consensus.cc:359] T dd26d997725e46548668b7b8fc7ae8c4 P 658bdc0940ab4b418824a8d88c271621 [term 1 LEARNER]: Replica starting. Triggering 0 pending ops. Active config: opid_index: 2 OBSOLETE_local: false peers { permanent_uuid: "fa817345a7a94344b3ef7172122945d6" member_type: VOTER last_known_addr { host: "127.0.191.194" port: 35333 } } peers { permanent_uuid: "8012b527eeb54201856cd7121902760e" member_type: VOTER last_known_addr { host: "127.0.191.193" port: 34485 } attrs { replace: true } } peers { permanent_uuid: "835c51ca1700485ea0723d9ac5fb8be4" member_type: VOTER last_known_addr { host: "127.0.191.195" port: 41437 } } peers { permanent_uuid: "658bdc0940ab4b418824a8d88c271621" member_type: NON_VOTER last_known_addr { host: "127.0.191.196" port: 40013 } attrs { promote: true } }
I20260630 12:35:31.199810  4201 raft_consensus.cc:740] T dd26d997725e46548668b7b8fc7ae8c4 P 658bdc0940ab4b418824a8d88c271621 [term 1 LEARNER]: Becoming Follower/Learner. State: Replica: 658bdc0940ab4b418824a8d88c271621, State: Initialized, Role: LEARNER
I20260630 12:35:31.200493  4201 consensus_queue.cc:260] T dd26d997725e46548668b7b8fc7ae8c4 P 658bdc0940ab4b418824a8d88c271621 [NON_LEADER]: Queue going to NON_LEADER mode. State: All replicated index: 0, Majority replicated index: 0, Committed index: 2, Last appended: 1.2, Last appended by leader: 2, Current term: 0, Majority size: -1, State: 0, Mode: NON_LEADER, active raft config: opid_index: 2 OBSOLETE_local: false peers { permanent_uuid: "fa817345a7a94344b3ef7172122945d6" member_type: VOTER last_known_addr { host: "127.0.191.194" port: 35333 } } peers { permanent_uuid: "8012b527eeb54201856cd7121902760e" member_type: VOTER last_known_addr { host: "127.0.191.193" port: 34485 } attrs { replace: true } } peers { permanent_uuid: "835c51ca1700485ea0723d9ac5fb8be4" member_type: VOTER last_known_addr { host: "127.0.191.195" port: 41437 } } peers { permanent_uuid: "658bdc0940ab4b418824a8d88c271621" member_type: NON_VOTER last_known_addr { host: "127.0.191.196" port: 40013 } attrs { promote: true } }
I20260630 12:35:31.205801  4201 ts_tablet_manager.cc:1434] T dd26d997725e46548668b7b8fc7ae8c4 P 658bdc0940ab4b418824a8d88c271621: Time spent starting tablet: real 0.011s	user 0.004s	sys 0.003s
I20260630 12:35:31.207095  4199 tablet_bootstrap.cc:492] T a06958a5656e4ad593af7df359e15be9 P 658bdc0940ab4b418824a8d88c271621: Bootstrap starting.
I20260630 12:35:31.208457  3827 tablet_copy_service.cc:342] P fa817345a7a94344b3ef7172122945d6: Request end of tablet copy session 658bdc0940ab4b418824a8d88c271621-dd26d997725e46548668b7b8fc7ae8c4 received from {username='slave'} at 127.0.0.1:53884
I20260630 12:35:31.208899  3827 tablet_copy_service.cc:434] P fa817345a7a94344b3ef7172122945d6: ending tablet copy session 658bdc0940ab4b418824a8d88c271621-dd26d997725e46548668b7b8fc7ae8c4 on tablet dd26d997725e46548668b7b8fc7ae8c4 with peer 658bdc0940ab4b418824a8d88c271621
I20260630 12:35:31.215905  4206 tablet_copy_client.cc:323] T 3ac671ca2d0a46af8c6c181cfc6fb5d1 P 658bdc0940ab4b418824a8d88c271621: tablet copy: Beginning tablet copy session from remote peer at address 127.0.191.194:35333
I20260630 12:35:31.217651  3827 tablet_copy_service.cc:140] P fa817345a7a94344b3ef7172122945d6: Received BeginTabletCopySession request for tablet 3ac671ca2d0a46af8c6c181cfc6fb5d1 from peer 658bdc0940ab4b418824a8d88c271621 ({username='slave'} at 127.0.0.1:53884)
I20260630 12:35:31.218168  3827 tablet_copy_service.cc:161] P fa817345a7a94344b3ef7172122945d6: Beginning new tablet copy session on tablet 3ac671ca2d0a46af8c6c181cfc6fb5d1 from peer 658bdc0940ab4b418824a8d88c271621 at {username='slave'} at 127.0.0.1:53884: session id = 658bdc0940ab4b418824a8d88c271621-3ac671ca2d0a46af8c6c181cfc6fb5d1
I20260630 12:35:31.225441  3827 tablet_copy_source_session.cc:215] T 3ac671ca2d0a46af8c6c181cfc6fb5d1 P fa817345a7a94344b3ef7172122945d6: Tablet Copy: opened 0 blocks and 1 log segments
I20260630 12:35:31.227699  4199 tablet_bootstrap.cc:492] T a06958a5656e4ad593af7df359e15be9 P 658bdc0940ab4b418824a8d88c271621: Bootstrap replayed 1/1 log segments. Stats: ops{read=2 overwritten=0 applied=2 ignored=0} inserts{seen=0 ignored=0} mutations{seen=0 ignored=0} orphaned_commits=0. Pending: 0 replicates
I20260630 12:35:31.228417  4206 data_dirs.cc:400] Could only allocate 1 dirs of requested 3 for tablet 3ac671ca2d0a46af8c6c181cfc6fb5d1. 1 dirs total, 0 dirs full, 0 dirs failed
I20260630 12:35:31.228497  4199 tablet_bootstrap.cc:492] T a06958a5656e4ad593af7df359e15be9 P 658bdc0940ab4b418824a8d88c271621: Bootstrap complete.
I20260630 12:35:31.229211  4199 ts_tablet_manager.cc:1403] T a06958a5656e4ad593af7df359e15be9 P 658bdc0940ab4b418824a8d88c271621: Time spent bootstrapping tablet: real 0.022s	user 0.019s	sys 0.004s
I20260630 12:35:31.231722  4199 raft_consensus.cc:359] T a06958a5656e4ad593af7df359e15be9 P 658bdc0940ab4b418824a8d88c271621 [term 1 LEARNER]: Replica starting. Triggering 0 pending ops. Active config: opid_index: 2 OBSOLETE_local: false peers { permanent_uuid: "835c51ca1700485ea0723d9ac5fb8be4" member_type: VOTER last_known_addr { host: "127.0.191.195" port: 41437 } } peers { permanent_uuid: "8012b527eeb54201856cd7121902760e" member_type: VOTER last_known_addr { host: "127.0.191.193" port: 34485 } } peers { permanent_uuid: "fa817345a7a94344b3ef7172122945d6" member_type: VOTER last_known_addr { host: "127.0.191.194" port: 35333 } attrs { replace: true } } peers { permanent_uuid: "658bdc0940ab4b418824a8d88c271621" member_type: NON_VOTER last_known_addr { host: "127.0.191.196" port: 40013 } attrs { promote: true } }
I20260630 12:35:31.232568  4199 raft_consensus.cc:740] T a06958a5656e4ad593af7df359e15be9 P 658bdc0940ab4b418824a8d88c271621 [term 1 LEARNER]: Becoming Follower/Learner. State: Replica: 658bdc0940ab4b418824a8d88c271621, State: Initialized, Role: LEARNER
I20260630 12:35:31.233171  4199 consensus_queue.cc:260] T a06958a5656e4ad593af7df359e15be9 P 658bdc0940ab4b418824a8d88c271621 [NON_LEADER]: Queue going to NON_LEADER mode. State: All replicated index: 0, Majority replicated index: 0, Committed index: 2, Last appended: 1.2, Last appended by leader: 2, Current term: 0, Majority size: -1, State: 0, Mode: NON_LEADER, active raft config: opid_index: 2 OBSOLETE_local: false peers { permanent_uuid: "835c51ca1700485ea0723d9ac5fb8be4" member_type: VOTER last_known_addr { host: "127.0.191.195" port: 41437 } } peers { permanent_uuid: "8012b527eeb54201856cd7121902760e" member_type: VOTER last_known_addr { host: "127.0.191.193" port: 34485 } } peers { permanent_uuid: "fa817345a7a94344b3ef7172122945d6" member_type: VOTER last_known_addr { host: "127.0.191.194" port: 35333 } attrs { replace: true } } peers { permanent_uuid: "658bdc0940ab4b418824a8d88c271621" member_type: NON_VOTER last_known_addr { host: "127.0.191.196" port: 40013 } attrs { promote: true } }
I20260630 12:35:31.236580  4199 ts_tablet_manager.cc:1434] T a06958a5656e4ad593af7df359e15be9 P 658bdc0940ab4b418824a8d88c271621: Time spent starting tablet: real 0.007s	user 0.007s	sys 0.000s
I20260630 12:35:31.238348  3752 tablet_copy_service.cc:342] P 8012b527eeb54201856cd7121902760e: Request end of tablet copy session 658bdc0940ab4b418824a8d88c271621-a06958a5656e4ad593af7df359e15be9 received from {username='slave'} at 127.0.0.1:56950
I20260630 12:35:31.238782  3752 tablet_copy_service.cc:434] P 8012b527eeb54201856cd7121902760e: ending tablet copy session 658bdc0940ab4b418824a8d88c271621-a06958a5656e4ad593af7df359e15be9 on tablet a06958a5656e4ad593af7df359e15be9 with peer 658bdc0940ab4b418824a8d88c271621
I20260630 12:35:31.243297  4206 tablet_copy_client.cc:806] T 3ac671ca2d0a46af8c6c181cfc6fb5d1 P 658bdc0940ab4b418824a8d88c271621: tablet copy: Starting download of 0 data blocks...
I20260630 12:35:31.243813  4206 tablet_copy_client.cc:670] T 3ac671ca2d0a46af8c6c181cfc6fb5d1 P 658bdc0940ab4b418824a8d88c271621: tablet copy: Starting download of 1 WAL segments...
I20260630 12:35:31.247299  4206 tablet_copy_client.cc:538] T 3ac671ca2d0a46af8c6c181cfc6fb5d1 P 658bdc0940ab4b418824a8d88c271621: tablet copy: Tablet Copy complete. Replacing tablet superblock.
I20260630 12:35:31.253891  4206 tablet_bootstrap.cc:492] T 3ac671ca2d0a46af8c6c181cfc6fb5d1 P 658bdc0940ab4b418824a8d88c271621: Bootstrap starting.
I20260630 12:35:31.270108  4206 tablet_bootstrap.cc:492] T 3ac671ca2d0a46af8c6c181cfc6fb5d1 P 658bdc0940ab4b418824a8d88c271621: Bootstrap replayed 1/1 log segments. Stats: ops{read=2 overwritten=0 applied=2 ignored=0} inserts{seen=0 ignored=0} mutations{seen=0 ignored=0} orphaned_commits=0. Pending: 0 replicates
I20260630 12:35:31.270778  4206 tablet_bootstrap.cc:492] T 3ac671ca2d0a46af8c6c181cfc6fb5d1 P 658bdc0940ab4b418824a8d88c271621: Bootstrap complete.
I20260630 12:35:31.271273  4206 ts_tablet_manager.cc:1403] T 3ac671ca2d0a46af8c6c181cfc6fb5d1 P 658bdc0940ab4b418824a8d88c271621: Time spent bootstrapping tablet: real 0.018s	user 0.005s	sys 0.010s
I20260630 12:35:31.273365  4206 raft_consensus.cc:359] T 3ac671ca2d0a46af8c6c181cfc6fb5d1 P 658bdc0940ab4b418824a8d88c271621 [term 1 LEARNER]: Replica starting. Triggering 0 pending ops. Active config: opid_index: 2 OBSOLETE_local: false peers { permanent_uuid: "8012b527eeb54201856cd7121902760e" member_type: VOTER last_known_addr { host: "127.0.191.193" port: 34485 } } peers { permanent_uuid: "fa817345a7a94344b3ef7172122945d6" member_type: VOTER last_known_addr { host: "127.0.191.194" port: 35333 } } peers { permanent_uuid: "835c51ca1700485ea0723d9ac5fb8be4" member_type: VOTER last_known_addr { host: "127.0.191.195" port: 41437 } attrs { replace: true } } peers { permanent_uuid: "658bdc0940ab4b418824a8d88c271621" member_type: NON_VOTER last_known_addr { host: "127.0.191.196" port: 40013 } attrs { promote: true } }
I20260630 12:35:31.273954  4206 raft_consensus.cc:740] T 3ac671ca2d0a46af8c6c181cfc6fb5d1 P 658bdc0940ab4b418824a8d88c271621 [term 1 LEARNER]: Becoming Follower/Learner. State: Replica: 658bdc0940ab4b418824a8d88c271621, State: Initialized, Role: LEARNER
I20260630 12:35:31.274518  4206 consensus_queue.cc:260] T 3ac671ca2d0a46af8c6c181cfc6fb5d1 P 658bdc0940ab4b418824a8d88c271621 [NON_LEADER]: Queue going to NON_LEADER mode. State: All replicated index: 0, Majority replicated index: 0, Committed index: 2, Last appended: 1.2, Last appended by leader: 2, Current term: 0, Majority size: -1, State: 0, Mode: NON_LEADER, active raft config: opid_index: 2 OBSOLETE_local: false peers { permanent_uuid: "8012b527eeb54201856cd7121902760e" member_type: VOTER last_known_addr { host: "127.0.191.193" port: 34485 } } peers { permanent_uuid: "fa817345a7a94344b3ef7172122945d6" member_type: VOTER last_known_addr { host: "127.0.191.194" port: 35333 } } peers { permanent_uuid: "835c51ca1700485ea0723d9ac5fb8be4" member_type: VOTER last_known_addr { host: "127.0.191.195" port: 41437 } attrs { replace: true } } peers { permanent_uuid: "658bdc0940ab4b418824a8d88c271621" member_type: NON_VOTER last_known_addr { host: "127.0.191.196" port: 40013 } attrs { promote: true } }
I20260630 12:35:31.276245  4206 ts_tablet_manager.cc:1434] T 3ac671ca2d0a46af8c6c181cfc6fb5d1 P 658bdc0940ab4b418824a8d88c271621: Time spent starting tablet: real 0.005s	user 0.003s	sys 0.001s
I20260630 12:35:31.278165  3827 tablet_copy_service.cc:342] P fa817345a7a94344b3ef7172122945d6: Request end of tablet copy session 658bdc0940ab4b418824a8d88c271621-3ac671ca2d0a46af8c6c181cfc6fb5d1 received from {username='slave'} at 127.0.0.1:53884
I20260630 12:35:31.278575  3827 tablet_copy_service.cc:434] P fa817345a7a94344b3ef7172122945d6: ending tablet copy session 658bdc0940ab4b418824a8d88c271621-3ac671ca2d0a46af8c6c181cfc6fb5d1 on tablet 3ac671ca2d0a46af8c6c181cfc6fb5d1 with peer 658bdc0940ab4b418824a8d88c271621
I20260630 12:35:31.415833  3693 auto_leader_rebalancer.cc:141] leader rebalance for table range_aware_rebalance_new_range
I20260630 12:35:31.439414  3891 tablet_service.cc:2072] Received LeaderStepDown RPC: tablet_id: "9ee4d8a0ee9141bc9b067ed61d51484c"
dest_uuid: "835c51ca1700485ea0723d9ac5fb8be4"
mode: GRACEFUL
new_leader_uuid: "fa817345a7a94344b3ef7172122945d6"
 from {username='slave'} at 127.0.0.1:44290
I20260630 12:35:31.440168  3891 raft_consensus.cc:606] T 9ee4d8a0ee9141bc9b067ed61d51484c P 835c51ca1700485ea0723d9ac5fb8be4 [term 1 LEADER]: Received request to transfer leadership to TS fa817345a7a94344b3ef7172122945d6
I20260630 12:35:31.443059  3890 tablet_service.cc:2072] Received LeaderStepDown RPC: tablet_id: "fafa46e2f0314785878a765cc394ad46"
dest_uuid: "835c51ca1700485ea0723d9ac5fb8be4"
mode: GRACEFUL
new_leader_uuid: "8012b527eeb54201856cd7121902760e"
 from {username='slave'} at 127.0.0.1:44290
I20260630 12:35:31.443632  3890 raft_consensus.cc:606] T fafa46e2f0314785878a765cc394ad46 P 835c51ca1700485ea0723d9ac5fb8be4 [term 1 LEADER]: Received request to transfer leadership to TS 8012b527eeb54201856cd7121902760e
I20260630 12:35:31.445178  3693 auto_leader_rebalancer.cc:440] table: range_aware_rebalance_new_range, leader rebalance finish, leader transfer count: 2
I20260630 12:35:31.445937  3693 auto_leader_rebalancer.cc:515] All tables' leader rebalancing finished this round
I20260630 12:35:31.560076  4043 raft_consensus.cc:1217] T 3ac671ca2d0a46af8c6c181cfc6fb5d1 P 658bdc0940ab4b418824a8d88c271621 [term 1 LEARNER]: Deduplicated request from leader. Original: 1.1->[1.2-1.2]   Dedup: 1.2->[]
I20260630 12:35:31.587699  4214 raft_consensus.cc:993] T fafa46e2f0314785878a765cc394ad46 P 835c51ca1700485ea0723d9ac5fb8be4: : Instructing follower 8012b527eeb54201856cd7121902760e to start an election
I20260630 12:35:31.588224  4181 raft_consensus.cc:1081] T fafa46e2f0314785878a765cc394ad46 P 835c51ca1700485ea0723d9ac5fb8be4 [term 1 LEADER]: Signalling peer 8012b527eeb54201856cd7121902760e to start an election
I20260630 12:35:31.589850  3740 tablet_service.cc:2044] Received Run Leader Election RPC: tablet_id: "fafa46e2f0314785878a765cc394ad46"
dest_uuid: "8012b527eeb54201856cd7121902760e"
 from {username='slave'} at 127.0.0.1:56934
I20260630 12:35:31.590369  3740 raft_consensus.cc:493] T fafa46e2f0314785878a765cc394ad46 P 8012b527eeb54201856cd7121902760e [term 1 FOLLOWER]: Starting forced leader election (received explicit request)
I20260630 12:35:31.590688  3740 raft_consensus.cc:3060] T fafa46e2f0314785878a765cc394ad46 P 8012b527eeb54201856cd7121902760e [term 1 FOLLOWER]: Advancing to term 2
I20260630 12:35:31.595738  3740 raft_consensus.cc:515] T fafa46e2f0314785878a765cc394ad46 P 8012b527eeb54201856cd7121902760e [term 2 FOLLOWER]: Starting forced leader election with config: opid_index: 2 OBSOLETE_local: false peers { permanent_uuid: "fa817345a7a94344b3ef7172122945d6" member_type: VOTER last_known_addr { host: "127.0.191.194" port: 35333 } } peers { permanent_uuid: "8012b527eeb54201856cd7121902760e" member_type: VOTER last_known_addr { host: "127.0.191.193" port: 34485 } attrs { replace: true } } peers { permanent_uuid: "835c51ca1700485ea0723d9ac5fb8be4" member_type: VOTER last_known_addr { host: "127.0.191.195" port: 41437 } } peers { permanent_uuid: "658bdc0940ab4b418824a8d88c271621" member_type: NON_VOTER last_known_addr { host: "127.0.191.196" port: 40013 } attrs { promote: true } }
I20260630 12:35:31.597837  3740 leader_election.cc:290] T fafa46e2f0314785878a765cc394ad46 P 8012b527eeb54201856cd7121902760e [CANDIDATE]: Term 2 election: Requested vote from peers fa817345a7a94344b3ef7172122945d6 (127.0.191.194:35333), 835c51ca1700485ea0723d9ac5fb8be4 (127.0.191.195:41437)
I20260630 12:35:31.598733  3817 tablet_service.cc:1917] Received RequestConsensusVote() RPC: tablet_id: "fafa46e2f0314785878a765cc394ad46" candidate_uuid: "8012b527eeb54201856cd7121902760e" candidate_term: 2 candidate_status { last_received { term: 1 index: 2 } } ignore_live_leader: true dest_uuid: "fa817345a7a94344b3ef7172122945d6"
I20260630 12:35:31.598834  3891 tablet_service.cc:1917] Received RequestConsensusVote() RPC: tablet_id: "fafa46e2f0314785878a765cc394ad46" candidate_uuid: "8012b527eeb54201856cd7121902760e" candidate_term: 2 candidate_status { last_received { term: 1 index: 2 } } ignore_live_leader: true dest_uuid: "835c51ca1700485ea0723d9ac5fb8be4"
I20260630 12:35:31.599421  3817 raft_consensus.cc:3060] T fafa46e2f0314785878a765cc394ad46 P fa817345a7a94344b3ef7172122945d6 [term 1 FOLLOWER]: Advancing to term 2
I20260630 12:35:31.599481  3891 raft_consensus.cc:3055] T fafa46e2f0314785878a765cc394ad46 P 835c51ca1700485ea0723d9ac5fb8be4 [term 1 LEADER]: Stepping down as leader of term 1
I20260630 12:35:31.600039  3891 raft_consensus.cc:740] T fafa46e2f0314785878a765cc394ad46 P 835c51ca1700485ea0723d9ac5fb8be4 [term 1 LEADER]: Becoming Follower/Learner. State: Replica: 835c51ca1700485ea0723d9ac5fb8be4, State: Running, Role: LEADER
I20260630 12:35:31.600832  3891 consensus_queue.cc:260] T fafa46e2f0314785878a765cc394ad46 P 835c51ca1700485ea0723d9ac5fb8be4 [NON_LEADER]: Queue going to NON_LEADER mode. State: All replicated index: 0, Majority replicated index: 2, Committed index: 2, Last appended: 1.2, Last appended by leader: 2, Current term: 1, Majority size: -1, State: 0, Mode: NON_LEADER, active raft config: opid_index: 2 OBSOLETE_local: false peers { permanent_uuid: "fa817345a7a94344b3ef7172122945d6" member_type: VOTER last_known_addr { host: "127.0.191.194" port: 35333 } } peers { permanent_uuid: "8012b527eeb54201856cd7121902760e" member_type: VOTER last_known_addr { host: "127.0.191.193" port: 34485 } attrs { replace: true } } peers { permanent_uuid: "835c51ca1700485ea0723d9ac5fb8be4" member_type: VOTER last_known_addr { host: "127.0.191.195" port: 41437 } } peers { permanent_uuid: "658bdc0940ab4b418824a8d88c271621" member_type: NON_VOTER last_known_addr { host: "127.0.191.196" port: 40013 } attrs { promote: true } }
I20260630 12:35:31.601967  3891 raft_consensus.cc:3060] T fafa46e2f0314785878a765cc394ad46 P 835c51ca1700485ea0723d9ac5fb8be4 [term 1 FOLLOWER]: Advancing to term 2
I20260630 12:35:31.607053  3817 raft_consensus.cc:2468] T fafa46e2f0314785878a765cc394ad46 P fa817345a7a94344b3ef7172122945d6 [term 2 FOLLOWER]: Leader election vote request: Granting yes vote for candidate 8012b527eeb54201856cd7121902760e in term 2.
I20260630 12:35:31.607678  3891 raft_consensus.cc:2468] T fafa46e2f0314785878a765cc394ad46 P 835c51ca1700485ea0723d9ac5fb8be4 [term 2 FOLLOWER]: Leader election vote request: Granting yes vote for candidate 8012b527eeb54201856cd7121902760e in term 2.
I20260630 12:35:31.608376  3707 leader_election.cc:304] T fafa46e2f0314785878a765cc394ad46 P 8012b527eeb54201856cd7121902760e [CANDIDATE]: Term 2 election: Election decided. Result: candidate won. Election summary: received 2 responses out of 3 voters: 2 yes votes; 0 no votes. yes voters: 8012b527eeb54201856cd7121902760e, fa817345a7a94344b3ef7172122945d6; no voters: 
I20260630 12:35:31.609185  4120 raft_consensus.cc:2804] T fafa46e2f0314785878a765cc394ad46 P 8012b527eeb54201856cd7121902760e [term 2 FOLLOWER]: Leader election won for term 2
I20260630 12:35:31.610333  4120 raft_consensus.cc:697] T fafa46e2f0314785878a765cc394ad46 P 8012b527eeb54201856cd7121902760e [term 2 LEADER]: Becoming Leader. State: Replica: 8012b527eeb54201856cd7121902760e, State: Running, Role: LEADER
I20260630 12:35:31.611265  4120 consensus_queue.cc:237] T fafa46e2f0314785878a765cc394ad46 P 8012b527eeb54201856cd7121902760e [LEADER]: Queue going to LEADER mode. State: All replicated index: 0, Majority replicated index: 2, Committed index: 2, Last appended: 1.2, Last appended by leader: 2, Current term: 2, Majority size: 2, State: 0, Mode: LEADER, active raft config: opid_index: 2 OBSOLETE_local: false peers { permanent_uuid: "fa817345a7a94344b3ef7172122945d6" member_type: VOTER last_known_addr { host: "127.0.191.194" port: 35333 } } peers { permanent_uuid: "8012b527eeb54201856cd7121902760e" member_type: VOTER last_known_addr { host: "127.0.191.193" port: 34485 } attrs { replace: true } } peers { permanent_uuid: "835c51ca1700485ea0723d9ac5fb8be4" member_type: VOTER last_known_addr { host: "127.0.191.195" port: 41437 } } peers { permanent_uuid: "658bdc0940ab4b418824a8d88c271621" member_type: NON_VOTER last_known_addr { host: "127.0.191.196" port: 40013 } attrs { promote: true } }
I20260630 12:35:31.620078  3639 catalog_manager.cc:5697] T fafa46e2f0314785878a765cc394ad46 P 8012b527eeb54201856cd7121902760e reported cstate change: term changed from 1 to 2, leader changed from 835c51ca1700485ea0723d9ac5fb8be4 (127.0.191.195) to 8012b527eeb54201856cd7121902760e (127.0.191.193). New cstate: current_term: 2 leader_uuid: "8012b527eeb54201856cd7121902760e" committed_config { opid_index: 2 OBSOLETE_local: false peers { permanent_uuid: "fa817345a7a94344b3ef7172122945d6" member_type: VOTER last_known_addr { host: "127.0.191.194" port: 35333 } health_report { overall_health: UNKNOWN } } peers { permanent_uuid: "8012b527eeb54201856cd7121902760e" member_type: VOTER last_known_addr { host: "127.0.191.193" port: 34485 } attrs { replace: true } health_report { overall_health: HEALTHY } } peers { permanent_uuid: "835c51ca1700485ea0723d9ac5fb8be4" member_type: VOTER last_known_addr { host: "127.0.191.195" port: 41437 } health_report { overall_health: UNKNOWN } } peers { permanent_uuid: "658bdc0940ab4b418824a8d88c271621" member_type: NON_VOTER last_known_addr { host: "127.0.191.196" port: 40013 } attrs { promote: true } health_report { overall_health: UNKNOWN } } }
I20260630 12:35:31.629462  4043 raft_consensus.cc:1217] T dd26d997725e46548668b7b8fc7ae8c4 P 658bdc0940ab4b418824a8d88c271621 [term 1 LEARNER]: Deduplicated request from leader. Original: 1.1->[1.2-1.2]   Dedup: 1.2->[]
I20260630 12:35:31.635108  3740 tablet_service.cc:2072] Received LeaderStepDown RPC: tablet_id: "fafa46e2f0314785878a765cc394ad46"
dest_uuid: "8012b527eeb54201856cd7121902760e"
mode: GRACEFUL
 from {username='slave'} at 127.0.0.1:56928
I20260630 12:35:31.635710  3740 raft_consensus.cc:606] T fafa46e2f0314785878a765cc394ad46 P 8012b527eeb54201856cd7121902760e [term 2 LEADER]: Received request to transfer leadership
I20260630 12:35:31.638919  3740 tablet_service.cc:2072] Received LeaderStepDown RPC: tablet_id: "fafa46e2f0314785878a765cc394ad46"
dest_uuid: "8012b527eeb54201856cd7121902760e"
mode: GRACEFUL
 from {username='slave'} at 127.0.0.1:56928
I20260630 12:35:31.639420  3740 raft_consensus.cc:606] T fafa46e2f0314785878a765cc394ad46 P 8012b527eeb54201856cd7121902760e [term 2 LEADER]: Received request to transfer leadership
W20260630 12:35:31.640676  3627 proxy.cc:239] Call had error, refreshing address and retrying: Remote error: Service unavailable: leadership transfer for fafa46e2f0314785878a765cc394ad46 already in progress [suppressed 3 similar messages]
I20260630 12:35:31.643241  3740 tablet_service.cc:2072] Received LeaderStepDown RPC: tablet_id: "fafa46e2f0314785878a765cc394ad46"
dest_uuid: "8012b527eeb54201856cd7121902760e"
mode: GRACEFUL
 from {username='slave'} at 127.0.0.1:56928
I20260630 12:35:31.643759  3740 raft_consensus.cc:606] T fafa46e2f0314785878a765cc394ad46 P 8012b527eeb54201856cd7121902760e [term 2 LEADER]: Received request to transfer leadership
I20260630 12:35:31.692698  4043 raft_consensus.cc:1217] T a06958a5656e4ad593af7df359e15be9 P 658bdc0940ab4b418824a8d88c271621 [term 1 LEARNER]: Deduplicated request from leader. Original: 1.1->[1.2-1.2]   Dedup: 1.2->[]
I20260630 12:35:31.782589  4214 raft_consensus.cc:993] T 9ee4d8a0ee9141bc9b067ed61d51484c P 835c51ca1700485ea0723d9ac5fb8be4: : Instructing follower fa817345a7a94344b3ef7172122945d6 to start an election
I20260630 12:35:31.783062  4181 raft_consensus.cc:1081] T 9ee4d8a0ee9141bc9b067ed61d51484c P 835c51ca1700485ea0723d9ac5fb8be4 [term 1 LEADER]: Signalling peer fa817345a7a94344b3ef7172122945d6 to start an election
I20260630 12:35:31.784440  3817 tablet_service.cc:2044] Received Run Leader Election RPC: tablet_id: "9ee4d8a0ee9141bc9b067ed61d51484c"
dest_uuid: "fa817345a7a94344b3ef7172122945d6"
 from {username='slave'} at 127.0.0.1:53866
I20260630 12:35:31.784850  3817 raft_consensus.cc:493] T 9ee4d8a0ee9141bc9b067ed61d51484c P fa817345a7a94344b3ef7172122945d6 [term 1 FOLLOWER]: Starting forced leader election (received explicit request)
I20260630 12:35:31.785071  3817 raft_consensus.cc:3060] T 9ee4d8a0ee9141bc9b067ed61d51484c P fa817345a7a94344b3ef7172122945d6 [term 1 FOLLOWER]: Advancing to term 2
I20260630 12:35:31.788882  3817 raft_consensus.cc:515] T 9ee4d8a0ee9141bc9b067ed61d51484c P fa817345a7a94344b3ef7172122945d6 [term 2 FOLLOWER]: Starting forced leader election with config: opid_index: -1 OBSOLETE_local: false peers { permanent_uuid: "835c51ca1700485ea0723d9ac5fb8be4" member_type: VOTER last_known_addr { host: "127.0.191.195" port: 41437 } } peers { permanent_uuid: "658bdc0940ab4b418824a8d88c271621" member_type: VOTER last_known_addr { host: "127.0.191.196" port: 40013 } } peers { permanent_uuid: "fa817345a7a94344b3ef7172122945d6" member_type: VOTER last_known_addr { host: "127.0.191.194" port: 35333 } }
I20260630 12:35:31.790251  3817 leader_election.cc:290] T 9ee4d8a0ee9141bc9b067ed61d51484c P fa817345a7a94344b3ef7172122945d6 [CANDIDATE]: Term 2 election: Requested vote from peers 835c51ca1700485ea0723d9ac5fb8be4 (127.0.191.195:41437), 658bdc0940ab4b418824a8d88c271621 (127.0.191.196:40013)
I20260630 12:35:31.791129  3891 tablet_service.cc:1917] Received RequestConsensusVote() RPC: tablet_id: "9ee4d8a0ee9141bc9b067ed61d51484c" candidate_uuid: "fa817345a7a94344b3ef7172122945d6" candidate_term: 2 candidate_status { last_received { term: 1 index: 1 } } ignore_live_leader: true dest_uuid: "835c51ca1700485ea0723d9ac5fb8be4"
I20260630 12:35:31.791319  4043 tablet_service.cc:1917] Received RequestConsensusVote() RPC: tablet_id: "9ee4d8a0ee9141bc9b067ed61d51484c" candidate_uuid: "fa817345a7a94344b3ef7172122945d6" candidate_term: 2 candidate_status { last_received { term: 1 index: 1 } } ignore_live_leader: true dest_uuid: "658bdc0940ab4b418824a8d88c271621"
I20260630 12:35:31.791723  3891 raft_consensus.cc:3055] T 9ee4d8a0ee9141bc9b067ed61d51484c P 835c51ca1700485ea0723d9ac5fb8be4 [term 1 LEADER]: Stepping down as leader of term 1
I20260630 12:35:31.791937  4043 raft_consensus.cc:3060] T 9ee4d8a0ee9141bc9b067ed61d51484c P 658bdc0940ab4b418824a8d88c271621 [term 1 FOLLOWER]: Advancing to term 2
I20260630 12:35:31.792143  3891 raft_consensus.cc:740] T 9ee4d8a0ee9141bc9b067ed61d51484c P 835c51ca1700485ea0723d9ac5fb8be4 [term 1 LEADER]: Becoming Follower/Learner. State: Replica: 835c51ca1700485ea0723d9ac5fb8be4, State: Running, Role: LEADER
I20260630 12:35:31.793017  3891 consensus_queue.cc:260] T 9ee4d8a0ee9141bc9b067ed61d51484c P 835c51ca1700485ea0723d9ac5fb8be4 [NON_LEADER]: Queue going to NON_LEADER mode. State: All replicated index: 0, Majority replicated index: 1, Committed index: 1, Last appended: 1.1, Last appended by leader: 1, Current term: 1, Majority size: -1, State: 0, Mode: NON_LEADER, active raft config: opid_index: -1 OBSOLETE_local: false peers { permanent_uuid: "835c51ca1700485ea0723d9ac5fb8be4" member_type: VOTER last_known_addr { host: "127.0.191.195" port: 41437 } } peers { permanent_uuid: "658bdc0940ab4b418824a8d88c271621" member_type: VOTER last_known_addr { host: "127.0.191.196" port: 40013 } } peers { permanent_uuid: "fa817345a7a94344b3ef7172122945d6" member_type: VOTER last_known_addr { host: "127.0.191.194" port: 35333 } }
I20260630 12:35:31.793881  3891 raft_consensus.cc:3060] T 9ee4d8a0ee9141bc9b067ed61d51484c P 835c51ca1700485ea0723d9ac5fb8be4 [term 1 FOLLOWER]: Advancing to term 2
I20260630 12:35:31.796617  4043 raft_consensus.cc:2468] T 9ee4d8a0ee9141bc9b067ed61d51484c P 658bdc0940ab4b418824a8d88c271621 [term 2 FOLLOWER]: Leader election vote request: Granting yes vote for candidate fa817345a7a94344b3ef7172122945d6 in term 2.
I20260630 12:35:31.797731  3780 leader_election.cc:304] T 9ee4d8a0ee9141bc9b067ed61d51484c P fa817345a7a94344b3ef7172122945d6 [CANDIDATE]: Term 2 election: Election decided. Result: candidate won. Election summary: received 2 responses out of 3 voters: 2 yes votes; 0 no votes. yes voters: 658bdc0940ab4b418824a8d88c271621, fa817345a7a94344b3ef7172122945d6; no voters: 
I20260630 12:35:31.797770  3891 raft_consensus.cc:2468] T 9ee4d8a0ee9141bc9b067ed61d51484c P 835c51ca1700485ea0723d9ac5fb8be4 [term 2 FOLLOWER]: Leader election vote request: Granting yes vote for candidate fa817345a7a94344b3ef7172122945d6 in term 2.
I20260630 12:35:31.798561  4193 raft_consensus.cc:2804] T 9ee4d8a0ee9141bc9b067ed61d51484c P fa817345a7a94344b3ef7172122945d6 [term 2 FOLLOWER]: Leader election won for term 2
I20260630 12:35:31.799055  4193 raft_consensus.cc:697] T 9ee4d8a0ee9141bc9b067ed61d51484c P fa817345a7a94344b3ef7172122945d6 [term 2 LEADER]: Becoming Leader. State: Replica: fa817345a7a94344b3ef7172122945d6, State: Running, Role: LEADER
I20260630 12:35:31.799796  4193 consensus_queue.cc:237] T 9ee4d8a0ee9141bc9b067ed61d51484c P fa817345a7a94344b3ef7172122945d6 [LEADER]: Queue going to LEADER mode. State: All replicated index: 0, Majority replicated index: 1, Committed index: 1, Last appended: 1.1, Last appended by leader: 1, Current term: 2, Majority size: 2, State: 0, Mode: LEADER, active raft config: opid_index: -1 OBSOLETE_local: false peers { permanent_uuid: "835c51ca1700485ea0723d9ac5fb8be4" member_type: VOTER last_known_addr { host: "127.0.191.195" port: 41437 } } peers { permanent_uuid: "658bdc0940ab4b418824a8d88c271621" member_type: VOTER last_known_addr { host: "127.0.191.196" port: 40013 } } peers { permanent_uuid: "fa817345a7a94344b3ef7172122945d6" member_type: VOTER last_known_addr { host: "127.0.191.194" port: 35333 } }
I20260630 12:35:31.806177  3639 catalog_manager.cc:5697] T 9ee4d8a0ee9141bc9b067ed61d51484c P fa817345a7a94344b3ef7172122945d6 reported cstate change: term changed from 1 to 2, leader changed from 835c51ca1700485ea0723d9ac5fb8be4 (127.0.191.195) to fa817345a7a94344b3ef7172122945d6 (127.0.191.194). New cstate: current_term: 2 leader_uuid: "fa817345a7a94344b3ef7172122945d6" committed_config { opid_index: -1 OBSOLETE_local: false peers { permanent_uuid: "835c51ca1700485ea0723d9ac5fb8be4" member_type: VOTER last_known_addr { host: "127.0.191.195" port: 41437 } health_report { overall_health: UNKNOWN } } peers { permanent_uuid: "658bdc0940ab4b418824a8d88c271621" member_type: VOTER last_known_addr { host: "127.0.191.196" port: 40013 } health_report { overall_health: UNKNOWN } } peers { permanent_uuid: "fa817345a7a94344b3ef7172122945d6" member_type: VOTER last_known_addr { host: "127.0.191.194" port: 35333 } health_report { overall_health: HEALTHY } } }
I20260630 12:35:31.951694  4193 raft_consensus.cc:1064] T 3ac671ca2d0a46af8c6c181cfc6fb5d1 P fa817345a7a94344b3ef7172122945d6: attempting to promote NON_VOTER 658bdc0940ab4b418824a8d88c271621 to VOTER
W20260630 12:35:31.953528  3688 auto_rebalancer.cc:911] Removing replace marker failed after 3 inline attempts; will retry on next rebalancer loop iteration: Service unavailable: leader transfer in progress
W20260630 12:35:31.953972  3688 auto_rebalancer.cc:920] Could not move replica: Remote error: Service unavailable: leadership transfer for fafa46e2f0314785878a765cc394ad46 already in progress
W20260630 12:35:31.954478  3688 auto_rebalancer.cc:340] scheduled replica move failed to complete: Remote error: Service unavailable: leadership transfer for fafa46e2f0314785878a765cc394ad46 already in progress
I20260630 12:35:31.953965  4193 consensus_queue.cc:237] T 3ac671ca2d0a46af8c6c181cfc6fb5d1 P fa817345a7a94344b3ef7172122945d6 [LEADER]: Queue going to LEADER mode. State: All replicated index: 0, Majority replicated index: 2, Committed index: 2, Last appended: 1.2, Last appended by leader: 0, Current term: 1, Majority size: 3, State: 0, Mode: LEADER, active raft config: opid_index: 3 OBSOLETE_local: false peers { permanent_uuid: "8012b527eeb54201856cd7121902760e" member_type: VOTER last_known_addr { host: "127.0.191.193" port: 34485 } } peers { permanent_uuid: "fa817345a7a94344b3ef7172122945d6" member_type: VOTER last_known_addr { host: "127.0.191.194" port: 35333 } } peers { permanent_uuid: "835c51ca1700485ea0723d9ac5fb8be4" member_type: VOTER last_known_addr { host: "127.0.191.195" port: 41437 } attrs { replace: true } } peers { permanent_uuid: "658bdc0940ab4b418824a8d88c271621" member_type: VOTER last_known_addr { host: "127.0.191.196" port: 40013 } attrs { promote: false } }
I20260630 12:35:31.960812  3891 raft_consensus.cc:1275] T 3ac671ca2d0a46af8c6c181cfc6fb5d1 P 835c51ca1700485ea0723d9ac5fb8be4 [term 1 FOLLOWER]: Refusing update from remote peer fa817345a7a94344b3ef7172122945d6: Log matching property violated. Preceding OpId in replica: term: 1 index: 2. Preceding OpId from leader: term: 1 index: 3. (index mismatch)
I20260630 12:35:31.961345  4043 raft_consensus.cc:1275] T 3ac671ca2d0a46af8c6c181cfc6fb5d1 P 658bdc0940ab4b418824a8d88c271621 [term 1 LEARNER]: Refusing update from remote peer fa817345a7a94344b3ef7172122945d6: Log matching property violated. Preceding OpId in replica: term: 1 index: 2. Preceding OpId from leader: term: 1 index: 3. (index mismatch)
I20260630 12:35:31.961833  3740 raft_consensus.cc:1275] T 3ac671ca2d0a46af8c6c181cfc6fb5d1 P 8012b527eeb54201856cd7121902760e [term 1 FOLLOWER]: Refusing update from remote peer fa817345a7a94344b3ef7172122945d6: Log matching property violated. Preceding OpId in replica: term: 1 index: 2. Preceding OpId from leader: term: 1 index: 3. (index mismatch)
