I20260630 12:35:26.968655  7613 ts_tablet_manager.cc:1434] T 758ce45b318444439433ebece53c1fb2 P 5e3f5aab9a0c4facbd22f380276f18ea: Time spent starting tablet: real 0.010s	user 0.007s	sys 0.000s
I20260630 12:35:26.969590  7613 tablet_bootstrap.cc:492] T ebc7311800fa46f2bdd8e7d217bc95ee P 5e3f5aab9a0c4facbd22f380276f18ea: Bootstrap starting.
I20260630 12:35:26.974773  7615 tablet_bootstrap.cc:492] T 517ff97cb8b941499bf4be704e067bfb P e3378fc7eb574061994298901cbcb51d: No bootstrap required, opened a new log
I20260630 12:35:26.974931  7613 tablet_bootstrap.cc:654] T ebc7311800fa46f2bdd8e7d217bc95ee P 5e3f5aab9a0c4facbd22f380276f18ea: Neither blocks nor log segments found. Creating new log.
I20260630 12:35:26.975255  7615 ts_tablet_manager.cc:1403] T 517ff97cb8b941499bf4be704e067bfb P e3378fc7eb574061994298901cbcb51d: Time spent bootstrapping tablet: real 0.017s	user 0.012s	sys 0.003s
I20260630 12:35:26.978052  7615 raft_consensus.cc:359] T 517ff97cb8b941499bf4be704e067bfb P e3378fc7eb574061994298901cbcb51d [term 0 FOLLOWER]: Replica starting. Triggering 0 pending ops. Active config: opid_index: -1 OBSOLETE_local: false peers { permanent_uuid: "a07da8d279c0484faf4bd6fcdbc136f0" member_type: VOTER last_known_addr { host: "127.4.91.132" port: 41741 } } peers { permanent_uuid: "e3378fc7eb574061994298901cbcb51d" member_type: VOTER last_known_addr { host: "127.4.91.129" port: 46057 } } peers { permanent_uuid: "6138903d0af7499e8f4b26a55bfd98a0" member_type: VOTER last_known_addr { host: "127.4.91.131" port: 39413 } }
I20260630 12:35:26.978729  7615 raft_consensus.cc:385] T 517ff97cb8b941499bf4be704e067bfb P e3378fc7eb574061994298901cbcb51d [term 0 FOLLOWER]: Consensus starting up: Expiring failure detector timer to make a prompt election more likely
I20260630 12:35:26.965206  7567 raft_consensus.cc:2468] T 4186262689e64c42b65c79b2a521740a P 6138903d0af7499e8f4b26a55bfd98a0 [term 1 FOLLOWER]: Leader election vote request: Granting yes vote for candidate e3378fc7eb574061994298901cbcb51d in term 1.
I20260630 12:35:26.979146  7615 raft_consensus.cc:740] T 517ff97cb8b941499bf4be704e067bfb P e3378fc7eb574061994298901cbcb51d [term 0 FOLLOWER]: Becoming Follower/Learner. State: Replica: e3378fc7eb574061994298901cbcb51d, State: Initialized, Role: FOLLOWER
I20260630 12:35:26.979923  7615 consensus_queue.cc:260] T 517ff97cb8b941499bf4be704e067bfb P e3378fc7eb574061994298901cbcb51d [NON_LEADER]: Queue going to NON_LEADER mode. State: All replicated index: 0, Majority replicated index: 0, Committed index: 0, Last appended: 0.0, Last appended by leader: 0, Current term: 0, Majority size: -1, State: 0, Mode: NON_LEADER, active raft config: opid_index: -1 OBSOLETE_local: false peers { permanent_uuid: "a07da8d279c0484faf4bd6fcdbc136f0" member_type: VOTER last_known_addr { host: "127.4.91.132" port: 41741 } } peers { permanent_uuid: "e3378fc7eb574061994298901cbcb51d" member_type: VOTER last_known_addr { host: "127.4.91.129" port: 46057 } } peers { permanent_uuid: "6138903d0af7499e8f4b26a55bfd98a0" member_type: VOTER last_known_addr { host: "127.4.91.131" port: 39413 } }
I20260630 12:35:26.981797  7615 ts_tablet_manager.cc:1434] T 517ff97cb8b941499bf4be704e067bfb P e3378fc7eb574061994298901cbcb51d: Time spent starting tablet: real 0.006s	user 0.003s	sys 0.001s
I20260630 12:35:26.988469  7384 leader_election.cc:304] T 4186262689e64c42b65c79b2a521740a P e3378fc7eb574061994298901cbcb51d [CANDIDATE]: Term 1 election: Election decided. Result: candidate won. Election summary: received 2 responses out of 3 voters: 2 yes votes; 0 no votes. yes voters: 6138903d0af7499e8f4b26a55bfd98a0, e3378fc7eb574061994298901cbcb51d; no voters: 
I20260630 12:35:26.989562  7651 raft_consensus.cc:2804] T 4186262689e64c42b65c79b2a521740a P e3378fc7eb574061994298901cbcb51d [term 1 FOLLOWER]: Leader election won for term 1
I20260630 12:35:26.990057  7651 raft_consensus.cc:697] T 4186262689e64c42b65c79b2a521740a P e3378fc7eb574061994298901cbcb51d [term 1 LEADER]: Becoming Leader. State: Replica: e3378fc7eb574061994298901cbcb51d, State: Running, Role: LEADER
I20260630 12:35:26.990828  7651 consensus_queue.cc:237] T 4186262689e64c42b65c79b2a521740a P e3378fc7eb574061994298901cbcb51d [LEADER]: Queue going to LEADER mode. State: All replicated index: 0, Majority replicated index: 0, Committed index: 0, Last appended: 0.0, Last appended by leader: 0, Current term: 1, Majority size: 2, State: 0, Mode: LEADER, active raft config: opid_index: -1 OBSOLETE_local: false peers { permanent_uuid: "6138903d0af7499e8f4b26a55bfd98a0" member_type: VOTER last_known_addr { host: "127.4.91.131" port: 39413 } } peers { permanent_uuid: "a07da8d279c0484faf4bd6fcdbc136f0" member_type: VOTER last_known_addr { host: "127.4.91.132" port: 41741 } } peers { permanent_uuid: "e3378fc7eb574061994298901cbcb51d" member_type: VOTER last_known_addr { host: "127.4.91.129" port: 46057 } }
W20260630 12:35:26.995000  7365 auto_rebalancer.cc:298] Could not retrieve cluster info: Service unavailable: Tablet not running
I20260630 12:35:26.995596  7746 heartbeater.cc:499] Master 127.4.91.190:38117 was elected leader, sending a full tablet report...
I20260630 12:35:26.996654  7767 ts_tablet_manager.cc:1434] T 4186262689e64c42b65c79b2a521740a P a07da8d279c0484faf4bd6fcdbc136f0: Time spent starting tablet: real 0.075s	user 0.016s	sys 0.024s
I20260630 12:35:26.997598  7767 tablet_bootstrap.cc:492] T 9f82403457f8449495942d866898a7c5 P a07da8d279c0484faf4bd6fcdbc136f0: Bootstrap starting.
I20260630 12:35:27.002100  7638 raft_consensus.cc:493] T d337c32a91be4a97a7a26d645084b084 P 5e3f5aab9a0c4facbd22f380276f18ea [term 0 FOLLOWER]: Starting pre-election (no leader contacted us within the election timeout)
I20260630 12:35:27.002588  7638 raft_consensus.cc:515] T d337c32a91be4a97a7a26d645084b084 P 5e3f5aab9a0c4facbd22f380276f18ea [term 0 FOLLOWER]: Starting pre-election with config: opid_index: -1 OBSOLETE_local: false peers { permanent_uuid: "a07da8d279c0484faf4bd6fcdbc136f0" member_type: VOTER last_known_addr { host: "127.4.91.132" port: 41741 } } peers { permanent_uuid: "5e3f5aab9a0c4facbd22f380276f18ea" member_type: VOTER last_known_addr { host: "127.4.91.130" port: 35131 } } peers { permanent_uuid: "6138903d0af7499e8f4b26a55bfd98a0" member_type: VOTER last_known_addr { host: "127.4.91.131" port: 39413 } }
I20260630 12:35:27.005064  7614 tablet_bootstrap.cc:492] T 8dba863ec11c406193297b03a0107fe0 P 6138903d0af7499e8f4b26a55bfd98a0: No bootstrap required, opened a new log
I20260630 12:35:27.005504  7614 ts_tablet_manager.cc:1403] T 8dba863ec11c406193297b03a0107fe0 P 6138903d0af7499e8f4b26a55bfd98a0: Time spent bootstrapping tablet: real 0.136s	user 0.043s	sys 0.034s
I20260630 12:35:27.007440  7638 leader_election.cc:290] T d337c32a91be4a97a7a26d645084b084 P 5e3f5aab9a0c4facbd22f380276f18ea [CANDIDATE]: Term 1 pre-election: Requested pre-vote from peers a07da8d279c0484faf4bd6fcdbc136f0 (127.4.91.132:41741), 6138903d0af7499e8f4b26a55bfd98a0 (127.4.91.131:39413)
I20260630 12:35:27.009598  7767 tablet_bootstrap.cc:654] T 9f82403457f8449495942d866898a7c5 P a07da8d279c0484faf4bd6fcdbc136f0: Neither blocks nor log segments found. Creating new log.
I20260630 12:35:27.011641  7316 catalog_manager.cc:6242] T 00000000000000000000000000000000 P ee1461efb7ab4fc6bbc12d4087a482a1: range_aware_rebalance_new_range [id=97ecbb0b73d94bca8061e37a78b28cb0] alter complete (version 0)
I20260630 12:35:27.012012  7567 tablet_service.cc:1917] Received RequestConsensusVote() RPC: tablet_id: "d337c32a91be4a97a7a26d645084b084" candidate_uuid: "5e3f5aab9a0c4facbd22f380276f18ea" candidate_term: 1 candidate_status { last_received { term: 0 index: 0 } } ignore_live_leader: false dest_uuid: "6138903d0af7499e8f4b26a55bfd98a0" is_pre_election: true
W20260630 12:35:27.014071  7459 leader_election.cc:343] T d337c32a91be4a97a7a26d645084b084 P 5e3f5aab9a0c4facbd22f380276f18ea [CANDIDATE]: Term 1 pre-election: Tablet error from VoteRequest() call to peer 6138903d0af7499e8f4b26a55bfd98a0 (127.4.91.131:39413): Illegal state: must be running to vote when last-logged opid is not known
I20260630 12:35:27.017488  7614 raft_consensus.cc:359] T 8dba863ec11c406193297b03a0107fe0 P 6138903d0af7499e8f4b26a55bfd98a0 [term 0 FOLLOWER]: Replica starting. Triggering 0 pending ops. Active config: opid_index: -1 OBSOLETE_local: false peers { permanent_uuid: "a07da8d279c0484faf4bd6fcdbc136f0" member_type: VOTER last_known_addr { host: "127.4.91.132" port: 41741 } } peers { permanent_uuid: "5e3f5aab9a0c4facbd22f380276f18ea" member_type: VOTER last_known_addr { host: "127.4.91.130" port: 35131 } } peers { permanent_uuid: "6138903d0af7499e8f4b26a55bfd98a0" member_type: VOTER last_known_addr { host: "127.4.91.131" port: 39413 } }
I20260630 12:35:27.018760  7614 raft_consensus.cc:385] T 8dba863ec11c406193297b03a0107fe0 P 6138903d0af7499e8f4b26a55bfd98a0 [term 0 FOLLOWER]: Consensus starting up: Expiring failure detector timer to make a prompt election more likely
I20260630 12:35:27.018997  7614 raft_consensus.cc:740] T 8dba863ec11c406193297b03a0107fe0 P 6138903d0af7499e8f4b26a55bfd98a0 [term 0 FOLLOWER]: Becoming Follower/Learner. State: Replica: 6138903d0af7499e8f4b26a55bfd98a0, State: Initialized, Role: FOLLOWER
I20260630 12:35:27.017158  7721 tablet_service.cc:1917] Received RequestConsensusVote() RPC: tablet_id: "4186262689e64c42b65c79b2a521740a" candidate_uuid: "e3378fc7eb574061994298901cbcb51d" candidate_term: 1 candidate_status { last_received { term: 0 index: 0 } } ignore_live_leader: false dest_uuid: "a07da8d279c0484faf4bd6fcdbc136f0" is_pre_election: true
I20260630 12:35:27.029366  7614 consensus_queue.cc:260] T 8dba863ec11c406193297b03a0107fe0 P 6138903d0af7499e8f4b26a55bfd98a0 [NON_LEADER]: Queue going to NON_LEADER mode. State: All replicated index: 0, Majority replicated index: 0, Committed index: 0, Last appended: 0.0, Last appended by leader: 0, Current term: 0, Majority size: -1, State: 0, Mode: NON_LEADER, active raft config: opid_index: -1 OBSOLETE_local: false peers { permanent_uuid: "a07da8d279c0484faf4bd6fcdbc136f0" member_type: VOTER last_known_addr { host: "127.4.91.132" port: 41741 } } peers { permanent_uuid: "5e3f5aab9a0c4facbd22f380276f18ea" member_type: VOTER last_known_addr { host: "127.4.91.130" port: 35131 } } peers { permanent_uuid: "6138903d0af7499e8f4b26a55bfd98a0" member_type: VOTER last_known_addr { host: "127.4.91.131" port: 39413 } }
I20260630 12:35:27.030378  7721 raft_consensus.cc:2468] T 4186262689e64c42b65c79b2a521740a P a07da8d279c0484faf4bd6fcdbc136f0 [term 0 FOLLOWER]: Leader pre-election vote request: Granting yes vote for candidate e3378fc7eb574061994298901cbcb51d in term 0.
I20260630 12:35:27.033735  7614 ts_tablet_manager.cc:1434] T 8dba863ec11c406193297b03a0107fe0 P 6138903d0af7499e8f4b26a55bfd98a0: Time spent starting tablet: real 0.028s	user 0.005s	sys 0.003s
I20260630 12:35:27.034650  7614 tablet_bootstrap.cc:492] T d337c32a91be4a97a7a26d645084b084 P 6138903d0af7499e8f4b26a55bfd98a0: Bootstrap starting.
I20260630 12:35:27.034556  7721 tablet_service.cc:1917] Received RequestConsensusVote() RPC: tablet_id: "d337c32a91be4a97a7a26d645084b084" candidate_uuid: "5e3f5aab9a0c4facbd22f380276f18ea" candidate_term: 1 candidate_status { last_received { term: 0 index: 0 } } ignore_live_leader: false dest_uuid: "a07da8d279c0484faf4bd6fcdbc136f0" is_pre_election: true
I20260630 12:35:27.034479  7719 tablet_service.cc:1917] Received RequestConsensusVote() RPC: tablet_id: "8dba863ec11c406193297b03a0107fe0" candidate_uuid: "5e3f5aab9a0c4facbd22f380276f18ea" candidate_term: 1 candidate_status { last_received { term: 0 index: 0 } } ignore_live_leader: false dest_uuid: "a07da8d279c0484faf4bd6fcdbc136f0" is_pre_election: true
I20260630 12:35:27.036026  7316 catalog_manager.cc:5697] T 4186262689e64c42b65c79b2a521740a P e3378fc7eb574061994298901cbcb51d reported cstate change: term changed from 0 to 1, leader changed from <none> to e3378fc7eb574061994298901cbcb51d (127.4.91.129). New cstate: current_term: 1 leader_uuid: "e3378fc7eb574061994298901cbcb51d" committed_config { opid_index: -1 OBSOLETE_local: false peers { permanent_uuid: "6138903d0af7499e8f4b26a55bfd98a0" member_type: VOTER last_known_addr { host: "127.4.91.131" port: 39413 } health_report { overall_health: UNKNOWN } } peers { permanent_uuid: "a07da8d279c0484faf4bd6fcdbc136f0" member_type: VOTER last_known_addr { host: "127.4.91.132" port: 41741 } health_report { overall_health: UNKNOWN } } peers { permanent_uuid: "e3378fc7eb574061994298901cbcb51d" member_type: VOTER last_known_addr { host: "127.4.91.129" port: 46057 } health_report { overall_health: HEALTHY } } }
I20260630 12:35:27.019217  7720 tablet_service.cc:1917] Received RequestConsensusVote() RPC: tablet_id: "4186262689e64c42b65c79b2a521740a" candidate_uuid: "e3378fc7eb574061994298901cbcb51d" candidate_term: 1 candidate_status { last_received { term: 0 index: 0 } } ignore_live_leader: false dest_uuid: "a07da8d279c0484faf4bd6fcdbc136f0"
W20260630 12:35:27.038767  7457 leader_election.cc:343] T d337c32a91be4a97a7a26d645084b084 P 5e3f5aab9a0c4facbd22f380276f18ea [CANDIDATE]: Term 1 pre-election: Tablet error from VoteRequest() call to peer a07da8d279c0484faf4bd6fcdbc136f0 (127.4.91.132:41741): Illegal state: must be running to vote when last-logged opid is not known
I20260630 12:35:27.039222  7457 leader_election.cc:304] T d337c32a91be4a97a7a26d645084b084 P 5e3f5aab9a0c4facbd22f380276f18ea [CANDIDATE]: Term 1 pre-election: Election decided. Result: candidate lost. Election summary: received 3 responses out of 3 voters: 1 yes votes; 2 no votes. yes voters: 5e3f5aab9a0c4facbd22f380276f18ea; no voters: 6138903d0af7499e8f4b26a55bfd98a0, a07da8d279c0484faf4bd6fcdbc136f0
I20260630 12:35:27.039953  7638 raft_consensus.cc:2749] T d337c32a91be4a97a7a26d645084b084 P 5e3f5aab9a0c4facbd22f380276f18ea [term 0 FOLLOWER]: Leader pre-election lost for term 1. Reason: could not achieve majority
W20260630 12:35:27.040329  7457 leader_election.cc:343] T 8dba863ec11c406193297b03a0107fe0 P 5e3f5aab9a0c4facbd22f380276f18ea [CANDIDATE]: Term 1 pre-election: Tablet error from VoteRequest() call to peer a07da8d279c0484faf4bd6fcdbc136f0 (127.4.91.132:41741): Illegal state: must be running to vote when last-logged opid is not known
I20260630 12:35:27.040743  7457 leader_election.cc:304] T 8dba863ec11c406193297b03a0107fe0 P 5e3f5aab9a0c4facbd22f380276f18ea [CANDIDATE]: Term 1 pre-election: Election decided. Result: candidate lost. Election summary: received 3 responses out of 3 voters: 1 yes votes; 2 no votes. yes voters: 5e3f5aab9a0c4facbd22f380276f18ea; no voters: 6138903d0af7499e8f4b26a55bfd98a0, a07da8d279c0484faf4bd6fcdbc136f0
I20260630 12:35:27.041324  7638 raft_consensus.cc:2749] T 8dba863ec11c406193297b03a0107fe0 P 5e3f5aab9a0c4facbd22f380276f18ea [term 0 FOLLOWER]: Leader pre-election lost for term 1. Reason: could not achieve majority
I20260630 12:35:27.041980  7720 raft_consensus.cc:3060] T 4186262689e64c42b65c79b2a521740a P a07da8d279c0484faf4bd6fcdbc136f0 [term 0 FOLLOWER]: Advancing to term 1
I20260630 12:35:27.043615  7613 tablet_bootstrap.cc:492] T ebc7311800fa46f2bdd8e7d217bc95ee P 5e3f5aab9a0c4facbd22f380276f18ea: No bootstrap required, opened a new log
I20260630 12:35:27.044068  7613 ts_tablet_manager.cc:1403] T ebc7311800fa46f2bdd8e7d217bc95ee P 5e3f5aab9a0c4facbd22f380276f18ea: Time spent bootstrapping tablet: real 0.075s	user 0.020s	sys 0.012s
I20260630 12:35:27.046249  7767 tablet_bootstrap.cc:492] T 9f82403457f8449495942d866898a7c5 P a07da8d279c0484faf4bd6fcdbc136f0: No bootstrap required, opened a new log
I20260630 12:35:27.046747  7767 ts_tablet_manager.cc:1403] T 9f82403457f8449495942d866898a7c5 P a07da8d279c0484faf4bd6fcdbc136f0: Time spent bootstrapping tablet: real 0.049s	user 0.007s	sys 0.018s
I20260630 12:35:27.046564  7613 raft_consensus.cc:359] T ebc7311800fa46f2bdd8e7d217bc95ee P 5e3f5aab9a0c4facbd22f380276f18ea [term 0 FOLLOWER]: Replica starting. Triggering 0 pending ops. Active config: opid_index: -1 OBSOLETE_local: false peers { permanent_uuid: "a07da8d279c0484faf4bd6fcdbc136f0" member_type: VOTER last_known_addr { host: "127.4.91.132" port: 41741 } } peers { permanent_uuid: "e3378fc7eb574061994298901cbcb51d" member_type: VOTER last_known_addr { host: "127.4.91.129" port: 46057 } } peers { permanent_uuid: "5e3f5aab9a0c4facbd22f380276f18ea" member_type: VOTER last_known_addr { host: "127.4.91.130" port: 35131 } }
I20260630 12:35:27.047946  7613 raft_consensus.cc:385] T ebc7311800fa46f2bdd8e7d217bc95ee P 5e3f5aab9a0c4facbd22f380276f18ea [term 0 FOLLOWER]: Consensus starting up: Expiring failure detector timer to make a prompt election more likely
I20260630 12:35:27.048234  7613 raft_consensus.cc:740] T ebc7311800fa46f2bdd8e7d217bc95ee P 5e3f5aab9a0c4facbd22f380276f18ea [term 0 FOLLOWER]: Becoming Follower/Learner. State: Replica: 5e3f5aab9a0c4facbd22f380276f18ea, State: Initialized, Role: FOLLOWER
I20260630 12:35:27.048846  7613 consensus_queue.cc:260] T ebc7311800fa46f2bdd8e7d217bc95ee P 5e3f5aab9a0c4facbd22f380276f18ea [NON_LEADER]: Queue going to NON_LEADER mode. State: All replicated index: 0, Majority replicated index: 0, Committed index: 0, Last appended: 0.0, Last appended by leader: 0, Current term: 0, Majority size: -1, State: 0, Mode: NON_LEADER, active raft config: opid_index: -1 OBSOLETE_local: false peers { permanent_uuid: "a07da8d279c0484faf4bd6fcdbc136f0" member_type: VOTER last_known_addr { host: "127.4.91.132" port: 41741 } } peers { permanent_uuid: "e3378fc7eb574061994298901cbcb51d" member_type: VOTER last_known_addr { host: "127.4.91.129" port: 46057 } } peers { permanent_uuid: "5e3f5aab9a0c4facbd22f380276f18ea" member_type: VOTER last_known_addr { host: "127.4.91.130" port: 35131 } }
I20260630 12:35:27.053537  7614 tablet_bootstrap.cc:654] T d337c32a91be4a97a7a26d645084b084 P 6138903d0af7499e8f4b26a55bfd98a0: Neither blocks nor log segments found. Creating new log.
I20260630 12:35:27.055830  7663 raft_consensus.cc:493] T 261aac0fa1904ce7b523febb798aa704 P 6138903d0af7499e8f4b26a55bfd98a0 [term 0 FOLLOWER]: Starting pre-election (no leader contacted us within the election timeout)
I20260630 12:35:27.056610  7663 raft_consensus.cc:515] T 261aac0fa1904ce7b523febb798aa704 P 6138903d0af7499e8f4b26a55bfd98a0 [term 0 FOLLOWER]: Starting pre-election with config: opid_index: -1 OBSOLETE_local: false peers { permanent_uuid: "a07da8d279c0484faf4bd6fcdbc136f0" member_type: VOTER last_known_addr { host: "127.4.91.132" port: 41741 } } peers { permanent_uuid: "e3378fc7eb574061994298901cbcb51d" member_type: VOTER last_known_addr { host: "127.4.91.129" port: 46057 } } peers { permanent_uuid: "6138903d0af7499e8f4b26a55bfd98a0" member_type: VOTER last_known_addr { host: "127.4.91.131" port: 39413 } }
I20260630 12:35:27.058466  7613 ts_tablet_manager.cc:1434] T ebc7311800fa46f2bdd8e7d217bc95ee P 5e3f5aab9a0c4facbd22f380276f18ea: Time spent starting tablet: real 0.014s	user 0.006s	sys 0.001s
I20260630 12:35:27.059374  7613 tablet_bootstrap.cc:492] T 9f82403457f8449495942d866898a7c5 P 5e3f5aab9a0c4facbd22f380276f18ea: Bootstrap starting.
I20260630 12:35:27.060549  7419 tablet_service.cc:1917] Received RequestConsensusVote() RPC: tablet_id: "261aac0fa1904ce7b523febb798aa704" candidate_uuid: "6138903d0af7499e8f4b26a55bfd98a0" candidate_term: 1 candidate_status { last_received { term: 0 index: 0 } } ignore_live_leader: false dest_uuid: "e3378fc7eb574061994298901cbcb51d" is_pre_election: true
I20260630 12:35:27.059679  7719 tablet_service.cc:1917] Received RequestConsensusVote() RPC: tablet_id: "261aac0fa1904ce7b523febb798aa704" candidate_uuid: "6138903d0af7499e8f4b26a55bfd98a0" candidate_term: 1 candidate_status { last_received { term: 0 index: 0 } } ignore_live_leader: false dest_uuid: "a07da8d279c0484faf4bd6fcdbc136f0" is_pre_election: true
I20260630 12:35:27.061232  7419 raft_consensus.cc:2468] T 261aac0fa1904ce7b523febb798aa704 P e3378fc7eb574061994298901cbcb51d [term 0 FOLLOWER]: Leader pre-election vote request: Granting yes vote for candidate 6138903d0af7499e8f4b26a55bfd98a0 in term 0.
I20260630 12:35:27.061365  7663 leader_election.cc:290] T 261aac0fa1904ce7b523febb798aa704 P 6138903d0af7499e8f4b26a55bfd98a0 [CANDIDATE]: Term 1 pre-election: Requested pre-vote from peers a07da8d279c0484faf4bd6fcdbc136f0 (127.4.91.132:41741), e3378fc7eb574061994298901cbcb51d (127.4.91.129:46057)
W20260630 12:35:27.062644  7531 leader_election.cc:343] T 261aac0fa1904ce7b523febb798aa704 P 6138903d0af7499e8f4b26a55bfd98a0 [CANDIDATE]: Term 1 pre-election: Tablet error from VoteRequest() call to peer a07da8d279c0484faf4bd6fcdbc136f0 (127.4.91.132:41741): Illegal state: must be running to vote when last-logged opid is not known
I20260630 12:35:27.065536  7534 leader_election.cc:304] T 261aac0fa1904ce7b523febb798aa704 P 6138903d0af7499e8f4b26a55bfd98a0 [CANDIDATE]: Term 1 pre-election: Election decided. Result: candidate won. Election summary: received 3 responses out of 3 voters: 2 yes votes; 1 no votes. yes voters: 6138903d0af7499e8f4b26a55bfd98a0, e3378fc7eb574061994298901cbcb51d; no voters: a07da8d279c0484faf4bd6fcdbc136f0
I20260630 12:35:27.063179  7720 raft_consensus.cc:2468] T 4186262689e64c42b65c79b2a521740a P a07da8d279c0484faf4bd6fcdbc136f0 [term 1 FOLLOWER]: Leader election vote request: Granting yes vote for candidate e3378fc7eb574061994298901cbcb51d in term 1.
I20260630 12:35:27.073122  7613 tablet_bootstrap.cc:654] T 9f82403457f8449495942d866898a7c5 P 5e3f5aab9a0c4facbd22f380276f18ea: Neither blocks nor log segments found. Creating new log.
I20260630 12:35:27.076014  7663 raft_consensus.cc:2804] T 261aac0fa1904ce7b523febb798aa704 P 6138903d0af7499e8f4b26a55bfd98a0 [term 0 FOLLOWER]: Leader pre-election won for term 1
I20260630 12:35:27.076442  7663 raft_consensus.cc:493] T 261aac0fa1904ce7b523febb798aa704 P 6138903d0af7499e8f4b26a55bfd98a0 [term 0 FOLLOWER]: Starting leader election (no leader contacted us within the election timeout)
I20260630 12:35:27.076804  7663 raft_consensus.cc:3060] T 261aac0fa1904ce7b523febb798aa704 P 6138903d0af7499e8f4b26a55bfd98a0 [term 0 FOLLOWER]: Advancing to term 1
I20260630 12:35:27.081935  7767 raft_consensus.cc:359] T 9f82403457f8449495942d866898a7c5 P a07da8d279c0484faf4bd6fcdbc136f0 [term 0 FOLLOWER]: Replica starting. Triggering 0 pending ops. Active config: opid_index: -1 OBSOLETE_local: false peers { permanent_uuid: "e3378fc7eb574061994298901cbcb51d" member_type: VOTER last_known_addr { host: "127.4.91.129" port: 46057 } } peers { permanent_uuid: "a07da8d279c0484faf4bd6fcdbc136f0" member_type: VOTER last_known_addr { host: "127.4.91.132" port: 41741 } } peers { permanent_uuid: "5e3f5aab9a0c4facbd22f380276f18ea" member_type: VOTER last_known_addr { host: "127.4.91.130" port: 35131 } }
I20260630 12:35:27.082751  7767 raft_consensus.cc:385] T 9f82403457f8449495942d866898a7c5 P a07da8d279c0484faf4bd6fcdbc136f0 [term 0 FOLLOWER]: Consensus starting up: Expiring failure detector timer to make a prompt election more likely
I20260630 12:35:27.083082  7767 raft_consensus.cc:740] T 9f82403457f8449495942d866898a7c5 P a07da8d279c0484faf4bd6fcdbc136f0 [term 0 FOLLOWER]: Becoming Follower/Learner. State: Replica: a07da8d279c0484faf4bd6fcdbc136f0, State: Initialized, Role: FOLLOWER
I20260630 12:35:27.083842  7767 consensus_queue.cc:260] T 9f82403457f8449495942d866898a7c5 P a07da8d279c0484faf4bd6fcdbc136f0 [NON_LEADER]: Queue going to NON_LEADER mode. State: All replicated index: 0, Majority replicated index: 0, Committed index: 0, Last appended: 0.0, Last appended by leader: 0, Current term: 0, Majority size: -1, State: 0, Mode: NON_LEADER, active raft config: opid_index: -1 OBSOLETE_local: false peers { permanent_uuid: "e3378fc7eb574061994298901cbcb51d" member_type: VOTER last_known_addr { host: "127.4.91.129" port: 46057 } } peers { permanent_uuid: "a07da8d279c0484faf4bd6fcdbc136f0" member_type: VOTER last_known_addr { host: "127.4.91.132" port: 41741 } } peers { permanent_uuid: "5e3f5aab9a0c4facbd22f380276f18ea" member_type: VOTER last_known_addr { host: "127.4.91.130" port: 35131 } }
I20260630 12:35:27.086108  7767 ts_tablet_manager.cc:1434] T 9f82403457f8449495942d866898a7c5 P a07da8d279c0484faf4bd6fcdbc136f0: Time spent starting tablet: real 0.039s	user 0.007s	sys 0.000s
I20260630 12:35:27.087193  7767 tablet_bootstrap.cc:492] T 261aac0fa1904ce7b523febb798aa704 P a07da8d279c0484faf4bd6fcdbc136f0: Bootstrap starting.
I20260630 12:35:27.090168  7621 raft_consensus.cc:493] T ebc7311800fa46f2bdd8e7d217bc95ee P e3378fc7eb574061994298901cbcb51d [term 0 FOLLOWER]: Starting pre-election (no leader contacted us within the election timeout)
I20260630 12:35:27.090641  7621 raft_consensus.cc:515] T ebc7311800fa46f2bdd8e7d217bc95ee P e3378fc7eb574061994298901cbcb51d [term 0 FOLLOWER]: Starting pre-election with config: opid_index: -1 OBSOLETE_local: false peers { permanent_uuid: "a07da8d279c0484faf4bd6fcdbc136f0" member_type: VOTER last_known_addr { host: "127.4.91.132" port: 41741 } } peers { permanent_uuid: "e3378fc7eb574061994298901cbcb51d" member_type: VOTER last_known_addr { host: "127.4.91.129" port: 46057 } } peers { permanent_uuid: "5e3f5aab9a0c4facbd22f380276f18ea" member_type: VOTER last_known_addr { host: "127.4.91.130" port: 35131 } }
I20260630 12:35:27.092687  7621 leader_election.cc:290] T ebc7311800fa46f2bdd8e7d217bc95ee P e3378fc7eb574061994298901cbcb51d [CANDIDATE]: Term 1 pre-election: Requested pre-vote from peers a07da8d279c0484faf4bd6fcdbc136f0 (127.4.91.132:41741), 5e3f5aab9a0c4facbd22f380276f18ea (127.4.91.130:35131)
I20260630 12:35:27.094477  7720 tablet_service.cc:1917] Received RequestConsensusVote() RPC: tablet_id: "ebc7311800fa46f2bdd8e7d217bc95ee" candidate_uuid: "e3378fc7eb574061994298901cbcb51d" candidate_term: 1 candidate_status { last_received { term: 0 index: 0 } } ignore_live_leader: false dest_uuid: "a07da8d279c0484faf4bd6fcdbc136f0" is_pre_election: true
I20260630 12:35:27.095582  7767 tablet_bootstrap.cc:654] T 261aac0fa1904ce7b523febb798aa704 P a07da8d279c0484faf4bd6fcdbc136f0: Neither blocks nor log segments found. Creating new log.
I20260630 12:35:27.096410  7494 tablet_service.cc:1917] Received RequestConsensusVote() RPC: tablet_id: "ebc7311800fa46f2bdd8e7d217bc95ee" candidate_uuid: "e3378fc7eb574061994298901cbcb51d" candidate_term: 1 candidate_status { last_received { term: 0 index: 0 } } ignore_live_leader: false dest_uuid: "5e3f5aab9a0c4facbd22f380276f18ea" is_pre_election: true
I20260630 12:35:27.097064  7494 raft_consensus.cc:2468] T ebc7311800fa46f2bdd8e7d217bc95ee P 5e3f5aab9a0c4facbd22f380276f18ea [term 0 FOLLOWER]: Leader pre-election vote request: Granting yes vote for candidate e3378fc7eb574061994298901cbcb51d in term 0.
I20260630 12:35:27.098495  7382 leader_election.cc:304] T ebc7311800fa46f2bdd8e7d217bc95ee P e3378fc7eb574061994298901cbcb51d [CANDIDATE]: Term 1 pre-election: Election decided. Result: candidate won. Election summary: received 2 responses out of 3 voters: 2 yes votes; 0 no votes. yes voters: 5e3f5aab9a0c4facbd22f380276f18ea, e3378fc7eb574061994298901cbcb51d; no voters: 
I20260630 12:35:27.099228  7651 raft_consensus.cc:493] T 517ff97cb8b941499bf4be704e067bfb P e3378fc7eb574061994298901cbcb51d [term 0 FOLLOWER]: Starting pre-election (no leader contacted us within the election timeout)
W20260630 12:35:27.099368  7382 leader_election.cc:343] T ebc7311800fa46f2bdd8e7d217bc95ee P e3378fc7eb574061994298901cbcb51d [CANDIDATE]: Term 1 pre-election: Tablet error from VoteRequest() call to peer a07da8d279c0484faf4bd6fcdbc136f0 (127.4.91.132:41741): Illegal state: must be running to vote when last-logged opid is not known
I20260630 12:35:27.099714  7651 raft_consensus.cc:515] T 517ff97cb8b941499bf4be704e067bfb P e3378fc7eb574061994298901cbcb51d [term 0 FOLLOWER]: Starting pre-election with config: opid_index: -1 OBSOLETE_local: false peers { permanent_uuid: "a07da8d279c0484faf4bd6fcdbc136f0" member_type: VOTER last_known_addr { host: "127.4.91.132" port: 41741 } } peers { permanent_uuid: "e3378fc7eb574061994298901cbcb51d" member_type: VOTER last_known_addr { host: "127.4.91.129" port: 46057 } } peers { permanent_uuid: "6138903d0af7499e8f4b26a55bfd98a0" member_type: VOTER last_known_addr { host: "127.4.91.131" port: 39413 } }
I20260630 12:35:27.100339  7621 raft_consensus.cc:2804] T ebc7311800fa46f2bdd8e7d217bc95ee P e3378fc7eb574061994298901cbcb51d [term 0 FOLLOWER]: Leader pre-election won for term 1
I20260630 12:35:27.100754  7621 raft_consensus.cc:493] T ebc7311800fa46f2bdd8e7d217bc95ee P e3378fc7eb574061994298901cbcb51d [term 0 FOLLOWER]: Starting leader election (no leader contacted us within the election timeout)
I20260630 12:35:27.101094  7621 raft_consensus.cc:3060] T ebc7311800fa46f2bdd8e7d217bc95ee P e3378fc7eb574061994298901cbcb51d [term 0 FOLLOWER]: Advancing to term 1
I20260630 12:35:27.101868  7651 leader_election.cc:290] T 517ff97cb8b941499bf4be704e067bfb P e3378fc7eb574061994298901cbcb51d [CANDIDATE]: Term 1 pre-election: Requested pre-vote from peers a07da8d279c0484faf4bd6fcdbc136f0 (127.4.91.132:41741), 6138903d0af7499e8f4b26a55bfd98a0 (127.4.91.131:39413)
I20260630 12:35:27.103663  7567 tablet_service.cc:1917] Received RequestConsensusVote() RPC: tablet_id: "517ff97cb8b941499bf4be704e067bfb" candidate_uuid: "e3378fc7eb574061994298901cbcb51d" candidate_term: 1 candidate_status { last_received { term: 0 index: 0 } } ignore_live_leader: false dest_uuid: "6138903d0af7499e8f4b26a55bfd98a0" is_pre_election: true
W20260630 12:35:27.105589  7384 leader_election.cc:343] T 517ff97cb8b941499bf4be704e067bfb P e3378fc7eb574061994298901cbcb51d [CANDIDATE]: Term 1 pre-election: Tablet error from VoteRequest() call to peer 6138903d0af7499e8f4b26a55bfd98a0 (127.4.91.131:39413): Illegal state: must be running to vote when last-logged opid is not known
I20260630 12:35:27.107174  7720 tablet_service.cc:1917] Received RequestConsensusVote() RPC: tablet_id: "517ff97cb8b941499bf4be704e067bfb" candidate_uuid: "e3378fc7eb574061994298901cbcb51d" candidate_term: 1 candidate_status { last_received { term: 0 index: 0 } } ignore_live_leader: false dest_uuid: "a07da8d279c0484faf4bd6fcdbc136f0" is_pre_election: true
W20260630 12:35:27.108573  7382 leader_election.cc:343] T 517ff97cb8b941499bf4be704e067bfb P e3378fc7eb574061994298901cbcb51d [CANDIDATE]: Term 1 pre-election: Tablet error from VoteRequest() call to peer a07da8d279c0484faf4bd6fcdbc136f0 (127.4.91.132:41741): Illegal state: must be running to vote when last-logged opid is not known
I20260630 12:35:27.109097  7613 tablet_bootstrap.cc:492] T 9f82403457f8449495942d866898a7c5 P 5e3f5aab9a0c4facbd22f380276f18ea: No bootstrap required, opened a new log
I20260630 12:35:27.108969  7382 leader_election.cc:304] T 517ff97cb8b941499bf4be704e067bfb P e3378fc7eb574061994298901cbcb51d [CANDIDATE]: Term 1 pre-election: Election decided. Result: candidate lost. Election summary: received 3 responses out of 3 voters: 1 yes votes; 2 no votes. yes voters: e3378fc7eb574061994298901cbcb51d; no voters: 6138903d0af7499e8f4b26a55bfd98a0, a07da8d279c0484faf4bd6fcdbc136f0
I20260630 12:35:27.109200  7621 raft_consensus.cc:515] T ebc7311800fa46f2bdd8e7d217bc95ee P e3378fc7eb574061994298901cbcb51d [term 1 FOLLOWER]: Starting leader election with config: opid_index: -1 OBSOLETE_local: false peers { permanent_uuid: "a07da8d279c0484faf4bd6fcdbc136f0" member_type: VOTER last_known_addr { host: "127.4.91.132" port: 41741 } } peers { permanent_uuid: "e3378fc7eb574061994298901cbcb51d" member_type: VOTER last_known_addr { host: "127.4.91.129" port: 46057 } } peers { permanent_uuid: "5e3f5aab9a0c4facbd22f380276f18ea" member_type: VOTER last_known_addr { host: "127.4.91.130" port: 35131 } }
I20260630 12:35:27.109658  7613 ts_tablet_manager.cc:1403] T 9f82403457f8449495942d866898a7c5 P 5e3f5aab9a0c4facbd22f380276f18ea: Time spent bootstrapping tablet: real 0.050s	user 0.017s	sys 0.000s
I20260630 12:35:27.110025  7651 raft_consensus.cc:2749] T 517ff97cb8b941499bf4be704e067bfb P e3378fc7eb574061994298901cbcb51d [term 0 FOLLOWER]: Leader pre-election lost for term 1. Reason: could not achieve majority
I20260630 12:35:27.111661  7767 tablet_bootstrap.cc:492] T 261aac0fa1904ce7b523febb798aa704 P a07da8d279c0484faf4bd6fcdbc136f0: No bootstrap required, opened a new log
I20260630 12:35:27.111810  7720 tablet_service.cc:1917] Received RequestConsensusVote() RPC: tablet_id: "ebc7311800fa46f2bdd8e7d217bc95ee" candidate_uuid: "e3378fc7eb574061994298901cbcb51d" candidate_term: 1 candidate_status { last_received { term: 0 index: 0 } } ignore_live_leader: false dest_uuid: "a07da8d279c0484faf4bd6fcdbc136f0"
I20260630 12:35:27.112310  7767 ts_tablet_manager.cc:1403] T 261aac0fa1904ce7b523febb798aa704 P a07da8d279c0484faf4bd6fcdbc136f0: Time spent bootstrapping tablet: real 0.025s	user 0.017s	sys 0.000s
W20260630 12:35:27.113488  7382 leader_election.cc:343] T ebc7311800fa46f2bdd8e7d217bc95ee P e3378fc7eb574061994298901cbcb51d [CANDIDATE]: Term 1 election: Tablet error from VoteRequest() call to peer a07da8d279c0484faf4bd6fcdbc136f0 (127.4.91.132:41741): Illegal state: must be running to vote when last-logged opid is not known
I20260630 12:35:27.115473  7494 tablet_service.cc:1917] Received RequestConsensusVote() RPC: tablet_id: "ebc7311800fa46f2bdd8e7d217bc95ee" candidate_uuid: "e3378fc7eb574061994298901cbcb51d" candidate_term: 1 candidate_status { last_received { term: 0 index: 0 } } ignore_live_leader: false dest_uuid: "5e3f5aab9a0c4facbd22f380276f18ea"
I20260630 12:35:27.116103  7494 raft_consensus.cc:3060] T ebc7311800fa46f2bdd8e7d217bc95ee P 5e3f5aab9a0c4facbd22f380276f18ea [term 0 FOLLOWER]: Advancing to term 1
I20260630 12:35:27.116117  7767 raft_consensus.cc:359] T 261aac0fa1904ce7b523febb798aa704 P a07da8d279c0484faf4bd6fcdbc136f0 [term 0 FOLLOWER]: Replica starting. Triggering 0 pending ops. Active config: opid_index: -1 OBSOLETE_local: false peers { permanent_uuid: "a07da8d279c0484faf4bd6fcdbc136f0" member_type: VOTER last_known_addr { host: "127.4.91.132" port: 41741 } } peers { permanent_uuid: "e3378fc7eb574061994298901cbcb51d" member_type: VOTER last_known_addr { host: "127.4.91.129" port: 46057 } } peers { permanent_uuid: "6138903d0af7499e8f4b26a55bfd98a0" member_type: VOTER last_known_addr { host: "127.4.91.131" port: 39413 } }
I20260630 12:35:27.117115  7767 raft_consensus.cc:385] T 261aac0fa1904ce7b523febb798aa704 P a07da8d279c0484faf4bd6fcdbc136f0 [term 0 FOLLOWER]: Consensus starting up: Expiring failure detector timer to make a prompt election more likely
I20260630 12:35:27.117446  7767 raft_consensus.cc:740] T 261aac0fa1904ce7b523febb798aa704 P a07da8d279c0484faf4bd6fcdbc136f0 [term 0 FOLLOWER]: Becoming Follower/Learner. State: Replica: a07da8d279c0484faf4bd6fcdbc136f0, State: Initialized, Role: FOLLOWER
I20260630 12:35:27.118312  7767 consensus_queue.cc:260] T 261aac0fa1904ce7b523febb798aa704 P a07da8d279c0484faf4bd6fcdbc136f0 [NON_LEADER]: Queue going to NON_LEADER mode. State: All replicated index: 0, Majority replicated index: 0, Committed index: 0, Last appended: 0.0, Last appended by leader: 0, Current term: 0, Majority size: -1, State: 0, Mode: NON_LEADER, active raft config: opid_index: -1 OBSOLETE_local: false peers { permanent_uuid: "a07da8d279c0484faf4bd6fcdbc136f0" member_type: VOTER last_known_addr { host: "127.4.91.132" port: 41741 } } peers { permanent_uuid: "e3378fc7eb574061994298901cbcb51d" member_type: VOTER last_known_addr { host: "127.4.91.129" port: 46057 } } peers { permanent_uuid: "6138903d0af7499e8f4b26a55bfd98a0" member_type: VOTER last_known_addr { host: "127.4.91.131" port: 39413 } }
I20260630 12:35:27.123365  7767 ts_tablet_manager.cc:1434] T 261aac0fa1904ce7b523febb798aa704 P a07da8d279c0484faf4bd6fcdbc136f0: Time spent starting tablet: real 0.008s	user 0.006s	sys 0.000s
I20260630 12:35:27.124462  7767 tablet_bootstrap.cc:492] T ebc7311800fa46f2bdd8e7d217bc95ee P a07da8d279c0484faf4bd6fcdbc136f0: Bootstrap starting.
I20260630 12:35:27.128410  7614 tablet_bootstrap.cc:492] T d337c32a91be4a97a7a26d645084b084 P 6138903d0af7499e8f4b26a55bfd98a0: No bootstrap required, opened a new log
I20260630 12:35:27.128867  7614 ts_tablet_manager.cc:1403] T d337c32a91be4a97a7a26d645084b084 P 6138903d0af7499e8f4b26a55bfd98a0: Time spent bootstrapping tablet: real 0.094s	user 0.020s	sys 0.030s
I20260630 12:35:27.130921  7663 raft_consensus.cc:515] T 261aac0fa1904ce7b523febb798aa704 P 6138903d0af7499e8f4b26a55bfd98a0 [term 1 FOLLOWER]: Starting leader election with config: opid_index: -1 OBSOLETE_local: false peers { permanent_uuid: "a07da8d279c0484faf4bd6fcdbc136f0" member_type: VOTER last_known_addr { host: "127.4.91.132" port: 41741 } } peers { permanent_uuid: "e3378fc7eb574061994298901cbcb51d" member_type: VOTER last_known_addr { host: "127.4.91.129" port: 46057 } } peers { permanent_uuid: "6138903d0af7499e8f4b26a55bfd98a0" member_type: VOTER last_known_addr { host: "127.4.91.131" port: 39413 } }
I20260630 12:35:27.111266  7621 leader_election.cc:290] T ebc7311800fa46f2bdd8e7d217bc95ee P e3378fc7eb574061994298901cbcb51d [CANDIDATE]: Term 1 election: Requested vote from peers a07da8d279c0484faf4bd6fcdbc136f0 (127.4.91.132:41741), 5e3f5aab9a0c4facbd22f380276f18ea (127.4.91.130:35131)
I20260630 12:35:27.131436  7613 raft_consensus.cc:359] T 9f82403457f8449495942d866898a7c5 P 5e3f5aab9a0c4facbd22f380276f18ea [term 0 FOLLOWER]: Replica starting. Triggering 0 pending ops. Active config: opid_index: -1 OBSOLETE_local: false peers { permanent_uuid: "e3378fc7eb574061994298901cbcb51d" member_type: VOTER last_known_addr { host: "127.4.91.129" port: 46057 } } peers { permanent_uuid: "a07da8d279c0484faf4bd6fcdbc136f0" member_type: VOTER last_known_addr { host: "127.4.91.132" port: 41741 } } peers { permanent_uuid: "5e3f5aab9a0c4facbd22f380276f18ea" member_type: VOTER last_known_addr { host: "127.4.91.130" port: 35131 } }
I20260630 12:35:27.132133  7613 raft_consensus.cc:385] T 9f82403457f8449495942d866898a7c5 P 5e3f5aab9a0c4facbd22f380276f18ea [term 0 FOLLOWER]: Consensus starting up: Expiring failure detector timer to make a prompt election more likely
I20260630 12:35:27.132406  7613 raft_consensus.cc:740] T 9f82403457f8449495942d866898a7c5 P 5e3f5aab9a0c4facbd22f380276f18ea [term 0 FOLLOWER]: Becoming Follower/Learner. State: Replica: 5e3f5aab9a0c4facbd22f380276f18ea, State: Initialized, Role: FOLLOWER
I20260630 12:35:27.123608  7494 raft_consensus.cc:2468] T ebc7311800fa46f2bdd8e7d217bc95ee P 5e3f5aab9a0c4facbd22f380276f18ea [term 1 FOLLOWER]: Leader election vote request: Granting yes vote for candidate e3378fc7eb574061994298901cbcb51d in term 1.
I20260630 12:35:27.133713  7720 tablet_service.cc:1917] Received RequestConsensusVote() RPC: tablet_id: "261aac0fa1904ce7b523febb798aa704" candidate_uuid: "6138903d0af7499e8f4b26a55bfd98a0" candidate_term: 1 candidate_status { last_received { term: 0 index: 0 } } ignore_live_leader: false dest_uuid: "a07da8d279c0484faf4bd6fcdbc136f0"
I20260630 12:35:27.133154  7614 raft_consensus.cc:359] T d337c32a91be4a97a7a26d645084b084 P 6138903d0af7499e8f4b26a55bfd98a0 [term 0 FOLLOWER]: Replica starting. Triggering 0 pending ops. Active config: opid_index: -1 OBSOLETE_local: false peers { permanent_uuid: "a07da8d279c0484faf4bd6fcdbc136f0" member_type: VOTER last_known_addr { host: "127.4.91.132" port: 41741 } } peers { permanent_uuid: "5e3f5aab9a0c4facbd22f380276f18ea" member_type: VOTER last_known_addr { host: "127.4.91.130" port: 35131 } } peers { permanent_uuid: "6138903d0af7499e8f4b26a55bfd98a0" member_type: VOTER last_known_addr { host: "127.4.91.131" port: 39413 } }
I20260630 12:35:27.134528  7614 raft_consensus.cc:385] T d337c32a91be4a97a7a26d645084b084 P 6138903d0af7499e8f4b26a55bfd98a0 [term 0 FOLLOWER]: Consensus starting up: Expiring failure detector timer to make a prompt election more likely
I20260630 12:35:27.134577  7767 tablet_bootstrap.cc:654] T ebc7311800fa46f2bdd8e7d217bc95ee P a07da8d279c0484faf4bd6fcdbc136f0: Neither blocks nor log segments found. Creating new log.
I20260630 12:35:27.134550  7720 raft_consensus.cc:3060] T 261aac0fa1904ce7b523febb798aa704 P a07da8d279c0484faf4bd6fcdbc136f0 [term 0 FOLLOWER]: Advancing to term 1
I20260630 12:35:27.134979  7614 raft_consensus.cc:740] T d337c32a91be4a97a7a26d645084b084 P 6138903d0af7499e8f4b26a55bfd98a0 [term 0 FOLLOWER]: Becoming Follower/Learner. State: Replica: 6138903d0af7499e8f4b26a55bfd98a0, State: Initialized, Role: FOLLOWER
I20260630 12:35:27.135164  7382 leader_election.cc:304] T ebc7311800fa46f2bdd8e7d217bc95ee P e3378fc7eb574061994298901cbcb51d [CANDIDATE]: Term 1 election: Election decided. Result: candidate won. Election summary: received 3 responses out of 3 voters: 2 yes votes; 1 no votes. yes voters: 5e3f5aab9a0c4facbd22f380276f18ea, e3378fc7eb574061994298901cbcb51d; no voters: a07da8d279c0484faf4bd6fcdbc136f0
I20260630 12:35:27.135710  7614 consensus_queue.cc:260] T d337c32a91be4a97a7a26d645084b084 P 6138903d0af7499e8f4b26a55bfd98a0 [NON_LEADER]: Queue going to NON_LEADER mode. State: All replicated index: 0, Majority replicated index: 0, Committed index: 0, Last appended: 0.0, Last appended by leader: 0, Current term: 0, Majority size: -1, State: 0, Mode: NON_LEADER, active raft config: opid_index: -1 OBSOLETE_local: false peers { permanent_uuid: "a07da8d279c0484faf4bd6fcdbc136f0" member_type: VOTER last_known_addr { host: "127.4.91.132" port: 41741 } } peers { permanent_uuid: "5e3f5aab9a0c4facbd22f380276f18ea" member_type: VOTER last_known_addr { host: "127.4.91.130" port: 35131 } } peers { permanent_uuid: "6138903d0af7499e8f4b26a55bfd98a0" member_type: VOTER last_known_addr { host: "127.4.91.131" port: 39413 } }
I20260630 12:35:27.136236  7621 raft_consensus.cc:2804] T ebc7311800fa46f2bdd8e7d217bc95ee P e3378fc7eb574061994298901cbcb51d [term 1 FOLLOWER]: Leader election won for term 1
I20260630 12:35:27.136919  7621 raft_consensus.cc:697] T ebc7311800fa46f2bdd8e7d217bc95ee P e3378fc7eb574061994298901cbcb51d [term 1 LEADER]: Becoming Leader. State: Replica: e3378fc7eb574061994298901cbcb51d, State: Running, Role: LEADER
I20260630 12:35:27.137694  7614 ts_tablet_manager.cc:1434] T d337c32a91be4a97a7a26d645084b084 P 6138903d0af7499e8f4b26a55bfd98a0: Time spent starting tablet: real 0.009s	user 0.006s	sys 0.000s
I20260630 12:35:27.137701  7621 consensus_queue.cc:237] T ebc7311800fa46f2bdd8e7d217bc95ee P e3378fc7eb574061994298901cbcb51d [LEADER]: Queue going to LEADER mode. State: All replicated index: 0, Majority replicated index: 0, Committed index: 0, Last appended: 0.0, Last appended by leader: 0, Current term: 1, Majority size: 2, State: 0, Mode: LEADER, active raft config: opid_index: -1 OBSOLETE_local: false peers { permanent_uuid: "a07da8d279c0484faf4bd6fcdbc136f0" member_type: VOTER last_known_addr { host: "127.4.91.132" port: 41741 } } peers { permanent_uuid: "e3378fc7eb574061994298901cbcb51d" member_type: VOTER last_known_addr { host: "127.4.91.129" port: 46057 } } peers { permanent_uuid: "5e3f5aab9a0c4facbd22f380276f18ea" member_type: VOTER last_known_addr { host: "127.4.91.130" port: 35131 } }
I20260630 12:35:27.139014  7614 tablet_bootstrap.cc:492] T 517ff97cb8b941499bf4be704e067bfb P 6138903d0af7499e8f4b26a55bfd98a0: Bootstrap starting.
I20260630 12:35:27.133153  7613 consensus_queue.cc:260] T 9f82403457f8449495942d866898a7c5 P 5e3f5aab9a0c4facbd22f380276f18ea [NON_LEADER]: Queue going to NON_LEADER mode. State: All replicated index: 0, Majority replicated index: 0, Committed index: 0, Last appended: 0.0, Last appended by leader: 0, Current term: 0, Majority size: -1, State: 0, Mode: NON_LEADER, active raft config: opid_index: -1 OBSOLETE_local: false peers { permanent_uuid: "e3378fc7eb574061994298901cbcb51d" member_type: VOTER last_known_addr { host: "127.4.91.129" port: 46057 } } peers { permanent_uuid: "a07da8d279c0484faf4bd6fcdbc136f0" member_type: VOTER last_known_addr { host: "127.4.91.132" port: 41741 } } peers { permanent_uuid: "5e3f5aab9a0c4facbd22f380276f18ea" member_type: VOTER last_known_addr { host: "127.4.91.130" port: 35131 } }
I20260630 12:35:27.145089  7614 tablet_bootstrap.cc:654] T 517ff97cb8b941499bf4be704e067bfb P 6138903d0af7499e8f4b26a55bfd98a0: Neither blocks nor log segments found. Creating new log.
I20260630 12:35:27.146762  7613 ts_tablet_manager.cc:1434] T 9f82403457f8449495942d866898a7c5 P 5e3f5aab9a0c4facbd22f380276f18ea: Time spent starting tablet: real 0.037s	user 0.006s	sys 0.000s
I20260630 12:35:27.158622  7614 tablet_bootstrap.cc:492] T 517ff97cb8b941499bf4be704e067bfb P 6138903d0af7499e8f4b26a55bfd98a0: No bootstrap required, opened a new log
I20260630 12:35:27.159153  7614 ts_tablet_manager.cc:1403] T 517ff97cb8b941499bf4be704e067bfb P 6138903d0af7499e8f4b26a55bfd98a0: Time spent bootstrapping tablet: real 0.020s	user 0.007s	sys 0.008s
I20260630 12:35:27.160012  7663 leader_election.cc:290] T 261aac0fa1904ce7b523febb798aa704 P 6138903d0af7499e8f4b26a55bfd98a0 [CANDIDATE]: Term 1 election: Requested vote from peers a07da8d279c0484faf4bd6fcdbc136f0 (127.4.91.132:41741), e3378fc7eb574061994298901cbcb51d (127.4.91.129:46057)
I20260630 12:35:27.161923  7614 raft_consensus.cc:359] T 517ff97cb8b941499bf4be704e067bfb P 6138903d0af7499e8f4b26a55bfd98a0 [term 0 FOLLOWER]: Replica starting. Triggering 0 pending ops. Active config: opid_index: -1 OBSOLETE_local: false peers { permanent_uuid: "a07da8d279c0484faf4bd6fcdbc136f0" member_type: VOTER last_known_addr { host: "127.4.91.132" port: 41741 } } peers { permanent_uuid: "e3378fc7eb574061994298901cbcb51d" member_type: VOTER last_known_addr { host: "127.4.91.129" port: 46057 } } peers { permanent_uuid: "6138903d0af7499e8f4b26a55bfd98a0" member_type: VOTER last_known_addr { host: "127.4.91.131" port: 39413 } }
I20260630 12:35:27.167550  7720 raft_consensus.cc:2468] T 261aac0fa1904ce7b523febb798aa704 P a07da8d279c0484faf4bd6fcdbc136f0 [term 1 FOLLOWER]: Leader election vote request: Granting yes vote for candidate 6138903d0af7499e8f4b26a55bfd98a0 in term 1.
I20260630 12:35:27.171806  7419 tablet_service.cc:1917] Received RequestConsensusVote() RPC: tablet_id: "261aac0fa1904ce7b523febb798aa704" candidate_uuid: "6138903d0af7499e8f4b26a55bfd98a0" candidate_term: 1 candidate_status { last_received { term: 0 index: 0 } } ignore_live_leader: false dest_uuid: "e3378fc7eb574061994298901cbcb51d"
I20260630 12:35:27.171708  7614 raft_consensus.cc:385] T 517ff97cb8b941499bf4be704e067bfb P 6138903d0af7499e8f4b26a55bfd98a0 [term 0 FOLLOWER]: Consensus starting up: Expiring failure detector timer to make a prompt election more likely
I20260630 12:35:27.177044  7317 catalog_manager.cc:5697] T ebc7311800fa46f2bdd8e7d217bc95ee P e3378fc7eb574061994298901cbcb51d reported cstate change: term changed from 0 to 1, leader changed from <none> to e3378fc7eb574061994298901cbcb51d (127.4.91.129). New cstate: current_term: 1 leader_uuid: "e3378fc7eb574061994298901cbcb51d" committed_config { opid_index: -1 OBSOLETE_local: false peers { permanent_uuid: "a07da8d279c0484faf4bd6fcdbc136f0" member_type: VOTER last_known_addr { host: "127.4.91.132" port: 41741 } health_report { overall_health: UNKNOWN } } peers { permanent_uuid: "e3378fc7eb574061994298901cbcb51d" member_type: VOTER last_known_addr { host: "127.4.91.129" port: 46057 } health_report { overall_health: HEALTHY } } peers { permanent_uuid: "5e3f5aab9a0c4facbd22f380276f18ea" member_type: VOTER last_known_addr { host: "127.4.91.130" port: 35131 } health_report { overall_health: UNKNOWN } } }
I20260630 12:35:27.164985  7767 tablet_bootstrap.cc:492] T ebc7311800fa46f2bdd8e7d217bc95ee P a07da8d279c0484faf4bd6fcdbc136f0: No bootstrap required, opened a new log
I20260630 12:35:27.179113  7614 raft_consensus.cc:740] T 517ff97cb8b941499bf4be704e067bfb P 6138903d0af7499e8f4b26a55bfd98a0 [term 0 FOLLOWER]: Becoming Follower/Learner. State: Replica: 6138903d0af7499e8f4b26a55bfd98a0, State: Initialized, Role: FOLLOWER
I20260630 12:35:27.179152  7419 raft_consensus.cc:3060] T 261aac0fa1904ce7b523febb798aa704 P e3378fc7eb574061994298901cbcb51d [term 0 FOLLOWER]: Advancing to term 1
I20260630 12:35:27.179840  7531 leader_election.cc:304] T 261aac0fa1904ce7b523febb798aa704 P 6138903d0af7499e8f4b26a55bfd98a0 [CANDIDATE]: Term 1 election: Election decided. Result: candidate won. Election summary: received 2 responses out of 3 voters: 2 yes votes; 0 no votes. yes voters: 6138903d0af7499e8f4b26a55bfd98a0, a07da8d279c0484faf4bd6fcdbc136f0; no voters: 
I20260630 12:35:27.180636  7767 ts_tablet_manager.cc:1403] T ebc7311800fa46f2bdd8e7d217bc95ee P a07da8d279c0484faf4bd6fcdbc136f0: Time spent bootstrapping tablet: real 0.056s	user 0.012s	sys 0.019s
I20260630 12:35:27.180974  7663 raft_consensus.cc:2804] T 261aac0fa1904ce7b523febb798aa704 P 6138903d0af7499e8f4b26a55bfd98a0 [term 1 FOLLOWER]: Leader election won for term 1
I20260630 12:35:27.181473  7663 raft_consensus.cc:697] T 261aac0fa1904ce7b523febb798aa704 P 6138903d0af7499e8f4b26a55bfd98a0 [term 1 LEADER]: Becoming Leader. State: Replica: 6138903d0af7499e8f4b26a55bfd98a0, State: Running, Role: LEADER
I20260630 12:35:27.182243  7663 consensus_queue.cc:237] T 261aac0fa1904ce7b523febb798aa704 P 6138903d0af7499e8f4b26a55bfd98a0 [LEADER]: Queue going to LEADER mode. State: All replicated index: 0, Majority replicated index: 0, Committed index: 0, Last appended: 0.0, Last appended by leader: 0, Current term: 1, Majority size: 2, State: 0, Mode: LEADER, active raft config: opid_index: -1 OBSOLETE_local: false peers { permanent_uuid: "a07da8d279c0484faf4bd6fcdbc136f0" member_type: VOTER last_known_addr { host: "127.4.91.132" port: 41741 } } peers { permanent_uuid: "e3378fc7eb574061994298901cbcb51d" member_type: VOTER last_known_addr { host: "127.4.91.129" port: 46057 } } peers { permanent_uuid: "6138903d0af7499e8f4b26a55bfd98a0" member_type: VOTER last_known_addr { host: "127.4.91.131" port: 39413 } }
