I20260630 12:11:29.480973  1488 tablet_copy_client.cc:806] T 59ab58dfcccf424d924af194eda7283a P c09dff6475024993879465169848ae34: tablet copy: Starting download of 0 data blocks...
I20260630 12:11:29.481666  1488 tablet_copy_client.cc:670] T 59ab58dfcccf424d924af194eda7283a P c09dff6475024993879465169848ae34: tablet copy: Starting download of 1 WAL segments...
W20260630 12:11:29.485005  1209 consensus_peers.cc:597] T 140224952f494e248d7b396ea7d3b22c P b236cd77f0114b5298dc9e8f89069af2 -> Peer 8c7b4757536b4677adf33a5b6356bd91 (127.0.107.194:45477): Couldn't send request to peer 8c7b4757536b4677adf33a5b6356bd91. Status: Remote error: Service unavailable: service kudu.consensus.ConsensusService not registered on TabletServer. This is attempt 1: this message will repeat every 5th retry.
I20260630 12:11:29.485903   431 tablet_copy_service.cc:362] P 8c7b4757536b4677adf33a5b6356bd91: Destroying tablet copy session c09dff6475024993879465169848ae34-59ab58dfcccf424d924af194eda7283a due to service shutdown
I20260630 12:11:29.486203   431 tablet_copy_service.cc:434] P 8c7b4757536b4677adf33a5b6356bd91: ending tablet copy session c09dff6475024993879465169848ae34-59ab58dfcccf424d924af194eda7283a on tablet 59ab58dfcccf424d924af194eda7283a with peer c09dff6475024993879465169848ae34
I20260630 12:11:29.503659   431 ts_tablet_manager.cc:1507] Shutting down tablet manager...
I20260630 12:11:29.504508   431 tablet_replica.cc:333] T 59ab58dfcccf424d924af194eda7283a P 8c7b4757536b4677adf33a5b6356bd91: stopping tablet replica
I20260630 12:11:29.504557  1492 ts_tablet_manager.cc:933] T 140224952f494e248d7b396ea7d3b22c P c09dff6475024993879465169848ae34: Initiating tablet copy from peer b236cd77f0114b5298dc9e8f89069af2 (127.0.107.195:34715)
I20260630 12:11:29.505453   431 raft_consensus.cc:2243] T 59ab58dfcccf424d924af194eda7283a P 8c7b4757536b4677adf33a5b6356bd91 [term 2 LEADER]: Raft consensus shutting down.
I20260630 12:11:29.506163  1492 tablet_copy_client.cc:323] T 140224952f494e248d7b396ea7d3b22c P c09dff6475024993879465169848ae34: tablet copy: Beginning tablet copy session from remote peer at address 127.0.107.195:34715
I20260630 12:11:29.506678   431 raft_consensus.cc:2272] T 59ab58dfcccf424d924af194eda7283a P 8c7b4757536b4677adf33a5b6356bd91 [term 2 FOLLOWER]: Raft consensus is shut down!
I20260630 12:11:29.510066   431 tablet_replica.cc:333] T 9b3387e539e5476bb2cb323065e49082 P 8c7b4757536b4677adf33a5b6356bd91: stopping tablet replica
I20260630 12:11:29.510870   431 raft_consensus.cc:2243] T 9b3387e539e5476bb2cb323065e49082 P 8c7b4757536b4677adf33a5b6356bd91 [term 1 FOLLOWER]: Raft consensus shutting down.
I20260630 12:11:29.511329   431 raft_consensus.cc:2272] T 9b3387e539e5476bb2cb323065e49082 P 8c7b4757536b4677adf33a5b6356bd91 [term 1 FOLLOWER]: Raft consensus is shut down!
I20260630 12:11:29.513708   431 tablet_replica.cc:333] T 140224952f494e248d7b396ea7d3b22c P 8c7b4757536b4677adf33a5b6356bd91: stopping tablet replica
I20260630 12:11:29.514375   431 raft_consensus.cc:2243] T 140224952f494e248d7b396ea7d3b22c P 8c7b4757536b4677adf33a5b6356bd91 [term 1 FOLLOWER]: Raft consensus shutting down.
I20260630 12:11:29.514910   431 raft_consensus.cc:2272] T 140224952f494e248d7b396ea7d3b22c P 8c7b4757536b4677adf33a5b6356bd91 [term 1 FOLLOWER]: Raft consensus is shut down!
I20260630 12:11:29.515427  1256 tablet_copy_service.cc:140] P b236cd77f0114b5298dc9e8f89069af2: Received BeginTabletCopySession request for tablet 140224952f494e248d7b396ea7d3b22c from peer c09dff6475024993879465169848ae34 ({username='slave'} at 127.0.0.1:49308)
I20260630 12:11:29.515973  1256 tablet_copy_service.cc:161] P b236cd77f0114b5298dc9e8f89069af2: Beginning new tablet copy session on tablet 140224952f494e248d7b396ea7d3b22c from peer c09dff6475024993879465169848ae34 at {username='slave'} at 127.0.0.1:49308: session id = c09dff6475024993879465169848ae34-140224952f494e248d7b396ea7d3b22c
I20260630 12:11:29.517563   431 tablet_replica.cc:333] T 39ecde16de4342c281a7062d2249ece3 P 8c7b4757536b4677adf33a5b6356bd91: stopping tablet replica
I20260630 12:11:29.518311   431 raft_consensus.cc:2243] T 39ecde16de4342c281a7062d2249ece3 P 8c7b4757536b4677adf33a5b6356bd91 [term 1 FOLLOWER]: Raft consensus shutting down.
I20260630 12:11:29.518800   431 raft_consensus.cc:2272] T 39ecde16de4342c281a7062d2249ece3 P 8c7b4757536b4677adf33a5b6356bd91 [term 1 FOLLOWER]: Raft consensus is shut down!
I20260630 12:11:29.520598  1256 tablet_copy_source_session.cc:215] T 140224952f494e248d7b396ea7d3b22c P b236cd77f0114b5298dc9e8f89069af2: Tablet Copy: opened 0 blocks and 1 log segments
I20260630 12:11:29.521082   431 tablet_replica.cc:333] T 2d2ea22170604b3790d577745d6a8915 P 8c7b4757536b4677adf33a5b6356bd91: stopping tablet replica
I20260630 12:11:29.521808   431 raft_consensus.cc:2243] T 2d2ea22170604b3790d577745d6a8915 P 8c7b4757536b4677adf33a5b6356bd91 [term 1 FOLLOWER]: Raft consensus shutting down.
I20260630 12:11:29.522346   431 raft_consensus.cc:2272] T 2d2ea22170604b3790d577745d6a8915 P 8c7b4757536b4677adf33a5b6356bd91 [term 1 FOLLOWER]: Raft consensus is shut down!
I20260630 12:11:29.522871  1492 data_dirs.cc:400] Could only allocate 1 dirs of requested 3 for tablet 140224952f494e248d7b396ea7d3b22c. 1 dirs total, 0 dirs full, 0 dirs failed
I20260630 12:11:29.524650   431 tablet_replica.cc:333] T 18eb248437844118b1b5818af2f0f7b8 P 8c7b4757536b4677adf33a5b6356bd91: stopping tablet replica
I20260630 12:11:29.525316   431 raft_consensus.cc:2243] T 18eb248437844118b1b5818af2f0f7b8 P 8c7b4757536b4677adf33a5b6356bd91 [term 1 FOLLOWER]: Raft consensus shutting down.
I20260630 12:11:29.525805   431 raft_consensus.cc:2272] T 18eb248437844118b1b5818af2f0f7b8 P 8c7b4757536b4677adf33a5b6356bd91 [term 1 FOLLOWER]: Raft consensus is shut down!
I20260630 12:11:29.528250   431 tablet_replica.cc:333] T 8532bd5ee3fb4e0490366d0ad0662fdd P 8c7b4757536b4677adf33a5b6356bd91: stopping tablet replica
I20260630 12:11:29.528891   431 raft_consensus.cc:2243] T 8532bd5ee3fb4e0490366d0ad0662fdd P 8c7b4757536b4677adf33a5b6356bd91 [term 1 LEADER]: Raft consensus shutting down.
I20260630 12:11:29.529754   431 raft_consensus.cc:2272] T 8532bd5ee3fb4e0490366d0ad0662fdd P 8c7b4757536b4677adf33a5b6356bd91 [term 1 FOLLOWER]: Raft consensus is shut down!
I20260630 12:11:29.532038   431 tablet_replica.cc:333] T 81a83804af304e32bc82bfadd13dea10 P 8c7b4757536b4677adf33a5b6356bd91: stopping tablet replica
I20260630 12:11:29.532918   431 raft_consensus.cc:2243] T 81a83804af304e32bc82bfadd13dea10 P 8c7b4757536b4677adf33a5b6356bd91 [term 1 FOLLOWER]: Raft consensus shutting down.
I20260630 12:11:29.533749  1492 tablet_copy_client.cc:806] T 140224952f494e248d7b396ea7d3b22c P c09dff6475024993879465169848ae34: tablet copy: Starting download of 0 data blocks...
I20260630 12:11:29.534112   431 raft_consensus.cc:2272] T 81a83804af304e32bc82bfadd13dea10 P 8c7b4757536b4677adf33a5b6356bd91 [term 1 FOLLOWER]: Raft consensus is shut down!
I20260630 12:11:29.534269  1492 tablet_copy_client.cc:670] T 140224952f494e248d7b396ea7d3b22c P c09dff6475024993879465169848ae34: tablet copy: Starting download of 1 WAL segments...
I20260630 12:11:29.538249  1492 tablet_copy_client.cc:538] T 140224952f494e248d7b396ea7d3b22c P c09dff6475024993879465169848ae34: tablet copy: Tablet Copy complete. Replacing tablet superblock.
I20260630 12:11:29.546329  1492 tablet_bootstrap.cc:492] T 140224952f494e248d7b396ea7d3b22c P c09dff6475024993879465169848ae34: Bootstrap starting.
W20260630 12:11:29.555994  1212 consensus_peers.cc:597] T 140224952f494e248d7b396ea7d3b22c P b236cd77f0114b5298dc9e8f89069af2 -> Peer 8396348e90934dda8988aba5af46d17a (127.0.107.193:33489): Couldn't send request to peer 8396348e90934dda8988aba5af46d17a. Status: Network error: Client connection negotiation failed: client connection to 127.0.107.193:33489: connect: Connection refused (error 111). This is attempt 1: this message will repeat every 5th retry.
I20260630 12:11:29.564177   431 tablet_server.cc:196] TabletServer@127.0.107.194:0 shutdown complete.
I20260630 12:11:29.569284  1492 tablet_bootstrap.cc:492] T 140224952f494e248d7b396ea7d3b22c P c09dff6475024993879465169848ae34: Bootstrap replayed 1/1 log segments. Stats: ops{read=2 overwritten=0 applied=2 ignored=0} inserts{seen=0 ignored=0} mutations{seen=0 ignored=0} orphaned_commits=0. Pending: 0 replicates
I20260630 12:11:29.570168  1492 tablet_bootstrap.cc:492] T 140224952f494e248d7b396ea7d3b22c P c09dff6475024993879465169848ae34: Bootstrap complete.
I20260630 12:11:29.570842  1492 ts_tablet_manager.cc:1403] T 140224952f494e248d7b396ea7d3b22c P c09dff6475024993879465169848ae34: Time spent bootstrapping tablet: real 0.025s	user 0.016s	sys 0.008s
I20260630 12:11:29.574015  1492 raft_consensus.cc:359] T 140224952f494e248d7b396ea7d3b22c P c09dff6475024993879465169848ae34 [term 1 LEARNER]: Replica starting. Triggering 0 pending ops. Active config: opid_index: 2 OBSOLETE_local: false peers { permanent_uuid: "8396348e90934dda8988aba5af46d17a" member_type: VOTER last_known_addr { host: "127.0.107.193" port: 33489 } } peers { permanent_uuid: "8c7b4757536b4677adf33a5b6356bd91" member_type: VOTER last_known_addr { host: "127.0.107.194" port: 45477 } attrs { replace: true } } peers { permanent_uuid: "b236cd77f0114b5298dc9e8f89069af2" member_type: VOTER last_known_addr { host: "127.0.107.195" port: 34715 } } peers { permanent_uuid: "c09dff6475024993879465169848ae34" member_type: NON_VOTER last_known_addr { host: "127.0.107.196" port: 45865 } attrs { promote: true } }
I20260630 12:11:29.574931  1492 raft_consensus.cc:740] T 140224952f494e248d7b396ea7d3b22c P c09dff6475024993879465169848ae34 [term 1 LEARNER]: Becoming Follower/Learner. State: Replica: c09dff6475024993879465169848ae34, State: Initialized, Role: LEARNER
I20260630 12:11:29.575593  1492 consensus_queue.cc:260] T 140224952f494e248d7b396ea7d3b22c P c09dff6475024993879465169848ae34 [NON_LEADER]: Queue going to NON_LEADER mode. State: All replicated index: 0, Majority replicated index: 0, Committed index: 2, Last appended: 1.2, Last appended by leader: 2, Current term: 0, Majority size: -1, State: 0, Mode: NON_LEADER, active raft config: opid_index: 2 OBSOLETE_local: false peers { permanent_uuid: "8396348e90934dda8988aba5af46d17a" member_type: VOTER last_known_addr { host: "127.0.107.193" port: 33489 } } peers { permanent_uuid: "8c7b4757536b4677adf33a5b6356bd91" member_type: VOTER last_known_addr { host: "127.0.107.194" port: 45477 } attrs { replace: true } } peers { permanent_uuid: "b236cd77f0114b5298dc9e8f89069af2" member_type: VOTER last_known_addr { host: "127.0.107.195" port: 34715 } } peers { permanent_uuid: "c09dff6475024993879465169848ae34" member_type: NON_VOTER last_known_addr { host: "127.0.107.196" port: 45865 } attrs { promote: true } }
I20260630 12:11:29.578508  1492 ts_tablet_manager.cc:1434] T 140224952f494e248d7b396ea7d3b22c P c09dff6475024993879465169848ae34: Time spent starting tablet: real 0.007s	user 0.003s	sys 0.004s
I20260630 12:11:29.580509  1256 tablet_copy_service.cc:342] P b236cd77f0114b5298dc9e8f89069af2: Request end of tablet copy session c09dff6475024993879465169848ae34-140224952f494e248d7b396ea7d3b22c received from {username='slave'} at 127.0.0.1:49308
I20260630 12:11:29.580967  1256 tablet_copy_service.cc:434] P b236cd77f0114b5298dc9e8f89069af2: ending tablet copy session c09dff6475024993879465169848ae34-140224952f494e248d7b396ea7d3b22c on tablet 140224952f494e248d7b396ea7d3b22c with peer c09dff6475024993879465169848ae34
I20260630 12:11:29.585391   431 tablet_server.cc:179] TabletServer@127.0.107.195:0 shutting down...
W20260630 12:11:29.593250  1488 ts_tablet_manager.cc:1011] T 59ab58dfcccf424d924af194eda7283a P c09dff6475024993879465169848ae34: Tablet Copy: Unable to fetch data from remote peer 8c7b4757536b4677adf33a5b6356bd91 (127.0.107.194:45477): Network error: Unable to download WAL segment with seq. number 1: unable to fetch data from remote: Client connection negotiation failed: client connection to 127.0.107.194:45477: connect: Connection refused (error 111)
I20260630 12:11:29.593652  1488 tablet_replica.cc:333] T 59ab58dfcccf424d924af194eda7283a P c09dff6475024993879465169848ae34: stopping tablet replica
I20260630 12:11:29.593932  1488 raft_consensus.cc:2243] T 59ab58dfcccf424d924af194eda7283a P c09dff6475024993879465169848ae34 [term 2 LEARNER]: Raft consensus shutting down.
I20260630 12:11:29.594317  1488 raft_consensus.cc:2272] T 59ab58dfcccf424d924af194eda7283a P c09dff6475024993879465169848ae34 [term 2 LEARNER]: Raft consensus is shut down!
W20260630 12:11:29.597674  1488 tablet_copy_client.cc:1131] T 59ab58dfcccf424d924af194eda7283a P c09dff6475024993879465169848ae34: tablet copy: Unable to close tablet copy session: Network error: failure ending tablet copy session: Client connection negotiation failed: client connection to 127.0.107.194:45477: connect: Connection refused (error 111)
W20260630 12:11:29.599038  1488 tablet_metadata.cc:476] failed to load DataDirGroup from superblock: Already present: tried to load directory group for tablet 59ab58dfcccf424d924af194eda7283a but one is already registered
I20260630 12:11:29.599433  1488 ts_tablet_manager.cc:1916] T 59ab58dfcccf424d924af194eda7283a P c09dff6475024993879465169848ae34: Deleting tablet data with delete state TABLET_DATA_TOMBSTONED
I20260630 12:11:29.617489   431 ts_tablet_manager.cc:1507] Shutting down tablet manager...
I20260630 12:11:29.618322   431 tablet_replica.cc:333] T 59ab58dfcccf424d924af194eda7283a P b236cd77f0114b5298dc9e8f89069af2: stopping tablet replica
I20260630 12:11:29.619062   431 raft_consensus.cc:2243] T 59ab58dfcccf424d924af194eda7283a P b236cd77f0114b5298dc9e8f89069af2 [term 2 FOLLOWER]: Raft consensus shutting down.
I20260630 12:11:29.619587  1488 ts_tablet_manager.cc:1929] T 59ab58dfcccf424d924af194eda7283a P c09dff6475024993879465169848ae34: tablet deleted with delete type TABLET_DATA_TOMBSTONED: last-logged OpId 1.0
I20260630 12:11:29.620134  1488 log.cc:1199] T 59ab58dfcccf424d924af194eda7283a P c09dff6475024993879465169848ae34: Deleting WAL directory at /tmp/dist-test-tasksuzkvZ/test-tmp/auto_rebalancer-test.0.AutoRebalancerTest.AutoRebalancingTurnOffAndOn.1782821474146974-431-0/minicluster-data/ts-3-root/wals/59ab58dfcccf424d924af194eda7283a
I20260630 12:11:29.619647   431 raft_consensus.cc:2272] T 59ab58dfcccf424d924af194eda7283a P b236cd77f0114b5298dc9e8f89069af2 [term 2 FOLLOWER]: Raft consensus is shut down!
I20260630 12:11:29.623842   431 tablet_replica.cc:333] T 9b3387e539e5476bb2cb323065e49082 P b236cd77f0114b5298dc9e8f89069af2: stopping tablet replica
I20260630 12:11:29.624351   431 raft_consensus.cc:2243] T 9b3387e539e5476bb2cb323065e49082 P b236cd77f0114b5298dc9e8f89069af2 [term 1 FOLLOWER]: Raft consensus shutting down.
I20260630 12:11:29.624708   431 raft_consensus.cc:2272] T 9b3387e539e5476bb2cb323065e49082 P b236cd77f0114b5298dc9e8f89069af2 [term 1 FOLLOWER]: Raft consensus is shut down!
I20260630 12:11:29.626332   431 tablet_replica.cc:333] T 81a83804af304e32bc82bfadd13dea10 P b236cd77f0114b5298dc9e8f89069af2: stopping tablet replica
I20260630 12:11:29.626760   431 raft_consensus.cc:2243] T 81a83804af304e32bc82bfadd13dea10 P b236cd77f0114b5298dc9e8f89069af2 [term 1 FOLLOWER]: Raft consensus shutting down.
I20260630 12:11:29.627137   431 raft_consensus.cc:2272] T 81a83804af304e32bc82bfadd13dea10 P b236cd77f0114b5298dc9e8f89069af2 [term 1 FOLLOWER]: Raft consensus is shut down!
I20260630 12:11:29.629281   431 tablet_replica.cc:333] T 8532bd5ee3fb4e0490366d0ad0662fdd P b236cd77f0114b5298dc9e8f89069af2: stopping tablet replica
I20260630 12:11:29.629742   431 raft_consensus.cc:2243] T 8532bd5ee3fb4e0490366d0ad0662fdd P b236cd77f0114b5298dc9e8f89069af2 [term 1 FOLLOWER]: Raft consensus shutting down.
I20260630 12:11:29.630101   431 raft_consensus.cc:2272] T 8532bd5ee3fb4e0490366d0ad0662fdd P b236cd77f0114b5298dc9e8f89069af2 [term 1 FOLLOWER]: Raft consensus is shut down!
I20260630 12:11:29.631675   431 tablet_replica.cc:333] T 39ecde16de4342c281a7062d2249ece3 P b236cd77f0114b5298dc9e8f89069af2: stopping tablet replica
I20260630 12:11:29.632205   431 raft_consensus.cc:2243] T 39ecde16de4342c281a7062d2249ece3 P b236cd77f0114b5298dc9e8f89069af2 [term 1 LEADER]: Raft consensus shutting down.
I20260630 12:11:29.632848   431 raft_consensus.cc:2272] T 39ecde16de4342c281a7062d2249ece3 P b236cd77f0114b5298dc9e8f89069af2 [term 1 FOLLOWER]: Raft consensus is shut down!
I20260630 12:11:29.634418   431 tablet_replica.cc:333] T 140224952f494e248d7b396ea7d3b22c P b236cd77f0114b5298dc9e8f89069af2: stopping tablet replica
I20260630 12:11:29.634838   431 raft_consensus.cc:2243] T 140224952f494e248d7b396ea7d3b22c P b236cd77f0114b5298dc9e8f89069af2 [term 1 LEADER]: Raft consensus shutting down.
I20260630 12:11:29.635622   431 raft_consensus.cc:2272] T 140224952f494e248d7b396ea7d3b22c P b236cd77f0114b5298dc9e8f89069af2 [term 1 FOLLOWER]: Raft consensus is shut down!
I20260630 12:11:29.637465   431 tablet_replica.cc:333] T 18eb248437844118b1b5818af2f0f7b8 P b236cd77f0114b5298dc9e8f89069af2: stopping tablet replica
I20260630 12:11:29.637892   431 raft_consensus.cc:2243] T 18eb248437844118b1b5818af2f0f7b8 P b236cd77f0114b5298dc9e8f89069af2 [term 1 FOLLOWER]: Raft consensus shutting down.
I20260630 12:11:29.638263   431 raft_consensus.cc:2272] T 18eb248437844118b1b5818af2f0f7b8 P b236cd77f0114b5298dc9e8f89069af2 [term 1 FOLLOWER]: Raft consensus is shut down!
I20260630 12:11:29.640205   431 tablet_replica.cc:333] T 2d2ea22170604b3790d577745d6a8915 P b236cd77f0114b5298dc9e8f89069af2: stopping tablet replica
I20260630 12:11:29.640614   431 raft_consensus.cc:2243] T 2d2ea22170604b3790d577745d6a8915 P b236cd77f0114b5298dc9e8f89069af2 [term 1 LEADER]: Raft consensus shutting down.
I20260630 12:11:29.641255   431 raft_consensus.cc:2272] T 2d2ea22170604b3790d577745d6a8915 P b236cd77f0114b5298dc9e8f89069af2 [term 1 FOLLOWER]: Raft consensus is shut down!
I20260630 12:11:29.658531   431 tablet_server.cc:196] TabletServer@127.0.107.195:0 shutdown complete.
I20260630 12:11:29.681226   431 tablet_server.cc:179] TabletServer@127.0.107.196:0 shutting down...
I20260630 12:11:29.703948   431 ts_tablet_manager.cc:1507] Shutting down tablet manager...
I20260630 12:11:29.704944   431 tablet_replica.cc:333] T 140224952f494e248d7b396ea7d3b22c P c09dff6475024993879465169848ae34: stopping tablet replica
I20260630 12:11:29.705410   431 raft_consensus.cc:2243] T 140224952f494e248d7b396ea7d3b22c P c09dff6475024993879465169848ae34 [term 1 LEARNER]: Raft consensus shutting down.
I20260630 12:11:29.705755   431 raft_consensus.cc:2272] T 140224952f494e248d7b396ea7d3b22c P c09dff6475024993879465169848ae34 [term 1 LEARNER]: Raft consensus is shut down!
I20260630 12:11:29.723513   431 tablet_server.cc:196] TabletServer@127.0.107.196:0 shutdown complete.
I20260630 12:11:29.732343   431 master.cc:562] Master@127.0.107.254:34885 shutting down...
W20260630 12:11:29.753108  1043 auto_rebalancer.cc:340] scheduled replica move failed to complete: Service unavailable: Catalog manager is not initialized. State: Closing
I20260630 12:11:29.754107   431 raft_consensus.cc:2243] T 00000000000000000000000000000000 P 09713c9a0cb24c1d8a6c2ac688151d7e [term 1 LEADER]: Raft consensus shutting down.
I20260630 12:11:29.754520   431 raft_consensus.cc:2272] T 00000000000000000000000000000000 P 09713c9a0cb24c1d8a6c2ac688151d7e [term 1 FOLLOWER]: Raft consensus is shut down!
I20260630 12:11:29.754805   431 tablet_replica.cc:333] T 00000000000000000000000000000000 P 09713c9a0cb24c1d8a6c2ac688151d7e: stopping tablet replica
I20260630 12:11:29.772610   431 master.cc:584] Master@127.0.107.254:34885 shutdown complete.
[       OK ] AutoRebalancerTest.AutoRebalancingTurnOffAndOn (8966 ms)
[ RUN      ] AutoRebalancerTest.NextLeaderResumesAutoRebalancing
I20260630 12:11:29.805510   431 internal_mini_cluster.cc:156] Creating distributed mini masters. Addrs: 127.0.107.254:46483,127.0.107.253:39597,127.0.107.252:34813
I20260630 12:11:29.806725   431 file_cache.cc:492] Constructed file cache file cache with capacity 419430
W20260630 12:11:29.811259  1498 instance_detector.cc:116] could not retrieve Azure instance metadata: Network error: curl error: HTTP response code said error: The requested URL returned error: 404
W20260630 12:11:29.811321  1497 instance_detector.cc:116] could not retrieve AWS instance metadata: Network error: curl error: HTTP response code said error: The requested URL returned error: 404
W20260630 12:11:29.812569  1500 instance_detector.cc:116] could not retrieve OpenStack instance metadata: Network error: curl error: HTTP response code said error: The requested URL returned error: 404
I20260630 12:11:29.813354   431 server_base.cc:1061] running on GCE node
I20260630 12:11:29.814126   431 hybrid_clock.cc:584] initializing the hybrid clock with 'system_unsync' time source
W20260630 12:11:29.814314   431 system_unsync_time.cc:38] NTP support is disabled. Clock error bounds will not be accurate. This configuration is not suitable for distributed clusters.
I20260630 12:11:29.814489   431 hybrid_clock.cc:648] HybridClock initialized: now 1782821489814472 us; error 0 us; skew 500 ppm
I20260630 12:11:29.814935   431 server_base.cc:861] Flag tcmalloc_max_total_thread_cache_bytes is not working since tcmalloc is not enabled.
I20260630 12:11:29.817039   431 webserver.cc:533] Webserver started at http://127.0.107.254:45617/ using document root <none> and password file <none>
I20260630 12:11:29.817466   431 fs_manager.cc:362] Metadata directory not provided
I20260630 12:11:29.817633   431 fs_manager.cc:368] Using write-ahead log directory (fs_wal_dir) as metadata directory
I20260630 12:11:29.817945   431 server_base.cc:909] This appears to be a new deployment of Kudu; creating new FS layout
I20260630 12:11:29.819077   431 fs_manager.cc:1068] Generated new instance metadata in path /tmp/dist-test-tasksuzkvZ/test-tmp/auto_rebalancer-test.0.AutoRebalancerTest.NextLeaderResumesAutoRebalancing.1782821474146974-431-0/minicluster-data/master-0-root/instance:
uuid: "2142ec2cbffb459fb0ac7ff1ceece1a9"
format_stamp: "Formatted at 2026-06-30 12:11:29 on dist-test-slave-q2t5"
I20260630 12:11:29.823112   431 fs_manager.cc:696] Time spent creating directory manager: real 0.004s	user 0.003s	sys 0.002s
I20260630 12:11:29.825934  1505 log_block_manager.cc:4031] Time spent loading block containers with low live blocks: real 0.000s	user 0.000s	sys 0.000s
I20260630 12:11:29.826570   431 fs_manager.cc:730] Time spent opening block manager: real 0.002s	user 0.002s	sys 0.000s
I20260630 12:11:29.826843   431 fs_manager.cc:647] Opened local filesystem: /tmp/dist-test-tasksuzkvZ/test-tmp/auto_rebalancer-test.0.AutoRebalancerTest.NextLeaderResumesAutoRebalancing.1782821474146974-431-0/minicluster-data/master-0-root
uuid: "2142ec2cbffb459fb0ac7ff1ceece1a9"
format_stamp: "Formatted at 2026-06-30 12:11:29 on dist-test-slave-q2t5"
I20260630 12:11:29.827080   431 fs_report.cc:389] FS layout report
--------------------
wal directory: /tmp/dist-test-tasksuzkvZ/test-tmp/auto_rebalancer-test.0.AutoRebalancerTest.NextLeaderResumesAutoRebalancing.1782821474146974-431-0/minicluster-data/master-0-root
metadata directory: /tmp/dist-test-tasksuzkvZ/test-tmp/auto_rebalancer-test.0.AutoRebalancerTest.NextLeaderResumesAutoRebalancing.1782821474146974-431-0/minicluster-data/master-0-root
1 data directories: /tmp/dist-test-tasksuzkvZ/test-tmp/auto_rebalancer-test.0.AutoRebalancerTest.NextLeaderResumesAutoRebalancing.1782821474146974-431-0/minicluster-data/master-0-root/data
Total live blocks: 0
Total live bytes: 0
Total live bytes (after alignment): 0
Total number of LBM containers: 0 (0 full)
Did not check for missing blocks
Did not check for orphaned blocks
Total full LBM containers with extra space: 0 (0 repaired)
Total full LBM container extra space in bytes: 0 (0 repaired)
Total incomplete LBM containers: 0 (0 repaired)
Total LBM partial records: 0 (0 repaired)
Total corrupted LBM metadata records in RocksDB: 0 (0 repaired)
I20260630 12:11:29.836442   431 rpc_server.cc:225] running with OpenSSL 1.1.1  11 Sep 2018
I20260630 12:11:29.837419   431 kserver.cc:163] Server-wide thread pool size limit: 3276
I20260630 12:11:29.870812   431 rpc_server.cc:307] RPC server started. Bound to: 127.0.107.254:46483
I20260630 12:11:29.870894  1556 acceptor_pool.cc:272] collecting diagnostics on the listening RPC socket 127.0.107.254:46483 every 8 connection(s)
I20260630 12:11:29.874259  1557 data_dirs.cc:400] Could only allocate 1 dirs of requested 3 for tablet 00000000000000000000000000000000. 1 dirs total, 0 dirs full, 0 dirs failed
I20260630 12:11:29.874405   431 file_cache.cc:492] Constructed file cache file cache with capacity 419430
W20260630 12:11:29.878998  1559 instance_detector.cc:116] could not retrieve AWS instance metadata: Network error: curl error: HTTP response code said error: The requested URL returned error: 404
W20260630 12:11:29.880609  1560 instance_detector.cc:116] could not retrieve Azure instance metadata: Network error: curl error: HTTP response code said error: The requested URL returned error: 404
I20260630 12:11:29.880880  1557 sys_catalog.cc:422] member_type: VOTER last_known_addr { host: "127.0.107.254" port: 46483 } has no permanent_uuid. Determining permanent_uuid...
W20260630 12:11:29.881947  1562 instance_detector.cc:116] could not retrieve OpenStack instance metadata: Network error: curl error: HTTP response code said error: The requested URL returned error: 404
I20260630 12:11:29.882599   431 server_base.cc:1061] running on GCE node
I20260630 12:11:29.883522   431 hybrid_clock.cc:584] initializing the hybrid clock with 'system_unsync' time source
W20260630 12:11:29.883764   431 system_unsync_time.cc:38] NTP support is disabled. Clock error bounds will not be accurate. This configuration is not suitable for distributed clusters.
I20260630 12:11:29.884002   431 hybrid_clock.cc:648] HybridClock initialized: now 1782821489883981 us; error 0 us; skew 500 ppm
I20260630 12:11:29.884656   431 server_base.cc:861] Flag tcmalloc_max_total_thread_cache_bytes is not working since tcmalloc is not enabled.
I20260630 12:11:29.886962   431 webserver.cc:533] Webserver started at http://127.0.107.253:40957/ using document root <none> and password file <none>
I20260630 12:11:29.887526   431 fs_manager.cc:362] Metadata directory not provided
I20260630 12:11:29.887770   431 fs_manager.cc:368] Using write-ahead log directory (fs_wal_dir) as metadata directory
I20260630 12:11:29.888082   431 server_base.cc:909] This appears to be a new deployment of Kudu; creating new FS layout
I20260630 12:11:29.889132   431 fs_manager.cc:1068] Generated new instance metadata in path /tmp/dist-test-tasksuzkvZ/test-tmp/auto_rebalancer-test.0.AutoRebalancerTest.NextLeaderResumesAutoRebalancing.1782821474146974-431-0/minicluster-data/master-1-root/instance:
uuid: "138acf8834c4491d807d5e39cd1ce5eb"
format_stamp: "Formatted at 2026-06-30 12:11:29 on dist-test-slave-q2t5"
I20260630 12:11:29.893240  1557 sys_catalog.cc:422] member_type: VOTER last_known_addr { host: "127.0.107.253" port: 39597 } has no permanent_uuid. Determining permanent_uuid...
I20260630 12:11:29.893842   431 fs_manager.cc:696] Time spent creating directory manager: real 0.004s	user 0.005s	sys 0.000s
I20260630 12:11:29.897416  1570 log_block_manager.cc:4031] Time spent loading block containers with low live blocks: real 0.000s	user 0.000s	sys 0.000s
I20260630 12:11:29.898231   431 fs_manager.cc:730] Time spent opening block manager: real 0.003s	user 0.003s	sys 0.000s
I20260630 12:11:29.898527   431 fs_manager.cc:647] Opened local filesystem: /tmp/dist-test-tasksuzkvZ/test-tmp/auto_rebalancer-test.0.AutoRebalancerTest.NextLeaderResumesAutoRebalancing.1782821474146974-431-0/minicluster-data/master-1-root
uuid: "138acf8834c4491d807d5e39cd1ce5eb"
format_stamp: "Formatted at 2026-06-30 12:11:29 on dist-test-slave-q2t5"
W20260630 12:11:29.898591  1557 consensus_peers.cc:760] Error getting permanent uuid from config peer 127.0.107.253:39597: Network error: Client connection negotiation failed: client connection to 127.0.107.253:39597: connect: Connection refused (error 111)
I20260630 12:11:29.898808   431 fs_report.cc:389] FS layout report
--------------------
wal directory: /tmp/dist-test-tasksuzkvZ/test-tmp/auto_rebalancer-test.0.AutoRebalancerTest.NextLeaderResumesAutoRebalancing.1782821474146974-431-0/minicluster-data/master-1-root
metadata directory: /tmp/dist-test-tasksuzkvZ/test-tmp/auto_rebalancer-test.0.AutoRebalancerTest.NextLeaderResumesAutoRebalancing.1782821474146974-431-0/minicluster-data/master-1-root
1 data directories: /tmp/dist-test-tasksuzkvZ/test-tmp/auto_rebalancer-test.0.AutoRebalancerTest.NextLeaderResumesAutoRebalancing.1782821474146974-431-0/minicluster-data/master-1-root/data
Total live blocks: 0
Total live bytes: 0
Total live bytes (after alignment): 0
Total number of LBM containers: 0 (0 full)
Did not check for missing blocks
Did not check for orphaned blocks
Total full LBM containers with extra space: 0 (0 repaired)
Total full LBM container extra space in bytes: 0 (0 repaired)
Total incomplete LBM containers: 0 (0 repaired)
Total LBM partial records: 0 (0 repaired)
Total corrupted LBM metadata records in RocksDB: 0 (0 repaired)
I20260630 12:11:29.916164   431 rpc_server.cc:225] running with OpenSSL 1.1.1  11 Sep 2018
I20260630 12:11:29.917155   431 kserver.cc:163] Server-wide thread pool size limit: 3276
I20260630 12:11:29.940037  1557 consensus_peers.cc:770] Retrying to get permanent uuid for remote peer: member_type: VOTER last_known_addr { host: "127.0.107.253" port: 39597 } attempt: 1
W20260630 12:11:29.944800  1557 consensus_peers.cc:760] Error getting permanent uuid from config peer 127.0.107.253:39597: Network error: Client connection negotiation failed: client connection to 127.0.107.253:39597: connect: Connection refused (error 111)
I20260630 12:11:29.952272   431 rpc_server.cc:307] RPC server started. Bound to: 127.0.107.253:39597
I20260630 12:11:29.952355  1621 acceptor_pool.cc:272] collecting diagnostics on the listening RPC socket 127.0.107.253:39597 every 8 connection(s)
I20260630 12:11:29.955611   431 file_cache.cc:492] Constructed file cache file cache with capacity 419430
I20260630 12:11:29.955853  1622 data_dirs.cc:400] Could only allocate 1 dirs of requested 3 for tablet 00000000000000000000000000000000. 1 dirs total, 0 dirs full, 0 dirs failed
W20260630 12:11:29.960283  1624 instance_detector.cc:116] could not retrieve AWS instance metadata: Network error: curl error: HTTP response code said error: The requested URL returned error: 404
W20260630 12:11:29.960844  1625 instance_detector.cc:116] could not retrieve Azure instance metadata: Network error: curl error: HTTP response code said error: The requested URL returned error: 404
W20260630 12:11:29.963006  1627 instance_detector.cc:116] could not retrieve OpenStack instance metadata: Network error: curl error: HTTP response code said error: The requested URL returned error: 404
I20260630 12:11:29.963801  1622 sys_catalog.cc:422] member_type: VOTER last_known_addr { host: "127.0.107.254" port: 46483 } has no permanent_uuid. Determining permanent_uuid...
I20260630 12:11:29.966282   431 server_base.cc:1061] running on GCE node
I20260630 12:11:29.966990   431 hybrid_clock.cc:584] initializing the hybrid clock with 'system_unsync' time source
W20260630 12:11:29.967176   431 system_unsync_time.cc:38] NTP support is disabled. Clock error bounds will not be accurate. This configuration is not suitable for distributed clusters.
I20260630 12:11:29.967357   431 hybrid_clock.cc:648] HybridClock initialized: now 1782821489967340 us; error 0 us; skew 500 ppm
I20260630 12:11:29.968015   431 server_base.cc:861] Flag tcmalloc_max_total_thread_cache_bytes is not working since tcmalloc is not enabled.
I20260630 12:11:29.970206   431 webserver.cc:533] Webserver started at http://127.0.107.252:33227/ using document root <none> and password file <none>
I20260630 12:11:29.970765   431 fs_manager.cc:362] Metadata directory not provided
I20260630 12:11:29.970979   431 fs_manager.cc:368] Using write-ahead log directory (fs_wal_dir) as metadata directory
I20260630 12:11:29.971280   431 server_base.cc:909] This appears to be a new deployment of Kudu; creating new FS layout
I20260630 12:11:29.972577   431 fs_manager.cc:1068] Generated new instance metadata in path /tmp/dist-test-tasksuzkvZ/test-tmp/auto_rebalancer-test.0.AutoRebalancerTest.NextLeaderResumesAutoRebalancing.1782821474146974-431-0/minicluster-data/master-2-root/instance:
uuid: "84d11077916542569eedafb1462584df"
format_stamp: "Formatted at 2026-06-30 12:11:29 on dist-test-slave-q2t5"
I20260630 12:11:29.974918  1622 sys_catalog.cc:422] member_type: VOTER last_known_addr { host: "127.0.107.253" port: 39597 } has no permanent_uuid. Determining permanent_uuid...
I20260630 12:11:29.977159   431 fs_manager.cc:696] Time spent creating directory manager: real 0.004s	user 0.005s	sys 0.000s
I20260630 12:11:29.980883  1634 log_block_manager.cc:4031] Time spent loading block containers with low live blocks: real 0.000s	user 0.000s	sys 0.000s
I20260630 12:11:29.981652   431 fs_manager.cc:730] Time spent opening block manager: real 0.002s	user 0.004s	sys 0.000s
I20260630 12:11:29.981902   431 fs_manager.cc:647] Opened local filesystem: /tmp/dist-test-tasksuzkvZ/test-tmp/auto_rebalancer-test.0.AutoRebalancerTest.NextLeaderResumesAutoRebalancing.1782821474146974-431-0/minicluster-data/master-2-root
uuid: "84d11077916542569eedafb1462584df"
format_stamp: "Formatted at 2026-06-30 12:11:29 on dist-test-slave-q2t5"
I20260630 12:11:29.982193   431 fs_report.cc:389] FS layout report
--------------------
wal directory: /tmp/dist-test-tasksuzkvZ/test-tmp/auto_rebalancer-test.0.AutoRebalancerTest.NextLeaderResumesAutoRebalancing.1782821474146974-431-0/minicluster-data/master-2-root
metadata directory: /tmp/dist-test-tasksuzkvZ/test-tmp/auto_rebalancer-test.0.AutoRebalancerTest.NextLeaderResumesAutoRebalancing.1782821474146974-431-0/minicluster-data/master-2-root
1 data directories: /tmp/dist-test-tasksuzkvZ/test-tmp/auto_rebalancer-test.0.AutoRebalancerTest.NextLeaderResumesAutoRebalancing.1782821474146974-431-0/minicluster-data/master-2-root/data
Total live blocks: 0
Total live bytes: 0
Total live bytes (after alignment): 0
Total number of LBM containers: 0 (0 full)
Did not check for missing blocks
Did not check for orphaned blocks
Total full LBM containers with extra space: 0 (0 repaired)
Total full LBM container extra space in bytes: 0 (0 repaired)
Total incomplete LBM containers: 0 (0 repaired)
Total LBM partial records: 0 (0 repaired)
Total corrupted LBM metadata records in RocksDB: 0 (0 repaired)
I20260630 12:11:29.985677  1622 sys_catalog.cc:422] member_type: VOTER last_known_addr { host: "127.0.107.252" port: 34813 } has no permanent_uuid. Determining permanent_uuid...
W20260630 12:11:29.990792  1622 consensus_peers.cc:760] Error getting permanent uuid from config peer 127.0.107.252:34813: Network error: Client connection negotiation failed: client connection to 127.0.107.252:34813: connect: Connection refused (error 111)
I20260630 12:11:29.993229  1557 consensus_peers.cc:770] Retrying to get permanent uuid for remote peer: member_type: VOTER last_known_addr { host: "127.0.107.253" port: 39597 } attempt: 2
I20260630 12:11:29.996490   431 rpc_server.cc:225] running with OpenSSL 1.1.1  11 Sep 2018
I20260630 12:11:29.997443   431 kserver.cc:163] Server-wide thread pool size limit: 3276
I20260630 12:11:30.002472  1557 sys_catalog.cc:422] member_type: VOTER last_known_addr { host: "127.0.107.252" port: 34813 } has no permanent_uuid. Determining permanent_uuid...
W20260630 12:11:30.006901  1557 consensus_peers.cc:760] Error getting permanent uuid from config peer 127.0.107.252:34813: Network error: Client connection negotiation failed: client connection to 127.0.107.252:34813: connect: Connection refused (error 111)
I20260630 12:11:30.033215  1622 consensus_peers.cc:770] Retrying to get permanent uuid for remote peer: member_type: VOTER last_known_addr { host: "127.0.107.252" port: 34813 } attempt: 1
I20260630 12:11:30.033701   431 rpc_server.cc:307] RPC server started. Bound to: 127.0.107.252:34813
I20260630 12:11:30.033835  1686 acceptor_pool.cc:272] collecting diagnostics on the listening RPC socket 127.0.107.252:34813 every 8 connection(s)
I20260630 12:11:30.037284   431 internal_mini_cluster.cc:184] Waiting to initialize catalog manager on master 0
I20260630 12:11:30.038087  1688 data_dirs.cc:400] Could only allocate 1 dirs of requested 3 for tablet 00000000000000000000000000000000. 1 dirs total, 0 dirs full, 0 dirs failed
I20260630 12:11:30.045132  1688 sys_catalog.cc:422] member_type: VOTER last_known_addr { host: "127.0.107.254" port: 46483 } has no permanent_uuid. Determining permanent_uuid...
I20260630 12:11:30.047542  1557 consensus_peers.cc:770] Retrying to get permanent uuid for remote peer: member_type: VOTER last_known_addr { host: "127.0.107.252" port: 34813 } attempt: 1
I20260630 12:11:30.050558  1622 tablet_bootstrap.cc:492] T 00000000000000000000000000000000 P 138acf8834c4491d807d5e39cd1ce5eb: Bootstrap starting.
I20260630 12:11:30.056317  1622 tablet_bootstrap.cc:654] T 00000000000000000000000000000000 P 138acf8834c4491d807d5e39cd1ce5eb: Neither blocks nor log segments found. Creating new log.
I20260630 12:11:30.056371  1688 sys_catalog.cc:422] member_type: VOTER last_known_addr { host: "127.0.107.253" port: 39597 } has no permanent_uuid. Determining permanent_uuid...
I20260630 12:11:30.061159  1622 tablet_bootstrap.cc:492] T 00000000000000000000000000000000 P 138acf8834c4491d807d5e39cd1ce5eb: No bootstrap required, opened a new log
I20260630 12:11:30.063623  1557 tablet_bootstrap.cc:492] T 00000000000000000000000000000000 P 2142ec2cbffb459fb0ac7ff1ceece1a9: Bootstrap starting.
I20260630 12:11:30.063278  1622 raft_consensus.cc:359] T 00000000000000000000000000000000 P 138acf8834c4491d807d5e39cd1ce5eb [term 0 FOLLOWER]: Replica starting. Triggering 0 pending ops. Active config: opid_index: -1 OBSOLETE_local: false peers { permanent_uuid: "2142ec2cbffb459fb0ac7ff1ceece1a9" member_type: VOTER last_known_addr { host: "127.0.107.254" port: 46483 } } peers { permanent_uuid: "138acf8834c4491d807d5e39cd1ce5eb" member_type: VOTER last_known_addr { host: "127.0.107.253" port: 39597 } } peers { permanent_uuid: "84d11077916542569eedafb1462584df" member_type: VOTER last_known_addr { host: "127.0.107.252" port: 34813 } }
I20260630 12:11:30.064013  1622 raft_consensus.cc:385] T 00000000000000000000000000000000 P 138acf8834c4491d807d5e39cd1ce5eb [term 0 FOLLOWER]: Consensus starting up: Expiring failure detector timer to make a prompt election more likely
I20260630 12:11:30.064234  1622 raft_consensus.cc:740] T 00000000000000000000000000000000 P 138acf8834c4491d807d5e39cd1ce5eb [term 0 FOLLOWER]: Becoming Follower/Learner. State: Replica: 138acf8834c4491d807d5e39cd1ce5eb, State: Initialized, Role: FOLLOWER
I20260630 12:11:30.064807  1622 consensus_queue.cc:260] T 00000000000000000000000000000000 P 138acf8834c4491d807d5e39cd1ce5eb [NON_LEADER]: Queue going to NON_LEADER mode. State: All replicated index: 0, Majority replicated index: 0, Committed index: 0, Last appended: 0.0, Last appended by leader: 0, Current term: 0, Majority size: -1, State: 0, Mode: NON_LEADER, active raft config: opid_index: -1 OBSOLETE_local: false peers { permanent_uuid: "2142ec2cbffb459fb0ac7ff1ceece1a9" member_type: VOTER last_known_addr { host: "127.0.107.254" port: 46483 } } peers { permanent_uuid: "138acf8834c4491d807d5e39cd1ce5eb" member_type: VOTER last_known_addr { host: "127.0.107.253" port: 39597 } } peers { permanent_uuid: "84d11077916542569eedafb1462584df" member_type: VOTER last_known_addr { host: "127.0.107.252" port: 34813 } }
I20260630 12:11:30.067155  1692 sys_catalog.cc:455] T 00000000000000000000000000000000 P 138acf8834c4491d807d5e39cd1ce5eb [sys.catalog]: SysCatalogTable state changed. Reason: RaftConsensus started. Latest consensus state: current_term: 0 committed_config { opid_index: -1 OBSOLETE_local: false peers { permanent_uuid: "2142ec2cbffb459fb0ac7ff1ceece1a9" member_type: VOTER last_known_addr { host: "127.0.107.254" port: 46483 } } peers { permanent_uuid: "138acf8834c4491d807d5e39cd1ce5eb" member_type: VOTER last_known_addr { host: "127.0.107.253" port: 39597 } } peers { permanent_uuid: "84d11077916542569eedafb1462584df" member_type: VOTER last_known_addr { host: "127.0.107.252" port: 34813 } } }
I20260630 12:11:30.067926  1692 sys_catalog.cc:458] T 00000000000000000000000000000000 P 138acf8834c4491d807d5e39cd1ce5eb [sys.catalog]: This master's current role is: FOLLOWER
I20260630 12:11:30.068555  1622 sys_catalog.cc:565] T 00000000000000000000000000000000 P 138acf8834c4491d807d5e39cd1ce5eb [sys.catalog]: configured and running, proceeding with master startup.
I20260630 12:11:30.069424  1557 tablet_bootstrap.cc:654] T 00000000000000000000000000000000 P 2142ec2cbffb459fb0ac7ff1ceece1a9: Neither blocks nor log segments found. Creating new log.
I20260630 12:11:30.069672  1688 sys_catalog.cc:422] member_type: VOTER last_known_addr { host: "127.0.107.252" port: 34813 } has no permanent_uuid. Determining permanent_uuid...
I20260630 12:11:30.080600  1557 tablet_bootstrap.cc:492] T 00000000000000000000000000000000 P 2142ec2cbffb459fb0ac7ff1ceece1a9: No bootstrap required, opened a new log
I20260630 12:11:30.082726  1557 raft_consensus.cc:359] T 00000000000000000000000000000000 P 2142ec2cbffb459fb0ac7ff1ceece1a9 [term 0 FOLLOWER]: Replica starting. Triggering 0 pending ops. Active config: opid_index: -1 OBSOLETE_local: false peers { permanent_uuid: "2142ec2cbffb459fb0ac7ff1ceece1a9" member_type: VOTER last_known_addr { host: "127.0.107.254" port: 46483 } } peers { permanent_uuid: "138acf8834c4491d807d5e39cd1ce5eb" member_type: VOTER last_known_addr { host: "127.0.107.253" port: 39597 } } peers { permanent_uuid: "84d11077916542569eedafb1462584df" member_type: VOTER last_known_addr { host: "127.0.107.252" port: 34813 } }
I20260630 12:11:30.083166  1557 raft_consensus.cc:385] T 00000000000000000000000000000000 P 2142ec2cbffb459fb0ac7ff1ceece1a9 [term 0 FOLLOWER]: Consensus starting up: Expiring failure detector timer to make a prompt election more likely
I20260630 12:11:30.083379  1557 raft_consensus.cc:740] T 00000000000000000000000000000000 P 2142ec2cbffb459fb0ac7ff1ceece1a9 [term 0 FOLLOWER]: Becoming Follower/Learner. State: Replica: 2142ec2cbffb459fb0ac7ff1ceece1a9, State: Initialized, Role: FOLLOWER
I20260630 12:11:30.084084  1557 consensus_queue.cc:260] T 00000000000000000000000000000000 P 2142ec2cbffb459fb0ac7ff1ceece1a9 [NON_LEADER]: Queue going to NON_LEADER mode. State: All replicated index: 0, Majority replicated index: 0, Committed index: 0, Last appended: 0.0, Last appended by leader: 0, Current term: 0, Majority size: -1, State: 0, Mode: NON_LEADER, active raft config: opid_index: -1 OBSOLETE_local: false peers { permanent_uuid: "2142ec2cbffb459fb0ac7ff1ceece1a9" member_type: VOTER last_known_addr { host: "127.0.107.254" port: 46483 } } peers { permanent_uuid: "138acf8834c4491d807d5e39cd1ce5eb" member_type: VOTER last_known_addr { host: "127.0.107.253" port: 39597 } } peers { permanent_uuid: "84d11077916542569eedafb1462584df" member_type: VOTER last_known_addr { host: "127.0.107.252" port: 34813 } }
I20260630 12:11:30.088089  1688 tablet_bootstrap.cc:492] T 00000000000000000000000000000000 P 84d11077916542569eedafb1462584df: Bootstrap starting.
I20260630 12:11:30.090860  1703 sys_catalog.cc:455] T 00000000000000000000000000000000 P 2142ec2cbffb459fb0ac7ff1ceece1a9 [sys.catalog]: SysCatalogTable state changed. Reason: RaftConsensus started. Latest consensus state: current_term: 0 committed_config { opid_index: -1 OBSOLETE_local: false peers { permanent_uuid: "2142ec2cbffb459fb0ac7ff1ceece1a9" member_type: VOTER last_known_addr { host: "127.0.107.254" port: 46483 } } peers { permanent_uuid: "138acf8834c4491d807d5e39cd1ce5eb" member_type: VOTER last_known_addr { host: "127.0.107.253" port: 39597 } } peers { permanent_uuid: "84d11077916542569eedafb1462584df" member_type: VOTER last_known_addr { host: "127.0.107.252" port: 34813 } } }
W20260630 12:11:30.091480  1705 catalog_manager.cc:1594] T 00000000000000000000000000000000 P 138acf8834c4491d807d5e39cd1ce5eb: loading cluster ID for follower catalog manager: Not found: cluster ID entry not found
I20260630 12:11:30.091616  1703 sys_catalog.cc:458] T 00000000000000000000000000000000 P 2142ec2cbffb459fb0ac7ff1ceece1a9 [sys.catalog]: This master's current role is: FOLLOWER
W20260630 12:11:30.091900  1705 catalog_manager.cc:883] Not found: cluster ID entry not found: failed to prepare follower catalog manager, will retry
I20260630 12:11:30.092278  1557 sys_catalog.cc:565] T 00000000000000000000000000000000 P 2142ec2cbffb459fb0ac7ff1ceece1a9 [sys.catalog]: configured and running, proceeding with master startup.
I20260630 12:11:30.092988  1688 tablet_bootstrap.cc:654] T 00000000000000000000000000000000 P 84d11077916542569eedafb1462584df: Neither blocks nor log segments found. Creating new log.
I20260630 12:11:30.097067  1688 tablet_bootstrap.cc:492] T 00000000000000000000000000000000 P 84d11077916542569eedafb1462584df: No bootstrap required, opened a new log
I20260630 12:11:30.098966  1688 raft_consensus.cc:359] T 00000000000000000000000000000000 P 84d11077916542569eedafb1462584df [term 0 FOLLOWER]: Replica starting. Triggering 0 pending ops. Active config: opid_index: -1 OBSOLETE_local: false peers { permanent_uuid: "2142ec2cbffb459fb0ac7ff1ceece1a9" member_type: VOTER last_known_addr { host: "127.0.107.254" port: 46483 } } peers { permanent_uuid: "138acf8834c4491d807d5e39cd1ce5eb" member_type: VOTER last_known_addr { host: "127.0.107.253" port: 39597 } } peers { permanent_uuid: "84d11077916542569eedafb1462584df" member_type: VOTER last_known_addr { host: "127.0.107.252" port: 34813 } }
I20260630 12:11:30.099450  1688 raft_consensus.cc:385] T 00000000000000000000000000000000 P 84d11077916542569eedafb1462584df [term 0 FOLLOWER]: Consensus starting up: Expiring failure detector timer to make a prompt election more likely
I20260630 12:11:30.099706  1688 raft_consensus.cc:740] T 00000000000000000000000000000000 P 84d11077916542569eedafb1462584df [term 0 FOLLOWER]: Becoming Follower/Learner. State: Replica: 84d11077916542569eedafb1462584df, State: Initialized, Role: FOLLOWER
I20260630 12:11:30.100332  1688 consensus_queue.cc:260] T 00000000000000000000000000000000 P 84d11077916542569eedafb1462584df [NON_LEADER]: Queue going to NON_LEADER mode. State: All replicated index: 0, Majority replicated index: 0, Committed index: 0, Last appended: 0.0, Last appended by leader: 0, Current term: 0, Majority size: -1, State: 0, Mode: NON_LEADER, active raft config: opid_index: -1 OBSOLETE_local: false peers { permanent_uuid: "2142ec2cbffb459fb0ac7ff1ceece1a9" member_type: VOTER last_known_addr { host: "127.0.107.254" port: 46483 } } peers { permanent_uuid: "138acf8834c4491d807d5e39cd1ce5eb" member_type: VOTER last_known_addr { host: "127.0.107.253" port: 39597 } } peers { permanent_uuid: "84d11077916542569eedafb1462584df" member_type: VOTER last_known_addr { host: "127.0.107.252" port: 34813 } }
I20260630 12:11:30.102249  1715 sys_catalog.cc:455] T 00000000000000000000000000000000 P 84d11077916542569eedafb1462584df [sys.catalog]: SysCatalogTable state changed. Reason: RaftConsensus started. Latest consensus state: current_term: 0 committed_config { opid_index: -1 OBSOLETE_local: false peers { permanent_uuid: "2142ec2cbffb459fb0ac7ff1ceece1a9" member_type: VOTER last_known_addr { host: "127.0.107.254" port: 46483 } } peers { permanent_uuid: "138acf8834c4491d807d5e39cd1ce5eb" member_type: VOTER last_known_addr { host: "127.0.107.253" port: 39597 } } peers { permanent_uuid: "84d11077916542569eedafb1462584df" member_type: VOTER last_known_addr { host: "127.0.107.252" port: 34813 } } }
I20260630 12:11:30.102990  1715 sys_catalog.cc:458] T 00000000000000000000000000000000 P 84d11077916542569eedafb1462584df [sys.catalog]: This master's current role is: FOLLOWER
I20260630 12:11:30.103581  1688 sys_catalog.cc:565] T 00000000000000000000000000000000 P 84d11077916542569eedafb1462584df [sys.catalog]: configured and running, proceeding with master startup.
I20260630 12:11:30.104034   431 internal_mini_cluster.cc:184] Waiting to initialize catalog manager on master 1
I20260630 12:11:30.104311   431 internal_mini_cluster.cc:184] Waiting to initialize catalog manager on master 2
W20260630 12:11:30.106837  1718 catalog_manager.cc:1594] T 00000000000000000000000000000000 P 2142ec2cbffb459fb0ac7ff1ceece1a9: loading cluster ID for follower catalog manager: Not found: cluster ID entry not found
W20260630 12:11:30.107084  1718 catalog_manager.cc:883] Not found: cluster ID entry not found: failed to prepare follower catalog manager, will retry
I20260630 12:11:30.114440   431 file_cache.cc:492] Constructed file cache file cache with capacity 419430
W20260630 12:11:30.116209  1729 catalog_manager.cc:1594] T 00000000000000000000000000000000 P 84d11077916542569eedafb1462584df: loading cluster ID for follower catalog manager: Not found: cluster ID entry not found
W20260630 12:11:30.116454  1729 catalog_manager.cc:883] Not found: cluster ID entry not found: failed to prepare follower catalog manager, will retry
W20260630 12:11:30.119841  1730 instance_detector.cc:116] could not retrieve AWS instance metadata: Network error: curl error: HTTP response code said error: The requested URL returned error: 404
W20260630 12:11:30.120721  1731 instance_detector.cc:116] could not retrieve Azure instance metadata: Network error: curl error: HTTP response code said error: The requested URL returned error: 404
