W20260630 12:34:03.181433  1026 instance_detector.cc:116] could not retrieve OpenStack instance metadata: Network error: curl error: HTTP response code said error: The requested URL returned error: 404
I20260630 12:34:03.182286   480 hybrid_clock.cc:584] initializing the hybrid clock with 'system_unsync' time source
W20260630 12:34:03.182475   480 system_unsync_time.cc:38] NTP support is disabled. Clock error bounds will not be accurate. This configuration is not suitable for distributed clusters.
I20260630 12:34:03.182628   480 hybrid_clock.cc:648] HybridClock initialized: now 1782822843182616 us; error 0 us; skew 500 ppm
I20260630 12:34:03.183141   480 server_base.cc:861] Flag tcmalloc_max_total_thread_cache_bytes is not working since tcmalloc is not enabled.
I20260630 12:34:03.185364   480 webserver.cc:533] Webserver started at http://127.0.120.62:33141/ using document root <none> and password file <none>
I20260630 12:34:03.185776   480 fs_manager.cc:362] Metadata directory not provided
I20260630 12:34:03.185925   480 fs_manager.cc:368] Using write-ahead log directory (fs_wal_dir) as metadata directory
I20260630 12:34:03.186121   480 server_base.cc:909] This appears to be a new deployment of Kudu; creating new FS layout
I20260630 12:34:03.187161   480 fs_manager.cc:1068] Generated new instance metadata in path /tmp/dist-test-taskDQfLTp/test-tmp/auto_rebalancer-test.0.AutoRebalancerTest.AutoRebalancingTurnOffAndOn.1782822836191499-480-0/minicluster-data/master-0-root/instance:
uuid: "fe6714ae255d48f3993563cfa4bc9499"
format_stamp: "Formatted at 2026-06-30 12:34:03 on dist-test-slave-80h9"
I20260630 12:34:03.191434   480 fs_manager.cc:696] Time spent creating directory manager: real 0.004s	user 0.001s	sys 0.003s
I20260630 12:34:03.194599  1031 log_block_manager.cc:4031] Time spent loading block containers with low live blocks: real 0.000s	user 0.000s	sys 0.000s
I20260630 12:34:03.195457   480 fs_manager.cc:730] Time spent opening block manager: real 0.002s	user 0.002s	sys 0.001s
I20260630 12:34:03.195698   480 fs_manager.cc:647] Opened local filesystem: /tmp/dist-test-taskDQfLTp/test-tmp/auto_rebalancer-test.0.AutoRebalancerTest.AutoRebalancingTurnOffAndOn.1782822836191499-480-0/minicluster-data/master-0-root
uuid: "fe6714ae255d48f3993563cfa4bc9499"
format_stamp: "Formatted at 2026-06-30 12:34:03 on dist-test-slave-80h9"
I20260630 12:34:03.195938   480 fs_report.cc:389] FS layout report
--------------------
wal directory: /tmp/dist-test-taskDQfLTp/test-tmp/auto_rebalancer-test.0.AutoRebalancerTest.AutoRebalancingTurnOffAndOn.1782822836191499-480-0/minicluster-data/master-0-root
metadata directory: /tmp/dist-test-taskDQfLTp/test-tmp/auto_rebalancer-test.0.AutoRebalancerTest.AutoRebalancingTurnOffAndOn.1782822836191499-480-0/minicluster-data/master-0-root
1 data directories: /tmp/dist-test-taskDQfLTp/test-tmp/auto_rebalancer-test.0.AutoRebalancerTest.AutoRebalancingTurnOffAndOn.1782822836191499-480-0/minicluster-data/master-0-root/data
Total live blocks: 0
Total live bytes: 0
Total live bytes (after alignment): 0
Total number of LBM containers: 0 (0 full)
Did not check for missing blocks
Did not check for orphaned blocks
Total full LBM containers with extra space: 0 (0 repaired)
Total full LBM container extra space in bytes: 0 (0 repaired)
Total incomplete LBM containers: 0 (0 repaired)
Total LBM partial records: 0 (0 repaired)
Total corrupted LBM metadata records in RocksDB: 0 (0 repaired)
I20260630 12:34:03.222740   480 rpc_server.cc:225] running with OpenSSL 1.1.1  11 Sep 2018
I20260630 12:34:03.223711   480 kserver.cc:163] Server-wide thread pool size limit: 3276
I20260630 12:34:03.267210   480 rpc_server.cc:307] RPC server started. Bound to: 127.0.120.62:39997
I20260630 12:34:03.267359  1082 acceptor_pool.cc:272] collecting diagnostics on the listening RPC socket 127.0.120.62:39997 every 8 connection(s)
I20260630 12:34:03.270844  1083 data_dirs.cc:400] Could only allocate 1 dirs of requested 3 for tablet 00000000000000000000000000000000. 1 dirs total, 0 dirs full, 0 dirs failed
I20260630 12:34:03.280839  1083 tablet_bootstrap.cc:492] T 00000000000000000000000000000000 P fe6714ae255d48f3993563cfa4bc9499: Bootstrap starting.
I20260630 12:34:03.284925  1083 tablet_bootstrap.cc:654] T 00000000000000000000000000000000 P fe6714ae255d48f3993563cfa4bc9499: Neither blocks nor log segments found. Creating new log.
I20260630 12:34:03.288739  1083 tablet_bootstrap.cc:492] T 00000000000000000000000000000000 P fe6714ae255d48f3993563cfa4bc9499: No bootstrap required, opened a new log
I20260630 12:34:03.290609  1083 raft_consensus.cc:359] T 00000000000000000000000000000000 P fe6714ae255d48f3993563cfa4bc9499 [term 0 FOLLOWER]: Replica starting. Triggering 0 pending ops. Active config: opid_index: -1 OBSOLETE_local: true peers { permanent_uuid: "fe6714ae255d48f3993563cfa4bc9499" member_type: VOTER }
I20260630 12:34:03.291009  1083 raft_consensus.cc:385] T 00000000000000000000000000000000 P fe6714ae255d48f3993563cfa4bc9499 [term 0 FOLLOWER]: Consensus starting up: Expiring failure detector timer to make a prompt election more likely
I20260630 12:34:03.291251  1083 raft_consensus.cc:740] T 00000000000000000000000000000000 P fe6714ae255d48f3993563cfa4bc9499 [term 0 FOLLOWER]: Becoming Follower/Learner. State: Replica: fe6714ae255d48f3993563cfa4bc9499, State: Initialized, Role: FOLLOWER
I20260630 12:34:03.291875  1083 consensus_queue.cc:260] T 00000000000000000000000000000000 P fe6714ae255d48f3993563cfa4bc9499 [NON_LEADER]: Queue going to NON_LEADER mode. State: All replicated index: 0, Majority replicated index: 0, Committed index: 0, Last appended: 0.0, Last appended by leader: 0, Current term: 0, Majority size: -1, State: 0, Mode: NON_LEADER, active raft config: opid_index: -1 OBSOLETE_local: true peers { permanent_uuid: "fe6714ae255d48f3993563cfa4bc9499" member_type: VOTER }
I20260630 12:34:03.292346  1083 raft_consensus.cc:399] T 00000000000000000000000000000000 P fe6714ae255d48f3993563cfa4bc9499 [term 0 FOLLOWER]: Only one voter in the Raft config. Triggering election immediately
I20260630 12:34:03.292572  1083 raft_consensus.cc:493] T 00000000000000000000000000000000 P fe6714ae255d48f3993563cfa4bc9499 [term 0 FOLLOWER]: Starting leader election (initial election of a single-replica configuration)
I20260630 12:34:03.292842  1083 raft_consensus.cc:3060] T 00000000000000000000000000000000 P fe6714ae255d48f3993563cfa4bc9499 [term 0 FOLLOWER]: Advancing to term 1
I20260630 12:34:03.296697  1083 raft_consensus.cc:515] T 00000000000000000000000000000000 P fe6714ae255d48f3993563cfa4bc9499 [term 1 FOLLOWER]: Starting leader election with config: opid_index: -1 OBSOLETE_local: true peers { permanent_uuid: "fe6714ae255d48f3993563cfa4bc9499" member_type: VOTER }
I20260630 12:34:03.297272  1083 leader_election.cc:304] T 00000000000000000000000000000000 P fe6714ae255d48f3993563cfa4bc9499 [CANDIDATE]: Term 1 election: Election decided. Result: candidate won. Election summary: received 1 responses out of 1 voters: 1 yes votes; 0 no votes. yes voters: fe6714ae255d48f3993563cfa4bc9499; no voters: 
I20260630 12:34:03.298355  1083 leader_election.cc:290] T 00000000000000000000000000000000 P fe6714ae255d48f3993563cfa4bc9499 [CANDIDATE]: Term 1 election: Requested vote from peers 
I20260630 12:34:03.298650  1086 raft_consensus.cc:2804] T 00000000000000000000000000000000 P fe6714ae255d48f3993563cfa4bc9499 [term 1 FOLLOWER]: Leader election won for term 1
I20260630 12:34:03.300199  1086 raft_consensus.cc:697] T 00000000000000000000000000000000 P fe6714ae255d48f3993563cfa4bc9499 [term 1 LEADER]: Becoming Leader. State: Replica: fe6714ae255d48f3993563cfa4bc9499, State: Running, Role: LEADER
I20260630 12:34:03.300853  1086 consensus_queue.cc:237] T 00000000000000000000000000000000 P fe6714ae255d48f3993563cfa4bc9499 [LEADER]: Queue going to LEADER mode. State: All replicated index: 0, Majority replicated index: 0, Committed index: 0, Last appended: 0.0, Last appended by leader: 0, Current term: 1, Majority size: 1, State: 0, Mode: LEADER, active raft config: opid_index: -1 OBSOLETE_local: true peers { permanent_uuid: "fe6714ae255d48f3993563cfa4bc9499" member_type: VOTER }
I20260630 12:34:03.301342  1083 sys_catalog.cc:565] T 00000000000000000000000000000000 P fe6714ae255d48f3993563cfa4bc9499 [sys.catalog]: configured and running, proceeding with master startup.
I20260630 12:34:03.303617  1087 sys_catalog.cc:455] T 00000000000000000000000000000000 P fe6714ae255d48f3993563cfa4bc9499 [sys.catalog]: SysCatalogTable state changed. Reason: RaftConsensus started. Latest consensus state: current_term: 1 leader_uuid: "fe6714ae255d48f3993563cfa4bc9499" committed_config { opid_index: -1 OBSOLETE_local: true peers { permanent_uuid: "fe6714ae255d48f3993563cfa4bc9499" member_type: VOTER } }
I20260630 12:34:03.303716  1088 sys_catalog.cc:455] T 00000000000000000000000000000000 P fe6714ae255d48f3993563cfa4bc9499 [sys.catalog]: SysCatalogTable state changed. Reason: New leader fe6714ae255d48f3993563cfa4bc9499. Latest consensus state: current_term: 1 leader_uuid: "fe6714ae255d48f3993563cfa4bc9499" committed_config { opid_index: -1 OBSOLETE_local: true peers { permanent_uuid: "fe6714ae255d48f3993563cfa4bc9499" member_type: VOTER } }
I20260630 12:34:03.304415  1088 sys_catalog.cc:458] T 00000000000000000000000000000000 P fe6714ae255d48f3993563cfa4bc9499 [sys.catalog]: This master's current role is: LEADER
I20260630 12:34:03.304397  1087 sys_catalog.cc:458] T 00000000000000000000000000000000 P fe6714ae255d48f3993563cfa4bc9499 [sys.catalog]: This master's current role is: LEADER
I20260630 12:34:03.307194  1092 catalog_manager.cc:1511] Loading table and tablet metadata into memory...
I20260630 12:34:03.312100  1092 catalog_manager.cc:1520] Initializing Kudu cluster ID...
I20260630 12:34:03.316852   480 internal_mini_cluster.cc:184] Waiting to initialize catalog manager on master 0
I20260630 12:34:03.320832  1092 catalog_manager.cc:1383] Generated new cluster ID: 42ff904b495d4351adfa363ba5ff401a
I20260630 12:34:03.321097  1092 catalog_manager.cc:1531] Initializing Kudu internal certificate authority...
I20260630 12:34:03.357129  1092 catalog_manager.cc:1406] Generated new certificate authority record
I20260630 12:34:03.358309  1092 catalog_manager.cc:1540] Loading token signing keys...
I20260630 12:34:03.376906  1092 catalog_manager.cc:6070] T 00000000000000000000000000000000 P fe6714ae255d48f3993563cfa4bc9499: Generated new TSK 0
I20260630 12:34:03.377496  1092 catalog_manager.cc:1550] Initializing in-progress tserver states...
I20260630 12:34:03.384171   480 file_cache.cc:492] Constructed file cache file cache with capacity 419430
W20260630 12:34:03.390012  1104 instance_detector.cc:116] could not retrieve AWS instance metadata: Network error: curl error: HTTP response code said error: The requested URL returned error: 404
W20260630 12:34:03.391381  1105 instance_detector.cc:116] could not retrieve Azure instance metadata: Network error: curl error: HTTP response code said error: The requested URL returned error: 404
W20260630 12:34:03.392751  1107 instance_detector.cc:116] could not retrieve OpenStack instance metadata: Network error: curl error: HTTP response code said error: The requested URL returned error: 404
I20260630 12:34:03.393754   480 server_base.cc:1061] running on GCE node
I20260630 12:34:03.394627   480 hybrid_clock.cc:584] initializing the hybrid clock with 'system_unsync' time source
W20260630 12:34:03.394835   480 system_unsync_time.cc:38] NTP support is disabled. Clock error bounds will not be accurate. This configuration is not suitable for distributed clusters.
I20260630 12:34:03.394997   480 hybrid_clock.cc:648] HybridClock initialized: now 1782822843394980 us; error 0 us; skew 500 ppm
I20260630 12:34:03.395511   480 server_base.cc:861] Flag tcmalloc_max_total_thread_cache_bytes is not working since tcmalloc is not enabled.
I20260630 12:34:03.397895   480 webserver.cc:533] Webserver started at http://127.0.120.1:42219/ using document root <none> and password file <none>
I20260630 12:34:03.398363   480 fs_manager.cc:362] Metadata directory not provided
I20260630 12:34:03.398550   480 fs_manager.cc:368] Using write-ahead log directory (fs_wal_dir) as metadata directory
I20260630 12:34:03.398803   480 server_base.cc:909] This appears to be a new deployment of Kudu; creating new FS layout
I20260630 12:34:03.399866   480 fs_manager.cc:1068] Generated new instance metadata in path /tmp/dist-test-taskDQfLTp/test-tmp/auto_rebalancer-test.0.AutoRebalancerTest.AutoRebalancingTurnOffAndOn.1782822836191499-480-0/minicluster-data/ts-0-root/instance:
uuid: "92dd6ffce6e34c6d97b2c8743ca83353"
format_stamp: "Formatted at 2026-06-30 12:34:03 on dist-test-slave-80h9"
I20260630 12:34:03.404040   480 fs_manager.cc:696] Time spent creating directory manager: real 0.004s	user 0.004s	sys 0.000s
I20260630 12:34:03.407191  1112 log_block_manager.cc:4031] Time spent loading block containers with low live blocks: real 0.000s	user 0.000s	sys 0.000s
I20260630 12:34:03.407863   480 fs_manager.cc:730] Time spent opening block manager: real 0.002s	user 0.003s	sys 0.000s
I20260630 12:34:03.408241   480 fs_manager.cc:647] Opened local filesystem: /tmp/dist-test-taskDQfLTp/test-tmp/auto_rebalancer-test.0.AutoRebalancerTest.AutoRebalancingTurnOffAndOn.1782822836191499-480-0/minicluster-data/ts-0-root
uuid: "92dd6ffce6e34c6d97b2c8743ca83353"
format_stamp: "Formatted at 2026-06-30 12:34:03 on dist-test-slave-80h9"
I20260630 12:34:03.408521   480 fs_report.cc:389] FS layout report
--------------------
wal directory: /tmp/dist-test-taskDQfLTp/test-tmp/auto_rebalancer-test.0.AutoRebalancerTest.AutoRebalancingTurnOffAndOn.1782822836191499-480-0/minicluster-data/ts-0-root
metadata directory: /tmp/dist-test-taskDQfLTp/test-tmp/auto_rebalancer-test.0.AutoRebalancerTest.AutoRebalancingTurnOffAndOn.1782822836191499-480-0/minicluster-data/ts-0-root
1 data directories: /tmp/dist-test-taskDQfLTp/test-tmp/auto_rebalancer-test.0.AutoRebalancerTest.AutoRebalancingTurnOffAndOn.1782822836191499-480-0/minicluster-data/ts-0-root/data
Total live blocks: 0
Total live bytes: 0
Total live bytes (after alignment): 0
Total number of LBM containers: 0 (0 full)
Did not check for missing blocks
Did not check for orphaned blocks
Total full LBM containers with extra space: 0 (0 repaired)
Total full LBM container extra space in bytes: 0 (0 repaired)
Total incomplete LBM containers: 0 (0 repaired)
Total LBM partial records: 0 (0 repaired)
Total corrupted LBM metadata records in RocksDB: 0 (0 repaired)
I20260630 12:34:03.423149   480 rpc_server.cc:225] running with OpenSSL 1.1.1  11 Sep 2018
I20260630 12:34:03.424130   480 kserver.cc:163] Server-wide thread pool size limit: 3276
I20260630 12:34:03.425499   480 txn_system_client.cc:432] TxnSystemClient initialization is disabled...
I20260630 12:34:03.427897   480 ts_tablet_manager.cc:585] Loaded tablet metadata (0 total tablets, 0 live tablets)
I20260630 12:34:03.428068   480 ts_tablet_manager.cc:531] Time spent load tablet metadata: real 0.000s	user 0.000s	sys 0.000s
I20260630 12:34:03.428297   480 ts_tablet_manager.cc:616] Registered 0 tablets
I20260630 12:34:03.428436   480 ts_tablet_manager.cc:595] Time spent register tablets: real 0.000s	user 0.000s	sys 0.000s
I20260630 12:34:03.463951   480 rpc_server.cc:307] RPC server started. Bound to: 127.0.120.1:41609
I20260630 12:34:03.464015  1174 acceptor_pool.cc:272] collecting diagnostics on the listening RPC socket 127.0.120.1:41609 every 8 connection(s)
I20260630 12:34:03.468701   480 file_cache.cc:492] Constructed file cache file cache with capacity 419430
W20260630 12:34:03.474977  1179 instance_detector.cc:116] could not retrieve AWS instance metadata: Network error: curl error: HTTP response code said error: The requested URL returned error: 404
W20260630 12:34:03.475914  1180 instance_detector.cc:116] could not retrieve Azure instance metadata: Network error: curl error: HTTP response code said error: The requested URL returned error: 404
I20260630 12:34:03.478986   480 server_base.cc:1061] running on GCE node
W20260630 12:34:03.479871  1182 instance_detector.cc:116] could not retrieve OpenStack instance metadata: Network error: curl error: HTTP response code said error: The requested URL returned error: 404
I20260630 12:34:03.480736   480 hybrid_clock.cc:584] initializing the hybrid clock with 'system_unsync' time source
W20260630 12:34:03.480985   480 system_unsync_time.cc:38] NTP support is disabled. Clock error bounds will not be accurate. This configuration is not suitable for distributed clusters.
I20260630 12:34:03.481197   480 hybrid_clock.cc:648] HybridClock initialized: now 1782822843481148 us; error 0 us; skew 500 ppm
I20260630 12:34:03.481681   480 server_base.cc:861] Flag tcmalloc_max_total_thread_cache_bytes is not working since tcmalloc is not enabled.
I20260630 12:34:03.483918  1175 heartbeater.cc:344] Connected to a master server at 127.0.120.62:39997
I20260630 12:34:03.484278  1175 heartbeater.cc:461] Registering TS with master...
I20260630 12:34:03.484529   480 webserver.cc:533] Webserver started at http://127.0.120.2:36005/ using document root <none> and password file <none>
I20260630 12:34:03.484958   480 fs_manager.cc:362] Metadata directory not provided
I20260630 12:34:03.485189   480 fs_manager.cc:368] Using write-ahead log directory (fs_wal_dir) as metadata directory
I20260630 12:34:03.484979  1175 heartbeater.cc:507] Master 127.0.120.62:39997 requested a full tablet report, sending...
I20260630 12:34:03.485497   480 server_base.cc:909] This appears to be a new deployment of Kudu; creating new FS layout
I20260630 12:34:03.486613   480 fs_manager.cc:1068] Generated new instance metadata in path /tmp/dist-test-taskDQfLTp/test-tmp/auto_rebalancer-test.0.AutoRebalancerTest.AutoRebalancingTurnOffAndOn.1782822836191499-480-0/minicluster-data/ts-1-root/instance:
uuid: "be4881d009784e91909a0d7f6a081479"
format_stamp: "Formatted at 2026-06-30 12:34:03 on dist-test-slave-80h9"
I20260630 12:34:03.487551  1048 ts_manager.cc:194] Registered new tserver with Master: 92dd6ffce6e34c6d97b2c8743ca83353 (127.0.120.1:41609)
I20260630 12:34:03.489213  1048 master_service.cc:502] Signed X509 certificate for tserver {username='slave'} at 127.0.0.1:48672
I20260630 12:34:03.491258   480 fs_manager.cc:696] Time spent creating directory manager: real 0.004s	user 0.002s	sys 0.001s
I20260630 12:34:03.494603  1187 log_block_manager.cc:4031] Time spent loading block containers with low live blocks: real 0.000s	user 0.000s	sys 0.000s
I20260630 12:34:03.495391   480 fs_manager.cc:730] Time spent opening block manager: real 0.002s	user 0.003s	sys 0.000s
I20260630 12:34:03.495668   480 fs_manager.cc:647] Opened local filesystem: /tmp/dist-test-taskDQfLTp/test-tmp/auto_rebalancer-test.0.AutoRebalancerTest.AutoRebalancingTurnOffAndOn.1782822836191499-480-0/minicluster-data/ts-1-root
uuid: "be4881d009784e91909a0d7f6a081479"
format_stamp: "Formatted at 2026-06-30 12:34:03 on dist-test-slave-80h9"
I20260630 12:34:03.495944   480 fs_report.cc:389] FS layout report
--------------------
wal directory: /tmp/dist-test-taskDQfLTp/test-tmp/auto_rebalancer-test.0.AutoRebalancerTest.AutoRebalancingTurnOffAndOn.1782822836191499-480-0/minicluster-data/ts-1-root
metadata directory: /tmp/dist-test-taskDQfLTp/test-tmp/auto_rebalancer-test.0.AutoRebalancerTest.AutoRebalancingTurnOffAndOn.1782822836191499-480-0/minicluster-data/ts-1-root
1 data directories: /tmp/dist-test-taskDQfLTp/test-tmp/auto_rebalancer-test.0.AutoRebalancerTest.AutoRebalancingTurnOffAndOn.1782822836191499-480-0/minicluster-data/ts-1-root/data
Total live blocks: 0
Total live bytes: 0
Total live bytes (after alignment): 0
Total number of LBM containers: 0 (0 full)
Did not check for missing blocks
Did not check for orphaned blocks
Total full LBM containers with extra space: 0 (0 repaired)
Total full LBM container extra space in bytes: 0 (0 repaired)
Total incomplete LBM containers: 0 (0 repaired)
Total LBM partial records: 0 (0 repaired)
Total corrupted LBM metadata records in RocksDB: 0 (0 repaired)
I20260630 12:34:03.509512   480 rpc_server.cc:225] running with OpenSSL 1.1.1  11 Sep 2018
I20260630 12:34:03.510604   480 kserver.cc:163] Server-wide thread pool size limit: 3276
I20260630 12:34:03.511946   480 txn_system_client.cc:432] TxnSystemClient initialization is disabled...
I20260630 12:34:03.514007   480 ts_tablet_manager.cc:585] Loaded tablet metadata (0 total tablets, 0 live tablets)
I20260630 12:34:03.514257   480 ts_tablet_manager.cc:531] Time spent load tablet metadata: real 0.000s	user 0.000s	sys 0.000s
I20260630 12:34:03.514489   480 ts_tablet_manager.cc:616] Registered 0 tablets
I20260630 12:34:03.514654   480 ts_tablet_manager.cc:595] Time spent register tablets: real 0.000s	user 0.000s	sys 0.000s
I20260630 12:34:03.551914   480 rpc_server.cc:307] RPC server started. Bound to: 127.0.120.2:42905
I20260630 12:34:03.552002  1249 acceptor_pool.cc:272] collecting diagnostics on the listening RPC socket 127.0.120.2:42905 every 8 connection(s)
I20260630 12:34:03.556237   480 file_cache.cc:492] Constructed file cache file cache with capacity 419430
W20260630 12:34:03.562608  1253 instance_detector.cc:116] could not retrieve AWS instance metadata: Network error: curl error: HTTP response code said error: The requested URL returned error: 404
W20260630 12:34:03.563745  1254 instance_detector.cc:116] could not retrieve Azure instance metadata: Network error: curl error: HTTP response code said error: The requested URL returned error: 404
W20260630 12:34:03.567696  1256 instance_detector.cc:116] could not retrieve OpenStack instance metadata: Network error: curl error: HTTP response code said error: The requested URL returned error: 404
I20260630 12:34:03.567780   480 server_base.cc:1061] running on GCE node
I20260630 12:34:03.568555  1250 heartbeater.cc:344] Connected to a master server at 127.0.120.62:39997
I20260630 12:34:03.568948  1250 heartbeater.cc:461] Registering TS with master...
I20260630 12:34:03.568935   480 hybrid_clock.cc:584] initializing the hybrid clock with 'system_unsync' time source
W20260630 12:34:03.569416   480 system_unsync_time.cc:38] NTP support is disabled. Clock error bounds will not be accurate. This configuration is not suitable for distributed clusters.
I20260630 12:34:03.569628   480 hybrid_clock.cc:648] HybridClock initialized: now 1782822843569611 us; error 0 us; skew 500 ppm
I20260630 12:34:03.570055  1250 heartbeater.cc:507] Master 127.0.120.62:39997 requested a full tablet report, sending...
I20260630 12:34:03.570360   480 server_base.cc:861] Flag tcmalloc_max_total_thread_cache_bytes is not working since tcmalloc is not enabled.
I20260630 12:34:03.572353  1048 ts_manager.cc:194] Registered new tserver with Master: be4881d009784e91909a0d7f6a081479 (127.0.120.2:42905)
I20260630 12:34:03.573170   480 webserver.cc:533] Webserver started at http://127.0.120.3:36781/ using document root <none> and password file <none>
I20260630 12:34:03.573705   480 fs_manager.cc:362] Metadata directory not provided
I20260630 12:34:03.573787  1048 master_service.cc:502] Signed X509 certificate for tserver {username='slave'} at 127.0.0.1:48682
I20260630 12:34:03.573889   480 fs_manager.cc:368] Using write-ahead log directory (fs_wal_dir) as metadata directory
I20260630 12:34:03.574375   480 server_base.cc:909] This appears to be a new deployment of Kudu; creating new FS layout
I20260630 12:34:03.575554   480 fs_manager.cc:1068] Generated new instance metadata in path /tmp/dist-test-taskDQfLTp/test-tmp/auto_rebalancer-test.0.AutoRebalancerTest.AutoRebalancingTurnOffAndOn.1782822836191499-480-0/minicluster-data/ts-2-root/instance:
uuid: "3ec3bed0965b4f38b5f424af990064d2"
format_stamp: "Formatted at 2026-06-30 12:34:03 on dist-test-slave-80h9"
I20260630 12:34:03.579717   480 fs_manager.cc:696] Time spent creating directory manager: real 0.004s	user 0.003s	sys 0.001s
I20260630 12:34:03.582767  1261 log_block_manager.cc:4031] Time spent loading block containers with low live blocks: real 0.000s	user 0.000s	sys 0.000s
I20260630 12:34:03.583621   480 fs_manager.cc:730] Time spent opening block manager: real 0.002s	user 0.003s	sys 0.000s
I20260630 12:34:03.583906   480 fs_manager.cc:647] Opened local filesystem: /tmp/dist-test-taskDQfLTp/test-tmp/auto_rebalancer-test.0.AutoRebalancerTest.AutoRebalancingTurnOffAndOn.1782822836191499-480-0/minicluster-data/ts-2-root
uuid: "3ec3bed0965b4f38b5f424af990064d2"
format_stamp: "Formatted at 2026-06-30 12:34:03 on dist-test-slave-80h9"
I20260630 12:34:03.584138   480 fs_report.cc:389] FS layout report
--------------------
wal directory: /tmp/dist-test-taskDQfLTp/test-tmp/auto_rebalancer-test.0.AutoRebalancerTest.AutoRebalancingTurnOffAndOn.1782822836191499-480-0/minicluster-data/ts-2-root
metadata directory: /tmp/dist-test-taskDQfLTp/test-tmp/auto_rebalancer-test.0.AutoRebalancerTest.AutoRebalancingTurnOffAndOn.1782822836191499-480-0/minicluster-data/ts-2-root
1 data directories: /tmp/dist-test-taskDQfLTp/test-tmp/auto_rebalancer-test.0.AutoRebalancerTest.AutoRebalancingTurnOffAndOn.1782822836191499-480-0/minicluster-data/ts-2-root/data
Total live blocks: 0
Total live bytes: 0
Total live bytes (after alignment): 0
Total number of LBM containers: 0 (0 full)
Did not check for missing blocks
Did not check for orphaned blocks
Total full LBM containers with extra space: 0 (0 repaired)
Total full LBM container extra space in bytes: 0 (0 repaired)
Total incomplete LBM containers: 0 (0 repaired)
Total LBM partial records: 0 (0 repaired)
Total corrupted LBM metadata records in RocksDB: 0 (0 repaired)
I20260630 12:34:03.604108   480 rpc_server.cc:225] running with OpenSSL 1.1.1  11 Sep 2018
I20260630 12:34:03.605139   480 kserver.cc:163] Server-wide thread pool size limit: 3276
I20260630 12:34:03.606446   480 txn_system_client.cc:432] TxnSystemClient initialization is disabled...
I20260630 12:34:03.608599   480 ts_tablet_manager.cc:585] Loaded tablet metadata (0 total tablets, 0 live tablets)
I20260630 12:34:03.608829   480 ts_tablet_manager.cc:531] Time spent load tablet metadata: real 0.000s	user 0.000s	sys 0.000s
I20260630 12:34:03.609053   480 ts_tablet_manager.cc:616] Registered 0 tablets
I20260630 12:34:03.609233   480 ts_tablet_manager.cc:595] Time spent register tablets: real 0.000s	user 0.000s	sys 0.000s
I20260630 12:34:03.647104   480 rpc_server.cc:307] RPC server started. Bound to: 127.0.120.3:32845
I20260630 12:34:03.647260  1323 acceptor_pool.cc:272] collecting diagnostics on the listening RPC socket 127.0.120.3:32845 every 8 connection(s)
I20260630 12:34:03.660493  1324 heartbeater.cc:344] Connected to a master server at 127.0.120.62:39997
I20260630 12:34:03.660923  1324 heartbeater.cc:461] Registering TS with master...
I20260630 12:34:03.661706  1324 heartbeater.cc:507] Master 127.0.120.62:39997 requested a full tablet report, sending...
I20260630 12:34:03.663594  1048 ts_manager.cc:194] Registered new tserver with Master: 3ec3bed0965b4f38b5f424af990064d2 (127.0.120.3:32845)
I20260630 12:34:03.664511   480 internal_mini_cluster.cc:371] 3 TS(s) registered with all masters after 0.014310166s
I20260630 12:34:03.665107  1048 master_service.cc:502] Signed X509 certificate for tserver {username='slave'} at 127.0.0.1:48698
I20260630 12:34:04.491963  1175 heartbeater.cc:499] Master 127.0.120.62:39997 was elected leader, sending a full tablet report...
I20260630 12:34:04.576339  1250 heartbeater.cc:499] Master 127.0.120.62:39997 was elected leader, sending a full tablet report...
I20260630 12:34:04.667675  1324 heartbeater.cc:499] Master 127.0.120.62:39997 was elected leader, sending a full tablet report...
I20260630 12:34:04.719085  1048 catalog_manager.cc:2283] Servicing CreateTable request from {username='slave'} at 127.0.0.1:48712:
name: "test-workload"
schema {
  columns {
    name: "key"
    type: INT32
    is_key: true
    is_nullable: false
    encoding: AUTO_ENCODING
    compression: DEFAULT_COMPRESSION
    cfile_block_size: 0
    immutable: false
  }
  columns {
    name: "int_val"
    type: INT32
    is_key: false
    is_nullable: false
    encoding: AUTO_ENCODING
    compression: DEFAULT_COMPRESSION
    cfile_block_size: 0
    immutable: false
  }
  columns {
    name: "string_val"
    type: STRING
    is_key: false
    is_nullable: true
    encoding: AUTO_ENCODING
    compression: DEFAULT_COMPRESSION
    cfile_block_size: 0
    immutable: false
  }
}
num_replicas: 3
split_rows_range_bounds {
  rows: "\004\001\000\377\377\377\017\004\001\000\376\377\377\037\004\001\000\375\377\377/\004\001\000\374\377\377?\004\001\000\373\377\377O\004\001\000\372\377\377_\004\001\000\371\377\377o""\004\001\000\377\377\377\017\004\001\000\376\377\377\037\004\001\000\375\377\377/\004\001\000\374\377\377?\004\001\000\373\377\377O\004\001\000\372\377\377_\004\001\000\371\377\377o"
  indirect_data: """"
}
partition_schema {
  range_schema {
    columns {
      name: "key"
    }
  }
}
W20260630 12:34:04.721522  1048 catalog_manager.cc:7077] The number of live tablet servers is not enough to re-replicate a tablet replica of the newly created table test-workload in case of a server failure: 4 tablet servers would be needed, 3 are available. Consider bringing up more tablet servers.
I20260630 12:34:04.787163  1215 tablet_service.cc:1511] Processing CreateTablet for tablet d587d646b4aa454e8fce8fb1ded2780a (DEFAULT_TABLE table=test-workload [id=54ee49f2241c4fe19e6269f2997468c6]), partition=RANGE (key) PARTITION VALUES < 268435455
I20260630 12:34:04.787290  1214 tablet_service.cc:1511] Processing CreateTablet for tablet 491539f7830b4db2a06aa920c053035d (DEFAULT_TABLE table=test-workload [id=54ee49f2241c4fe19e6269f2997468c6]), partition=RANGE (key) PARTITION 268435455 <= VALUES < 536870910
I20260630 12:34:04.788699  1215 data_dirs.cc:400] Could only allocate 1 dirs of requested 3 for tablet d587d646b4aa454e8fce8fb1ded2780a. 1 dirs total, 0 dirs full, 0 dirs failed
I20260630 12:34:04.789286  1214 data_dirs.cc:400] Could only allocate 1 dirs of requested 3 for tablet 491539f7830b4db2a06aa920c053035d. 1 dirs total, 0 dirs full, 0 dirs failed
I20260630 12:34:04.793695  1213 tablet_service.cc:1511] Processing CreateTablet for tablet d78284bb3a274ed7a68e16f58870f166 (DEFAULT_TABLE table=test-workload [id=54ee49f2241c4fe19e6269f2997468c6]), partition=RANGE (key) PARTITION 536870910 <= VALUES < 805306365
I20260630 12:34:04.795044  1213 data_dirs.cc:400] Could only allocate 1 dirs of requested 3 for tablet d78284bb3a274ed7a68e16f58870f166. 1 dirs total, 0 dirs full, 0 dirs failed
I20260630 12:34:04.804209  1212 tablet_service.cc:1511] Processing CreateTablet for tablet 6cc75dbd0f3943639b08d0963f1255a1 (DEFAULT_TABLE table=test-workload [id=54ee49f2241c4fe19e6269f2997468c6]), partition=RANGE (key) PARTITION 805306365 <= VALUES < 1073741820
I20260630 12:34:04.805665  1212 data_dirs.cc:400] Could only allocate 1 dirs of requested 3 for tablet 6cc75dbd0f3943639b08d0963f1255a1. 1 dirs total, 0 dirs full, 0 dirs failed
I20260630 12:34:04.810141  1211 tablet_service.cc:1511] Processing CreateTablet for tablet 7434bb89b4d04ae7a36db450e873db96 (DEFAULT_TABLE table=test-workload [id=54ee49f2241c4fe19e6269f2997468c6]), partition=RANGE (key) PARTITION 1073741820 <= VALUES < 1342177275
I20260630 12:34:04.811576  1211 data_dirs.cc:400] Could only allocate 1 dirs of requested 3 for tablet 7434bb89b4d04ae7a36db450e873db96. 1 dirs total, 0 dirs full, 0 dirs failed
I20260630 12:34:04.816250  1289 tablet_service.cc:1511] Processing CreateTablet for tablet d587d646b4aa454e8fce8fb1ded2780a (DEFAULT_TABLE table=test-workload [id=54ee49f2241c4fe19e6269f2997468c6]), partition=RANGE (key) PARTITION VALUES < 268435455
I20260630 12:34:04.817595  1289 data_dirs.cc:400] Could only allocate 1 dirs of requested 3 for tablet d587d646b4aa454e8fce8fb1ded2780a. 1 dirs total, 0 dirs full, 0 dirs failed
I20260630 12:34:04.820459  1210 tablet_service.cc:1511] Processing CreateTablet for tablet 006c18458a814a5ea2958c80981c7431 (DEFAULT_TABLE table=test-workload [id=54ee49f2241c4fe19e6269f2997468c6]), partition=RANGE (key) PARTITION 1342177275 <= VALUES < 1610612730
I20260630 12:34:04.821785  1210 data_dirs.cc:400] Could only allocate 1 dirs of requested 3 for tablet 006c18458a814a5ea2958c80981c7431. 1 dirs total, 0 dirs full, 0 dirs failed
I20260630 12:34:04.827648  1213 tablet_service.cc:1511] Processing CreateTablet for tablet d7db748193da466eb0c984571b140c77 (DEFAULT_TABLE table=test-workload [id=54ee49f2241c4fe19e6269f2997468c6]), partition=RANGE (key) PARTITION 1610612730 <= VALUES < 1879048185
I20260630 12:34:04.829419  1213 data_dirs.cc:400] Could only allocate 1 dirs of requested 3 for tablet d7db748193da466eb0c984571b140c77. 1 dirs total, 0 dirs full, 0 dirs failed
I20260630 12:34:04.833528  1288 tablet_service.cc:1511] Processing CreateTablet for tablet 491539f7830b4db2a06aa920c053035d (DEFAULT_TABLE table=test-workload [id=54ee49f2241c4fe19e6269f2997468c6]), partition=RANGE (key) PARTITION 268435455 <= VALUES < 536870910
I20260630 12:34:04.834939  1288 data_dirs.cc:400] Could only allocate 1 dirs of requested 3 for tablet 491539f7830b4db2a06aa920c053035d. 1 dirs total, 0 dirs full, 0 dirs failed
I20260630 12:34:04.846936  1209 tablet_service.cc:1511] Processing CreateTablet for tablet 81d52a319daf4879bc6f6f18cf350b6b (DEFAULT_TABLE table=test-workload [id=54ee49f2241c4fe19e6269f2997468c6]), partition=RANGE (key) PARTITION 1879048185 <= VALUES
I20260630 12:34:04.848316  1209 data_dirs.cc:400] Could only allocate 1 dirs of requested 3 for tablet 81d52a319daf4879bc6f6f18cf350b6b. 1 dirs total, 0 dirs full, 0 dirs failed
I20260630 12:34:04.852711  1287 tablet_service.cc:1511] Processing CreateTablet for tablet d78284bb3a274ed7a68e16f58870f166 (DEFAULT_TABLE table=test-workload [id=54ee49f2241c4fe19e6269f2997468c6]), partition=RANGE (key) PARTITION 536870910 <= VALUES < 805306365
I20260630 12:34:04.854110  1287 data_dirs.cc:400] Could only allocate 1 dirs of requested 3 for tablet d78284bb3a274ed7a68e16f58870f166. 1 dirs total, 0 dirs full, 0 dirs failed
I20260630 12:34:04.868566  1286 tablet_service.cc:1511] Processing CreateTablet for tablet 6cc75dbd0f3943639b08d0963f1255a1 (DEFAULT_TABLE table=test-workload [id=54ee49f2241c4fe19e6269f2997468c6]), partition=RANGE (key) PARTITION 805306365 <= VALUES < 1073741820
I20260630 12:34:04.869978  1286 data_dirs.cc:400] Could only allocate 1 dirs of requested 3 for tablet 6cc75dbd0f3943639b08d0963f1255a1. 1 dirs total, 0 dirs full, 0 dirs failed
I20260630 12:34:04.872136  1285 tablet_service.cc:1511] Processing CreateTablet for tablet 7434bb89b4d04ae7a36db450e873db96 (DEFAULT_TABLE table=test-workload [id=54ee49f2241c4fe19e6269f2997468c6]), partition=RANGE (key) PARTITION 1073741820 <= VALUES < 1342177275
I20260630 12:34:04.873486  1285 data_dirs.cc:400] Could only allocate 1 dirs of requested 3 for tablet 7434bb89b4d04ae7a36db450e873db96. 1 dirs total, 0 dirs full, 0 dirs failed
I20260630 12:34:04.876108  1284 tablet_service.cc:1511] Processing CreateTablet for tablet 006c18458a814a5ea2958c80981c7431 (DEFAULT_TABLE table=test-workload [id=54ee49f2241c4fe19e6269f2997468c6]), partition=RANGE (key) PARTITION 1342177275 <= VALUES < 1610612730
I20260630 12:34:04.877426  1284 data_dirs.cc:400] Could only allocate 1 dirs of requested 3 for tablet 006c18458a814a5ea2958c80981c7431. 1 dirs total, 0 dirs full, 0 dirs failed
I20260630 12:34:04.880110  1283 tablet_service.cc:1511] Processing CreateTablet for tablet d7db748193da466eb0c984571b140c77 (DEFAULT_TABLE table=test-workload [id=54ee49f2241c4fe19e6269f2997468c6]), partition=RANGE (key) PARTITION 1610612730 <= VALUES < 1879048185
I20260630 12:34:04.881494  1283 data_dirs.cc:400] Could only allocate 1 dirs of requested 3 for tablet d7db748193da466eb0c984571b140c77. 1 dirs total, 0 dirs full, 0 dirs failed
I20260630 12:34:04.884094  1282 tablet_service.cc:1511] Processing CreateTablet for tablet 81d52a319daf4879bc6f6f18cf350b6b (DEFAULT_TABLE table=test-workload [id=54ee49f2241c4fe19e6269f2997468c6]), partition=RANGE (key) PARTITION 1879048185 <= VALUES
I20260630 12:34:04.897857  1282 data_dirs.cc:400] Could only allocate 1 dirs of requested 3 for tablet 81d52a319daf4879bc6f6f18cf350b6b. 1 dirs total, 0 dirs full, 0 dirs failed
I20260630 12:34:04.915305  1345 tablet_bootstrap.cc:492] T 491539f7830b4db2a06aa920c053035d P 3ec3bed0965b4f38b5f424af990064d2: Bootstrap starting.
I20260630 12:34:04.922739  1344 tablet_bootstrap.cc:492] T d587d646b4aa454e8fce8fb1ded2780a P be4881d009784e91909a0d7f6a081479: Bootstrap starting.
I20260630 12:34:04.923274  1345 tablet_bootstrap.cc:654] T 491539f7830b4db2a06aa920c053035d P 3ec3bed0965b4f38b5f424af990064d2: Neither blocks nor log segments found. Creating new log.
I20260630 12:34:04.928110  1139 tablet_service.cc:1511] Processing CreateTablet for tablet 491539f7830b4db2a06aa920c053035d (DEFAULT_TABLE table=test-workload [id=54ee49f2241c4fe19e6269f2997468c6]), partition=RANGE (key) PARTITION 268435455 <= VALUES < 536870910
I20260630 12:34:04.929509  1139 data_dirs.cc:400] Could only allocate 1 dirs of requested 3 for tablet 491539f7830b4db2a06aa920c053035d. 1 dirs total, 0 dirs full, 0 dirs failed
I20260630 12:34:04.930563  1344 tablet_bootstrap.cc:654] T d587d646b4aa454e8fce8fb1ded2780a P be4881d009784e91909a0d7f6a081479: Neither blocks nor log segments found. Creating new log.
I20260630 12:34:04.932166  1138 tablet_service.cc:1511] Processing CreateTablet for tablet d78284bb3a274ed7a68e16f58870f166 (DEFAULT_TABLE table=test-workload [id=54ee49f2241c4fe19e6269f2997468c6]), partition=RANGE (key) PARTITION 536870910 <= VALUES < 805306365
I20260630 12:34:04.933501  1138 data_dirs.cc:400] Could only allocate 1 dirs of requested 3 for tablet d78284bb3a274ed7a68e16f58870f166. 1 dirs total, 0 dirs full, 0 dirs failed
I20260630 12:34:04.936118  1137 tablet_service.cc:1511] Processing CreateTablet for tablet 6cc75dbd0f3943639b08d0963f1255a1 (DEFAULT_TABLE table=test-workload [id=54ee49f2241c4fe19e6269f2997468c6]), partition=RANGE (key) PARTITION 805306365 <= VALUES < 1073741820
I20260630 12:34:04.937304  1345 tablet_bootstrap.cc:492] T 491539f7830b4db2a06aa920c053035d P 3ec3bed0965b4f38b5f424af990064d2: No bootstrap required, opened a new log
I20260630 12:34:04.937448  1137 data_dirs.cc:400] Could only allocate 1 dirs of requested 3 for tablet 6cc75dbd0f3943639b08d0963f1255a1. 1 dirs total, 0 dirs full, 0 dirs failed
I20260630 12:34:04.937750  1345 ts_tablet_manager.cc:1403] T 491539f7830b4db2a06aa920c053035d P 3ec3bed0965b4f38b5f424af990064d2: Time spent bootstrapping tablet: real 0.023s	user 0.004s	sys 0.013s
I20260630 12:34:04.938354  1344 tablet_bootstrap.cc:492] T d587d646b4aa454e8fce8fb1ded2780a P be4881d009784e91909a0d7f6a081479: No bootstrap required, opened a new log
I20260630 12:34:04.939081  1344 ts_tablet_manager.cc:1403] T d587d646b4aa454e8fce8fb1ded2780a P be4881d009784e91909a0d7f6a081479: Time spent bootstrapping tablet: real 0.017s	user 0.006s	sys 0.008s
I20260630 12:34:04.940354  1136 tablet_service.cc:1511] Processing CreateTablet for tablet 7434bb89b4d04ae7a36db450e873db96 (DEFAULT_TABLE table=test-workload [id=54ee49f2241c4fe19e6269f2997468c6]), partition=RANGE (key) PARTITION 1073741820 <= VALUES < 1342177275
I20260630 12:34:04.941151  1134 tablet_service.cc:1511] Processing CreateTablet for tablet d7db748193da466eb0c984571b140c77 (DEFAULT_TABLE table=test-workload [id=54ee49f2241c4fe19e6269f2997468c6]), partition=RANGE (key) PARTITION 1610612730 <= VALUES < 1879048185
I20260630 12:34:04.941879  1136 data_dirs.cc:400] Could only allocate 1 dirs of requested 3 for tablet 7434bb89b4d04ae7a36db450e873db96. 1 dirs total, 0 dirs full, 0 dirs failed
I20260630 12:34:04.941569  1345 raft_consensus.cc:359] T 491539f7830b4db2a06aa920c053035d P 3ec3bed0965b4f38b5f424af990064d2 [term 0 FOLLOWER]: Replica starting. Triggering 0 pending ops. Active config: opid_index: -1 OBSOLETE_local: false peers { permanent_uuid: "92dd6ffce6e34c6d97b2c8743ca83353" member_type: VOTER last_known_addr { host: "127.0.120.1" port: 41609 } } peers { permanent_uuid: "be4881d009784e91909a0d7f6a081479" member_type: VOTER last_known_addr { host: "127.0.120.2" port: 42905 } } peers { permanent_uuid: "3ec3bed0965b4f38b5f424af990064d2" member_type: VOTER last_known_addr { host: "127.0.120.3" port: 32845 } }
I20260630 12:34:04.942335  1345 raft_consensus.cc:385] T 491539f7830b4db2a06aa920c053035d P 3ec3bed0965b4f38b5f424af990064d2 [term 0 FOLLOWER]: Consensus starting up: Expiring failure detector timer to make a prompt election more likely
I20260630 12:34:04.942605  1134 data_dirs.cc:400] Could only allocate 1 dirs of requested 3 for tablet d7db748193da466eb0c984571b140c77. 1 dirs total, 0 dirs full, 0 dirs failed
I20260630 12:34:04.942679  1345 raft_consensus.cc:740] T 491539f7830b4db2a06aa920c053035d P 3ec3bed0965b4f38b5f424af990064d2 [term 0 FOLLOWER]: Becoming Follower/Learner. State: Replica: 3ec3bed0965b4f38b5f424af990064d2, State: Initialized, Role: FOLLOWER
I20260630 12:34:04.943233  1135 tablet_service.cc:1511] Processing CreateTablet for tablet 006c18458a814a5ea2958c80981c7431 (DEFAULT_TABLE table=test-workload [id=54ee49f2241c4fe19e6269f2997468c6]), partition=RANGE (key) PARTITION 1342177275 <= VALUES < 1610612730
I20260630 12:34:04.944562  1135 data_dirs.cc:400] Could only allocate 1 dirs of requested 3 for tablet 006c18458a814a5ea2958c80981c7431. 1 dirs total, 0 dirs full, 0 dirs failed
I20260630 12:34:04.926474  1140 tablet_service.cc:1511] Processing CreateTablet for tablet d587d646b4aa454e8fce8fb1ded2780a (DEFAULT_TABLE table=test-workload [id=54ee49f2241c4fe19e6269f2997468c6]), partition=RANGE (key) PARTITION VALUES < 268435455
I20260630 12:34:04.943907  1345 consensus_queue.cc:260] T 491539f7830b4db2a06aa920c053035d P 3ec3bed0965b4f38b5f424af990064d2 [NON_LEADER]: Queue going to NON_LEADER mode. State: All replicated index: 0, Majority replicated index: 0, Committed index: 0, Last appended: 0.0, Last appended by leader: 0, Current term: 0, Majority size: -1, State: 0, Mode: NON_LEADER, active raft config: opid_index: -1 OBSOLETE_local: false peers { permanent_uuid: "92dd6ffce6e34c6d97b2c8743ca83353" member_type: VOTER last_known_addr { host: "127.0.120.1" port: 41609 } } peers { permanent_uuid: "be4881d009784e91909a0d7f6a081479" member_type: VOTER last_known_addr { host: "127.0.120.2" port: 42905 } } peers { permanent_uuid: "3ec3bed0965b4f38b5f424af990064d2" member_type: VOTER last_known_addr { host: "127.0.120.3" port: 32845 } }
I20260630 12:34:04.948015  1140 data_dirs.cc:400] Could only allocate 1 dirs of requested 3 for tablet d587d646b4aa454e8fce8fb1ded2780a. 1 dirs total, 0 dirs full, 0 dirs failed
I20260630 12:34:04.948335  1133 tablet_service.cc:1511] Processing CreateTablet for tablet 81d52a319daf4879bc6f6f18cf350b6b (DEFAULT_TABLE table=test-workload [id=54ee49f2241c4fe19e6269f2997468c6]), partition=RANGE (key) PARTITION 1879048185 <= VALUES
I20260630 12:34:04.949779  1133 data_dirs.cc:400] Could only allocate 1 dirs of requested 3 for tablet 81d52a319daf4879bc6f6f18cf350b6b. 1 dirs total, 0 dirs full, 0 dirs failed
I20260630 12:34:04.941876  1344 raft_consensus.cc:359] T d587d646b4aa454e8fce8fb1ded2780a P be4881d009784e91909a0d7f6a081479 [term 0 FOLLOWER]: Replica starting. Triggering 0 pending ops. Active config: opid_index: -1 OBSOLETE_local: false peers { permanent_uuid: "be4881d009784e91909a0d7f6a081479" member_type: VOTER last_known_addr { host: "127.0.120.2" port: 42905 } } peers { permanent_uuid: "3ec3bed0965b4f38b5f424af990064d2" member_type: VOTER last_known_addr { host: "127.0.120.3" port: 32845 } } peers { permanent_uuid: "92dd6ffce6e34c6d97b2c8743ca83353" member_type: VOTER last_known_addr { host: "127.0.120.1" port: 41609 } }
I20260630 12:34:05.003513  1344 raft_consensus.cc:385] T d587d646b4aa454e8fce8fb1ded2780a P be4881d009784e91909a0d7f6a081479 [term 0 FOLLOWER]: Consensus starting up: Expiring failure detector timer to make a prompt election more likely
I20260630 12:34:05.012991  1349 tablet_bootstrap.cc:492] T d7db748193da466eb0c984571b140c77 P 92dd6ffce6e34c6d97b2c8743ca83353: Bootstrap starting.
I20260630 12:34:05.019701  1349 tablet_bootstrap.cc:654] T d7db748193da466eb0c984571b140c77 P 92dd6ffce6e34c6d97b2c8743ca83353: Neither blocks nor log segments found. Creating new log.
I20260630 12:34:05.011817  1344 raft_consensus.cc:740] T d587d646b4aa454e8fce8fb1ded2780a P be4881d009784e91909a0d7f6a081479 [term 0 FOLLOWER]: Becoming Follower/Learner. State: Replica: be4881d009784e91909a0d7f6a081479, State: Initialized, Role: FOLLOWER
I20260630 12:34:05.022497  1344 consensus_queue.cc:260] T d587d646b4aa454e8fce8fb1ded2780a P be4881d009784e91909a0d7f6a081479 [NON_LEADER]: Queue going to NON_LEADER mode. State: All replicated index: 0, Majority replicated index: 0, Committed index: 0, Last appended: 0.0, Last appended by leader: 0, Current term: 0, Majority size: -1, State: 0, Mode: NON_LEADER, active raft config: opid_index: -1 OBSOLETE_local: false peers { permanent_uuid: "be4881d009784e91909a0d7f6a081479" member_type: VOTER last_known_addr { host: "127.0.120.2" port: 42905 } } peers { permanent_uuid: "3ec3bed0965b4f38b5f424af990064d2" member_type: VOTER last_known_addr { host: "127.0.120.3" port: 32845 } } peers { permanent_uuid: "92dd6ffce6e34c6d97b2c8743ca83353" member_type: VOTER last_known_addr { host: "127.0.120.1" port: 41609 } }
I20260630 12:34:05.024787  1345 ts_tablet_manager.cc:1434] T 491539f7830b4db2a06aa920c053035d P 3ec3bed0965b4f38b5f424af990064d2: Time spent starting tablet: real 0.087s	user 0.015s	sys 0.020s
I20260630 12:34:05.032784  1345 tablet_bootstrap.cc:492] T d587d646b4aa454e8fce8fb1ded2780a P 3ec3bed0965b4f38b5f424af990064d2: Bootstrap starting.
I20260630 12:34:05.038352  1349 tablet_bootstrap.cc:492] T d7db748193da466eb0c984571b140c77 P 92dd6ffce6e34c6d97b2c8743ca83353: No bootstrap required, opened a new log
I20260630 12:34:05.038957  1349 ts_tablet_manager.cc:1403] T d7db748193da466eb0c984571b140c77 P 92dd6ffce6e34c6d97b2c8743ca83353: Time spent bootstrapping tablet: real 0.026s	user 0.012s	sys 0.013s
I20260630 12:34:05.039106  1345 tablet_bootstrap.cc:654] T d587d646b4aa454e8fce8fb1ded2780a P 3ec3bed0965b4f38b5f424af990064d2: Neither blocks nor log segments found. Creating new log.
I20260630 12:34:05.040470  1344 ts_tablet_manager.cc:1434] T d587d646b4aa454e8fce8fb1ded2780a P be4881d009784e91909a0d7f6a081479: Time spent starting tablet: real 0.101s	user 0.009s	sys 0.000s
I20260630 12:34:05.041886  1349 raft_consensus.cc:359] T d7db748193da466eb0c984571b140c77 P 92dd6ffce6e34c6d97b2c8743ca83353 [term 0 FOLLOWER]: Replica starting. Triggering 0 pending ops. Active config: opid_index: -1 OBSOLETE_local: false peers { permanent_uuid: "92dd6ffce6e34c6d97b2c8743ca83353" member_type: VOTER last_known_addr { host: "127.0.120.1" port: 41609 } } peers { permanent_uuid: "be4881d009784e91909a0d7f6a081479" member_type: VOTER last_known_addr { host: "127.0.120.2" port: 42905 } } peers { permanent_uuid: "3ec3bed0965b4f38b5f424af990064d2" member_type: VOTER last_known_addr { host: "127.0.120.3" port: 32845 } }
I20260630 12:34:05.042745  1349 raft_consensus.cc:385] T d7db748193da466eb0c984571b140c77 P 92dd6ffce6e34c6d97b2c8743ca83353 [term 0 FOLLOWER]: Consensus starting up: Expiring failure detector timer to make a prompt election more likely
I20260630 12:34:05.043125  1349 raft_consensus.cc:740] T d7db748193da466eb0c984571b140c77 P 92dd6ffce6e34c6d97b2c8743ca83353 [term 0 FOLLOWER]: Becoming Follower/Learner. State: Replica: 92dd6ffce6e34c6d97b2c8743ca83353, State: Initialized, Role: FOLLOWER
I20260630 12:34:05.043690  1344 tablet_bootstrap.cc:492] T d78284bb3a274ed7a68e16f58870f166 P be4881d009784e91909a0d7f6a081479: Bootstrap starting.
I20260630 12:34:05.043946  1349 consensus_queue.cc:260] T d7db748193da466eb0c984571b140c77 P 92dd6ffce6e34c6d97b2c8743ca83353 [NON_LEADER]: Queue going to NON_LEADER mode. State: All replicated index: 0, Majority replicated index: 0, Committed index: 0, Last appended: 0.0, Last appended by leader: 0, Current term: 0, Majority size: -1, State: 0, Mode: NON_LEADER, active raft config: opid_index: -1 OBSOLETE_local: false peers { permanent_uuid: "92dd6ffce6e34c6d97b2c8743ca83353" member_type: VOTER last_known_addr { host: "127.0.120.1" port: 41609 } } peers { permanent_uuid: "be4881d009784e91909a0d7f6a081479" member_type: VOTER last_known_addr { host: "127.0.120.2" port: 42905 } } peers { permanent_uuid: "3ec3bed0965b4f38b5f424af990064d2" member_type: VOTER last_known_addr { host: "127.0.120.3" port: 32845 } }
I20260630 12:34:05.050972  1345 tablet_bootstrap.cc:492] T d587d646b4aa454e8fce8fb1ded2780a P 3ec3bed0965b4f38b5f424af990064d2: No bootstrap required, opened a new log
I20260630 12:34:05.051638  1345 ts_tablet_manager.cc:1403] T d587d646b4aa454e8fce8fb1ded2780a P 3ec3bed0965b4f38b5f424af990064d2: Time spent bootstrapping tablet: real 0.019s	user 0.011s	sys 0.006s
I20260630 12:34:05.052150  1344 tablet_bootstrap.cc:654] T d78284bb3a274ed7a68e16f58870f166 P be4881d009784e91909a0d7f6a081479: Neither blocks nor log segments found. Creating new log.
I20260630 12:34:05.054682  1345 raft_consensus.cc:359] T d587d646b4aa454e8fce8fb1ded2780a P 3ec3bed0965b4f38b5f424af990064d2 [term 0 FOLLOWER]: Replica starting. Triggering 0 pending ops. Active config: opid_index: -1 OBSOLETE_local: false peers { permanent_uuid: "be4881d009784e91909a0d7f6a081479" member_type: VOTER last_known_addr { host: "127.0.120.2" port: 42905 } } peers { permanent_uuid: "3ec3bed0965b4f38b5f424af990064d2" member_type: VOTER last_known_addr { host: "127.0.120.3" port: 32845 } } peers { permanent_uuid: "92dd6ffce6e34c6d97b2c8743ca83353" member_type: VOTER last_known_addr { host: "127.0.120.1" port: 41609 } }
