I20260630 12:36:01.686543  5181 consensus_queue.cc:260] T 8c7425ef9d00478e856cc98d7e3fea2d P 3dceda7a82fc47af83a6d0438fc2e85d [NON_LEADER]: Queue going to NON_LEADER mode. State: All replicated index: 0, Majority replicated index: 0, Committed index: 0, Last appended: 0.0, Last appended by leader: 0, Current term: 0, Majority size: -1, State: 0, Mode: NON_LEADER, active raft config: opid_index: -1 OBSOLETE_local: false peers { permanent_uuid: "3dceda7a82fc47af83a6d0438fc2e85d" member_type: VOTER last_known_addr { host: "127.0.120.1" port: 39311 } } peers { permanent_uuid: "f61c53b8c3814c469dcb7f283a395fa8" member_type: VOTER last_known_addr { host: "127.0.120.2" port: 40031 } } peers { permanent_uuid: "91a2bbf7c1434c41928014535a3ee608" member_type: VOTER last_known_addr { host: "127.0.120.3" port: 39685 } }
I20260630 12:36:01.686848  5180 consensus_queue.cc:260] T 3c1a1f1885b141329c1026abdbba3acb P f61c53b8c3814c469dcb7f283a395fa8 [NON_LEADER]: Queue going to NON_LEADER mode. State: All replicated index: 0, Majority replicated index: 0, Committed index: 0, Last appended: 0.0, Last appended by leader: 0, Current term: 0, Majority size: -1, State: 0, Mode: NON_LEADER, active raft config: opid_index: -1 OBSOLETE_local: false peers { permanent_uuid: "91a2bbf7c1434c41928014535a3ee608" member_type: VOTER last_known_addr { host: "127.0.120.3" port: 39685 } } peers { permanent_uuid: "3dceda7a82fc47af83a6d0438fc2e85d" member_type: VOTER last_known_addr { host: "127.0.120.1" port: 39311 } } peers { permanent_uuid: "f61c53b8c3814c469dcb7f283a395fa8" member_type: VOTER last_known_addr { host: "127.0.120.2" port: 40031 } }
I20260630 12:36:01.692835  5179 ts_tablet_manager.cc:1434] T e73a1dbc9f9e4d9faff3b5c4aaed6cea P 91a2bbf7c1434c41928014535a3ee608: Time spent starting tablet: real 0.078s	user 0.009s	sys 0.000s
I20260630 12:36:01.694360  5179 tablet_bootstrap.cc:492] T 8c7425ef9d00478e856cc98d7e3fea2d P 91a2bbf7c1434c41928014535a3ee608: Bootstrap starting.
I20260630 12:36:01.694785  5180 ts_tablet_manager.cc:1434] T 3c1a1f1885b141329c1026abdbba3acb P f61c53b8c3814c469dcb7f283a395fa8: Time spent starting tablet: real 0.021s	user 0.008s	sys 0.003s
I20260630 12:36:01.696889  5180 tablet_bootstrap.cc:492] T e73a1dbc9f9e4d9faff3b5c4aaed6cea P f61c53b8c3814c469dcb7f283a395fa8: Bootstrap starting.
I20260630 12:36:01.706169  5179 tablet_bootstrap.cc:654] T 8c7425ef9d00478e856cc98d7e3fea2d P 91a2bbf7c1434c41928014535a3ee608: Neither blocks nor log segments found. Creating new log.
I20260630 12:36:01.702841  5180 tablet_bootstrap.cc:654] T e73a1dbc9f9e4d9faff3b5c4aaed6cea P f61c53b8c3814c469dcb7f283a395fa8: Neither blocks nor log segments found. Creating new log.
I20260630 12:36:01.709832  5181 ts_tablet_manager.cc:1434] T 8c7425ef9d00478e856cc98d7e3fea2d P 3dceda7a82fc47af83a6d0438fc2e85d: Time spent starting tablet: real 0.032s	user 0.011s	sys 0.015s
I20260630 12:36:01.711205  5181 tablet_bootstrap.cc:492] T 3c1a1f1885b141329c1026abdbba3acb P 3dceda7a82fc47af83a6d0438fc2e85d: Bootstrap starting.
I20260630 12:36:01.720836  5181 tablet_bootstrap.cc:654] T 3c1a1f1885b141329c1026abdbba3acb P 3dceda7a82fc47af83a6d0438fc2e85d: Neither blocks nor log segments found. Creating new log.
I20260630 12:36:01.736908  5181 tablet_bootstrap.cc:492] T 3c1a1f1885b141329c1026abdbba3acb P 3dceda7a82fc47af83a6d0438fc2e85d: No bootstrap required, opened a new log
I20260630 12:36:01.737500  5181 ts_tablet_manager.cc:1403] T 3c1a1f1885b141329c1026abdbba3acb P 3dceda7a82fc47af83a6d0438fc2e85d: Time spent bootstrapping tablet: real 0.027s	user 0.014s	sys 0.007s
I20260630 12:36:01.737530  5180 tablet_bootstrap.cc:492] T e73a1dbc9f9e4d9faff3b5c4aaed6cea P f61c53b8c3814c469dcb7f283a395fa8: No bootstrap required, opened a new log
I20260630 12:36:01.738157  5180 ts_tablet_manager.cc:1403] T e73a1dbc9f9e4d9faff3b5c4aaed6cea P f61c53b8c3814c469dcb7f283a395fa8: Time spent bootstrapping tablet: real 0.042s	user 0.013s	sys 0.021s
I20260630 12:36:01.738546  5179 tablet_bootstrap.cc:492] T 8c7425ef9d00478e856cc98d7e3fea2d P 91a2bbf7c1434c41928014535a3ee608: No bootstrap required, opened a new log
I20260630 12:36:01.739069  5179 ts_tablet_manager.cc:1403] T 8c7425ef9d00478e856cc98d7e3fea2d P 91a2bbf7c1434c41928014535a3ee608: Time spent bootstrapping tablet: real 0.045s	user 0.023s	sys 0.014s
I20260630 12:36:01.740619  5180 raft_consensus.cc:359] T e73a1dbc9f9e4d9faff3b5c4aaed6cea P f61c53b8c3814c469dcb7f283a395fa8 [term 0 FOLLOWER]: Replica starting. Triggering 0 pending ops. Active config: opid_index: -1 OBSOLETE_local: false peers { permanent_uuid: "3dceda7a82fc47af83a6d0438fc2e85d" member_type: VOTER last_known_addr { host: "127.0.120.1" port: 39311 } } peers { permanent_uuid: "f61c53b8c3814c469dcb7f283a395fa8" member_type: VOTER last_known_addr { host: "127.0.120.2" port: 40031 } } peers { permanent_uuid: "91a2bbf7c1434c41928014535a3ee608" member_type: VOTER last_known_addr { host: "127.0.120.3" port: 39685 } }
I20260630 12:36:01.741245  5180 raft_consensus.cc:385] T e73a1dbc9f9e4d9faff3b5c4aaed6cea P f61c53b8c3814c469dcb7f283a395fa8 [term 0 FOLLOWER]: Consensus starting up: Expiring failure detector timer to make a prompt election more likely
I20260630 12:36:01.741662  5180 raft_consensus.cc:740] T e73a1dbc9f9e4d9faff3b5c4aaed6cea P f61c53b8c3814c469dcb7f283a395fa8 [term 0 FOLLOWER]: Becoming Follower/Learner. State: Replica: f61c53b8c3814c469dcb7f283a395fa8, State: Initialized, Role: FOLLOWER
I20260630 12:36:01.741129  5181 raft_consensus.cc:359] T 3c1a1f1885b141329c1026abdbba3acb P 3dceda7a82fc47af83a6d0438fc2e85d [term 0 FOLLOWER]: Replica starting. Triggering 0 pending ops. Active config: opid_index: -1 OBSOLETE_local: false peers { permanent_uuid: "91a2bbf7c1434c41928014535a3ee608" member_type: VOTER last_known_addr { host: "127.0.120.3" port: 39685 } } peers { permanent_uuid: "3dceda7a82fc47af83a6d0438fc2e85d" member_type: VOTER last_known_addr { host: "127.0.120.1" port: 39311 } } peers { permanent_uuid: "f61c53b8c3814c469dcb7f283a395fa8" member_type: VOTER last_known_addr { host: "127.0.120.2" port: 40031 } }
I20260630 12:36:01.742130  5181 raft_consensus.cc:385] T 3c1a1f1885b141329c1026abdbba3acb P 3dceda7a82fc47af83a6d0438fc2e85d [term 0 FOLLOWER]: Consensus starting up: Expiring failure detector timer to make a prompt election more likely
I20260630 12:36:01.742487  5181 raft_consensus.cc:740] T 3c1a1f1885b141329c1026abdbba3acb P 3dceda7a82fc47af83a6d0438fc2e85d [term 0 FOLLOWER]: Becoming Follower/Learner. State: Replica: 3dceda7a82fc47af83a6d0438fc2e85d, State: Initialized, Role: FOLLOWER
I20260630 12:36:01.742627  5179 raft_consensus.cc:359] T 8c7425ef9d00478e856cc98d7e3fea2d P 91a2bbf7c1434c41928014535a3ee608 [term 0 FOLLOWER]: Replica starting. Triggering 0 pending ops. Active config: opid_index: -1 OBSOLETE_local: false peers { permanent_uuid: "3dceda7a82fc47af83a6d0438fc2e85d" member_type: VOTER last_known_addr { host: "127.0.120.1" port: 39311 } } peers { permanent_uuid: "f61c53b8c3814c469dcb7f283a395fa8" member_type: VOTER last_known_addr { host: "127.0.120.2" port: 40031 } } peers { permanent_uuid: "91a2bbf7c1434c41928014535a3ee608" member_type: VOTER last_known_addr { host: "127.0.120.3" port: 39685 } }
I20260630 12:36:01.742499  5180 consensus_queue.cc:260] T e73a1dbc9f9e4d9faff3b5c4aaed6cea P f61c53b8c3814c469dcb7f283a395fa8 [NON_LEADER]: Queue going to NON_LEADER mode. State: All replicated index: 0, Majority replicated index: 0, Committed index: 0, Last appended: 0.0, Last appended by leader: 0, Current term: 0, Majority size: -1, State: 0, Mode: NON_LEADER, active raft config: opid_index: -1 OBSOLETE_local: false peers { permanent_uuid: "3dceda7a82fc47af83a6d0438fc2e85d" member_type: VOTER last_known_addr { host: "127.0.120.1" port: 39311 } } peers { permanent_uuid: "f61c53b8c3814c469dcb7f283a395fa8" member_type: VOTER last_known_addr { host: "127.0.120.2" port: 40031 } } peers { permanent_uuid: "91a2bbf7c1434c41928014535a3ee608" member_type: VOTER last_known_addr { host: "127.0.120.3" port: 39685 } }
I20260630 12:36:01.743544  5179 raft_consensus.cc:385] T 8c7425ef9d00478e856cc98d7e3fea2d P 91a2bbf7c1434c41928014535a3ee608 [term 0 FOLLOWER]: Consensus starting up: Expiring failure detector timer to make a prompt election more likely
I20260630 12:36:01.744028  5179 raft_consensus.cc:740] T 8c7425ef9d00478e856cc98d7e3fea2d P 91a2bbf7c1434c41928014535a3ee608 [term 0 FOLLOWER]: Becoming Follower/Learner. State: Replica: 91a2bbf7c1434c41928014535a3ee608, State: Initialized, Role: FOLLOWER
I20260630 12:36:01.743479  5181 consensus_queue.cc:260] T 3c1a1f1885b141329c1026abdbba3acb P 3dceda7a82fc47af83a6d0438fc2e85d [NON_LEADER]: Queue going to NON_LEADER mode. State: All replicated index: 0, Majority replicated index: 0, Committed index: 0, Last appended: 0.0, Last appended by leader: 0, Current term: 0, Majority size: -1, State: 0, Mode: NON_LEADER, active raft config: opid_index: -1 OBSOLETE_local: false peers { permanent_uuid: "91a2bbf7c1434c41928014535a3ee608" member_type: VOTER last_known_addr { host: "127.0.120.3" port: 39685 } } peers { permanent_uuid: "3dceda7a82fc47af83a6d0438fc2e85d" member_type: VOTER last_known_addr { host: "127.0.120.1" port: 39311 } } peers { permanent_uuid: "f61c53b8c3814c469dcb7f283a395fa8" member_type: VOTER last_known_addr { host: "127.0.120.2" port: 40031 } }
I20260630 12:36:01.745018  5179 consensus_queue.cc:260] T 8c7425ef9d00478e856cc98d7e3fea2d P 91a2bbf7c1434c41928014535a3ee608 [NON_LEADER]: Queue going to NON_LEADER mode. State: All replicated index: 0, Majority replicated index: 0, Committed index: 0, Last appended: 0.0, Last appended by leader: 0, Current term: 0, Majority size: -1, State: 0, Mode: NON_LEADER, active raft config: opid_index: -1 OBSOLETE_local: false peers { permanent_uuid: "3dceda7a82fc47af83a6d0438fc2e85d" member_type: VOTER last_known_addr { host: "127.0.120.1" port: 39311 } } peers { permanent_uuid: "f61c53b8c3814c469dcb7f283a395fa8" member_type: VOTER last_known_addr { host: "127.0.120.2" port: 40031 } } peers { permanent_uuid: "91a2bbf7c1434c41928014535a3ee608" member_type: VOTER last_known_addr { host: "127.0.120.3" port: 39685 } }
I20260630 12:36:01.746042  5181 ts_tablet_manager.cc:1434] T 3c1a1f1885b141329c1026abdbba3acb P 3dceda7a82fc47af83a6d0438fc2e85d: Time spent starting tablet: real 0.008s	user 0.006s	sys 0.003s
I20260630 12:36:01.747097  5181 tablet_bootstrap.cc:492] T d0905e33f3424b8ebd1cd3d73f674ff1 P 3dceda7a82fc47af83a6d0438fc2e85d: Bootstrap starting.
I20260630 12:36:01.747393  5179 ts_tablet_manager.cc:1434] T 8c7425ef9d00478e856cc98d7e3fea2d P 91a2bbf7c1434c41928014535a3ee608: Time spent starting tablet: real 0.008s	user 0.006s	sys 0.002s
I20260630 12:36:01.751678  5179 tablet_bootstrap.cc:492] T c59b963dbc4943cfba17dffd42772430 P 91a2bbf7c1434c41928014535a3ee608: Bootstrap starting.
I20260630 12:36:01.753783  5181 tablet_bootstrap.cc:654] T d0905e33f3424b8ebd1cd3d73f674ff1 P 3dceda7a82fc47af83a6d0438fc2e85d: Neither blocks nor log segments found. Creating new log.
I20260630 12:36:01.757654  5180 ts_tablet_manager.cc:1434] T e73a1dbc9f9e4d9faff3b5c4aaed6cea P f61c53b8c3814c469dcb7f283a395fa8: Time spent starting tablet: real 0.019s	user 0.007s	sys 0.000s
I20260630 12:36:01.759140  5179 tablet_bootstrap.cc:654] T c59b963dbc4943cfba17dffd42772430 P 91a2bbf7c1434c41928014535a3ee608: Neither blocks nor log segments found. Creating new log.
I20260630 12:36:01.759189  5180 tablet_bootstrap.cc:492] T a840357ab0264532a46b0036c2885f75 P f61c53b8c3814c469dcb7f283a395fa8: Bootstrap starting.
I20260630 12:36:01.768898  5180 tablet_bootstrap.cc:654] T a840357ab0264532a46b0036c2885f75 P f61c53b8c3814c469dcb7f283a395fa8: Neither blocks nor log segments found. Creating new log.
I20260630 12:36:01.772962  5179 tablet_bootstrap.cc:492] T c59b963dbc4943cfba17dffd42772430 P 91a2bbf7c1434c41928014535a3ee608: No bootstrap required, opened a new log
I20260630 12:36:01.773581  5179 ts_tablet_manager.cc:1403] T c59b963dbc4943cfba17dffd42772430 P 91a2bbf7c1434c41928014535a3ee608: Time spent bootstrapping tablet: real 0.022s	user 0.006s	sys 0.015s
I20260630 12:36:01.776737  5179 raft_consensus.cc:359] T c59b963dbc4943cfba17dffd42772430 P 91a2bbf7c1434c41928014535a3ee608 [term 0 FOLLOWER]: Replica starting. Triggering 0 pending ops. Active config: opid_index: -1 OBSOLETE_local: false peers { permanent_uuid: "3dceda7a82fc47af83a6d0438fc2e85d" member_type: VOTER last_known_addr { host: "127.0.120.1" port: 39311 } } peers { permanent_uuid: "f61c53b8c3814c469dcb7f283a395fa8" member_type: VOTER last_known_addr { host: "127.0.120.2" port: 40031 } } peers { permanent_uuid: "91a2bbf7c1434c41928014535a3ee608" member_type: VOTER last_known_addr { host: "127.0.120.3" port: 39685 } }
I20260630 12:36:01.777534  5179 raft_consensus.cc:385] T c59b963dbc4943cfba17dffd42772430 P 91a2bbf7c1434c41928014535a3ee608 [term 0 FOLLOWER]: Consensus starting up: Expiring failure detector timer to make a prompt election more likely
I20260630 12:36:01.777853  5179 raft_consensus.cc:740] T c59b963dbc4943cfba17dffd42772430 P 91a2bbf7c1434c41928014535a3ee608 [term 0 FOLLOWER]: Becoming Follower/Learner. State: Replica: 91a2bbf7c1434c41928014535a3ee608, State: Initialized, Role: FOLLOWER
I20260630 12:36:01.778926  5179 consensus_queue.cc:260] T c59b963dbc4943cfba17dffd42772430 P 91a2bbf7c1434c41928014535a3ee608 [NON_LEADER]: Queue going to NON_LEADER mode. State: All replicated index: 0, Majority replicated index: 0, Committed index: 0, Last appended: 0.0, Last appended by leader: 0, Current term: 0, Majority size: -1, State: 0, Mode: NON_LEADER, active raft config: opid_index: -1 OBSOLETE_local: false peers { permanent_uuid: "3dceda7a82fc47af83a6d0438fc2e85d" member_type: VOTER last_known_addr { host: "127.0.120.1" port: 39311 } } peers { permanent_uuid: "f61c53b8c3814c469dcb7f283a395fa8" member_type: VOTER last_known_addr { host: "127.0.120.2" port: 40031 } } peers { permanent_uuid: "91a2bbf7c1434c41928014535a3ee608" member_type: VOTER last_known_addr { host: "127.0.120.3" port: 39685 } }
I20260630 12:36:01.783599  5179 ts_tablet_manager.cc:1434] T c59b963dbc4943cfba17dffd42772430 P 91a2bbf7c1434c41928014535a3ee608: Time spent starting tablet: real 0.010s	user 0.007s	sys 0.000s
I20260630 12:36:01.784274  5181 tablet_bootstrap.cc:492] T d0905e33f3424b8ebd1cd3d73f674ff1 P 3dceda7a82fc47af83a6d0438fc2e85d: No bootstrap required, opened a new log
I20260630 12:36:01.785005  5179 tablet_bootstrap.cc:492] T 3c1a1f1885b141329c1026abdbba3acb P 91a2bbf7c1434c41928014535a3ee608: Bootstrap starting.
I20260630 12:36:01.785034  5181 ts_tablet_manager.cc:1403] T d0905e33f3424b8ebd1cd3d73f674ff1 P 3dceda7a82fc47af83a6d0438fc2e85d: Time spent bootstrapping tablet: real 0.038s	user 0.028s	sys 0.007s
I20260630 12:36:01.790174  5181 raft_consensus.cc:359] T d0905e33f3424b8ebd1cd3d73f674ff1 P 3dceda7a82fc47af83a6d0438fc2e85d [term 0 FOLLOWER]: Replica starting. Triggering 0 pending ops. Active config: opid_index: -1 OBSOLETE_local: false peers { permanent_uuid: "3dceda7a82fc47af83a6d0438fc2e85d" member_type: VOTER last_known_addr { host: "127.0.120.1" port: 39311 } } peers { permanent_uuid: "f61c53b8c3814c469dcb7f283a395fa8" member_type: VOTER last_known_addr { host: "127.0.120.2" port: 40031 } } peers { permanent_uuid: "91a2bbf7c1434c41928014535a3ee608" member_type: VOTER last_known_addr { host: "127.0.120.3" port: 39685 } }
I20260630 12:36:01.790925  5181 raft_consensus.cc:385] T d0905e33f3424b8ebd1cd3d73f674ff1 P 3dceda7a82fc47af83a6d0438fc2e85d [term 0 FOLLOWER]: Consensus starting up: Expiring failure detector timer to make a prompt election more likely
I20260630 12:36:01.791340  5181 raft_consensus.cc:740] T d0905e33f3424b8ebd1cd3d73f674ff1 P 3dceda7a82fc47af83a6d0438fc2e85d [term 0 FOLLOWER]: Becoming Follower/Learner. State: Replica: 3dceda7a82fc47af83a6d0438fc2e85d, State: Initialized, Role: FOLLOWER
I20260630 12:36:01.792308  5181 consensus_queue.cc:260] T d0905e33f3424b8ebd1cd3d73f674ff1 P 3dceda7a82fc47af83a6d0438fc2e85d [NON_LEADER]: Queue going to NON_LEADER mode. State: All replicated index: 0, Majority replicated index: 0, Committed index: 0, Last appended: 0.0, Last appended by leader: 0, Current term: 0, Majority size: -1, State: 0, Mode: NON_LEADER, active raft config: opid_index: -1 OBSOLETE_local: false peers { permanent_uuid: "3dceda7a82fc47af83a6d0438fc2e85d" member_type: VOTER last_known_addr { host: "127.0.120.1" port: 39311 } } peers { permanent_uuid: "f61c53b8c3814c469dcb7f283a395fa8" member_type: VOTER last_known_addr { host: "127.0.120.2" port: 40031 } } peers { permanent_uuid: "91a2bbf7c1434c41928014535a3ee608" member_type: VOTER last_known_addr { host: "127.0.120.3" port: 39685 } }
I20260630 12:36:01.793221  5180 tablet_bootstrap.cc:492] T a840357ab0264532a46b0036c2885f75 P f61c53b8c3814c469dcb7f283a395fa8: No bootstrap required, opened a new log
I20260630 12:36:01.793936  5180 ts_tablet_manager.cc:1403] T a840357ab0264532a46b0036c2885f75 P f61c53b8c3814c469dcb7f283a395fa8: Time spent bootstrapping tablet: real 0.035s	user 0.015s	sys 0.019s
I20260630 12:36:01.796783  5179 tablet_bootstrap.cc:654] T 3c1a1f1885b141329c1026abdbba3acb P 91a2bbf7c1434c41928014535a3ee608: Neither blocks nor log segments found. Creating new log.
I20260630 12:36:01.797861  5181 ts_tablet_manager.cc:1434] T d0905e33f3424b8ebd1cd3d73f674ff1 P 3dceda7a82fc47af83a6d0438fc2e85d: Time spent starting tablet: real 0.012s	user 0.008s	sys 0.000s
W20260630 12:36:01.798667  4932 auto_rebalancer.cc:298] Could not retrieve cluster info: Service unavailable: Tablet not running
I20260630 12:36:01.799140  5181 tablet_bootstrap.cc:492] T a840357ab0264532a46b0036c2885f75 P 3dceda7a82fc47af83a6d0438fc2e85d: Bootstrap starting.
I20260630 12:36:01.800042  5180 raft_consensus.cc:359] T a840357ab0264532a46b0036c2885f75 P f61c53b8c3814c469dcb7f283a395fa8 [term 0 FOLLOWER]: Replica starting. Triggering 0 pending ops. Active config: opid_index: -1 OBSOLETE_local: false peers { permanent_uuid: "3dceda7a82fc47af83a6d0438fc2e85d" member_type: VOTER last_known_addr { host: "127.0.120.1" port: 39311 } } peers { permanent_uuid: "f61c53b8c3814c469dcb7f283a395fa8" member_type: VOTER last_known_addr { host: "127.0.120.2" port: 40031 } } peers { permanent_uuid: "91a2bbf7c1434c41928014535a3ee608" member_type: VOTER last_known_addr { host: "127.0.120.3" port: 39685 } }
I20260630 12:36:01.801326  5180 raft_consensus.cc:385] T a840357ab0264532a46b0036c2885f75 P f61c53b8c3814c469dcb7f283a395fa8 [term 0 FOLLOWER]: Consensus starting up: Expiring failure detector timer to make a prompt election more likely
I20260630 12:36:01.801841  5180 raft_consensus.cc:740] T a840357ab0264532a46b0036c2885f75 P f61c53b8c3814c469dcb7f283a395fa8 [term 0 FOLLOWER]: Becoming Follower/Learner. State: Replica: f61c53b8c3814c469dcb7f283a395fa8, State: Initialized, Role: FOLLOWER
I20260630 12:36:01.802928  5180 consensus_queue.cc:260] T a840357ab0264532a46b0036c2885f75 P f61c53b8c3814c469dcb7f283a395fa8 [NON_LEADER]: Queue going to NON_LEADER mode. State: All replicated index: 0, Majority replicated index: 0, Committed index: 0, Last appended: 0.0, Last appended by leader: 0, Current term: 0, Majority size: -1, State: 0, Mode: NON_LEADER, active raft config: opid_index: -1 OBSOLETE_local: false peers { permanent_uuid: "3dceda7a82fc47af83a6d0438fc2e85d" member_type: VOTER last_known_addr { host: "127.0.120.1" port: 39311 } } peers { permanent_uuid: "f61c53b8c3814c469dcb7f283a395fa8" member_type: VOTER last_known_addr { host: "127.0.120.2" port: 40031 } } peers { permanent_uuid: "91a2bbf7c1434c41928014535a3ee608" member_type: VOTER last_known_addr { host: "127.0.120.3" port: 39685 } }
I20260630 12:36:01.806771  5181 tablet_bootstrap.cc:654] T a840357ab0264532a46b0036c2885f75 P 3dceda7a82fc47af83a6d0438fc2e85d: Neither blocks nor log segments found. Creating new log.
I20260630 12:36:01.810171  5180 ts_tablet_manager.cc:1434] T a840357ab0264532a46b0036c2885f75 P f61c53b8c3814c469dcb7f283a395fa8: Time spent starting tablet: real 0.016s	user 0.007s	sys 0.000s
I20260630 12:36:01.812013  5180 tablet_bootstrap.cc:492] T c59b963dbc4943cfba17dffd42772430 P f61c53b8c3814c469dcb7f283a395fa8: Bootstrap starting.
I20260630 12:36:01.819146  5181 tablet_bootstrap.cc:492] T a840357ab0264532a46b0036c2885f75 P 3dceda7a82fc47af83a6d0438fc2e85d: No bootstrap required, opened a new log
I20260630 12:36:01.819772  5181 ts_tablet_manager.cc:1403] T a840357ab0264532a46b0036c2885f75 P 3dceda7a82fc47af83a6d0438fc2e85d: Time spent bootstrapping tablet: real 0.021s	user 0.004s	sys 0.015s
I20260630 12:36:01.820804  5180 tablet_bootstrap.cc:654] T c59b963dbc4943cfba17dffd42772430 P f61c53b8c3814c469dcb7f283a395fa8: Neither blocks nor log segments found. Creating new log.
I20260630 12:36:01.822583  5185 raft_consensus.cc:493] T c59b963dbc4943cfba17dffd42772430 P 91a2bbf7c1434c41928014535a3ee608 [term 0 FOLLOWER]: Starting pre-election (no leader contacted us within the election timeout)
I20260630 12:36:01.822350  5181 raft_consensus.cc:359] T a840357ab0264532a46b0036c2885f75 P 3dceda7a82fc47af83a6d0438fc2e85d [term 0 FOLLOWER]: Replica starting. Triggering 0 pending ops. Active config: opid_index: -1 OBSOLETE_local: false peers { permanent_uuid: "3dceda7a82fc47af83a6d0438fc2e85d" member_type: VOTER last_known_addr { host: "127.0.120.1" port: 39311 } } peers { permanent_uuid: "f61c53b8c3814c469dcb7f283a395fa8" member_type: VOTER last_known_addr { host: "127.0.120.2" port: 40031 } } peers { permanent_uuid: "91a2bbf7c1434c41928014535a3ee608" member_type: VOTER last_known_addr { host: "127.0.120.3" port: 39685 } }
I20260630 12:36:01.823201  5181 raft_consensus.cc:385] T a840357ab0264532a46b0036c2885f75 P 3dceda7a82fc47af83a6d0438fc2e85d [term 0 FOLLOWER]: Consensus starting up: Expiring failure detector timer to make a prompt election more likely
I20260630 12:36:01.823685  5181 raft_consensus.cc:740] T a840357ab0264532a46b0036c2885f75 P 3dceda7a82fc47af83a6d0438fc2e85d [term 0 FOLLOWER]: Becoming Follower/Learner. State: Replica: 3dceda7a82fc47af83a6d0438fc2e85d, State: Initialized, Role: FOLLOWER
I20260630 12:36:01.823168  5185 raft_consensus.cc:515] T c59b963dbc4943cfba17dffd42772430 P 91a2bbf7c1434c41928014535a3ee608 [term 0 FOLLOWER]: Starting pre-election with config: opid_index: -1 OBSOLETE_local: false peers { permanent_uuid: "3dceda7a82fc47af83a6d0438fc2e85d" member_type: VOTER last_known_addr { host: "127.0.120.1" port: 39311 } } peers { permanent_uuid: "f61c53b8c3814c469dcb7f283a395fa8" member_type: VOTER last_known_addr { host: "127.0.120.2" port: 40031 } } peers { permanent_uuid: "91a2bbf7c1434c41928014535a3ee608" member_type: VOTER last_known_addr { host: "127.0.120.3" port: 39685 } }
I20260630 12:36:01.826910  5179 tablet_bootstrap.cc:492] T 3c1a1f1885b141329c1026abdbba3acb P 91a2bbf7c1434c41928014535a3ee608: No bootstrap required, opened a new log
I20260630 12:36:01.827742  5179 ts_tablet_manager.cc:1403] T 3c1a1f1885b141329c1026abdbba3acb P 91a2bbf7c1434c41928014535a3ee608: Time spent bootstrapping tablet: real 0.043s	user 0.021s	sys 0.011s
I20260630 12:36:01.830125  5185 leader_election.cc:290] T c59b963dbc4943cfba17dffd42772430 P 91a2bbf7c1434c41928014535a3ee608 [CANDIDATE]: Term 1 pre-election: Requested pre-vote from peers 3dceda7a82fc47af83a6d0438fc2e85d (127.0.120.1:39311), f61c53b8c3814c469dcb7f283a395fa8 (127.0.120.2:40031)
I20260630 12:36:01.832028  5179 raft_consensus.cc:359] T 3c1a1f1885b141329c1026abdbba3acb P 91a2bbf7c1434c41928014535a3ee608 [term 0 FOLLOWER]: Replica starting. Triggering 0 pending ops. Active config: opid_index: -1 OBSOLETE_local: false peers { permanent_uuid: "91a2bbf7c1434c41928014535a3ee608" member_type: VOTER last_known_addr { host: "127.0.120.3" port: 39685 } } peers { permanent_uuid: "3dceda7a82fc47af83a6d0438fc2e85d" member_type: VOTER last_known_addr { host: "127.0.120.1" port: 39311 } } peers { permanent_uuid: "f61c53b8c3814c469dcb7f283a395fa8" member_type: VOTER last_known_addr { host: "127.0.120.2" port: 40031 } }
I20260630 12:36:01.833139  5179 raft_consensus.cc:385] T 3c1a1f1885b141329c1026abdbba3acb P 91a2bbf7c1434c41928014535a3ee608 [term 0 FOLLOWER]: Consensus starting up: Expiring failure detector timer to make a prompt election more likely
I20260630 12:36:01.833544  5179 raft_consensus.cc:740] T 3c1a1f1885b141329c1026abdbba3acb P 91a2bbf7c1434c41928014535a3ee608 [term 0 FOLLOWER]: Becoming Follower/Learner. State: Replica: 91a2bbf7c1434c41928014535a3ee608, State: Initialized, Role: FOLLOWER
I20260630 12:36:01.834542  5179 consensus_queue.cc:260] T 3c1a1f1885b141329c1026abdbba3acb P 91a2bbf7c1434c41928014535a3ee608 [NON_LEADER]: Queue going to NON_LEADER mode. State: All replicated index: 0, Majority replicated index: 0, Committed index: 0, Last appended: 0.0, Last appended by leader: 0, Current term: 0, Majority size: -1, State: 0, Mode: NON_LEADER, active raft config: opid_index: -1 OBSOLETE_local: false peers { permanent_uuid: "91a2bbf7c1434c41928014535a3ee608" member_type: VOTER last_known_addr { host: "127.0.120.3" port: 39685 } } peers { permanent_uuid: "3dceda7a82fc47af83a6d0438fc2e85d" member_type: VOTER last_known_addr { host: "127.0.120.1" port: 39311 } } peers { permanent_uuid: "f61c53b8c3814c469dcb7f283a395fa8" member_type: VOTER last_known_addr { host: "127.0.120.2" port: 40031 } }
I20260630 12:36:01.837029  5181 consensus_queue.cc:260] T a840357ab0264532a46b0036c2885f75 P 3dceda7a82fc47af83a6d0438fc2e85d [NON_LEADER]: Queue going to NON_LEADER mode. State: All replicated index: 0, Majority replicated index: 0, Committed index: 0, Last appended: 0.0, Last appended by leader: 0, Current term: 0, Majority size: -1, State: 0, Mode: NON_LEADER, active raft config: opid_index: -1 OBSOLETE_local: false peers { permanent_uuid: "3dceda7a82fc47af83a6d0438fc2e85d" member_type: VOTER last_known_addr { host: "127.0.120.1" port: 39311 } } peers { permanent_uuid: "f61c53b8c3814c469dcb7f283a395fa8" member_type: VOTER last_known_addr { host: "127.0.120.2" port: 40031 } } peers { permanent_uuid: "91a2bbf7c1434c41928014535a3ee608" member_type: VOTER last_known_addr { host: "127.0.120.3" port: 39685 } }
I20260630 12:36:01.838109  5180 tablet_bootstrap.cc:492] T c59b963dbc4943cfba17dffd42772430 P f61c53b8c3814c469dcb7f283a395fa8: No bootstrap required, opened a new log
I20260630 12:36:01.838821  5180 ts_tablet_manager.cc:1403] T c59b963dbc4943cfba17dffd42772430 P f61c53b8c3814c469dcb7f283a395fa8: Time spent bootstrapping tablet: real 0.027s	user 0.021s	sys 0.004s
I20260630 12:36:01.842188  5180 raft_consensus.cc:359] T c59b963dbc4943cfba17dffd42772430 P f61c53b8c3814c469dcb7f283a395fa8 [term 0 FOLLOWER]: Replica starting. Triggering 0 pending ops. Active config: opid_index: -1 OBSOLETE_local: false peers { permanent_uuid: "3dceda7a82fc47af83a6d0438fc2e85d" member_type: VOTER last_known_addr { host: "127.0.120.1" port: 39311 } } peers { permanent_uuid: "f61c53b8c3814c469dcb7f283a395fa8" member_type: VOTER last_known_addr { host: "127.0.120.2" port: 40031 } } peers { permanent_uuid: "91a2bbf7c1434c41928014535a3ee608" member_type: VOTER last_known_addr { host: "127.0.120.3" port: 39685 } }
I20260630 12:36:01.843147  5180 raft_consensus.cc:385] T c59b963dbc4943cfba17dffd42772430 P f61c53b8c3814c469dcb7f283a395fa8 [term 0 FOLLOWER]: Consensus starting up: Expiring failure detector timer to make a prompt election more likely
I20260630 12:36:01.843552  5180 raft_consensus.cc:740] T c59b963dbc4943cfba17dffd42772430 P f61c53b8c3814c469dcb7f283a395fa8 [term 0 FOLLOWER]: Becoming Follower/Learner. State: Replica: f61c53b8c3814c469dcb7f283a395fa8, State: Initialized, Role: FOLLOWER
I20260630 12:36:01.844483  5180 consensus_queue.cc:260] T c59b963dbc4943cfba17dffd42772430 P f61c53b8c3814c469dcb7f283a395fa8 [NON_LEADER]: Queue going to NON_LEADER mode. State: All replicated index: 0, Majority replicated index: 0, Committed index: 0, Last appended: 0.0, Last appended by leader: 0, Current term: 0, Majority size: -1, State: 0, Mode: NON_LEADER, active raft config: opid_index: -1 OBSOLETE_local: false peers { permanent_uuid: "3dceda7a82fc47af83a6d0438fc2e85d" member_type: VOTER last_known_addr { host: "127.0.120.1" port: 39311 } } peers { permanent_uuid: "f61c53b8c3814c469dcb7f283a395fa8" member_type: VOTER last_known_addr { host: "127.0.120.2" port: 40031 } } peers { permanent_uuid: "91a2bbf7c1434c41928014535a3ee608" member_type: VOTER last_known_addr { host: "127.0.120.3" port: 39685 } }
I20260630 12:36:01.846045  5181 ts_tablet_manager.cc:1434] T a840357ab0264532a46b0036c2885f75 P 3dceda7a82fc47af83a6d0438fc2e85d: Time spent starting tablet: real 0.026s	user 0.007s	sys 0.000s
I20260630 12:36:01.846841  5179 ts_tablet_manager.cc:1434] T 3c1a1f1885b141329c1026abdbba3acb P 91a2bbf7c1434c41928014535a3ee608: Time spent starting tablet: real 0.019s	user 0.005s	sys 0.004s
I20260630 12:36:01.849233  5180 ts_tablet_manager.cc:1434] T c59b963dbc4943cfba17dffd42772430 P f61c53b8c3814c469dcb7f283a395fa8: Time spent starting tablet: real 0.010s	user 0.006s	sys 0.000s
I20260630 12:36:01.850476  5180 tablet_bootstrap.cc:492] T 785766847a73445e86dbac320e09607c P f61c53b8c3814c469dcb7f283a395fa8: Bootstrap starting.
I20260630 12:36:01.852324  5181 tablet_bootstrap.cc:492] T c59b963dbc4943cfba17dffd42772430 P 3dceda7a82fc47af83a6d0438fc2e85d: Bootstrap starting.
I20260630 12:36:01.852262  5179 tablet_bootstrap.cc:492] T a840357ab0264532a46b0036c2885f75 P 91a2bbf7c1434c41928014535a3ee608: Bootstrap starting.
I20260630 12:36:01.856127  5187 raft_consensus.cc:493] T 3c1a1f1885b141329c1026abdbba3acb P f61c53b8c3814c469dcb7f283a395fa8 [term 0 FOLLOWER]: Starting pre-election (no leader contacted us within the election timeout)
I20260630 12:36:01.856783  5187 raft_consensus.cc:515] T 3c1a1f1885b141329c1026abdbba3acb P f61c53b8c3814c469dcb7f283a395fa8 [term 0 FOLLOWER]: Starting pre-election with config: opid_index: -1 OBSOLETE_local: false peers { permanent_uuid: "91a2bbf7c1434c41928014535a3ee608" member_type: VOTER last_known_addr { host: "127.0.120.3" port: 39685 } } peers { permanent_uuid: "3dceda7a82fc47af83a6d0438fc2e85d" member_type: VOTER last_known_addr { host: "127.0.120.1" port: 39311 } } peers { permanent_uuid: "f61c53b8c3814c469dcb7f283a395fa8" member_type: VOTER last_known_addr { host: "127.0.120.2" port: 40031 } }
I20260630 12:36:01.860097  5180 tablet_bootstrap.cc:654] T 785766847a73445e86dbac320e09607c P f61c53b8c3814c469dcb7f283a395fa8: Neither blocks nor log segments found. Creating new log.
I20260630 12:36:01.867918  5187 leader_election.cc:290] T 3c1a1f1885b141329c1026abdbba3acb P f61c53b8c3814c469dcb7f283a395fa8 [CANDIDATE]: Term 1 pre-election: Requested pre-vote from peers 91a2bbf7c1434c41928014535a3ee608 (127.0.120.3:39685), 3dceda7a82fc47af83a6d0438fc2e85d (127.0.120.1:39311)
I20260630 12:36:01.891211  5180 tablet_bootstrap.cc:492] T 785766847a73445e86dbac320e09607c P f61c53b8c3814c469dcb7f283a395fa8: No bootstrap required, opened a new log
I20260630 12:36:01.891662  4986 tablet_service.cc:1917] Received RequestConsensusVote() RPC: tablet_id: "c59b963dbc4943cfba17dffd42772430" candidate_uuid: "91a2bbf7c1434c41928014535a3ee608" candidate_term: 1 candidate_status { last_received { term: 0 index: 0 } } ignore_live_leader: false dest_uuid: "3dceda7a82fc47af83a6d0438fc2e85d" is_pre_election: true
I20260630 12:36:01.891850  5180 ts_tablet_manager.cc:1403] T 785766847a73445e86dbac320e09607c P f61c53b8c3814c469dcb7f283a395fa8: Time spent bootstrapping tablet: real 0.042s	user 0.013s	sys 0.019s
I20260630 12:36:01.893570  5181 tablet_bootstrap.cc:654] T c59b963dbc4943cfba17dffd42772430 P 3dceda7a82fc47af83a6d0438fc2e85d: Neither blocks nor log segments found. Creating new log.
I20260630 12:36:01.895435  5180 raft_consensus.cc:359] T 785766847a73445e86dbac320e09607c P f61c53b8c3814c469dcb7f283a395fa8 [term 0 FOLLOWER]: Replica starting. Triggering 0 pending ops. Active config: opid_index: -1 OBSOLETE_local: false peers { permanent_uuid: "3dceda7a82fc47af83a6d0438fc2e85d" member_type: VOTER last_known_addr { host: "127.0.120.1" port: 39311 } } peers { permanent_uuid: "f61c53b8c3814c469dcb7f283a395fa8" member_type: VOTER last_known_addr { host: "127.0.120.2" port: 40031 } } peers { permanent_uuid: "91a2bbf7c1434c41928014535a3ee608" member_type: VOTER last_known_addr { host: "127.0.120.3" port: 39685 } }
I20260630 12:36:01.896255  5185 raft_consensus.cc:493] T e73a1dbc9f9e4d9faff3b5c4aaed6cea P 91a2bbf7c1434c41928014535a3ee608 [term 0 FOLLOWER]: Starting pre-election (no leader contacted us within the election timeout)
I20260630 12:36:01.896596  5180 raft_consensus.cc:385] T 785766847a73445e86dbac320e09607c P f61c53b8c3814c469dcb7f283a395fa8 [term 0 FOLLOWER]: Consensus starting up: Expiring failure detector timer to make a prompt election more likely
I20260630 12:36:01.896868  5185 raft_consensus.cc:515] T e73a1dbc9f9e4d9faff3b5c4aaed6cea P 91a2bbf7c1434c41928014535a3ee608 [term 0 FOLLOWER]: Starting pre-election with config: opid_index: -1 OBSOLETE_local: false peers { permanent_uuid: "3dceda7a82fc47af83a6d0438fc2e85d" member_type: VOTER last_known_addr { host: "127.0.120.1" port: 39311 } } peers { permanent_uuid: "f61c53b8c3814c469dcb7f283a395fa8" member_type: VOTER last_known_addr { host: "127.0.120.2" port: 40031 } } peers { permanent_uuid: "91a2bbf7c1434c41928014535a3ee608" member_type: VOTER last_known_addr { host: "127.0.120.3" port: 39685 } }
I20260630 12:36:01.899912  5185 leader_election.cc:290] T e73a1dbc9f9e4d9faff3b5c4aaed6cea P 91a2bbf7c1434c41928014535a3ee608 [CANDIDATE]: Term 1 pre-election: Requested pre-vote from peers 3dceda7a82fc47af83a6d0438fc2e85d (127.0.120.1:39311), f61c53b8c3814c469dcb7f283a395fa8 (127.0.120.2:40031)
I20260630 12:36:01.900216  5179 tablet_bootstrap.cc:654] T a840357ab0264532a46b0036c2885f75 P 91a2bbf7c1434c41928014535a3ee608: Neither blocks nor log segments found. Creating new log.
I20260630 12:36:01.897118  5180 raft_consensus.cc:740] T 785766847a73445e86dbac320e09607c P f61c53b8c3814c469dcb7f283a395fa8 [term 0 FOLLOWER]: Becoming Follower/Learner. State: Replica: f61c53b8c3814c469dcb7f283a395fa8, State: Initialized, Role: FOLLOWER
I20260630 12:36:01.903539  5180 consensus_queue.cc:260] T 785766847a73445e86dbac320e09607c P f61c53b8c3814c469dcb7f283a395fa8 [NON_LEADER]: Queue going to NON_LEADER mode. State: All replicated index: 0, Majority replicated index: 0, Committed index: 0, Last appended: 0.0, Last appended by leader: 0, Current term: 0, Majority size: -1, State: 0, Mode: NON_LEADER, active raft config: opid_index: -1 OBSOLETE_local: false peers { permanent_uuid: "3dceda7a82fc47af83a6d0438fc2e85d" member_type: VOTER last_known_addr { host: "127.0.120.1" port: 39311 } } peers { permanent_uuid: "f61c53b8c3814c469dcb7f283a395fa8" member_type: VOTER last_known_addr { host: "127.0.120.2" port: 40031 } } peers { permanent_uuid: "91a2bbf7c1434c41928014535a3ee608" member_type: VOTER last_known_addr { host: "127.0.120.3" port: 39685 } }
I20260630 12:36:01.910727  5061 tablet_service.cc:1917] Received RequestConsensusVote() RPC: tablet_id: "c59b963dbc4943cfba17dffd42772430" candidate_uuid: "91a2bbf7c1434c41928014535a3ee608" candidate_term: 1 candidate_status { last_received { term: 0 index: 0 } } ignore_live_leader: false dest_uuid: "f61c53b8c3814c469dcb7f283a395fa8" is_pre_election: true
I20260630 12:36:01.912365  5061 raft_consensus.cc:2468] T c59b963dbc4943cfba17dffd42772430 P f61c53b8c3814c469dcb7f283a395fa8 [term 0 FOLLOWER]: Leader pre-election vote request: Granting yes vote for candidate 91a2bbf7c1434c41928014535a3ee608 in term 0.
I20260630 12:36:01.913317  5181 tablet_bootstrap.cc:492] T c59b963dbc4943cfba17dffd42772430 P 3dceda7a82fc47af83a6d0438fc2e85d: No bootstrap required, opened a new log
I20260630 12:36:01.913918  5181 ts_tablet_manager.cc:1403] T c59b963dbc4943cfba17dffd42772430 P 3dceda7a82fc47af83a6d0438fc2e85d: Time spent bootstrapping tablet: real 0.067s	user 0.012s	sys 0.006s
I20260630 12:36:01.913661  5060 tablet_service.cc:1917] Received RequestConsensusVote() RPC: tablet_id: "e73a1dbc9f9e4d9faff3b5c4aaed6cea" candidate_uuid: "91a2bbf7c1434c41928014535a3ee608" candidate_term: 1 candidate_status { last_received { term: 0 index: 0 } } ignore_live_leader: false dest_uuid: "f61c53b8c3814c469dcb7f283a395fa8" is_pre_election: true
I20260630 12:36:01.917207  5180 ts_tablet_manager.cc:1434] T 785766847a73445e86dbac320e09607c P f61c53b8c3814c469dcb7f283a395fa8: Time spent starting tablet: real 0.025s	user 0.006s	sys 0.002s
I20260630 12:36:01.917153  5060 raft_consensus.cc:2468] T e73a1dbc9f9e4d9faff3b5c4aaed6cea P f61c53b8c3814c469dcb7f283a395fa8 [term 0 FOLLOWER]: Leader pre-election vote request: Granting yes vote for candidate 91a2bbf7c1434c41928014535a3ee608 in term 0.
I20260630 12:36:01.917450  5135 tablet_service.cc:1917] Received RequestConsensusVote() RPC: tablet_id: "3c1a1f1885b141329c1026abdbba3acb" candidate_uuid: "f61c53b8c3814c469dcb7f283a395fa8" candidate_term: 1 candidate_status { last_received { term: 0 index: 0 } } ignore_live_leader: false dest_uuid: "91a2bbf7c1434c41928014535a3ee608" is_pre_election: true
W20260630 12:36:01.917850  5100 leader_election.cc:343] T c59b963dbc4943cfba17dffd42772430 P 91a2bbf7c1434c41928014535a3ee608 [CANDIDATE]: Term 1 pre-election: Tablet error from VoteRequest() call to peer 3dceda7a82fc47af83a6d0438fc2e85d (127.0.120.1:39311): Illegal state: must be running to vote when last-logged opid is not known
I20260630 12:36:01.917564  5181 raft_consensus.cc:359] T c59b963dbc4943cfba17dffd42772430 P 3dceda7a82fc47af83a6d0438fc2e85d [term 0 FOLLOWER]: Replica starting. Triggering 0 pending ops. Active config: opid_index: -1 OBSOLETE_local: false peers { permanent_uuid: "3dceda7a82fc47af83a6d0438fc2e85d" member_type: VOTER last_known_addr { host: "127.0.120.1" port: 39311 } } peers { permanent_uuid: "f61c53b8c3814c469dcb7f283a395fa8" member_type: VOTER last_known_addr { host: "127.0.120.2" port: 40031 } } peers { permanent_uuid: "91a2bbf7c1434c41928014535a3ee608" member_type: VOTER last_known_addr { host: "127.0.120.3" port: 39685 } }
I20260630 12:36:01.918298  5135 raft_consensus.cc:2468] T 3c1a1f1885b141329c1026abdbba3acb P 91a2bbf7c1434c41928014535a3ee608 [term 0 FOLLOWER]: Leader pre-election vote request: Granting yes vote for candidate f61c53b8c3814c469dcb7f283a395fa8 in term 0.
I20260630 12:36:01.918632  5181 raft_consensus.cc:385] T c59b963dbc4943cfba17dffd42772430 P 3dceda7a82fc47af83a6d0438fc2e85d [term 0 FOLLOWER]: Consensus starting up: Expiring failure detector timer to make a prompt election more likely
I20260630 12:36:01.919260  5181 raft_consensus.cc:740] T c59b963dbc4943cfba17dffd42772430 P 3dceda7a82fc47af83a6d0438fc2e85d [term 0 FOLLOWER]: Becoming Follower/Learner. State: Replica: 3dceda7a82fc47af83a6d0438fc2e85d, State: Initialized, Role: FOLLOWER
I20260630 12:36:01.919620  5180 tablet_bootstrap.cc:492] T d0905e33f3424b8ebd1cd3d73f674ff1 P f61c53b8c3814c469dcb7f283a395fa8: Bootstrap starting.
I20260630 12:36:01.920264  5181 consensus_queue.cc:260] T c59b963dbc4943cfba17dffd42772430 P 3dceda7a82fc47af83a6d0438fc2e85d [NON_LEADER]: Queue going to NON_LEADER mode. State: All replicated index: 0, Majority replicated index: 0, Committed index: 0, Last appended: 0.0, Last appended by leader: 0, Current term: 0, Majority size: -1, State: 0, Mode: NON_LEADER, active raft config: opid_index: -1 OBSOLETE_local: false peers { permanent_uuid: "3dceda7a82fc47af83a6d0438fc2e85d" member_type: VOTER last_known_addr { host: "127.0.120.1" port: 39311 } } peers { permanent_uuid: "f61c53b8c3814c469dcb7f283a395fa8" member_type: VOTER last_known_addr { host: "127.0.120.2" port: 40031 } } peers { permanent_uuid: "91a2bbf7c1434c41928014535a3ee608" member_type: VOTER last_known_addr { host: "127.0.120.3" port: 39685 } }
I20260630 12:36:01.923373  5181 ts_tablet_manager.cc:1434] T c59b963dbc4943cfba17dffd42772430 P 3dceda7a82fc47af83a6d0438fc2e85d: Time spent starting tablet: real 0.009s	user 0.011s	sys 0.000s
I20260630 12:36:01.924465  5181 tablet_bootstrap.cc:492] T 785766847a73445e86dbac320e09607c P 3dceda7a82fc47af83a6d0438fc2e85d: Bootstrap starting.
I20260630 12:36:01.925570  5025 leader_election.cc:304] T 3c1a1f1885b141329c1026abdbba3acb P f61c53b8c3814c469dcb7f283a395fa8 [CANDIDATE]: Term 1 pre-election: Election decided. Result: candidate won. Election summary: received 2 responses out of 3 voters: 2 yes votes; 0 no votes. yes voters: 91a2bbf7c1434c41928014535a3ee608, f61c53b8c3814c469dcb7f283a395fa8; no voters: 
I20260630 12:36:01.926663  5187 raft_consensus.cc:2804] T 3c1a1f1885b141329c1026abdbba3acb P f61c53b8c3814c469dcb7f283a395fa8 [term 0 FOLLOWER]: Leader pre-election won for term 1
I20260630 12:36:01.926987  5187 raft_consensus.cc:493] T 3c1a1f1885b141329c1026abdbba3acb P f61c53b8c3814c469dcb7f283a395fa8 [term 0 FOLLOWER]: Starting leader election (no leader contacted us within the election timeout)
I20260630 12:36:01.927454  5187 raft_consensus.cc:3060] T 3c1a1f1885b141329c1026abdbba3acb P f61c53b8c3814c469dcb7f283a395fa8 [term 0 FOLLOWER]: Advancing to term 1
I20260630 12:36:01.929563  5179 tablet_bootstrap.cc:492] T a840357ab0264532a46b0036c2885f75 P 91a2bbf7c1434c41928014535a3ee608: No bootstrap required, opened a new log
I20260630 12:36:01.930356  5179 ts_tablet_manager.cc:1403] T a840357ab0264532a46b0036c2885f75 P 91a2bbf7c1434c41928014535a3ee608: Time spent bootstrapping tablet: real 0.078s	user 0.018s	sys 0.001s
I20260630 12:36:01.930868  5099 leader_election.cc:304] T c59b963dbc4943cfba17dffd42772430 P 91a2bbf7c1434c41928014535a3ee608 [CANDIDATE]: Term 1 pre-election: Election decided. Result: candidate won. Election summary: received 3 responses out of 3 voters: 2 yes votes; 1 no votes. yes voters: 91a2bbf7c1434c41928014535a3ee608, f61c53b8c3814c469dcb7f283a395fa8; no voters: 3dceda7a82fc47af83a6d0438fc2e85d
I20260630 12:36:01.935577  5185 raft_consensus.cc:2804] T c59b963dbc4943cfba17dffd42772430 P 91a2bbf7c1434c41928014535a3ee608 [term 0 FOLLOWER]: Leader pre-election won for term 1
I20260630 12:36:01.935997  5185 raft_consensus.cc:493] T c59b963dbc4943cfba17dffd42772430 P 91a2bbf7c1434c41928014535a3ee608 [term 0 FOLLOWER]: Starting leader election (no leader contacted us within the election timeout)
I20260630 12:36:01.936488  5180 tablet_bootstrap.cc:654] T d0905e33f3424b8ebd1cd3d73f674ff1 P f61c53b8c3814c469dcb7f283a395fa8: Neither blocks nor log segments found. Creating new log.
I20260630 12:36:01.931712  5181 tablet_bootstrap.cc:654] T 785766847a73445e86dbac320e09607c P 3dceda7a82fc47af83a6d0438fc2e85d: Neither blocks nor log segments found. Creating new log.
I20260630 12:36:01.936398  5185 raft_consensus.cc:3060] T c59b963dbc4943cfba17dffd42772430 P 91a2bbf7c1434c41928014535a3ee608 [term 0 FOLLOWER]: Advancing to term 1
I20260630 12:36:01.933801  5179 raft_consensus.cc:359] T a840357ab0264532a46b0036c2885f75 P 91a2bbf7c1434c41928014535a3ee608 [term 0 FOLLOWER]: Replica starting. Triggering 0 pending ops. Active config: opid_index: -1 OBSOLETE_local: false peers { permanent_uuid: "3dceda7a82fc47af83a6d0438fc2e85d" member_type: VOTER last_known_addr { host: "127.0.120.1" port: 39311 } } peers { permanent_uuid: "f61c53b8c3814c469dcb7f283a395fa8" member_type: VOTER last_known_addr { host: "127.0.120.2" port: 40031 } } peers { permanent_uuid: "91a2bbf7c1434c41928014535a3ee608" member_type: VOTER last_known_addr { host: "127.0.120.3" port: 39685 } }
I20260630 12:36:01.940032  5179 raft_consensus.cc:385] T a840357ab0264532a46b0036c2885f75 P 91a2bbf7c1434c41928014535a3ee608 [term 0 FOLLOWER]: Consensus starting up: Expiring failure detector timer to make a prompt election more likely
I20260630 12:36:01.940446  5179 raft_consensus.cc:740] T a840357ab0264532a46b0036c2885f75 P 91a2bbf7c1434c41928014535a3ee608 [term 0 FOLLOWER]: Becoming Follower/Learner. State: Replica: 91a2bbf7c1434c41928014535a3ee608, State: Initialized, Role: FOLLOWER
I20260630 12:36:01.941239  5179 consensus_queue.cc:260] T a840357ab0264532a46b0036c2885f75 P 91a2bbf7c1434c41928014535a3ee608 [NON_LEADER]: Queue going to NON_LEADER mode. State: All replicated index: 0, Majority replicated index: 0, Committed index: 0, Last appended: 0.0, Last appended by leader: 0, Current term: 0, Majority size: -1, State: 0, Mode: NON_LEADER, active raft config: opid_index: -1 OBSOLETE_local: false peers { permanent_uuid: "3dceda7a82fc47af83a6d0438fc2e85d" member_type: VOTER last_known_addr { host: "127.0.120.1" port: 39311 } } peers { permanent_uuid: "f61c53b8c3814c469dcb7f283a395fa8" member_type: VOTER last_known_addr { host: "127.0.120.2" port: 40031 } } peers { permanent_uuid: "91a2bbf7c1434c41928014535a3ee608" member_type: VOTER last_known_addr { host: "127.0.120.3" port: 39685 } }
I20260630 12:36:01.935806  5099 leader_election.cc:304] T e73a1dbc9f9e4d9faff3b5c4aaed6cea P 91a2bbf7c1434c41928014535a3ee608 [CANDIDATE]: Term 1 pre-election: Election decided. Result: candidate won. Election summary: received 2 responses out of 3 voters: 2 yes votes; 0 no votes. yes voters: 91a2bbf7c1434c41928014535a3ee608, f61c53b8c3814c469dcb7f283a395fa8; no voters: 
W20260630 12:36:01.945361  5100 outbound_call.cc:321] RPC callback for RPC call kudu.consensus.ConsensusService.RequestConsensusVote -> {remote=127.0.120.1:39311, user_credentials={real_user=slave}} blocked reactor thread for 44623.5us
I20260630 12:36:01.947868  5187 raft_consensus.cc:515] T 3c1a1f1885b141329c1026abdbba3acb P f61c53b8c3814c469dcb7f283a395fa8 [term 1 FOLLOWER]: Starting leader election with config: opid_index: -1 OBSOLETE_local: false peers { permanent_uuid: "91a2bbf7c1434c41928014535a3ee608" member_type: VOTER last_known_addr { host: "127.0.120.3" port: 39685 } } peers { permanent_uuid: "3dceda7a82fc47af83a6d0438fc2e85d" member_type: VOTER last_known_addr { host: "127.0.120.1" port: 39311 } } peers { permanent_uuid: "f61c53b8c3814c469dcb7f283a395fa8" member_type: VOTER last_known_addr { host: "127.0.120.2" port: 40031 } }
I20260630 12:36:01.949187  5180 tablet_bootstrap.cc:492] T d0905e33f3424b8ebd1cd3d73f674ff1 P f61c53b8c3814c469dcb7f283a395fa8: No bootstrap required, opened a new log
I20260630 12:36:01.949774  5180 ts_tablet_manager.cc:1403] T d0905e33f3424b8ebd1cd3d73f674ff1 P f61c53b8c3814c469dcb7f283a395fa8: Time spent bootstrapping tablet: real 0.030s	user 0.010s	sys 0.002s
I20260630 12:36:01.949901  4986 tablet_service.cc:1917] Received RequestConsensusVote() RPC: tablet_id: "e73a1dbc9f9e4d9faff3b5c4aaed6cea" candidate_uuid: "91a2bbf7c1434c41928014535a3ee608" candidate_term: 1 candidate_status { last_received { term: 0 index: 0 } } ignore_live_leader: false dest_uuid: "3dceda7a82fc47af83a6d0438fc2e85d" is_pre_election: true
I20260630 12:36:01.952028  5135 tablet_service.cc:1917] Received RequestConsensusVote() RPC: tablet_id: "3c1a1f1885b141329c1026abdbba3acb" candidate_uuid: "f61c53b8c3814c469dcb7f283a395fa8" candidate_term: 1 candidate_status { last_received { term: 0 index: 0 } } ignore_live_leader: false dest_uuid: "91a2bbf7c1434c41928014535a3ee608"
I20260630 12:36:01.952910  5135 raft_consensus.cc:3060] T 3c1a1f1885b141329c1026abdbba3acb P 91a2bbf7c1434c41928014535a3ee608 [term 0 FOLLOWER]: Advancing to term 1
I20260630 12:36:01.953183  5180 raft_consensus.cc:359] T d0905e33f3424b8ebd1cd3d73f674ff1 P f61c53b8c3814c469dcb7f283a395fa8 [term 0 FOLLOWER]: Replica starting. Triggering 0 pending ops. Active config: opid_index: -1 OBSOLETE_local: false peers { permanent_uuid: "3dceda7a82fc47af83a6d0438fc2e85d" member_type: VOTER last_known_addr { host: "127.0.120.1" port: 39311 } } peers { permanent_uuid: "f61c53b8c3814c469dcb7f283a395fa8" member_type: VOTER last_known_addr { host: "127.0.120.2" port: 40031 } } peers { permanent_uuid: "91a2bbf7c1434c41928014535a3ee608" member_type: VOTER last_known_addr { host: "127.0.120.3" port: 39685 } }
I20260630 12:36:01.953982  5180 raft_consensus.cc:385] T d0905e33f3424b8ebd1cd3d73f674ff1 P f61c53b8c3814c469dcb7f283a395fa8 [term 0 FOLLOWER]: Consensus starting up: Expiring failure detector timer to make a prompt election more likely
I20260630 12:36:01.954265  5180 raft_consensus.cc:740] T d0905e33f3424b8ebd1cd3d73f674ff1 P f61c53b8c3814c469dcb7f283a395fa8 [term 0 FOLLOWER]: Becoming Follower/Learner. State: Replica: f61c53b8c3814c469dcb7f283a395fa8, State: Initialized, Role: FOLLOWER
I20260630 12:36:01.955264  5187 leader_election.cc:290] T 3c1a1f1885b141329c1026abdbba3acb P f61c53b8c3814c469dcb7f283a395fa8 [CANDIDATE]: Term 1 election: Requested vote from peers 91a2bbf7c1434c41928014535a3ee608 (127.0.120.3:39685), 3dceda7a82fc47af83a6d0438fc2e85d (127.0.120.1:39311)
I20260630 12:36:01.958261  5181 tablet_bootstrap.cc:492] T 785766847a73445e86dbac320e09607c P 3dceda7a82fc47af83a6d0438fc2e85d: No bootstrap required, opened a new log
I20260630 12:36:01.958877  5181 ts_tablet_manager.cc:1403] T 785766847a73445e86dbac320e09607c P 3dceda7a82fc47af83a6d0438fc2e85d: Time spent bootstrapping tablet: real 0.035s	user 0.010s	sys 0.005s
I20260630 12:36:01.959312  5209 raft_consensus.cc:2804] T e73a1dbc9f9e4d9faff3b5c4aaed6cea P 91a2bbf7c1434c41928014535a3ee608 [term 0 FOLLOWER]: Leader pre-election won for term 1
I20260630 12:36:01.959818  5209 raft_consensus.cc:493] T e73a1dbc9f9e4d9faff3b5c4aaed6cea P 91a2bbf7c1434c41928014535a3ee608 [term 0 FOLLOWER]: Starting leader election (no leader contacted us within the election timeout)
I20260630 12:36:01.961012  5209 raft_consensus.cc:3060] T e73a1dbc9f9e4d9faff3b5c4aaed6cea P 91a2bbf7c1434c41928014535a3ee608 [term 0 FOLLOWER]: Advancing to term 1
