I20260630 12:36:01.437749  8566 leader_election.cc:304] T a589a2c698404fa0922c50774d10524b P 140e8a72add046aab5f8bacab1054364 [CANDIDATE]: Term 1 election: Election decided. Result: candidate won. Election summary: received 2 responses out of 3 voters: 2 yes votes; 0 no votes. yes voters: 140e8a72add046aab5f8bacab1054364, 1b3b387ed1554d1bb2ce9ce312089041; no voters: 
I20260630 12:36:01.438675  8733 raft_consensus.cc:2804] T a589a2c698404fa0922c50774d10524b P 140e8a72add046aab5f8bacab1054364 [term 1 FOLLOWER]: Leader election won for term 1
I20260630 12:36:01.439249  8728 leader_election.cc:290] T 2d91503cbb594dff8b123dd5151ba141 P 822b543bec1f4e1392a0672d137ebe92 [CANDIDATE]: Term 1 pre-election: Requested pre-vote from peers 1b3b387ed1554d1bb2ce9ce312089041 (127.3.233.129:40975), 140e8a72add046aab5f8bacab1054364 (127.3.233.130:39789)
I20260630 12:36:01.440428  8721 tablet_bootstrap.cc:654] T 4c6bc89982e048a6a5931e46d87aca1e P 1b3b387ed1554d1bb2ce9ce312089041: Neither blocks nor log segments found. Creating new log.
I20260630 12:36:01.445889  8733 raft_consensus.cc:697] T a589a2c698404fa0922c50774d10524b P 140e8a72add046aab5f8bacab1054364 [term 1 LEADER]: Becoming Leader. State: Replica: 140e8a72add046aab5f8bacab1054364, State: Running, Role: LEADER
I20260630 12:36:01.447182  8733 consensus_queue.cc:237] T a589a2c698404fa0922c50774d10524b P 140e8a72add046aab5f8bacab1054364 [LEADER]: Queue going to LEADER mode. State: All replicated index: 0, Majority replicated index: 0, Committed index: 0, Last appended: 0.0, Last appended by leader: 0, Current term: 1, Majority size: 2, State: 0, Mode: LEADER, active raft config: opid_index: -1 OBSOLETE_local: false peers { permanent_uuid: "1b3b387ed1554d1bb2ce9ce312089041" member_type: VOTER last_known_addr { host: "127.3.233.129" port: 40975 } } peers { permanent_uuid: "140e8a72add046aab5f8bacab1054364" member_type: VOTER last_known_addr { host: "127.3.233.130" port: 39789 } } peers { permanent_uuid: "822b543bec1f4e1392a0672d137ebe92" member_type: VOTER last_known_addr { host: "127.3.233.131" port: 40363 } }
I20260630 12:36:01.453893  8723 tablet_bootstrap.cc:492] T 99ad938a14164e3cb0a90b7e76b91fba P 140e8a72add046aab5f8bacab1054364: No bootstrap required, opened a new log
I20260630 12:36:01.454629  8723 ts_tablet_manager.cc:1403] T 99ad938a14164e3cb0a90b7e76b91fba P 140e8a72add046aab5f8bacab1054364: Time spent bootstrapping tablet: real 0.057s	user 0.024s	sys 0.027s
I20260630 12:36:01.458503  8723 raft_consensus.cc:359] T 99ad938a14164e3cb0a90b7e76b91fba P 140e8a72add046aab5f8bacab1054364 [term 0 FOLLOWER]: Replica starting. Triggering 0 pending ops. Active config: opid_index: -1 OBSOLETE_local: false peers { permanent_uuid: "1b3b387ed1554d1bb2ce9ce312089041" member_type: VOTER last_known_addr { host: "127.3.233.129" port: 40975 } } peers { permanent_uuid: "140e8a72add046aab5f8bacab1054364" member_type: VOTER last_known_addr { host: "127.3.233.130" port: 39789 } } peers { permanent_uuid: "822b543bec1f4e1392a0672d137ebe92" member_type: VOTER last_known_addr { host: "127.3.233.131" port: 40363 } }
I20260630 12:36:01.459522  8723 raft_consensus.cc:385] T 99ad938a14164e3cb0a90b7e76b91fba P 140e8a72add046aab5f8bacab1054364 [term 0 FOLLOWER]: Consensus starting up: Expiring failure detector timer to make a prompt election more likely
I20260630 12:36:01.461978  8723 raft_consensus.cc:740] T 99ad938a14164e3cb0a90b7e76b91fba P 140e8a72add046aab5f8bacab1054364 [term 0 FOLLOWER]: Becoming Follower/Learner. State: Replica: 140e8a72add046aab5f8bacab1054364, State: Initialized, Role: FOLLOWER
I20260630 12:36:01.463016  8723 consensus_queue.cc:260] T 99ad938a14164e3cb0a90b7e76b91fba P 140e8a72add046aab5f8bacab1054364 [NON_LEADER]: Queue going to NON_LEADER mode. State: All replicated index: 0, Majority replicated index: 0, Committed index: 0, Last appended: 0.0, Last appended by leader: 0, Current term: 0, Majority size: -1, State: 0, Mode: NON_LEADER, active raft config: opid_index: -1 OBSOLETE_local: false peers { permanent_uuid: "1b3b387ed1554d1bb2ce9ce312089041" member_type: VOTER last_known_addr { host: "127.3.233.129" port: 40975 } } peers { permanent_uuid: "140e8a72add046aab5f8bacab1054364" member_type: VOTER last_known_addr { host: "127.3.233.130" port: 39789 } } peers { permanent_uuid: "822b543bec1f4e1392a0672d137ebe92" member_type: VOTER last_known_addr { host: "127.3.233.131" port: 40363 } }
I20260630 12:36:01.464632  8721 tablet_bootstrap.cc:492] T 4c6bc89982e048a6a5931e46d87aca1e P 1b3b387ed1554d1bb2ce9ce312089041: No bootstrap required, opened a new log
I20260630 12:36:01.465550  8721 ts_tablet_manager.cc:1403] T 4c6bc89982e048a6a5931e46d87aca1e P 1b3b387ed1554d1bb2ce9ce312089041: Time spent bootstrapping tablet: real 0.042s	user 0.014s	sys 0.010s
I20260630 12:36:01.466120  8728 raft_consensus.cc:493] T a929e84c81d3477eb2375fa0cf40fa29 P 822b543bec1f4e1392a0672d137ebe92 [term 0 FOLLOWER]: Starting pre-election (no leader contacted us within the election timeout)
I20260630 12:36:01.467142  8723 ts_tablet_manager.cc:1434] T 99ad938a14164e3cb0a90b7e76b91fba P 140e8a72add046aab5f8bacab1054364: Time spent starting tablet: real 0.012s	user 0.007s	sys 0.003s
I20260630 12:36:01.466782  8728 raft_consensus.cc:515] T a929e84c81d3477eb2375fa0cf40fa29 P 822b543bec1f4e1392a0672d137ebe92 [term 0 FOLLOWER]: Starting pre-election with config: opid_index: -1 OBSOLETE_local: false peers { permanent_uuid: "1b3b387ed1554d1bb2ce9ce312089041" member_type: VOTER last_known_addr { host: "127.3.233.129" port: 40975 } } peers { permanent_uuid: "140e8a72add046aab5f8bacab1054364" member_type: VOTER last_known_addr { host: "127.3.233.130" port: 39789 } } peers { permanent_uuid: "822b543bec1f4e1392a0672d137ebe92" member_type: VOTER last_known_addr { host: "127.3.233.131" port: 40363 } }
I20260630 12:36:01.468462  8723 tablet_bootstrap.cc:492] T 3dbfd1659ad947088b98c246d413fb21 P 140e8a72add046aab5f8bacab1054364: Bootstrap starting.
I20260630 12:36:01.469630  8728 leader_election.cc:290] T a929e84c81d3477eb2375fa0cf40fa29 P 822b543bec1f4e1392a0672d137ebe92 [CANDIDATE]: Term 1 pre-election: Requested pre-vote from peers 1b3b387ed1554d1bb2ce9ce312089041 (127.3.233.129:40975), 140e8a72add046aab5f8bacab1054364 (127.3.233.130:39789)
I20260630 12:36:01.475656  8721 raft_consensus.cc:359] T 4c6bc89982e048a6a5931e46d87aca1e P 1b3b387ed1554d1bb2ce9ce312089041 [term 0 FOLLOWER]: Replica starting. Triggering 0 pending ops. Active config: opid_index: -1 OBSOLETE_local: false peers { permanent_uuid: "1b3b387ed1554d1bb2ce9ce312089041" member_type: VOTER last_known_addr { host: "127.3.233.129" port: 40975 } } peers { permanent_uuid: "140e8a72add046aab5f8bacab1054364" member_type: VOTER last_known_addr { host: "127.3.233.130" port: 39789 } } peers { permanent_uuid: "822b543bec1f4e1392a0672d137ebe92" member_type: VOTER last_known_addr { host: "127.3.233.131" port: 40363 } }
I20260630 12:36:01.477057  8721 raft_consensus.cc:385] T 4c6bc89982e048a6a5931e46d87aca1e P 1b3b387ed1554d1bb2ce9ce312089041 [term 0 FOLLOWER]: Consensus starting up: Expiring failure detector timer to make a prompt election more likely
I20260630 12:36:01.477542  8721 raft_consensus.cc:740] T 4c6bc89982e048a6a5931e46d87aca1e P 1b3b387ed1554d1bb2ce9ce312089041 [term 0 FOLLOWER]: Becoming Follower/Learner. State: Replica: 1b3b387ed1554d1bb2ce9ce312089041, State: Initialized, Role: FOLLOWER
I20260630 12:36:01.478940  8721 consensus_queue.cc:260] T 4c6bc89982e048a6a5931e46d87aca1e P 1b3b387ed1554d1bb2ce9ce312089041 [NON_LEADER]: Queue going to NON_LEADER mode. State: All replicated index: 0, Majority replicated index: 0, Committed index: 0, Last appended: 0.0, Last appended by leader: 0, Current term: 0, Majority size: -1, State: 0, Mode: NON_LEADER, active raft config: opid_index: -1 OBSOLETE_local: false peers { permanent_uuid: "1b3b387ed1554d1bb2ce9ce312089041" member_type: VOTER last_known_addr { host: "127.3.233.129" port: 40975 } } peers { permanent_uuid: "140e8a72add046aab5f8bacab1054364" member_type: VOTER last_known_addr { host: "127.3.233.130" port: 39789 } } peers { permanent_uuid: "822b543bec1f4e1392a0672d137ebe92" member_type: VOTER last_known_addr { host: "127.3.233.131" port: 40363 } }
I20260630 12:36:01.483628  8723 tablet_bootstrap.cc:654] T 3dbfd1659ad947088b98c246d413fb21 P 140e8a72add046aab5f8bacab1054364: Neither blocks nor log segments found. Creating new log.
I20260630 12:36:01.482331  8425 catalog_manager.cc:5697] T a589a2c698404fa0922c50774d10524b P 140e8a72add046aab5f8bacab1054364 reported cstate change: term changed from 0 to 1, leader changed from <none> to 140e8a72add046aab5f8bacab1054364 (127.3.233.130). New cstate: current_term: 1 leader_uuid: "140e8a72add046aab5f8bacab1054364" committed_config { opid_index: -1 OBSOLETE_local: false peers { permanent_uuid: "1b3b387ed1554d1bb2ce9ce312089041" member_type: VOTER last_known_addr { host: "127.3.233.129" port: 40975 } health_report { overall_health: UNKNOWN } } peers { permanent_uuid: "140e8a72add046aab5f8bacab1054364" member_type: VOTER last_known_addr { host: "127.3.233.130" port: 39789 } health_report { overall_health: HEALTHY } } peers { permanent_uuid: "822b543bec1f4e1392a0672d137ebe92" member_type: VOTER last_known_addr { host: "127.3.233.131" port: 40363 } health_report { overall_health: UNKNOWN } } }
I20260630 12:36:01.485785  8721 ts_tablet_manager.cc:1434] T 4c6bc89982e048a6a5931e46d87aca1e P 1b3b387ed1554d1bb2ce9ce312089041: Time spent starting tablet: real 0.020s	user 0.012s	sys 0.000s
I20260630 12:36:01.487438  8728 raft_consensus.cc:493] T d0d3835081a2443093e309f54211824f P 822b543bec1f4e1392a0672d137ebe92 [term 0 FOLLOWER]: Starting pre-election (no leader contacted us within the election timeout)
I20260630 12:36:01.488155  8721 tablet_bootstrap.cc:492] T 3dbfd1659ad947088b98c246d413fb21 P 1b3b387ed1554d1bb2ce9ce312089041: Bootstrap starting.
I20260630 12:36:01.488277  8728 raft_consensus.cc:515] T d0d3835081a2443093e309f54211824f P 822b543bec1f4e1392a0672d137ebe92 [term 0 FOLLOWER]: Starting pre-election with config: opid_index: -1 OBSOLETE_local: false peers { permanent_uuid: "1b3b387ed1554d1bb2ce9ce312089041" member_type: VOTER last_known_addr { host: "127.3.233.129" port: 40975 } } peers { permanent_uuid: "140e8a72add046aab5f8bacab1054364" member_type: VOTER last_known_addr { host: "127.3.233.130" port: 39789 } } peers { permanent_uuid: "822b543bec1f4e1392a0672d137ebe92" member_type: VOTER last_known_addr { host: "127.3.233.131" port: 40363 } }
I20260630 12:36:01.492357  8733 raft_consensus.cc:493] T 4c6bc89982e048a6a5931e46d87aca1e P 140e8a72add046aab5f8bacab1054364 [term 0 FOLLOWER]: Starting pre-election (no leader contacted us within the election timeout)
I20260630 12:36:01.493117  8733 raft_consensus.cc:515] T 4c6bc89982e048a6a5931e46d87aca1e P 140e8a72add046aab5f8bacab1054364 [term 0 FOLLOWER]: Starting pre-election with config: opid_index: -1 OBSOLETE_local: false peers { permanent_uuid: "1b3b387ed1554d1bb2ce9ce312089041" member_type: VOTER last_known_addr { host: "127.3.233.129" port: 40975 } } peers { permanent_uuid: "140e8a72add046aab5f8bacab1054364" member_type: VOTER last_known_addr { host: "127.3.233.130" port: 39789 } } peers { permanent_uuid: "822b543bec1f4e1392a0672d137ebe92" member_type: VOTER last_known_addr { host: "127.3.233.131" port: 40363 } }
I20260630 12:36:01.491595  8728 leader_election.cc:290] T d0d3835081a2443093e309f54211824f P 822b543bec1f4e1392a0672d137ebe92 [CANDIDATE]: Term 1 pre-election: Requested pre-vote from peers 1b3b387ed1554d1bb2ce9ce312089041 (127.3.233.129:40975), 140e8a72add046aab5f8bacab1054364 (127.3.233.130:39789)
I20260630 12:36:01.496778  8676 tablet_service.cc:1917] Received RequestConsensusVote() RPC: tablet_id: "a589a2c698404fa0922c50774d10524b" candidate_uuid: "140e8a72add046aab5f8bacab1054364" candidate_term: 1 candidate_status { last_received { term: 0 index: 0 } } ignore_live_leader: false dest_uuid: "822b543bec1f4e1392a0672d137ebe92"
I20260630 12:36:01.497673  8676 raft_consensus.cc:3060] T a589a2c698404fa0922c50774d10524b P 822b543bec1f4e1392a0672d137ebe92 [term 0 FOLLOWER]: Advancing to term 1
I20260630 12:36:01.500453  8733 leader_election.cc:290] T 4c6bc89982e048a6a5931e46d87aca1e P 140e8a72add046aab5f8bacab1054364 [CANDIDATE]: Term 1 pre-election: Requested pre-vote from peers 1b3b387ed1554d1bb2ce9ce312089041 (127.3.233.129:40975), 822b543bec1f4e1392a0672d137ebe92 (127.3.233.131:40363)
I20260630 12:36:01.501848  8527 tablet_service.cc:1917] Received RequestConsensusVote() RPC: tablet_id: "4c6bc89982e048a6a5931e46d87aca1e" candidate_uuid: "140e8a72add046aab5f8bacab1054364" candidate_term: 1 candidate_status { last_received { term: 0 index: 0 } } ignore_live_leader: false dest_uuid: "1b3b387ed1554d1bb2ce9ce312089041" is_pre_election: true
I20260630 12:36:01.502611  8527 raft_consensus.cc:2468] T 4c6bc89982e048a6a5931e46d87aca1e P 1b3b387ed1554d1bb2ce9ce312089041 [term 0 FOLLOWER]: Leader pre-election vote request: Granting yes vote for candidate 140e8a72add046aab5f8bacab1054364 in term 0.
I20260630 12:36:01.504063  8566 leader_election.cc:304] T 4c6bc89982e048a6a5931e46d87aca1e P 140e8a72add046aab5f8bacab1054364 [CANDIDATE]: Term 1 pre-election: Election decided. Result: candidate won. Election summary: received 2 responses out of 3 voters: 2 yes votes; 0 no votes. yes voters: 140e8a72add046aab5f8bacab1054364, 1b3b387ed1554d1bb2ce9ce312089041; no voters: 
I20260630 12:36:01.505045  8733 raft_consensus.cc:2804] T 4c6bc89982e048a6a5931e46d87aca1e P 140e8a72add046aab5f8bacab1054364 [term 0 FOLLOWER]: Leader pre-election won for term 1
I20260630 12:36:01.509130  8733 raft_consensus.cc:493] T 4c6bc89982e048a6a5931e46d87aca1e P 140e8a72add046aab5f8bacab1054364 [term 0 FOLLOWER]: Starting leader election (no leader contacted us within the election timeout)
I20260630 12:36:01.511839  8675 tablet_service.cc:1917] Received RequestConsensusVote() RPC: tablet_id: "4c6bc89982e048a6a5931e46d87aca1e" candidate_uuid: "140e8a72add046aab5f8bacab1054364" candidate_term: 1 candidate_status { last_received { term: 0 index: 0 } } ignore_live_leader: false dest_uuid: "822b543bec1f4e1392a0672d137ebe92" is_pre_election: true
I20260630 12:36:01.510902  8733 raft_consensus.cc:3060] T 4c6bc89982e048a6a5931e46d87aca1e P 140e8a72add046aab5f8bacab1054364 [term 0 FOLLOWER]: Advancing to term 1
I20260630 12:36:01.513648  8722 ts_tablet_manager.cc:1434] T 5b1c9b8d0dce453f8ab63dfbaf48de7b P 822b543bec1f4e1392a0672d137ebe92: Time spent starting tablet: real 0.111s	user 0.037s	sys 0.038s
I20260630 12:36:01.515202  8602 tablet_service.cc:1917] Received RequestConsensusVote() RPC: tablet_id: "2d91503cbb594dff8b123dd5151ba141" candidate_uuid: "822b543bec1f4e1392a0672d137ebe92" candidate_term: 1 candidate_status { last_received { term: 0 index: 0 } } ignore_live_leader: false dest_uuid: "140e8a72add046aab5f8bacab1054364" is_pre_election: true
I20260630 12:36:01.516994  8601 tablet_service.cc:1917] Received RequestConsensusVote() RPC: tablet_id: "a929e84c81d3477eb2375fa0cf40fa29" candidate_uuid: "822b543bec1f4e1392a0672d137ebe92" candidate_term: 1 candidate_status { last_received { term: 0 index: 0 } } ignore_live_leader: false dest_uuid: "140e8a72add046aab5f8bacab1054364" is_pre_election: true
I20260630 12:36:01.517788  8601 raft_consensus.cc:2468] T a929e84c81d3477eb2375fa0cf40fa29 P 140e8a72add046aab5f8bacab1054364 [term 0 FOLLOWER]: Leader pre-election vote request: Granting yes vote for candidate 822b543bec1f4e1392a0672d137ebe92 in term 0.
I20260630 12:36:01.518518  8722 tablet_bootstrap.cc:492] T 6a35c9e49d3d4549a80d6833f61944a4 P 822b543bec1f4e1392a0672d137ebe92: Bootstrap starting.
I20260630 12:36:01.519955  8601 tablet_service.cc:1917] Received RequestConsensusVote() RPC: tablet_id: "d0d3835081a2443093e309f54211824f" candidate_uuid: "822b543bec1f4e1392a0672d137ebe92" candidate_term: 1 candidate_status { last_received { term: 0 index: 0 } } ignore_live_leader: false dest_uuid: "140e8a72add046aab5f8bacab1054364" is_pre_election: true
I20260630 12:36:01.520686  8601 raft_consensus.cc:2468] T d0d3835081a2443093e309f54211824f P 140e8a72add046aab5f8bacab1054364 [term 0 FOLLOWER]: Leader pre-election vote request: Granting yes vote for candidate 822b543bec1f4e1392a0672d137ebe92 in term 0.
W20260630 12:36:01.522454  8642 leader_election.cc:343] T 2d91503cbb594dff8b123dd5151ba141 P 822b543bec1f4e1392a0672d137ebe92 [CANDIDATE]: Term 1 pre-election: Tablet error from VoteRequest() call to peer 140e8a72add046aab5f8bacab1054364 (127.3.233.130:39789): Illegal state: must be running to vote when last-logged opid is not known
I20260630 12:36:01.523444  8642 leader_election.cc:304] T a929e84c81d3477eb2375fa0cf40fa29 P 822b543bec1f4e1392a0672d137ebe92 [CANDIDATE]: Term 1 pre-election: Election decided. Result: candidate won. Election summary: received 2 responses out of 3 voters: 2 yes votes; 0 no votes. yes voters: 140e8a72add046aab5f8bacab1054364, 822b543bec1f4e1392a0672d137ebe92; no voters: 
I20260630 12:36:01.524447  8728 raft_consensus.cc:2804] T a929e84c81d3477eb2375fa0cf40fa29 P 822b543bec1f4e1392a0672d137ebe92 [term 0 FOLLOWER]: Leader pre-election won for term 1
I20260630 12:36:01.524940  8728 raft_consensus.cc:493] T a929e84c81d3477eb2375fa0cf40fa29 P 822b543bec1f4e1392a0672d137ebe92 [term 0 FOLLOWER]: Starting leader election (no leader contacted us within the election timeout)
W20260630 12:36:01.524708  8567 leader_election.cc:343] T 4c6bc89982e048a6a5931e46d87aca1e P 140e8a72add046aab5f8bacab1054364 [CANDIDATE]: Term 1 pre-election: Tablet error from VoteRequest() call to peer 822b543bec1f4e1392a0672d137ebe92 (127.3.233.131:40363): Illegal state: must be running to vote when last-logged opid is not known
I20260630 12:36:01.525417  8728 raft_consensus.cc:3060] T a929e84c81d3477eb2375fa0cf40fa29 P 822b543bec1f4e1392a0672d137ebe92 [term 0 FOLLOWER]: Advancing to term 1
I20260630 12:36:01.527374  8722 tablet_bootstrap.cc:654] T 6a35c9e49d3d4549a80d6833f61944a4 P 822b543bec1f4e1392a0672d137ebe92: Neither blocks nor log segments found. Creating new log.
I20260630 12:36:01.534919  8722 tablet_bootstrap.cc:492] T 6a35c9e49d3d4549a80d6833f61944a4 P 822b543bec1f4e1392a0672d137ebe92: No bootstrap required, opened a new log
I20260630 12:36:01.536875  8722 ts_tablet_manager.cc:1403] T 6a35c9e49d3d4549a80d6833f61944a4 P 822b543bec1f4e1392a0672d137ebe92: Time spent bootstrapping tablet: real 0.019s	user 0.014s	sys 0.001s
I20260630 12:36:01.537617  8676 raft_consensus.cc:2468] T a589a2c698404fa0922c50774d10524b P 822b543bec1f4e1392a0672d137ebe92 [term 1 FOLLOWER]: Leader election vote request: Granting yes vote for candidate 140e8a72add046aab5f8bacab1054364 in term 1.
I20260630 12:36:01.538327  8723 tablet_bootstrap.cc:492] T 3dbfd1659ad947088b98c246d413fb21 P 140e8a72add046aab5f8bacab1054364: No bootstrap required, opened a new log
I20260630 12:36:01.538905  8723 ts_tablet_manager.cc:1403] T 3dbfd1659ad947088b98c246d413fb21 P 140e8a72add046aab5f8bacab1054364: Time spent bootstrapping tablet: real 0.071s	user 0.014s	sys 0.031s
I20260630 12:36:01.539803  8642 leader_election.cc:304] T d0d3835081a2443093e309f54211824f P 822b543bec1f4e1392a0672d137ebe92 [CANDIDATE]: Term 1 pre-election: Election decided. Result: candidate won. Election summary: received 2 responses out of 3 voters: 2 yes votes; 0 no votes. yes voters: 140e8a72add046aab5f8bacab1054364, 822b543bec1f4e1392a0672d137ebe92; no voters: 
I20260630 12:36:01.540235  8722 raft_consensus.cc:359] T 6a35c9e49d3d4549a80d6833f61944a4 P 822b543bec1f4e1392a0672d137ebe92 [term 0 FOLLOWER]: Replica starting. Triggering 0 pending ops. Active config: opid_index: -1 OBSOLETE_local: false peers { permanent_uuid: "1b3b387ed1554d1bb2ce9ce312089041" member_type: VOTER last_known_addr { host: "127.3.233.129" port: 40975 } } peers { permanent_uuid: "140e8a72add046aab5f8bacab1054364" member_type: VOTER last_known_addr { host: "127.3.233.130" port: 39789 } } peers { permanent_uuid: "822b543bec1f4e1392a0672d137ebe92" member_type: VOTER last_known_addr { host: "127.3.233.131" port: 40363 } }
I20260630 12:36:01.541111  8722 raft_consensus.cc:385] T 6a35c9e49d3d4549a80d6833f61944a4 P 822b543bec1f4e1392a0672d137ebe92 [term 0 FOLLOWER]: Consensus starting up: Expiring failure detector timer to make a prompt election more likely
I20260630 12:36:01.541451  8722 raft_consensus.cc:740] T 6a35c9e49d3d4549a80d6833f61944a4 P 822b543bec1f4e1392a0672d137ebe92 [term 0 FOLLOWER]: Becoming Follower/Learner. State: Replica: 822b543bec1f4e1392a0672d137ebe92, State: Initialized, Role: FOLLOWER
I20260630 12:36:01.542093  8723 raft_consensus.cc:359] T 3dbfd1659ad947088b98c246d413fb21 P 140e8a72add046aab5f8bacab1054364 [term 0 FOLLOWER]: Replica starting. Triggering 0 pending ops. Active config: opid_index: -1 OBSOLETE_local: false peers { permanent_uuid: "1b3b387ed1554d1bb2ce9ce312089041" member_type: VOTER last_known_addr { host: "127.3.233.129" port: 40975 } } peers { permanent_uuid: "140e8a72add046aab5f8bacab1054364" member_type: VOTER last_known_addr { host: "127.3.233.130" port: 39789 } } peers { permanent_uuid: "822b543bec1f4e1392a0672d137ebe92" member_type: VOTER last_known_addr { host: "127.3.233.131" port: 40363 } }
I20260630 12:36:01.542302  8722 consensus_queue.cc:260] T 6a35c9e49d3d4549a80d6833f61944a4 P 822b543bec1f4e1392a0672d137ebe92 [NON_LEADER]: Queue going to NON_LEADER mode. State: All replicated index: 0, Majority replicated index: 0, Committed index: 0, Last appended: 0.0, Last appended by leader: 0, Current term: 0, Majority size: -1, State: 0, Mode: NON_LEADER, active raft config: opid_index: -1 OBSOLETE_local: false peers { permanent_uuid: "1b3b387ed1554d1bb2ce9ce312089041" member_type: VOTER last_known_addr { host: "127.3.233.129" port: 40975 } } peers { permanent_uuid: "140e8a72add046aab5f8bacab1054364" member_type: VOTER last_known_addr { host: "127.3.233.130" port: 39789 } } peers { permanent_uuid: "822b543bec1f4e1392a0672d137ebe92" member_type: VOTER last_known_addr { host: "127.3.233.131" port: 40363 } }
I20260630 12:36:01.542909  8723 raft_consensus.cc:385] T 3dbfd1659ad947088b98c246d413fb21 P 140e8a72add046aab5f8bacab1054364 [term 0 FOLLOWER]: Consensus starting up: Expiring failure detector timer to make a prompt election more likely
I20260630 12:36:01.543327  8723 raft_consensus.cc:740] T 3dbfd1659ad947088b98c246d413fb21 P 140e8a72add046aab5f8bacab1054364 [term 0 FOLLOWER]: Becoming Follower/Learner. State: Replica: 140e8a72add046aab5f8bacab1054364, State: Initialized, Role: FOLLOWER
I20260630 12:36:01.544173  8723 consensus_queue.cc:260] T 3dbfd1659ad947088b98c246d413fb21 P 140e8a72add046aab5f8bacab1054364 [NON_LEADER]: Queue going to NON_LEADER mode. State: All replicated index: 0, Majority replicated index: 0, Committed index: 0, Last appended: 0.0, Last appended by leader: 0, Current term: 0, Majority size: -1, State: 0, Mode: NON_LEADER, active raft config: opid_index: -1 OBSOLETE_local: false peers { permanent_uuid: "1b3b387ed1554d1bb2ce9ce312089041" member_type: VOTER last_known_addr { host: "127.3.233.129" port: 40975 } } peers { permanent_uuid: "140e8a72add046aab5f8bacab1054364" member_type: VOTER last_known_addr { host: "127.3.233.130" port: 39789 } } peers { permanent_uuid: "822b543bec1f4e1392a0672d137ebe92" member_type: VOTER last_known_addr { host: "127.3.233.131" port: 40363 } }
I20260630 12:36:01.545575  8721 tablet_bootstrap.cc:654] T 3dbfd1659ad947088b98c246d413fb21 P 1b3b387ed1554d1bb2ce9ce312089041: Neither blocks nor log segments found. Creating new log.
I20260630 12:36:01.546368  8723 ts_tablet_manager.cc:1434] T 3dbfd1659ad947088b98c246d413fb21 P 140e8a72add046aab5f8bacab1054364: Time spent starting tablet: real 0.007s	user 0.004s	sys 0.004s
I20260630 12:36:01.547484  8723 tablet_bootstrap.cc:492] T 2d91503cbb594dff8b123dd5151ba141 P 140e8a72add046aab5f8bacab1054364: Bootstrap starting.
I20260630 12:36:01.547838  8749 raft_consensus.cc:2804] T d0d3835081a2443093e309f54211824f P 822b543bec1f4e1392a0672d137ebe92 [term 0 FOLLOWER]: Leader pre-election won for term 1
I20260630 12:36:01.548269  8749 raft_consensus.cc:493] T d0d3835081a2443093e309f54211824f P 822b543bec1f4e1392a0672d137ebe92 [term 0 FOLLOWER]: Starting leader election (no leader contacted us within the election timeout)
I20260630 12:36:01.548619  8749 raft_consensus.cc:3060] T d0d3835081a2443093e309f54211824f P 822b543bec1f4e1392a0672d137ebe92 [term 0 FOLLOWER]: Advancing to term 1
I20260630 12:36:01.555001  8723 tablet_bootstrap.cc:654] T 2d91503cbb594dff8b123dd5151ba141 P 140e8a72add046aab5f8bacab1054364: Neither blocks nor log segments found. Creating new log.
I20260630 12:36:01.556667  8733 raft_consensus.cc:515] T 4c6bc89982e048a6a5931e46d87aca1e P 140e8a72add046aab5f8bacab1054364 [term 1 FOLLOWER]: Starting leader election with config: opid_index: -1 OBSOLETE_local: false peers { permanent_uuid: "1b3b387ed1554d1bb2ce9ce312089041" member_type: VOTER last_known_addr { host: "127.3.233.129" port: 40975 } } peers { permanent_uuid: "140e8a72add046aab5f8bacab1054364" member_type: VOTER last_known_addr { host: "127.3.233.130" port: 39789 } } peers { permanent_uuid: "822b543bec1f4e1392a0672d137ebe92" member_type: VOTER last_known_addr { host: "127.3.233.131" port: 40363 } }
I20260630 12:36:01.557016  8526 tablet_service.cc:1917] Received RequestConsensusVote() RPC: tablet_id: "a929e84c81d3477eb2375fa0cf40fa29" candidate_uuid: "822b543bec1f4e1392a0672d137ebe92" candidate_term: 1 candidate_status { last_received { term: 0 index: 0 } } ignore_live_leader: false dest_uuid: "1b3b387ed1554d1bb2ce9ce312089041" is_pre_election: true
I20260630 12:36:01.557901  8526 raft_consensus.cc:2468] T a929e84c81d3477eb2375fa0cf40fa29 P 1b3b387ed1554d1bb2ce9ce312089041 [term 0 FOLLOWER]: Leader pre-election vote request: Granting yes vote for candidate 822b543bec1f4e1392a0672d137ebe92 in term 0.
I20260630 12:36:01.558276  8525 tablet_service.cc:1917] Received RequestConsensusVote() RPC: tablet_id: "d0d3835081a2443093e309f54211824f" candidate_uuid: "822b543bec1f4e1392a0672d137ebe92" candidate_term: 1 candidate_status { last_received { term: 0 index: 0 } } ignore_live_leader: false dest_uuid: "1b3b387ed1554d1bb2ce9ce312089041" is_pre_election: true
I20260630 12:36:01.557225  8527 tablet_service.cc:1917] Received RequestConsensusVote() RPC: tablet_id: "2d91503cbb594dff8b123dd5151ba141" candidate_uuid: "822b543bec1f4e1392a0672d137ebe92" candidate_term: 1 candidate_status { last_received { term: 0 index: 0 } } ignore_live_leader: false dest_uuid: "1b3b387ed1554d1bb2ce9ce312089041" is_pre_election: true
I20260630 12:36:01.542749  8728 raft_consensus.cc:515] T a929e84c81d3477eb2375fa0cf40fa29 P 822b543bec1f4e1392a0672d137ebe92 [term 1 FOLLOWER]: Starting leader election with config: opid_index: -1 OBSOLETE_local: false peers { permanent_uuid: "1b3b387ed1554d1bb2ce9ce312089041" member_type: VOTER last_known_addr { host: "127.3.233.129" port: 40975 } } peers { permanent_uuid: "140e8a72add046aab5f8bacab1054364" member_type: VOTER last_known_addr { host: "127.3.233.130" port: 39789 } } peers { permanent_uuid: "822b543bec1f4e1392a0672d137ebe92" member_type: VOTER last_known_addr { host: "127.3.233.131" port: 40363 } }
I20260630 12:36:01.561905  8728 leader_election.cc:290] T a929e84c81d3477eb2375fa0cf40fa29 P 822b543bec1f4e1392a0672d137ebe92 [CANDIDATE]: Term 1 election: Requested vote from peers 1b3b387ed1554d1bb2ce9ce312089041 (127.3.233.129:40975), 140e8a72add046aab5f8bacab1054364 (127.3.233.130:39789)
W20260630 12:36:01.562265  8640 leader_election.cc:343] T d0d3835081a2443093e309f54211824f P 822b543bec1f4e1392a0672d137ebe92 [CANDIDATE]: Term 1 pre-election: Tablet error from VoteRequest() call to peer 1b3b387ed1554d1bb2ce9ce312089041 (127.3.233.129:40975): Illegal state: must be running to vote when last-logged opid is not known
I20260630 12:36:01.563112  8601 tablet_service.cc:1917] Received RequestConsensusVote() RPC: tablet_id: "a929e84c81d3477eb2375fa0cf40fa29" candidate_uuid: "822b543bec1f4e1392a0672d137ebe92" candidate_term: 1 candidate_status { last_received { term: 0 index: 0 } } ignore_live_leader: false dest_uuid: "140e8a72add046aab5f8bacab1054364"
I20260630 12:36:01.563810  8601 raft_consensus.cc:3060] T a929e84c81d3477eb2375fa0cf40fa29 P 140e8a72add046aab5f8bacab1054364 [term 0 FOLLOWER]: Advancing to term 1
I20260630 12:36:01.559520  8527 raft_consensus.cc:2468] T 2d91503cbb594dff8b123dd5151ba141 P 1b3b387ed1554d1bb2ce9ce312089041 [term 0 FOLLOWER]: Leader pre-election vote request: Granting yes vote for candidate 822b543bec1f4e1392a0672d137ebe92 in term 0.
I20260630 12:36:01.566555  8527 tablet_service.cc:1917] Received RequestConsensusVote() RPC: tablet_id: "a929e84c81d3477eb2375fa0cf40fa29" candidate_uuid: "822b543bec1f4e1392a0672d137ebe92" candidate_term: 1 candidate_status { last_received { term: 0 index: 0 } } ignore_live_leader: false dest_uuid: "1b3b387ed1554d1bb2ce9ce312089041"
I20260630 12:36:01.567446  8527 raft_consensus.cc:3060] T a929e84c81d3477eb2375fa0cf40fa29 P 1b3b387ed1554d1bb2ce9ce312089041 [term 0 FOLLOWER]: Advancing to term 1
I20260630 12:36:01.568465  8525 tablet_service.cc:1917] Received RequestConsensusVote() RPC: tablet_id: "4c6bc89982e048a6a5931e46d87aca1e" candidate_uuid: "140e8a72add046aab5f8bacab1054364" candidate_term: 1 candidate_status { last_received { term: 0 index: 0 } } ignore_live_leader: false dest_uuid: "1b3b387ed1554d1bb2ce9ce312089041"
I20260630 12:36:01.568764  8733 leader_election.cc:290] T 4c6bc89982e048a6a5931e46d87aca1e P 140e8a72add046aab5f8bacab1054364 [CANDIDATE]: Term 1 election: Requested vote from peers 1b3b387ed1554d1bb2ce9ce312089041 (127.3.233.129:40975), 822b543bec1f4e1392a0672d137ebe92 (127.3.233.131:40363)
I20260630 12:36:01.569130  8525 raft_consensus.cc:3060] T 4c6bc89982e048a6a5931e46d87aca1e P 1b3b387ed1554d1bb2ce9ce312089041 [term 0 FOLLOWER]: Advancing to term 1
I20260630 12:36:01.570452  8676 tablet_service.cc:1917] Received RequestConsensusVote() RPC: tablet_id: "4c6bc89982e048a6a5931e46d87aca1e" candidate_uuid: "140e8a72add046aab5f8bacab1054364" candidate_term: 1 candidate_status { last_received { term: 0 index: 0 } } ignore_live_leader: false dest_uuid: "822b543bec1f4e1392a0672d137ebe92"
I20260630 12:36:01.570461  8640 leader_election.cc:304] T 2d91503cbb594dff8b123dd5151ba141 P 822b543bec1f4e1392a0672d137ebe92 [CANDIDATE]: Term 1 pre-election: Election decided. Result: candidate won. Election summary: received 3 responses out of 3 voters: 2 yes votes; 1 no votes. yes voters: 1b3b387ed1554d1bb2ce9ce312089041, 822b543bec1f4e1392a0672d137ebe92; no voters: 140e8a72add046aab5f8bacab1054364
I20260630 12:36:01.572654  8728 raft_consensus.cc:2804] T 2d91503cbb594dff8b123dd5151ba141 P 822b543bec1f4e1392a0672d137ebe92 [term 0 FOLLOWER]: Leader pre-election won for term 1
I20260630 12:36:01.573127  8728 raft_consensus.cc:493] T 2d91503cbb594dff8b123dd5151ba141 P 822b543bec1f4e1392a0672d137ebe92 [term 0 FOLLOWER]: Starting leader election (no leader contacted us within the election timeout)
I20260630 12:36:01.573531  8728 raft_consensus.cc:3060] T 2d91503cbb594dff8b123dd5151ba141 P 822b543bec1f4e1392a0672d137ebe92 [term 0 FOLLOWER]: Advancing to term 1
W20260630 12:36:01.581739  8567 leader_election.cc:343] T 4c6bc89982e048a6a5931e46d87aca1e P 140e8a72add046aab5f8bacab1054364 [CANDIDATE]: Term 1 election: Tablet error from VoteRequest() call to peer 822b543bec1f4e1392a0672d137ebe92 (127.3.233.131:40363): Illegal state: must be running to vote when last-logged opid is not known
I20260630 12:36:01.582013  8728 raft_consensus.cc:515] T 2d91503cbb594dff8b123dd5151ba141 P 822b543bec1f4e1392a0672d137ebe92 [term 1 FOLLOWER]: Starting leader election with config: opid_index: -1 OBSOLETE_local: false peers { permanent_uuid: "1b3b387ed1554d1bb2ce9ce312089041" member_type: VOTER last_known_addr { host: "127.3.233.129" port: 40975 } } peers { permanent_uuid: "822b543bec1f4e1392a0672d137ebe92" member_type: VOTER last_known_addr { host: "127.3.233.131" port: 40363 } } peers { permanent_uuid: "140e8a72add046aab5f8bacab1054364" member_type: VOTER last_known_addr { host: "127.3.233.130" port: 39789 } }
I20260630 12:36:01.584738  8728 leader_election.cc:290] T 2d91503cbb594dff8b123dd5151ba141 P 822b543bec1f4e1392a0672d137ebe92 [CANDIDATE]: Term 1 election: Requested vote from peers 1b3b387ed1554d1bb2ce9ce312089041 (127.3.233.129:40975), 140e8a72add046aab5f8bacab1054364 (127.3.233.130:39789)
I20260630 12:36:01.585422  8728 raft_consensus.cc:493] T bef60e3dddc64d878b5afa34b301204c P 822b543bec1f4e1392a0672d137ebe92 [term 0 FOLLOWER]: Starting pre-election (no leader contacted us within the election timeout)
I20260630 12:36:01.585958  8602 tablet_service.cc:1917] Received RequestConsensusVote() RPC: tablet_id: "2d91503cbb594dff8b123dd5151ba141" candidate_uuid: "822b543bec1f4e1392a0672d137ebe92" candidate_term: 1 candidate_status { last_received { term: 0 index: 0 } } ignore_live_leader: false dest_uuid: "140e8a72add046aab5f8bacab1054364"
I20260630 12:36:01.585954  8728 raft_consensus.cc:515] T bef60e3dddc64d878b5afa34b301204c P 822b543bec1f4e1392a0672d137ebe92 [term 0 FOLLOWER]: Starting pre-election with config: opid_index: -1 OBSOLETE_local: false peers { permanent_uuid: "1b3b387ed1554d1bb2ce9ce312089041" member_type: VOTER last_known_addr { host: "127.3.233.129" port: 40975 } } peers { permanent_uuid: "140e8a72add046aab5f8bacab1054364" member_type: VOTER last_known_addr { host: "127.3.233.130" port: 39789 } } peers { permanent_uuid: "822b543bec1f4e1392a0672d137ebe92" member_type: VOTER last_known_addr { host: "127.3.233.131" port: 40363 } }
I20260630 12:36:01.587913  8733 raft_consensus.cc:493] T bef60e3dddc64d878b5afa34b301204c P 140e8a72add046aab5f8bacab1054364 [term 0 FOLLOWER]: Starting pre-election (no leader contacted us within the election timeout)
W20260630 12:36:01.587952  8642 leader_election.cc:343] T 2d91503cbb594dff8b123dd5151ba141 P 822b543bec1f4e1392a0672d137ebe92 [CANDIDATE]: Term 1 election: Tablet error from VoteRequest() call to peer 140e8a72add046aab5f8bacab1054364 (127.3.233.130:39789): Illegal state: must be running to vote when last-logged opid is not known
I20260630 12:36:01.585988  8526 tablet_service.cc:1917] Received RequestConsensusVote() RPC: tablet_id: "2d91503cbb594dff8b123dd5151ba141" candidate_uuid: "822b543bec1f4e1392a0672d137ebe92" candidate_term: 1 candidate_status { last_received { term: 0 index: 0 } } ignore_live_leader: false dest_uuid: "1b3b387ed1554d1bb2ce9ce312089041"
I20260630 12:36:01.588610  8733 raft_consensus.cc:515] T bef60e3dddc64d878b5afa34b301204c P 140e8a72add046aab5f8bacab1054364 [term 0 FOLLOWER]: Starting pre-election with config: opid_index: -1 OBSOLETE_local: false peers { permanent_uuid: "1b3b387ed1554d1bb2ce9ce312089041" member_type: VOTER last_known_addr { host: "127.3.233.129" port: 40975 } } peers { permanent_uuid: "140e8a72add046aab5f8bacab1054364" member_type: VOTER last_known_addr { host: "127.3.233.130" port: 39789 } } peers { permanent_uuid: "822b543bec1f4e1392a0672d137ebe92" member_type: VOTER last_known_addr { host: "127.3.233.131" port: 40363 } }
I20260630 12:36:01.589195  8526 raft_consensus.cc:3060] T 2d91503cbb594dff8b123dd5151ba141 P 1b3b387ed1554d1bb2ce9ce312089041 [term 0 FOLLOWER]: Advancing to term 1
I20260630 12:36:01.590977  8733 leader_election.cc:290] T bef60e3dddc64d878b5afa34b301204c P 140e8a72add046aab5f8bacab1054364 [CANDIDATE]: Term 1 pre-election: Requested pre-vote from peers 1b3b387ed1554d1bb2ce9ce312089041 (127.3.233.129:40975), 822b543bec1f4e1392a0672d137ebe92 (127.3.233.131:40363)
I20260630 12:36:01.592911  8676 tablet_service.cc:1917] Received RequestConsensusVote() RPC: tablet_id: "bef60e3dddc64d878b5afa34b301204c" candidate_uuid: "140e8a72add046aab5f8bacab1054364" candidate_term: 1 candidate_status { last_received { term: 0 index: 0 } } ignore_live_leader: false dest_uuid: "822b543bec1f4e1392a0672d137ebe92" is_pre_election: true
I20260630 12:36:01.593667  8524 tablet_service.cc:1917] Received RequestConsensusVote() RPC: tablet_id: "bef60e3dddc64d878b5afa34b301204c" candidate_uuid: "140e8a72add046aab5f8bacab1054364" candidate_term: 1 candidate_status { last_received { term: 0 index: 0 } } ignore_live_leader: false dest_uuid: "1b3b387ed1554d1bb2ce9ce312089041" is_pre_election: true
I20260630 12:36:01.593989  8676 raft_consensus.cc:2468] T bef60e3dddc64d878b5afa34b301204c P 822b543bec1f4e1392a0672d137ebe92 [term 0 FOLLOWER]: Leader pre-election vote request: Granting yes vote for candidate 140e8a72add046aab5f8bacab1054364 in term 0.
I20260630 12:36:01.594390  8524 raft_consensus.cc:2468] T bef60e3dddc64d878b5afa34b301204c P 1b3b387ed1554d1bb2ce9ce312089041 [term 0 FOLLOWER]: Leader pre-election vote request: Granting yes vote for candidate 140e8a72add046aab5f8bacab1054364 in term 0.
I20260630 12:36:01.595534  8525 raft_consensus.cc:2468] T 4c6bc89982e048a6a5931e46d87aca1e P 1b3b387ed1554d1bb2ce9ce312089041 [term 1 FOLLOWER]: Leader election vote request: Granting yes vote for candidate 140e8a72add046aab5f8bacab1054364 in term 1.
I20260630 12:36:01.595990  8567 leader_election.cc:304] T bef60e3dddc64d878b5afa34b301204c P 140e8a72add046aab5f8bacab1054364 [CANDIDATE]: Term 1 pre-election: Election decided. Result: candidate won. Election summary: received 2 responses out of 3 voters: 2 yes votes; 0 no votes. yes voters: 140e8a72add046aab5f8bacab1054364, 822b543bec1f4e1392a0672d137ebe92; no voters: 
I20260630 12:36:01.597394  8566 leader_election.cc:304] T 4c6bc89982e048a6a5931e46d87aca1e P 140e8a72add046aab5f8bacab1054364 [CANDIDATE]: Term 1 election: Election decided. Result: candidate won. Election summary: received 3 responses out of 3 voters: 2 yes votes; 1 no votes. yes voters: 140e8a72add046aab5f8bacab1054364, 1b3b387ed1554d1bb2ce9ce312089041; no voters: 822b543bec1f4e1392a0672d137ebe92
I20260630 12:36:01.598795  8729 raft_consensus.cc:2804] T bef60e3dddc64d878b5afa34b301204c P 140e8a72add046aab5f8bacab1054364 [term 0 FOLLOWER]: Leader pre-election won for term 1
I20260630 12:36:01.599206  8729 raft_consensus.cc:493] T bef60e3dddc64d878b5afa34b301204c P 140e8a72add046aab5f8bacab1054364 [term 0 FOLLOWER]: Starting leader election (no leader contacted us within the election timeout)
I20260630 12:36:01.599570  8729 raft_consensus.cc:3060] T bef60e3dddc64d878b5afa34b301204c P 140e8a72add046aab5f8bacab1054364 [term 0 FOLLOWER]: Advancing to term 1
I20260630 12:36:01.599946  8601 raft_consensus.cc:2468] T a929e84c81d3477eb2375fa0cf40fa29 P 140e8a72add046aab5f8bacab1054364 [term 1 FOLLOWER]: Leader election vote request: Granting yes vote for candidate 822b543bec1f4e1392a0672d137ebe92 in term 1.
I20260630 12:36:01.601518  8722 ts_tablet_manager.cc:1434] T 6a35c9e49d3d4549a80d6833f61944a4 P 822b543bec1f4e1392a0672d137ebe92: Time spent starting tablet: real 0.064s	user 0.005s	sys 0.001s
I20260630 12:36:01.601472  8642 leader_election.cc:304] T a929e84c81d3477eb2375fa0cf40fa29 P 822b543bec1f4e1392a0672d137ebe92 [CANDIDATE]: Term 1 election: Election decided. Result: candidate won. Election summary: received 2 responses out of 3 voters: 2 yes votes; 0 no votes. yes voters: 140e8a72add046aab5f8bacab1054364, 822b543bec1f4e1392a0672d137ebe92; no voters: 
I20260630 12:36:01.604875  8733 raft_consensus.cc:2804] T 4c6bc89982e048a6a5931e46d87aca1e P 140e8a72add046aab5f8bacab1054364 [term 1 FOLLOWER]: Leader election won for term 1
I20260630 12:36:01.614830  8721 tablet_bootstrap.cc:492] T 3dbfd1659ad947088b98c246d413fb21 P 1b3b387ed1554d1bb2ce9ce312089041: No bootstrap required, opened a new log
I20260630 12:36:01.616106  8762 raft_consensus.cc:2804] T a929e84c81d3477eb2375fa0cf40fa29 P 822b543bec1f4e1392a0672d137ebe92 [term 1 FOLLOWER]: Leader election won for term 1
I20260630 12:36:01.617213  8728 leader_election.cc:290] T bef60e3dddc64d878b5afa34b301204c P 822b543bec1f4e1392a0672d137ebe92 [CANDIDATE]: Term 1 pre-election: Requested pre-vote from peers 1b3b387ed1554d1bb2ce9ce312089041 (127.3.233.129:40975), 140e8a72add046aab5f8bacab1054364 (127.3.233.130:39789)
I20260630 12:36:01.603170  8722 tablet_bootstrap.cc:492] T 4c6bc89982e048a6a5931e46d87aca1e P 822b543bec1f4e1392a0672d137ebe92: Bootstrap starting.
I20260630 12:36:01.619002  8601 tablet_service.cc:1917] Received RequestConsensusVote() RPC: tablet_id: "bef60e3dddc64d878b5afa34b301204c" candidate_uuid: "822b543bec1f4e1392a0672d137ebe92" candidate_term: 1 candidate_status { last_received { term: 0 index: 0 } } ignore_live_leader: false dest_uuid: "140e8a72add046aab5f8bacab1054364" is_pre_election: true
I20260630 12:36:01.610399  8749 raft_consensus.cc:515] T d0d3835081a2443093e309f54211824f P 822b543bec1f4e1392a0672d137ebe92 [term 1 FOLLOWER]: Starting leader election with config: opid_index: -1 OBSOLETE_local: false peers { permanent_uuid: "1b3b387ed1554d1bb2ce9ce312089041" member_type: VOTER last_known_addr { host: "127.3.233.129" port: 40975 } } peers { permanent_uuid: "140e8a72add046aab5f8bacab1054364" member_type: VOTER last_known_addr { host: "127.3.233.130" port: 39789 } } peers { permanent_uuid: "822b543bec1f4e1392a0672d137ebe92" member_type: VOTER last_known_addr { host: "127.3.233.131" port: 40363 } }
I20260630 12:36:01.608109  8525 tablet_service.cc:1917] Received RequestConsensusVote() RPC: tablet_id: "bef60e3dddc64d878b5afa34b301204c" candidate_uuid: "822b543bec1f4e1392a0672d137ebe92" candidate_term: 1 candidate_status { last_received { term: 0 index: 0 } } ignore_live_leader: false dest_uuid: "1b3b387ed1554d1bb2ce9ce312089041" is_pre_election: true
I20260630 12:36:01.621662  8721 ts_tablet_manager.cc:1403] T 3dbfd1659ad947088b98c246d413fb21 P 1b3b387ed1554d1bb2ce9ce312089041: Time spent bootstrapping tablet: real 0.134s	user 0.007s	sys 0.008s
I20260630 12:36:01.622671  8525 raft_consensus.cc:2468] T bef60e3dddc64d878b5afa34b301204c P 1b3b387ed1554d1bb2ce9ce312089041 [term 0 FOLLOWER]: Leader pre-election vote request: Granting yes vote for candidate 822b543bec1f4e1392a0672d137ebe92 in term 0.
I20260630 12:36:01.624279  8640 leader_election.cc:304] T bef60e3dddc64d878b5afa34b301204c P 822b543bec1f4e1392a0672d137ebe92 [CANDIDATE]: Term 1 pre-election: Election decided. Result: candidate won. Election summary: received 2 responses out of 3 voters: 2 yes votes; 0 no votes. yes voters: 1b3b387ed1554d1bb2ce9ce312089041, 822b543bec1f4e1392a0672d137ebe92; no voters: 
I20260630 12:36:01.624667  8527 raft_consensus.cc:2468] T a929e84c81d3477eb2375fa0cf40fa29 P 1b3b387ed1554d1bb2ce9ce312089041 [term 1 FOLLOWER]: Leader election vote request: Granting yes vote for candidate 822b543bec1f4e1392a0672d137ebe92 in term 1.
I20260630 12:36:01.625027  8749 leader_election.cc:290] T d0d3835081a2443093e309f54211824f P 822b543bec1f4e1392a0672d137ebe92 [CANDIDATE]: Term 1 election: Requested vote from peers 1b3b387ed1554d1bb2ce9ce312089041 (127.3.233.129:40975), 140e8a72add046aab5f8bacab1054364 (127.3.233.130:39789)
I20260630 12:36:01.625926  8749 raft_consensus.cc:2804] T bef60e3dddc64d878b5afa34b301204c P 822b543bec1f4e1392a0672d137ebe92 [term 0 FOLLOWER]: Leader pre-election won for term 1
I20260630 12:36:01.626397  8749 raft_consensus.cc:493] T bef60e3dddc64d878b5afa34b301204c P 822b543bec1f4e1392a0672d137ebe92 [term 0 FOLLOWER]: Starting leader election (no leader contacted us within the election timeout)
I20260630 12:36:01.626835  8749 raft_consensus.cc:3060] T bef60e3dddc64d878b5afa34b301204c P 822b543bec1f4e1392a0672d137ebe92 [term 0 FOLLOWER]: Advancing to term 1
I20260630 12:36:01.627987  8527 tablet_service.cc:1917] Received RequestConsensusVote() RPC: tablet_id: "d0d3835081a2443093e309f54211824f" candidate_uuid: "822b543bec1f4e1392a0672d137ebe92" candidate_term: 1 candidate_status { last_received { term: 0 index: 0 } } ignore_live_leader: false dest_uuid: "1b3b387ed1554d1bb2ce9ce312089041"
W20260630 12:36:01.629703  8640 leader_election.cc:343] T d0d3835081a2443093e309f54211824f P 822b543bec1f4e1392a0672d137ebe92 [CANDIDATE]: Term 1 election: Tablet error from VoteRequest() call to peer 1b3b387ed1554d1bb2ce9ce312089041 (127.3.233.129:40975): Illegal state: must be running to vote when last-logged opid is not known
I20260630 12:36:01.630401  8722 tablet_bootstrap.cc:654] T 4c6bc89982e048a6a5931e46d87aca1e P 822b543bec1f4e1392a0672d137ebe92: Neither blocks nor log segments found. Creating new log.
I20260630 12:36:01.616847  8762 raft_consensus.cc:697] T a929e84c81d3477eb2375fa0cf40fa29 P 822b543bec1f4e1392a0672d137ebe92 [term 1 LEADER]: Becoming Leader. State: Replica: 822b543bec1f4e1392a0672d137ebe92, State: Running, Role: LEADER
I20260630 12:36:01.632428  8733 raft_consensus.cc:697] T 4c6bc89982e048a6a5931e46d87aca1e P 140e8a72add046aab5f8bacab1054364 [term 1 LEADER]: Becoming Leader. State: Replica: 140e8a72add046aab5f8bacab1054364, State: Running, Role: LEADER
I20260630 12:36:01.638382  8764 raft_consensus.cc:493] T 99ad938a14164e3cb0a90b7e76b91fba P 140e8a72add046aab5f8bacab1054364 [term 0 FOLLOWER]: Starting pre-election (no leader contacted us within the election timeout)
I20260630 12:36:01.638238  8733 consensus_queue.cc:237] T 4c6bc89982e048a6a5931e46d87aca1e P 140e8a72add046aab5f8bacab1054364 [LEADER]: Queue going to LEADER mode. State: All replicated index: 0, Majority replicated index: 0, Committed index: 0, Last appended: 0.0, Last appended by leader: 0, Current term: 1, Majority size: 2, State: 0, Mode: LEADER, active raft config: opid_index: -1 OBSOLETE_local: false peers { permanent_uuid: "1b3b387ed1554d1bb2ce9ce312089041" member_type: VOTER last_known_addr { host: "127.3.233.129" port: 40975 } } peers { permanent_uuid: "140e8a72add046aab5f8bacab1054364" member_type: VOTER last_known_addr { host: "127.3.233.130" port: 39789 } } peers { permanent_uuid: "822b543bec1f4e1392a0672d137ebe92" member_type: VOTER last_known_addr { host: "127.3.233.131" port: 40363 } }
I20260630 12:36:01.639257  8764 raft_consensus.cc:515] T 99ad938a14164e3cb0a90b7e76b91fba P 140e8a72add046aab5f8bacab1054364 [term 0 FOLLOWER]: Starting pre-election with config: opid_index: -1 OBSOLETE_local: false peers { permanent_uuid: "1b3b387ed1554d1bb2ce9ce312089041" member_type: VOTER last_known_addr { host: "127.3.233.129" port: 40975 } } peers { permanent_uuid: "140e8a72add046aab5f8bacab1054364" member_type: VOTER last_known_addr { host: "127.3.233.130" port: 39789 } } peers { permanent_uuid: "822b543bec1f4e1392a0672d137ebe92" member_type: VOTER last_known_addr { host: "127.3.233.131" port: 40363 } }
I20260630 12:36:01.642459  8764 leader_election.cc:290] T 99ad938a14164e3cb0a90b7e76b91fba P 140e8a72add046aab5f8bacab1054364 [CANDIDATE]: Term 1 pre-election: Requested pre-vote from peers 1b3b387ed1554d1bb2ce9ce312089041 (127.3.233.129:40975), 822b543bec1f4e1392a0672d137ebe92 (127.3.233.131:40363)
I20260630 12:36:01.644124  8726 raft_consensus.cc:493] T 5b1c9b8d0dce453f8ab63dfbaf48de7b P 1b3b387ed1554d1bb2ce9ce312089041 [term 0 FOLLOWER]: Starting pre-election (no leader contacted us within the election timeout)
I20260630 12:36:01.643561  8526 raft_consensus.cc:2468] T 2d91503cbb594dff8b123dd5151ba141 P 1b3b387ed1554d1bb2ce9ce312089041 [term 1 FOLLOWER]: Leader election vote request: Granting yes vote for candidate 822b543bec1f4e1392a0672d137ebe92 in term 1.
I20260630 12:36:01.644698  8726 raft_consensus.cc:515] T 5b1c9b8d0dce453f8ab63dfbaf48de7b P 1b3b387ed1554d1bb2ce9ce312089041 [term 0 FOLLOWER]: Starting pre-election with config: opid_index: -1 OBSOLETE_local: false peers { permanent_uuid: "1b3b387ed1554d1bb2ce9ce312089041" member_type: VOTER last_known_addr { host: "127.3.233.129" port: 40975 } } peers { permanent_uuid: "140e8a72add046aab5f8bacab1054364" member_type: VOTER last_known_addr { host: "127.3.233.130" port: 39789 } } peers { permanent_uuid: "822b543bec1f4e1392a0672d137ebe92" member_type: VOTER last_known_addr { host: "127.3.233.131" port: 40363 } }
I20260630 12:36:01.645478  8762 consensus_queue.cc:237] T a929e84c81d3477eb2375fa0cf40fa29 P 822b543bec1f4e1392a0672d137ebe92 [LEADER]: Queue going to LEADER mode. State: All replicated index: 0, Majority replicated index: 0, Committed index: 0, Last appended: 0.0, Last appended by leader: 0, Current term: 1, Majority size: 2, State: 0, Mode: LEADER, active raft config: opid_index: -1 OBSOLETE_local: false peers { permanent_uuid: "1b3b387ed1554d1bb2ce9ce312089041" member_type: VOTER last_known_addr { host: "127.3.233.129" port: 40975 } } peers { permanent_uuid: "140e8a72add046aab5f8bacab1054364" member_type: VOTER last_known_addr { host: "127.3.233.130" port: 39789 } } peers { permanent_uuid: "822b543bec1f4e1392a0672d137ebe92" member_type: VOTER last_known_addr { host: "127.3.233.131" port: 40363 } }
I20260630 12:36:01.646705  8729 raft_consensus.cc:515] T bef60e3dddc64d878b5afa34b301204c P 140e8a72add046aab5f8bacab1054364 [term 1 FOLLOWER]: Starting leader election with config: opid_index: -1 OBSOLETE_local: false peers { permanent_uuid: "1b3b387ed1554d1bb2ce9ce312089041" member_type: VOTER last_known_addr { host: "127.3.233.129" port: 40975 } } peers { permanent_uuid: "140e8a72add046aab5f8bacab1054364" member_type: VOTER last_known_addr { host: "127.3.233.130" port: 39789 } } peers { permanent_uuid: "822b543bec1f4e1392a0672d137ebe92" member_type: VOTER last_known_addr { host: "127.3.233.131" port: 40363 } }
I20260630 12:36:01.648324  8601 raft_consensus.cc:2393] T bef60e3dddc64d878b5afa34b301204c P 140e8a72add046aab5f8bacab1054364 [term 1 FOLLOWER]: Leader pre-election vote request: Denying vote to candidate 822b543bec1f4e1392a0672d137ebe92 in current term 1: Already voted for candidate 140e8a72add046aab5f8bacab1054364 in this term.
I20260630 12:36:01.651726  8640 leader_election.cc:304] T 2d91503cbb594dff8b123dd5151ba141 P 822b543bec1f4e1392a0672d137ebe92 [CANDIDATE]: Term 1 election: Election decided. Result: candidate won. Election summary: received 3 responses out of 3 voters: 2 yes votes; 1 no votes. yes voters: 1b3b387ed1554d1bb2ce9ce312089041, 822b543bec1f4e1392a0672d137ebe92; no voters: 140e8a72add046aab5f8bacab1054364
