I20260630 12:35:22.349656  4775 consensus_queue.cc:237] T db4ec5327f8349fbad26769c5b63cb8d P 847bed95a3a74a6890d35c089cfd4c8f [LEADER]: Queue going to LEADER mode. State: All replicated index: 0, Majority replicated index: 2, Committed index: 2, Last appended: 1.2, Last appended by leader: 0, Current term: 1, Majority size: 3, State: 0, Mode: LEADER, active raft config: opid_index: 3 OBSOLETE_local: false peers { permanent_uuid: "243bfd08152944b3b1904e975f0bf5aa" member_type: VOTER last_known_addr { host: "127.1.106.2" port: 38095 } } peers { permanent_uuid: "847bed95a3a74a6890d35c089cfd4c8f" member_type: VOTER last_known_addr { host: "127.1.106.1" port: 41121 } } peers { permanent_uuid: "5dad824745714f3288a0fe20701cf3e7" member_type: VOTER last_known_addr { host: "127.1.106.3" port: 42663 } attrs { replace: true } } peers { permanent_uuid: "e176763e1ff844c59c4ce82b4c918189" member_type: VOTER last_known_addr { host: "127.1.106.4" port: 34275 } attrs { promote: false } }
I20260630 12:35:22.357677  4738 raft_consensus.cc:1275] T db4ec5327f8349fbad26769c5b63cb8d P e176763e1ff844c59c4ce82b4c918189 [term 1 LEARNER]: Refusing update from remote peer 847bed95a3a74a6890d35c089cfd4c8f: Log matching property violated. Preceding OpId in replica: term: 1 index: 2. Preceding OpId from leader: term: 1 index: 3. (index mismatch)
I20260630 12:35:22.359246  4585 raft_consensus.cc:1275] T db4ec5327f8349fbad26769c5b63cb8d P 5dad824745714f3288a0fe20701cf3e7 [term 1 FOLLOWER]: Refusing update from remote peer 847bed95a3a74a6890d35c089cfd4c8f: Log matching property violated. Preceding OpId in replica: term: 1 index: 2. Preceding OpId from leader: term: 1 index: 3. (index mismatch)
I20260630 12:35:22.360956  4922 consensus_queue.cc:1048] T db4ec5327f8349fbad26769c5b63cb8d P 847bed95a3a74a6890d35c089cfd4c8f [LEADER]: Connected to new peer: Peer: permanent_uuid: "e176763e1ff844c59c4ce82b4c918189" member_type: VOTER last_known_addr { host: "127.1.106.4" port: 34275 } attrs { promote: false }, Status: LMP_MISMATCH, Last received: 0.0, Next index: 3, Last known committed idx: 2, Time since last communication: 0.000s
I20260630 12:35:22.363445  4852 consensus_queue.cc:1048] T db4ec5327f8349fbad26769c5b63cb8d P 847bed95a3a74a6890d35c089cfd4c8f [LEADER]: Connected to new peer: Peer: permanent_uuid: "5dad824745714f3288a0fe20701cf3e7" member_type: VOTER last_known_addr { host: "127.1.106.3" port: 42663 } attrs { replace: true }, Status: LMP_MISMATCH, Last received: 0.0, Next index: 3, Last known committed idx: 2, Time since last communication: 0.001s
I20260630 12:35:22.369596  4515 raft_consensus.cc:1275] T db4ec5327f8349fbad26769c5b63cb8d P 243bfd08152944b3b1904e975f0bf5aa [term 1 FOLLOWER]: Refusing update from remote peer 847bed95a3a74a6890d35c089cfd4c8f: Log matching property violated. Preceding OpId in replica: term: 1 index: 2. Preceding OpId from leader: term: 1 index: 3. (index mismatch)
I20260630 12:35:22.371387  4775 consensus_queue.cc:1048] T db4ec5327f8349fbad26769c5b63cb8d P 847bed95a3a74a6890d35c089cfd4c8f [LEADER]: Connected to new peer: Peer: permanent_uuid: "243bfd08152944b3b1904e975f0bf5aa" member_type: VOTER last_known_addr { host: "127.1.106.2" port: 38095 }, Status: LMP_MISMATCH, Last received: 0.0, Next index: 3, Last known committed idx: 2, Time since last communication: 0.000s
I20260630 12:35:22.391752  4852 raft_consensus.cc:2955] T db4ec5327f8349fbad26769c5b63cb8d P 847bed95a3a74a6890d35c089cfd4c8f [term 1 LEADER]: Committing config change with OpId 1.3: config changed from index 2 to 3, e176763e1ff844c59c4ce82b4c918189 (127.1.106.4) changed from NON_VOTER to VOTER. New config: { opid_index: 3 OBSOLETE_local: false peers { permanent_uuid: "243bfd08152944b3b1904e975f0bf5aa" member_type: VOTER last_known_addr { host: "127.1.106.2" port: 38095 } } peers { permanent_uuid: "847bed95a3a74a6890d35c089cfd4c8f" member_type: VOTER last_known_addr { host: "127.1.106.1" port: 41121 } } peers { permanent_uuid: "5dad824745714f3288a0fe20701cf3e7" member_type: VOTER last_known_addr { host: "127.1.106.3" port: 42663 } attrs { replace: true } } peers { permanent_uuid: "e176763e1ff844c59c4ce82b4c918189" member_type: VOTER last_known_addr { host: "127.1.106.4" port: 34275 } attrs { promote: false } } }
I20260630 12:35:22.400203  4585 raft_consensus.cc:2955] T db4ec5327f8349fbad26769c5b63cb8d P 5dad824745714f3288a0fe20701cf3e7 [term 1 FOLLOWER]: Committing config change with OpId 1.3: config changed from index 2 to 3, e176763e1ff844c59c4ce82b4c918189 (127.1.106.4) changed from NON_VOTER to VOTER. New config: { opid_index: 3 OBSOLETE_local: false peers { permanent_uuid: "243bfd08152944b3b1904e975f0bf5aa" member_type: VOTER last_known_addr { host: "127.1.106.2" port: 38095 } } peers { permanent_uuid: "847bed95a3a74a6890d35c089cfd4c8f" member_type: VOTER last_known_addr { host: "127.1.106.1" port: 41121 } } peers { permanent_uuid: "5dad824745714f3288a0fe20701cf3e7" member_type: VOTER last_known_addr { host: "127.1.106.3" port: 42663 } attrs { replace: true } } peers { permanent_uuid: "e176763e1ff844c59c4ce82b4c918189" member_type: VOTER last_known_addr { host: "127.1.106.4" port: 34275 } attrs { promote: false } } }
I20260630 12:35:22.405995  4738 raft_consensus.cc:2955] T db4ec5327f8349fbad26769c5b63cb8d P e176763e1ff844c59c4ce82b4c918189 [term 1 FOLLOWER]: Committing config change with OpId 1.3: config changed from index 2 to 3, e176763e1ff844c59c4ce82b4c918189 (127.1.106.4) changed from NON_VOTER to VOTER. New config: { opid_index: 3 OBSOLETE_local: false peers { permanent_uuid: "243bfd08152944b3b1904e975f0bf5aa" member_type: VOTER last_known_addr { host: "127.1.106.2" port: 38095 } } peers { permanent_uuid: "847bed95a3a74a6890d35c089cfd4c8f" member_type: VOTER last_known_addr { host: "127.1.106.1" port: 41121 } } peers { permanent_uuid: "5dad824745714f3288a0fe20701cf3e7" member_type: VOTER last_known_addr { host: "127.1.106.3" port: 42663 } attrs { replace: true } } peers { permanent_uuid: "e176763e1ff844c59c4ce82b4c918189" member_type: VOTER last_known_addr { host: "127.1.106.4" port: 34275 } attrs { promote: false } } }
I20260630 12:35:22.413302  4336 catalog_manager.cc:5697] T db4ec5327f8349fbad26769c5b63cb8d P 847bed95a3a74a6890d35c089cfd4c8f reported cstate change: config changed from index 2 to 3, e176763e1ff844c59c4ce82b4c918189 (127.1.106.4) changed from NON_VOTER to VOTER. New cstate: current_term: 1 leader_uuid: "847bed95a3a74a6890d35c089cfd4c8f" committed_config { opid_index: 3 OBSOLETE_local: false peers { permanent_uuid: "243bfd08152944b3b1904e975f0bf5aa" member_type: VOTER last_known_addr { host: "127.1.106.2" port: 38095 } health_report { overall_health: HEALTHY } } peers { permanent_uuid: "847bed95a3a74a6890d35c089cfd4c8f" member_type: VOTER last_known_addr { host: "127.1.106.1" port: 41121 } health_report { overall_health: HEALTHY } } peers { permanent_uuid: "5dad824745714f3288a0fe20701cf3e7" member_type: VOTER last_known_addr { host: "127.1.106.3" port: 42663 } attrs { replace: true } health_report { overall_health: HEALTHY } } peers { permanent_uuid: "e176763e1ff844c59c4ce82b4c918189" member_type: VOTER last_known_addr { host: "127.1.106.4" port: 34275 } attrs { promote: false } health_report { overall_health: HEALTHY } } }
I20260630 12:35:22.409720  4515 raft_consensus.cc:2955] T db4ec5327f8349fbad26769c5b63cb8d P 243bfd08152944b3b1904e975f0bf5aa [term 1 FOLLOWER]: Committing config change with OpId 1.3: config changed from index 2 to 3, e176763e1ff844c59c4ce82b4c918189 (127.1.106.4) changed from NON_VOTER to VOTER. New config: { opid_index: 3 OBSOLETE_local: false peers { permanent_uuid: "243bfd08152944b3b1904e975f0bf5aa" member_type: VOTER last_known_addr { host: "127.1.106.2" port: 38095 } } peers { permanent_uuid: "847bed95a3a74a6890d35c089cfd4c8f" member_type: VOTER last_known_addr { host: "127.1.106.1" port: 41121 } } peers { permanent_uuid: "5dad824745714f3288a0fe20701cf3e7" member_type: VOTER last_known_addr { host: "127.1.106.3" port: 42663 } attrs { replace: true } } peers { permanent_uuid: "e176763e1ff844c59c4ce82b4c918189" member_type: VOTER last_known_addr { host: "127.1.106.4" port: 34275 } attrs { promote: false } } }
I20260630 12:35:22.436098  4439 consensus_queue.cc:237] T db4ec5327f8349fbad26769c5b63cb8d P 847bed95a3a74a6890d35c089cfd4c8f [LEADER]: Queue going to LEADER mode. State: All replicated index: 0, Majority replicated index: 3, Committed index: 3, Last appended: 1.3, Last appended by leader: 0, Current term: 1, Majority size: 2, State: 0, Mode: LEADER, active raft config: opid_index: 4 OBSOLETE_local: false peers { permanent_uuid: "243bfd08152944b3b1904e975f0bf5aa" member_type: VOTER last_known_addr { host: "127.1.106.2" port: 38095 } } peers { permanent_uuid: "847bed95a3a74a6890d35c089cfd4c8f" member_type: VOTER last_known_addr { host: "127.1.106.1" port: 41121 } } peers { permanent_uuid: "e176763e1ff844c59c4ce82b4c918189" member_type: VOTER last_known_addr { host: "127.1.106.4" port: 34275 } attrs { promote: false } }
I20260630 12:35:22.444288  4738 raft_consensus.cc:1275] T db4ec5327f8349fbad26769c5b63cb8d P e176763e1ff844c59c4ce82b4c918189 [term 1 FOLLOWER]: Refusing update from remote peer 847bed95a3a74a6890d35c089cfd4c8f: Log matching property violated. Preceding OpId in replica: term: 1 index: 3. Preceding OpId from leader: term: 1 index: 4. (index mismatch)
I20260630 12:35:22.448693  4852 consensus_queue.cc:1048] T db4ec5327f8349fbad26769c5b63cb8d P 847bed95a3a74a6890d35c089cfd4c8f [LEADER]: Connected to new peer: Peer: permanent_uuid: "e176763e1ff844c59c4ce82b4c918189" member_type: VOTER last_known_addr { host: "127.1.106.4" port: 34275 } attrs { promote: false }, Status: LMP_MISMATCH, Last received: 0.0, Next index: 4, Last known committed idx: 3, Time since last communication: 0.001s
I20260630 12:35:22.459386  4514 raft_consensus.cc:1275] T db4ec5327f8349fbad26769c5b63cb8d P 243bfd08152944b3b1904e975f0bf5aa [term 1 FOLLOWER]: Refusing update from remote peer 847bed95a3a74a6890d35c089cfd4c8f: Log matching property violated. Preceding OpId in replica: term: 1 index: 3. Preceding OpId from leader: term: 1 index: 4. (index mismatch)
I20260630 12:35:22.463248  4852 consensus_queue.cc:1048] T db4ec5327f8349fbad26769c5b63cb8d P 847bed95a3a74a6890d35c089cfd4c8f [LEADER]: Connected to new peer: Peer: permanent_uuid: "243bfd08152944b3b1904e975f0bf5aa" member_type: VOTER last_known_addr { host: "127.1.106.2" port: 38095 }, Status: LMP_MISMATCH, Last received: 0.0, Next index: 4, Last known committed idx: 3, Time since last communication: 0.000s
I20260630 12:35:22.466264  4937 raft_consensus.cc:2955] T db4ec5327f8349fbad26769c5b63cb8d P 847bed95a3a74a6890d35c089cfd4c8f [term 1 LEADER]: Committing config change with OpId 1.4: config changed from index 3 to 4, VOTER 5dad824745714f3288a0fe20701cf3e7 (127.1.106.3) evicted. New config: { opid_index: 4 OBSOLETE_local: false peers { permanent_uuid: "243bfd08152944b3b1904e975f0bf5aa" member_type: VOTER last_known_addr { host: "127.1.106.2" port: 38095 } } peers { permanent_uuid: "847bed95a3a74a6890d35c089cfd4c8f" member_type: VOTER last_known_addr { host: "127.1.106.1" port: 41121 } } peers { permanent_uuid: "e176763e1ff844c59c4ce82b4c918189" member_type: VOTER last_known_addr { host: "127.1.106.4" port: 34275 } attrs { promote: false } } }
I20260630 12:35:22.468532  4738 raft_consensus.cc:2955] T db4ec5327f8349fbad26769c5b63cb8d P e176763e1ff844c59c4ce82b4c918189 [term 1 FOLLOWER]: Committing config change with OpId 1.4: config changed from index 3 to 4, VOTER 5dad824745714f3288a0fe20701cf3e7 (127.1.106.3) evicted. New config: { opid_index: 4 OBSOLETE_local: false peers { permanent_uuid: "243bfd08152944b3b1904e975f0bf5aa" member_type: VOTER last_known_addr { host: "127.1.106.2" port: 38095 } } peers { permanent_uuid: "847bed95a3a74a6890d35c089cfd4c8f" member_type: VOTER last_known_addr { host: "127.1.106.1" port: 41121 } } peers { permanent_uuid: "e176763e1ff844c59c4ce82b4c918189" member_type: VOTER last_known_addr { host: "127.1.106.4" port: 34275 } attrs { promote: false } } }
I20260630 12:35:22.478036  4323 catalog_manager.cc:5210] ChangeConfig:REMOVE_PEER RPC for tablet db4ec5327f8349fbad26769c5b63cb8d with cas_config_opid_index 3: ChangeConfig:REMOVE_PEER succeeded (attempt 1)
I20260630 12:35:22.478812  4515 raft_consensus.cc:2955] T db4ec5327f8349fbad26769c5b63cb8d P 243bfd08152944b3b1904e975f0bf5aa [term 1 FOLLOWER]: Committing config change with OpId 1.4: config changed from index 3 to 4, VOTER 5dad824745714f3288a0fe20701cf3e7 (127.1.106.3) evicted. New config: { opid_index: 4 OBSOLETE_local: false peers { permanent_uuid: "243bfd08152944b3b1904e975f0bf5aa" member_type: VOTER last_known_addr { host: "127.1.106.2" port: 38095 } } peers { permanent_uuid: "847bed95a3a74a6890d35c089cfd4c8f" member_type: VOTER last_known_addr { host: "127.1.106.1" port: 41121 } } peers { permanent_uuid: "e176763e1ff844c59c4ce82b4c918189" member_type: VOTER last_known_addr { host: "127.1.106.4" port: 34275 } attrs { promote: false } } }
I20260630 12:35:22.482983  4337 catalog_manager.cc:5697] T db4ec5327f8349fbad26769c5b63cb8d P 847bed95a3a74a6890d35c089cfd4c8f reported cstate change: config changed from index 3 to 4, VOTER 5dad824745714f3288a0fe20701cf3e7 (127.1.106.3) evicted. New cstate: current_term: 1 leader_uuid: "847bed95a3a74a6890d35c089cfd4c8f" committed_config { opid_index: 4 OBSOLETE_local: false peers { permanent_uuid: "243bfd08152944b3b1904e975f0bf5aa" member_type: VOTER last_known_addr { host: "127.1.106.2" port: 38095 } health_report { overall_health: HEALTHY } } peers { permanent_uuid: "847bed95a3a74a6890d35c089cfd4c8f" member_type: VOTER last_known_addr { host: "127.1.106.1" port: 41121 } health_report { overall_health: HEALTHY } } peers { permanent_uuid: "e176763e1ff844c59c4ce82b4c918189" member_type: VOTER last_known_addr { host: "127.1.106.4" port: 34275 } attrs { promote: false } health_report { overall_health: HEALTHY } } }
I20260630 12:35:22.501997  4439 raft_consensus.cc:1275] T 64bea752d21a4783bc35d9d8619b293d P 847bed95a3a74a6890d35c089cfd4c8f [term 2 FOLLOWER]: Refusing update from remote peer 243bfd08152944b3b1904e975f0bf5aa: Log matching property violated. Preceding OpId in replica: term: 1 index: 2. Preceding OpId from leader: term: 2 index: 3. (index mismatch)
I20260630 12:35:22.503616  4787 consensus_queue.cc:1048] T 64bea752d21a4783bc35d9d8619b293d P 243bfd08152944b3b1904e975f0bf5aa [LEADER]: Connected to new peer: Peer: permanent_uuid: "847bed95a3a74a6890d35c089cfd4c8f" member_type: VOTER last_known_addr { host: "127.1.106.1" port: 41121 }, Status: LMP_MISMATCH, Last received: 0.0, Next index: 3, Last known committed idx: 2, Time since last communication: 0.000s
I20260630 12:35:22.507683  4576 tablet_service.cc:1558] Processing DeleteTablet for tablet db4ec5327f8349fbad26769c5b63cb8d with delete_type TABLET_DATA_TOMBSTONED (TS 5dad824745714f3288a0fe20701cf3e7 not found in new config with opid_index 4) from {username='slave'} at 127.0.0.1:36874
I20260630 12:35:22.516957  4941 tablet_replica.cc:333] T db4ec5327f8349fbad26769c5b63cb8d P 5dad824745714f3288a0fe20701cf3e7: stopping tablet replica
I20260630 12:35:22.521179  4872 raft_consensus.cc:993] T 64bea752d21a4783bc35d9d8619b293d P 243bfd08152944b3b1904e975f0bf5aa: : Instructing follower 847bed95a3a74a6890d35c089cfd4c8f to start an election
I20260630 12:35:22.521763  4872 raft_consensus.cc:1081] T 64bea752d21a4783bc35d9d8619b293d P 243bfd08152944b3b1904e975f0bf5aa [term 2 LEADER]: Signalling peer 847bed95a3a74a6890d35c089cfd4c8f to start an election
I20260630 12:35:22.524505  4440 tablet_service.cc:2044] Received Run Leader Election RPC: tablet_id: "64bea752d21a4783bc35d9d8619b293d"
dest_uuid: "847bed95a3a74a6890d35c089cfd4c8f"
 from {username='slave'} at 127.0.0.1:51740
I20260630 12:35:22.532089  4941 raft_consensus.cc:2243] T db4ec5327f8349fbad26769c5b63cb8d P 5dad824745714f3288a0fe20701cf3e7 [term 1 FOLLOWER]: Raft consensus shutting down.
I20260630 12:35:22.533398  4941 raft_consensus.cc:2272] T db4ec5327f8349fbad26769c5b63cb8d P 5dad824745714f3288a0fe20701cf3e7 [term 1 FOLLOWER]: Raft consensus is shut down!
I20260630 12:35:22.537185  4941 ts_tablet_manager.cc:1916] T db4ec5327f8349fbad26769c5b63cb8d P 5dad824745714f3288a0fe20701cf3e7: Deleting tablet data with delete state TABLET_DATA_TOMBSTONED
I20260630 12:35:22.540203  4738 raft_consensus.cc:3060] T 64bea752d21a4783bc35d9d8619b293d P e176763e1ff844c59c4ce82b4c918189 [term 1 LEARNER]: Advancing to term 2
I20260630 12:35:22.548286  4738 raft_consensus.cc:1275] T 64bea752d21a4783bc35d9d8619b293d P e176763e1ff844c59c4ce82b4c918189 [term 2 LEARNER]: Refusing update from remote peer 243bfd08152944b3b1904e975f0bf5aa: Log matching property violated. Preceding OpId in replica: term: 1 index: 2. Preceding OpId from leader: term: 2 index: 3. (index mismatch)
I20260630 12:35:22.549837  4787 consensus_queue.cc:1048] T 64bea752d21a4783bc35d9d8619b293d P 243bfd08152944b3b1904e975f0bf5aa [LEADER]: Connected to new peer: Peer: permanent_uuid: "e176763e1ff844c59c4ce82b4c918189" member_type: NON_VOTER last_known_addr { host: "127.1.106.4" port: 34275 } attrs { promote: true }, Status: LMP_MISMATCH, Last received: 0.0, Next index: 3, Last known committed idx: 2, Time since last communication: 0.000s
I20260630 12:35:22.555074  4585 raft_consensus.cc:1275] T 64bea752d21a4783bc35d9d8619b293d P 5dad824745714f3288a0fe20701cf3e7 [term 2 FOLLOWER]: Refusing update from remote peer 243bfd08152944b3b1904e975f0bf5aa: Log matching property violated. Preceding OpId in replica: term: 1 index: 2. Preceding OpId from leader: term: 2 index: 3. (index mismatch)
I20260630 12:35:22.557281  4787 consensus_queue.cc:1048] T 64bea752d21a4783bc35d9d8619b293d P 243bfd08152944b3b1904e975f0bf5aa [LEADER]: Connected to new peer: Peer: permanent_uuid: "5dad824745714f3288a0fe20701cf3e7" member_type: VOTER last_known_addr { host: "127.1.106.3" port: 42663 }, Status: LMP_MISMATCH, Last received: 0.0, Next index: 3, Last known committed idx: 2, Time since last communication: 0.001s
I20260630 12:35:22.572652  4515 raft_consensus.cc:1275] T 93c787795a3d47328bd79149ab08174b P 243bfd08152944b3b1904e975f0bf5aa [term 2 FOLLOWER]: Refusing update from remote peer e176763e1ff844c59c4ce82b4c918189: Log matching property violated. Preceding OpId in replica: term: 1 index: 1. Preceding OpId from leader: term: 2 index: 2. (index mismatch)
I20260630 12:35:22.574447  4823 consensus_queue.cc:1048] T 93c787795a3d47328bd79149ab08174b P e176763e1ff844c59c4ce82b4c918189 [LEADER]: Connected to new peer: Peer: permanent_uuid: "243bfd08152944b3b1904e975f0bf5aa" member_type: VOTER last_known_addr { host: "127.1.106.2" port: 38095 }, Status: LMP_MISMATCH, Last received: 0.0, Next index: 2, Last known committed idx: 1, Time since last communication: 0.001s
I20260630 12:35:22.585137  4440 raft_consensus.cc:493] T 64bea752d21a4783bc35d9d8619b293d P 847bed95a3a74a6890d35c089cfd4c8f [term 2 FOLLOWER]: Starting forced leader election (received explicit request)
I20260630 12:35:22.585722  4440 raft_consensus.cc:3060] T 64bea752d21a4783bc35d9d8619b293d P 847bed95a3a74a6890d35c089cfd4c8f [term 2 FOLLOWER]: Advancing to term 3
I20260630 12:35:22.596304  4436 raft_consensus.cc:1275] T 93c787795a3d47328bd79149ab08174b P 847bed95a3a74a6890d35c089cfd4c8f [term 2 FOLLOWER]: Refusing update from remote peer e176763e1ff844c59c4ce82b4c918189: Log matching property violated. Preceding OpId in replica: term: 1 index: 1. Preceding OpId from leader: term: 2 index: 2. (index mismatch)
I20260630 12:35:22.598187  4930 consensus_queue.cc:1048] T 93c787795a3d47328bd79149ab08174b P e176763e1ff844c59c4ce82b4c918189 [LEADER]: Connected to new peer: Peer: permanent_uuid: "847bed95a3a74a6890d35c089cfd4c8f" member_type: VOTER last_known_addr { host: "127.1.106.1" port: 41121 }, Status: LMP_MISMATCH, Last received: 0.0, Next index: 2, Last known committed idx: 1, Time since last communication: 0.000s
I20260630 12:35:22.615443  4439 raft_consensus.cc:1275] T b3cc9e6ac0084bdeaf76672ecfff9d08 P 847bed95a3a74a6890d35c089cfd4c8f [term 2 FOLLOWER]: Refusing update from remote peer e176763e1ff844c59c4ce82b4c918189: Log matching property violated. Preceding OpId in replica: term: 1 index: 1. Preceding OpId from leader: term: 2 index: 2. (index mismatch)
I20260630 12:35:22.610803  4440 raft_consensus.cc:515] T 64bea752d21a4783bc35d9d8619b293d P 847bed95a3a74a6890d35c089cfd4c8f [term 3 FOLLOWER]: Starting forced leader election with config: opid_index: 2 OBSOLETE_local: false peers { permanent_uuid: "847bed95a3a74a6890d35c089cfd4c8f" member_type: VOTER last_known_addr { host: "127.1.106.1" port: 41121 } } peers { permanent_uuid: "243bfd08152944b3b1904e975f0bf5aa" member_type: VOTER last_known_addr { host: "127.1.106.2" port: 38095 } attrs { replace: true } } peers { permanent_uuid: "5dad824745714f3288a0fe20701cf3e7" member_type: VOTER last_known_addr { host: "127.1.106.3" port: 42663 } } peers { permanent_uuid: "e176763e1ff844c59c4ce82b4c918189" member_type: NON_VOTER last_known_addr { host: "127.1.106.4" port: 34275 } attrs { promote: true } }
I20260630 12:35:22.616770  4787 raft_consensus.cc:1064] T 64bea752d21a4783bc35d9d8619b293d P 243bfd08152944b3b1904e975f0bf5aa: attempting to promote NON_VOTER e176763e1ff844c59c4ce82b4c918189 to VOTER
W20260630 12:35:22.623380  4787 raft_consensus.cc:1068] T 64bea752d21a4783bc35d9d8619b293d P 243bfd08152944b3b1904e975f0bf5aa: Unable to promote non-voter e176763e1ff844c59c4ce82b4c918189: Service unavailable: leader transfer in progress
I20260630 12:35:22.624471  4930 consensus_queue.cc:1048] T b3cc9e6ac0084bdeaf76672ecfff9d08 P e176763e1ff844c59c4ce82b4c918189 [LEADER]: Connected to new peer: Peer: permanent_uuid: "847bed95a3a74a6890d35c089cfd4c8f" member_type: VOTER last_known_addr { host: "127.1.106.1" port: 41121 }, Status: LMP_MISMATCH, Last received: 0.0, Next index: 2, Last known committed idx: 1, Time since last communication: 0.000s
I20260630 12:35:22.628449  4515 tablet_service.cc:1917] Received RequestConsensusVote() RPC: tablet_id: "64bea752d21a4783bc35d9d8619b293d" candidate_uuid: "847bed95a3a74a6890d35c089cfd4c8f" candidate_term: 3 candidate_status { last_received { term: 2 index: 3 } } ignore_live_leader: true dest_uuid: "243bfd08152944b3b1904e975f0bf5aa"
I20260630 12:35:22.629067  4515 raft_consensus.cc:3055] T 64bea752d21a4783bc35d9d8619b293d P 243bfd08152944b3b1904e975f0bf5aa [term 2 LEADER]: Stepping down as leader of term 2
I20260630 12:35:22.629365  4515 raft_consensus.cc:740] T 64bea752d21a4783bc35d9d8619b293d P 243bfd08152944b3b1904e975f0bf5aa [term 2 LEADER]: Becoming Follower/Learner. State: Replica: 243bfd08152944b3b1904e975f0bf5aa, State: Running, Role: LEADER
I20260630 12:35:22.630170  4515 consensus_queue.cc:260] T 64bea752d21a4783bc35d9d8619b293d P 243bfd08152944b3b1904e975f0bf5aa [NON_LEADER]: Queue going to NON_LEADER mode. State: All replicated index: 0, Majority replicated index: 3, Committed index: 3, Last appended: 2.3, Last appended by leader: 3, Current term: 2, Majority size: -1, State: 0, Mode: NON_LEADER, active raft config: opid_index: 2 OBSOLETE_local: false peers { permanent_uuid: "847bed95a3a74a6890d35c089cfd4c8f" member_type: VOTER last_known_addr { host: "127.1.106.1" port: 41121 } } peers { permanent_uuid: "243bfd08152944b3b1904e975f0bf5aa" member_type: VOTER last_known_addr { host: "127.1.106.2" port: 38095 } attrs { replace: true } } peers { permanent_uuid: "5dad824745714f3288a0fe20701cf3e7" member_type: VOTER last_known_addr { host: "127.1.106.3" port: 42663 } } peers { permanent_uuid: "e176763e1ff844c59c4ce82b4c918189" member_type: NON_VOTER last_known_addr { host: "127.1.106.4" port: 34275 } attrs { promote: true } }
I20260630 12:35:22.631739  4515 raft_consensus.cc:3060] T 64bea752d21a4783bc35d9d8619b293d P 243bfd08152944b3b1904e975f0bf5aa [term 2 FOLLOWER]: Advancing to term 3
I20260630 12:35:22.640892  4589 tablet_service.cc:1917] Received RequestConsensusVote() RPC: tablet_id: "64bea752d21a4783bc35d9d8619b293d" candidate_uuid: "847bed95a3a74a6890d35c089cfd4c8f" candidate_term: 3 candidate_status { last_received { term: 2 index: 3 } } ignore_live_leader: true dest_uuid: "5dad824745714f3288a0fe20701cf3e7"
I20260630 12:35:22.644604  4440 leader_election.cc:290] T 64bea752d21a4783bc35d9d8619b293d P 847bed95a3a74a6890d35c089cfd4c8f [CANDIDATE]: Term 3 election: Requested vote from peers 243bfd08152944b3b1904e975f0bf5aa (127.1.106.2:38095), 5dad824745714f3288a0fe20701cf3e7 (127.1.106.3:42663)
I20260630 12:35:22.644110  4515 raft_consensus.cc:2468] T 64bea752d21a4783bc35d9d8619b293d P 243bfd08152944b3b1904e975f0bf5aa [term 3 FOLLOWER]: Leader election vote request: Granting yes vote for candidate 847bed95a3a74a6890d35c089cfd4c8f in term 3.
I20260630 12:35:22.648216  4404 leader_election.cc:304] T 64bea752d21a4783bc35d9d8619b293d P 847bed95a3a74a6890d35c089cfd4c8f [CANDIDATE]: Term 3 election: Election decided. Result: candidate won. Election summary: received 3 responses out of 3 voters: 2 yes votes; 1 no votes. yes voters: 243bfd08152944b3b1904e975f0bf5aa, 847bed95a3a74a6890d35c089cfd4c8f; no voters: 5dad824745714f3288a0fe20701cf3e7
I20260630 12:35:22.649616  4937 raft_consensus.cc:2804] T 64bea752d21a4783bc35d9d8619b293d P 847bed95a3a74a6890d35c089cfd4c8f [term 3 FOLLOWER]: Leader election won for term 3
I20260630 12:35:22.650146  4937 raft_consensus.cc:697] T 64bea752d21a4783bc35d9d8619b293d P 847bed95a3a74a6890d35c089cfd4c8f [term 3 LEADER]: Becoming Leader. State: Replica: 847bed95a3a74a6890d35c089cfd4c8f, State: Running, Role: LEADER
I20260630 12:35:22.651116  4937 consensus_queue.cc:237] T 64bea752d21a4783bc35d9d8619b293d P 847bed95a3a74a6890d35c089cfd4c8f [LEADER]: Queue going to LEADER mode. State: All replicated index: 0, Majority replicated index: 3, Committed index: 3, Last appended: 2.3, Last appended by leader: 3, Current term: 3, Majority size: 2, State: 0, Mode: LEADER, active raft config: opid_index: 2 OBSOLETE_local: false peers { permanent_uuid: "847bed95a3a74a6890d35c089cfd4c8f" member_type: VOTER last_known_addr { host: "127.1.106.1" port: 41121 } } peers { permanent_uuid: "243bfd08152944b3b1904e975f0bf5aa" member_type: VOTER last_known_addr { host: "127.1.106.2" port: 38095 } attrs { replace: true } } peers { permanent_uuid: "5dad824745714f3288a0fe20701cf3e7" member_type: VOTER last_known_addr { host: "127.1.106.3" port: 42663 } } peers { permanent_uuid: "e176763e1ff844c59c4ce82b4c918189" member_type: NON_VOTER last_known_addr { host: "127.1.106.4" port: 34275 } attrs { promote: true } }
I20260630 12:35:22.684104  4515 raft_consensus.cc:1275] T b3cc9e6ac0084bdeaf76672ecfff9d08 P 243bfd08152944b3b1904e975f0bf5aa [term 2 FOLLOWER]: Refusing update from remote peer e176763e1ff844c59c4ce82b4c918189: Log matching property violated. Preceding OpId in replica: term: 1 index: 1. Preceding OpId from leader: term: 2 index: 2. (index mismatch)
I20260630 12:35:22.687299  4930 consensus_queue.cc:1048] T b3cc9e6ac0084bdeaf76672ecfff9d08 P e176763e1ff844c59c4ce82b4c918189 [LEADER]: Connected to new peer: Peer: permanent_uuid: "243bfd08152944b3b1904e975f0bf5aa" member_type: VOTER last_known_addr { host: "127.1.106.2" port: 38095 }, Status: LMP_MISMATCH, Last received: 0.0, Next index: 2, Last known committed idx: 1, Time since last communication: 0.001s
I20260630 12:35:22.690260  4336 catalog_manager.cc:5697] T 64bea752d21a4783bc35d9d8619b293d P 847bed95a3a74a6890d35c089cfd4c8f reported cstate change: term changed from 2 to 3, leader changed from 243bfd08152944b3b1904e975f0bf5aa (127.1.106.2) to 847bed95a3a74a6890d35c089cfd4c8f (127.1.106.1). New cstate: current_term: 3 leader_uuid: "847bed95a3a74a6890d35c089cfd4c8f" committed_config { opid_index: 2 OBSOLETE_local: false peers { permanent_uuid: "847bed95a3a74a6890d35c089cfd4c8f" member_type: VOTER last_known_addr { host: "127.1.106.1" port: 41121 } health_report { overall_health: HEALTHY } } peers { permanent_uuid: "243bfd08152944b3b1904e975f0bf5aa" member_type: VOTER last_known_addr { host: "127.1.106.2" port: 38095 } attrs { replace: true } health_report { overall_health: UNKNOWN } } peers { permanent_uuid: "5dad824745714f3288a0fe20701cf3e7" member_type: VOTER last_known_addr { host: "127.1.106.3" port: 42663 } health_report { overall_health: UNKNOWN } } peers { permanent_uuid: "e176763e1ff844c59c4ce82b4c918189" member_type: NON_VOTER last_known_addr { host: "127.1.106.4" port: 34275 } attrs { promote: true } health_report { overall_health: UNKNOWN } } }
I20260630 12:35:22.717080  4787 raft_consensus.cc:1064] T 806c02ce08c144dabd0dd109fed1ded1 P 243bfd08152944b3b1904e975f0bf5aa: attempting to promote NON_VOTER e176763e1ff844c59c4ce82b4c918189 to VOTER
I20260630 12:35:22.720139  4787 consensus_queue.cc:237] T 806c02ce08c144dabd0dd109fed1ded1 P 243bfd08152944b3b1904e975f0bf5aa [LEADER]: Queue going to LEADER mode. State: All replicated index: 0, Majority replicated index: 2, Committed index: 2, Last appended: 1.2, Last appended by leader: 0, Current term: 1, Majority size: 3, State: 0, Mode: LEADER, active raft config: opid_index: 3 OBSOLETE_local: false peers { permanent_uuid: "847bed95a3a74a6890d35c089cfd4c8f" member_type: VOTER last_known_addr { host: "127.1.106.1" port: 41121 } attrs { replace: true } } peers { permanent_uuid: "243bfd08152944b3b1904e975f0bf5aa" member_type: VOTER last_known_addr { host: "127.1.106.2" port: 38095 } } peers { permanent_uuid: "5dad824745714f3288a0fe20701cf3e7" member_type: VOTER last_known_addr { host: "127.1.106.3" port: 42663 } } peers { permanent_uuid: "e176763e1ff844c59c4ce82b4c918189" member_type: VOTER last_known_addr { host: "127.1.106.4" port: 34275 } attrs { promote: false } }
I20260630 12:35:22.730888  4941 ts_tablet_manager.cc:1929] T db4ec5327f8349fbad26769c5b63cb8d P 5dad824745714f3288a0fe20701cf3e7: tablet deleted with delete type TABLET_DATA_TOMBSTONED: last-logged OpId 1.3
I20260630 12:35:22.731550  4941 log.cc:1199] T db4ec5327f8349fbad26769c5b63cb8d P 5dad824745714f3288a0fe20701cf3e7: Deleting WAL directory at /tmp/dist-test-taskUQjOEN/test-tmp/auto_rebalancer-test.0.AutoRebalancerTest.RangeAwareRebalancesNewRangeReplicas.1782822835641886-1448-0/minicluster-data/ts-2-root/wals/db4ec5327f8349fbad26769c5b63cb8d
I20260630 12:35:22.733517  4322 catalog_manager.cc:5028] TS 5dad824745714f3288a0fe20701cf3e7 (127.1.106.3:42663): tablet db4ec5327f8349fbad26769c5b63cb8d (table range_aware_rebalance_new_range [id=ef0553f9dfef40f3bc6ec01df557c744]) successfully deleted
I20260630 12:35:22.743563  4739 raft_consensus.cc:1275] T 806c02ce08c144dabd0dd109fed1ded1 P e176763e1ff844c59c4ce82b4c918189 [term 1 LEARNER]: Refusing update from remote peer 243bfd08152944b3b1904e975f0bf5aa: Log matching property violated. Preceding OpId in replica: term: 1 index: 2. Preceding OpId from leader: term: 1 index: 3. (index mismatch)
I20260630 12:35:22.743860  4439 raft_consensus.cc:1275] T 806c02ce08c144dabd0dd109fed1ded1 P 847bed95a3a74a6890d35c089cfd4c8f [term 1 FOLLOWER]: Refusing update from remote peer 243bfd08152944b3b1904e975f0bf5aa: Log matching property violated. Preceding OpId in replica: term: 1 index: 2. Preceding OpId from leader: term: 1 index: 3. (index mismatch)
I20260630 12:35:22.743861  4585 raft_consensus.cc:1275] T 806c02ce08c144dabd0dd109fed1ded1 P 5dad824745714f3288a0fe20701cf3e7 [term 1 FOLLOWER]: Refusing update from remote peer 243bfd08152944b3b1904e975f0bf5aa: Log matching property violated. Preceding OpId in replica: term: 1 index: 2. Preceding OpId from leader: term: 1 index: 3. (index mismatch)
I20260630 12:35:22.745610  4872 consensus_queue.cc:1048] T 806c02ce08c144dabd0dd109fed1ded1 P 243bfd08152944b3b1904e975f0bf5aa [LEADER]: Connected to new peer: Peer: permanent_uuid: "e176763e1ff844c59c4ce82b4c918189" member_type: VOTER last_known_addr { host: "127.1.106.4" port: 34275 } attrs { promote: false }, Status: LMP_MISMATCH, Last received: 0.0, Next index: 3, Last known committed idx: 2, Time since last communication: 0.000s
I20260630 12:35:22.747912  4872 consensus_queue.cc:1048] T 806c02ce08c144dabd0dd109fed1ded1 P 243bfd08152944b3b1904e975f0bf5aa [LEADER]: Connected to new peer: Peer: permanent_uuid: "847bed95a3a74a6890d35c089cfd4c8f" member_type: VOTER last_known_addr { host: "127.1.106.1" port: 41121 } attrs { replace: true }, Status: LMP_MISMATCH, Last received: 0.0, Next index: 3, Last known committed idx: 2, Time since last communication: 0.001s
I20260630 12:35:22.750097  4872 consensus_queue.cc:1048] T 806c02ce08c144dabd0dd109fed1ded1 P 243bfd08152944b3b1904e975f0bf5aa [LEADER]: Connected to new peer: Peer: permanent_uuid: "5dad824745714f3288a0fe20701cf3e7" member_type: VOTER last_known_addr { host: "127.1.106.3" port: 42663 }, Status: LMP_MISMATCH, Last received: 0.0, Next index: 3, Last known committed idx: 2, Time since last communication: 0.000s
I20260630 12:35:22.774984  4946 raft_consensus.cc:2955] T 806c02ce08c144dabd0dd109fed1ded1 P 243bfd08152944b3b1904e975f0bf5aa [term 1 LEADER]: Committing config change with OpId 1.3: config changed from index 2 to 3, e176763e1ff844c59c4ce82b4c918189 (127.1.106.4) changed from NON_VOTER to VOTER. New config: { opid_index: 3 OBSOLETE_local: false peers { permanent_uuid: "847bed95a3a74a6890d35c089cfd4c8f" member_type: VOTER last_known_addr { host: "127.1.106.1" port: 41121 } attrs { replace: true } } peers { permanent_uuid: "243bfd08152944b3b1904e975f0bf5aa" member_type: VOTER last_known_addr { host: "127.1.106.2" port: 38095 } } peers { permanent_uuid: "5dad824745714f3288a0fe20701cf3e7" member_type: VOTER last_known_addr { host: "127.1.106.3" port: 42663 } } peers { permanent_uuid: "e176763e1ff844c59c4ce82b4c918189" member_type: VOTER last_known_addr { host: "127.1.106.4" port: 34275 } attrs { promote: false } } }
I20260630 12:35:22.777387  4439 raft_consensus.cc:2955] T 806c02ce08c144dabd0dd109fed1ded1 P 847bed95a3a74a6890d35c089cfd4c8f [term 1 FOLLOWER]: Committing config change with OpId 1.3: config changed from index 2 to 3, e176763e1ff844c59c4ce82b4c918189 (127.1.106.4) changed from NON_VOTER to VOTER. New config: { opid_index: 3 OBSOLETE_local: false peers { permanent_uuid: "847bed95a3a74a6890d35c089cfd4c8f" member_type: VOTER last_known_addr { host: "127.1.106.1" port: 41121 } attrs { replace: true } } peers { permanent_uuid: "243bfd08152944b3b1904e975f0bf5aa" member_type: VOTER last_known_addr { host: "127.1.106.2" port: 38095 } } peers { permanent_uuid: "5dad824745714f3288a0fe20701cf3e7" member_type: VOTER last_known_addr { host: "127.1.106.3" port: 42663 } } peers { permanent_uuid: "e176763e1ff844c59c4ce82b4c918189" member_type: VOTER last_known_addr { host: "127.1.106.4" port: 34275 } attrs { promote: false } } }
I20260630 12:35:22.781853  4738 raft_consensus.cc:2955] T 806c02ce08c144dabd0dd109fed1ded1 P e176763e1ff844c59c4ce82b4c918189 [term 1 FOLLOWER]: Committing config change with OpId 1.3: config changed from index 2 to 3, e176763e1ff844c59c4ce82b4c918189 (127.1.106.4) changed from NON_VOTER to VOTER. New config: { opid_index: 3 OBSOLETE_local: false peers { permanent_uuid: "847bed95a3a74a6890d35c089cfd4c8f" member_type: VOTER last_known_addr { host: "127.1.106.1" port: 41121 } attrs { replace: true } } peers { permanent_uuid: "243bfd08152944b3b1904e975f0bf5aa" member_type: VOTER last_known_addr { host: "127.1.106.2" port: 38095 } } peers { permanent_uuid: "5dad824745714f3288a0fe20701cf3e7" member_type: VOTER last_known_addr { host: "127.1.106.3" port: 42663 } } peers { permanent_uuid: "e176763e1ff844c59c4ce82b4c918189" member_type: VOTER last_known_addr { host: "127.1.106.4" port: 34275 } attrs { promote: false } } }
I20260630 12:35:22.792821  4585 raft_consensus.cc:2955] T 806c02ce08c144dabd0dd109fed1ded1 P 5dad824745714f3288a0fe20701cf3e7 [term 1 FOLLOWER]: Committing config change with OpId 1.3: config changed from index 2 to 3, e176763e1ff844c59c4ce82b4c918189 (127.1.106.4) changed from NON_VOTER to VOTER. New config: { opid_index: 3 OBSOLETE_local: false peers { permanent_uuid: "847bed95a3a74a6890d35c089cfd4c8f" member_type: VOTER last_known_addr { host: "127.1.106.1" port: 41121 } attrs { replace: true } } peers { permanent_uuid: "243bfd08152944b3b1904e975f0bf5aa" member_type: VOTER last_known_addr { host: "127.1.106.2" port: 38095 } } peers { permanent_uuid: "5dad824745714f3288a0fe20701cf3e7" member_type: VOTER last_known_addr { host: "127.1.106.3" port: 42663 } } peers { permanent_uuid: "e176763e1ff844c59c4ce82b4c918189" member_type: VOTER last_known_addr { host: "127.1.106.4" port: 34275 } attrs { promote: false } } }
I20260630 12:35:22.806319  4337 catalog_manager.cc:5697] T 806c02ce08c144dabd0dd109fed1ded1 P 847bed95a3a74a6890d35c089cfd4c8f reported cstate change: config changed from index 2 to 3, e176763e1ff844c59c4ce82b4c918189 (127.1.106.4) changed from NON_VOTER to VOTER. New cstate: current_term: 1 leader_uuid: "243bfd08152944b3b1904e975f0bf5aa" committed_config { opid_index: 3 OBSOLETE_local: false peers { permanent_uuid: "847bed95a3a74a6890d35c089cfd4c8f" member_type: VOTER last_known_addr { host: "127.1.106.1" port: 41121 } attrs { replace: true } } peers { permanent_uuid: "243bfd08152944b3b1904e975f0bf5aa" member_type: VOTER last_known_addr { host: "127.1.106.2" port: 38095 } } peers { permanent_uuid: "5dad824745714f3288a0fe20701cf3e7" member_type: VOTER last_known_addr { host: "127.1.106.3" port: 42663 } } peers { permanent_uuid: "e176763e1ff844c59c4ce82b4c918189" member_type: VOTER last_known_addr { host: "127.1.106.4" port: 34275 } attrs { promote: false } } }
I20260630 12:35:22.832571  4514 consensus_queue.cc:237] T 806c02ce08c144dabd0dd109fed1ded1 P 243bfd08152944b3b1904e975f0bf5aa [LEADER]: Queue going to LEADER mode. State: All replicated index: 0, Majority replicated index: 3, Committed index: 3, Last appended: 1.3, Last appended by leader: 0, Current term: 1, Majority size: 2, State: 0, Mode: LEADER, active raft config: opid_index: 4 OBSOLETE_local: false peers { permanent_uuid: "243bfd08152944b3b1904e975f0bf5aa" member_type: VOTER last_known_addr { host: "127.1.106.2" port: 38095 } } peers { permanent_uuid: "5dad824745714f3288a0fe20701cf3e7" member_type: VOTER last_known_addr { host: "127.1.106.3" port: 42663 } } peers { permanent_uuid: "e176763e1ff844c59c4ce82b4c918189" member_type: VOTER last_known_addr { host: "127.1.106.4" port: 34275 } attrs { promote: false } }
I20260630 12:35:22.839900  4585 raft_consensus.cc:1275] T 806c02ce08c144dabd0dd109fed1ded1 P 5dad824745714f3288a0fe20701cf3e7 [term 1 FOLLOWER]: Refusing update from remote peer 243bfd08152944b3b1904e975f0bf5aa: Log matching property violated. Preceding OpId in replica: term: 1 index: 3. Preceding OpId from leader: term: 1 index: 4. (index mismatch)
I20260630 12:35:22.841470  4738 raft_consensus.cc:1275] T 806c02ce08c144dabd0dd109fed1ded1 P e176763e1ff844c59c4ce82b4c918189 [term 1 FOLLOWER]: Refusing update from remote peer 243bfd08152944b3b1904e975f0bf5aa: Log matching property violated. Preceding OpId in replica: term: 1 index: 3. Preceding OpId from leader: term: 1 index: 4. (index mismatch)
I20260630 12:35:22.841566  4946 consensus_queue.cc:1048] T 806c02ce08c144dabd0dd109fed1ded1 P 243bfd08152944b3b1904e975f0bf5aa [LEADER]: Connected to new peer: Peer: permanent_uuid: "5dad824745714f3288a0fe20701cf3e7" member_type: VOTER last_known_addr { host: "127.1.106.3" port: 42663 }, Status: LMP_MISMATCH, Last received: 0.0, Next index: 4, Last known committed idx: 3, Time since last communication: 0.001s
I20260630 12:35:22.844307  4946 consensus_queue.cc:1048] T 806c02ce08c144dabd0dd109fed1ded1 P 243bfd08152944b3b1904e975f0bf5aa [LEADER]: Connected to new peer: Peer: permanent_uuid: "e176763e1ff844c59c4ce82b4c918189" member_type: VOTER last_known_addr { host: "127.1.106.4" port: 34275 } attrs { promote: false }, Status: LMP_MISMATCH, Last received: 0.0, Next index: 4, Last known committed idx: 3, Time since last communication: 0.001s
I20260630 12:35:22.849809  4872 raft_consensus.cc:2955] T 806c02ce08c144dabd0dd109fed1ded1 P 243bfd08152944b3b1904e975f0bf5aa [term 1 LEADER]: Committing config change with OpId 1.4: config changed from index 3 to 4, VOTER 847bed95a3a74a6890d35c089cfd4c8f (127.1.106.1) evicted. New config: { opid_index: 4 OBSOLETE_local: false peers { permanent_uuid: "243bfd08152944b3b1904e975f0bf5aa" member_type: VOTER last_known_addr { host: "127.1.106.2" port: 38095 } } peers { permanent_uuid: "5dad824745714f3288a0fe20701cf3e7" member_type: VOTER last_known_addr { host: "127.1.106.3" port: 42663 } } peers { permanent_uuid: "e176763e1ff844c59c4ce82b4c918189" member_type: VOTER last_known_addr { host: "127.1.106.4" port: 34275 } attrs { promote: false } } }
I20260630 12:35:22.854508  4739 raft_consensus.cc:2955] T 806c02ce08c144dabd0dd109fed1ded1 P e176763e1ff844c59c4ce82b4c918189 [term 1 FOLLOWER]: Committing config change with OpId 1.4: config changed from index 3 to 4, VOTER 847bed95a3a74a6890d35c089cfd4c8f (127.1.106.1) evicted. New config: { opid_index: 4 OBSOLETE_local: false peers { permanent_uuid: "243bfd08152944b3b1904e975f0bf5aa" member_type: VOTER last_known_addr { host: "127.1.106.2" port: 38095 } } peers { permanent_uuid: "5dad824745714f3288a0fe20701cf3e7" member_type: VOTER last_known_addr { host: "127.1.106.3" port: 42663 } } peers { permanent_uuid: "e176763e1ff844c59c4ce82b4c918189" member_type: VOTER last_known_addr { host: "127.1.106.4" port: 34275 } attrs { promote: false } } }
I20260630 12:35:22.862309  4585 raft_consensus.cc:2955] T 806c02ce08c144dabd0dd109fed1ded1 P 5dad824745714f3288a0fe20701cf3e7 [term 1 FOLLOWER]: Committing config change with OpId 1.4: config changed from index 3 to 4, VOTER 847bed95a3a74a6890d35c089cfd4c8f (127.1.106.1) evicted. New config: { opid_index: 4 OBSOLETE_local: false peers { permanent_uuid: "243bfd08152944b3b1904e975f0bf5aa" member_type: VOTER last_known_addr { host: "127.1.106.2" port: 38095 } } peers { permanent_uuid: "5dad824745714f3288a0fe20701cf3e7" member_type: VOTER last_known_addr { host: "127.1.106.3" port: 42663 } } peers { permanent_uuid: "e176763e1ff844c59c4ce82b4c918189" member_type: VOTER last_known_addr { host: "127.1.106.4" port: 34275 } attrs { promote: false } } }
I20260630 12:35:22.874991  4323 catalog_manager.cc:5210] ChangeConfig:REMOVE_PEER RPC for tablet 806c02ce08c144dabd0dd109fed1ded1 with cas_config_opid_index 3: ChangeConfig:REMOVE_PEER succeeded (attempt 1)
I20260630 12:35:22.874402  4337 catalog_manager.cc:5697] T 806c02ce08c144dabd0dd109fed1ded1 P e176763e1ff844c59c4ce82b4c918189 reported cstate change: config changed from index 3 to 4, VOTER 847bed95a3a74a6890d35c089cfd4c8f (127.1.106.1) evicted. New cstate: current_term: 1 leader_uuid: "243bfd08152944b3b1904e975f0bf5aa" committed_config { opid_index: 4 OBSOLETE_local: false peers { permanent_uuid: "243bfd08152944b3b1904e975f0bf5aa" member_type: VOTER last_known_addr { host: "127.1.106.2" port: 38095 } } peers { permanent_uuid: "5dad824745714f3288a0fe20701cf3e7" member_type: VOTER last_known_addr { host: "127.1.106.3" port: 42663 } } peers { permanent_uuid: "e176763e1ff844c59c4ce82b4c918189" member_type: VOTER last_known_addr { host: "127.1.106.4" port: 34275 } attrs { promote: false } } }
I20260630 12:35:22.889711  4423 tablet_service.cc:1558] Processing DeleteTablet for tablet 806c02ce08c144dabd0dd109fed1ded1 with delete_type TABLET_DATA_TOMBSTONED (TS 847bed95a3a74a6890d35c089cfd4c8f not found in new config with opid_index 4) from {username='slave'} at 127.0.0.1:51724
I20260630 12:35:22.891957  4959 tablet_replica.cc:333] T 806c02ce08c144dabd0dd109fed1ded1 P 847bed95a3a74a6890d35c089cfd4c8f: stopping tablet replica
I20260630 12:35:22.892854  4959 raft_consensus.cc:2243] T 806c02ce08c144dabd0dd109fed1ded1 P 847bed95a3a74a6890d35c089cfd4c8f [term 1 FOLLOWER]: Raft consensus shutting down.
I20260630 12:35:22.893505  4959 raft_consensus.cc:2272] T 806c02ce08c144dabd0dd109fed1ded1 P 847bed95a3a74a6890d35c089cfd4c8f [term 1 FOLLOWER]: Raft consensus is shut down!
I20260630 12:35:22.896319  4959 ts_tablet_manager.cc:1916] T 806c02ce08c144dabd0dd109fed1ded1 P 847bed95a3a74a6890d35c089cfd4c8f: Deleting tablet data with delete state TABLET_DATA_TOMBSTONED
I20260630 12:35:22.907130  4959 ts_tablet_manager.cc:1929] T 806c02ce08c144dabd0dd109fed1ded1 P 847bed95a3a74a6890d35c089cfd4c8f: tablet deleted with delete type TABLET_DATA_TOMBSTONED: last-logged OpId 1.3
I20260630 12:35:22.907507  4959 log.cc:1199] T 806c02ce08c144dabd0dd109fed1ded1 P 847bed95a3a74a6890d35c089cfd4c8f: Deleting WAL directory at /tmp/dist-test-taskUQjOEN/test-tmp/auto_rebalancer-test.0.AutoRebalancerTest.RangeAwareRebalancesNewRangeReplicas.1782822835641886-1448-0/minicluster-data/ts-0-root/wals/806c02ce08c144dabd0dd109fed1ded1
I20260630 12:35:22.909126  4323 catalog_manager.cc:5028] TS 847bed95a3a74a6890d35c089cfd4c8f (127.1.106.1:41121): tablet 806c02ce08c144dabd0dd109fed1ded1 (table range_aware_rebalance_new_range [id=ef0553f9dfef40f3bc6ec01df557c744]) successfully deleted
I20260630 12:35:23.052923  4514 raft_consensus.cc:1275] T 64bea752d21a4783bc35d9d8619b293d P 243bfd08152944b3b1904e975f0bf5aa [term 3 FOLLOWER]: Refusing update from remote peer 847bed95a3a74a6890d35c089cfd4c8f: Log matching property violated. Preceding OpId in replica: term: 2 index: 3. Preceding OpId from leader: term: 3 index: 4. (index mismatch)
I20260630 12:35:23.054297  4852 consensus_queue.cc:1048] T 64bea752d21a4783bc35d9d8619b293d P 847bed95a3a74a6890d35c089cfd4c8f [LEADER]: Connected to new peer: Peer: permanent_uuid: "243bfd08152944b3b1904e975f0bf5aa" member_type: VOTER last_known_addr { host: "127.1.106.2" port: 38095 } attrs { replace: true }, Status: LMP_MISMATCH, Last received: 0.0, Next index: 4, Last known committed idx: 3, Time since last communication: 0.001s
I20260630 12:35:23.064478  4585 raft_consensus.cc:3060] T 64bea752d21a4783bc35d9d8619b293d P 5dad824745714f3288a0fe20701cf3e7 [term 2 FOLLOWER]: Advancing to term 3
I20260630 12:35:23.069147  4739 raft_consensus.cc:3060] T 64bea752d21a4783bc35d9d8619b293d P e176763e1ff844c59c4ce82b4c918189 [term 2 LEARNER]: Advancing to term 3
I20260630 12:35:23.076673  4739 raft_consensus.cc:1275] T 64bea752d21a4783bc35d9d8619b293d P e176763e1ff844c59c4ce82b4c918189 [term 3 LEARNER]: Refusing update from remote peer 847bed95a3a74a6890d35c089cfd4c8f: Log matching property violated. Preceding OpId in replica: term: 2 index: 3. Preceding OpId from leader: term: 3 index: 4. (index mismatch)
I20260630 12:35:23.076797  4585 raft_consensus.cc:1275] T 64bea752d21a4783bc35d9d8619b293d P 5dad824745714f3288a0fe20701cf3e7 [term 3 FOLLOWER]: Refusing update from remote peer 847bed95a3a74a6890d35c089cfd4c8f: Log matching property violated. Preceding OpId in replica: term: 2 index: 3. Preceding OpId from leader: term: 3 index: 4. (index mismatch)
I20260630 12:35:23.078202  4961 consensus_queue.cc:1048] T 64bea752d21a4783bc35d9d8619b293d P 847bed95a3a74a6890d35c089cfd4c8f [LEADER]: Connected to new peer: Peer: permanent_uuid: "e176763e1ff844c59c4ce82b4c918189" member_type: NON_VOTER last_known_addr { host: "127.1.106.4" port: 34275 } attrs { promote: true }, Status: LMP_MISMATCH, Last received: 0.0, Next index: 4, Last known committed idx: 3, Time since last communication: 0.001s
I20260630 12:35:23.079133  4960 consensus_queue.cc:1048] T 64bea752d21a4783bc35d9d8619b293d P 847bed95a3a74a6890d35c089cfd4c8f [LEADER]: Connected to new peer: Peer: permanent_uuid: "5dad824745714f3288a0fe20701cf3e7" member_type: VOTER last_known_addr { host: "127.1.106.3" port: 42663 }, Status: LMP_MISMATCH, Last received: 0.0, Next index: 4, Last known committed idx: 3, Time since last communication: 0.000s
I20260630 12:35:23.094756  4937 raft_consensus.cc:1064] T 64bea752d21a4783bc35d9d8619b293d P 847bed95a3a74a6890d35c089cfd4c8f: attempting to promote NON_VOTER e176763e1ff844c59c4ce82b4c918189 to VOTER
I20260630 12:35:23.097662  4937 consensus_queue.cc:237] T 64bea752d21a4783bc35d9d8619b293d P 847bed95a3a74a6890d35c089cfd4c8f [LEADER]: Queue going to LEADER mode. State: All replicated index: 0, Majority replicated index: 4, Committed index: 4, Last appended: 3.4, Last appended by leader: 3, Current term: 3, Majority size: 3, State: 0, Mode: LEADER, active raft config: opid_index: 5 OBSOLETE_local: false peers { permanent_uuid: "847bed95a3a74a6890d35c089cfd4c8f" member_type: VOTER last_known_addr { host: "127.1.106.1" port: 41121 } } peers { permanent_uuid: "243bfd08152944b3b1904e975f0bf5aa" member_type: VOTER last_known_addr { host: "127.1.106.2" port: 38095 } attrs { replace: true } } peers { permanent_uuid: "5dad824745714f3288a0fe20701cf3e7" member_type: VOTER last_known_addr { host: "127.1.106.3" port: 42663 } } peers { permanent_uuid: "e176763e1ff844c59c4ce82b4c918189" member_type: VOTER last_known_addr { host: "127.1.106.4" port: 34275 } attrs { promote: false } }
I20260630 12:35:23.105168  4738 raft_consensus.cc:1275] T 64bea752d21a4783bc35d9d8619b293d P e176763e1ff844c59c4ce82b4c918189 [term 3 LEARNER]: Refusing update from remote peer 847bed95a3a74a6890d35c089cfd4c8f: Log matching property violated. Preceding OpId in replica: term: 3 index: 4. Preceding OpId from leader: term: 3 index: 5. (index mismatch)
I20260630 12:35:23.105432  4589 raft_consensus.cc:1275] T 64bea752d21a4783bc35d9d8619b293d P 5dad824745714f3288a0fe20701cf3e7 [term 3 FOLLOWER]: Refusing update from remote peer 847bed95a3a74a6890d35c089cfd4c8f: Log matching property violated. Preceding OpId in replica: term: 3 index: 4. Preceding OpId from leader: term: 3 index: 5. (index mismatch)
I20260630 12:35:23.106916  4960 consensus_queue.cc:1048] T 64bea752d21a4783bc35d9d8619b293d P 847bed95a3a74a6890d35c089cfd4c8f [LEADER]: Connected to new peer: Peer: permanent_uuid: "e176763e1ff844c59c4ce82b4c918189" member_type: VOTER last_known_addr { host: "127.1.106.4" port: 34275 } attrs { promote: false }, Status: LMP_MISMATCH, Last received: 0.0, Next index: 5, Last known committed idx: 4, Time since last communication: 0.000s
