I20260630 12:35:55.357028  6157 consensus_queue.cc:260] T c543a87332ce4c8dafb2543271db1748 P 90af6cfafe194916a360e388bbc5a5ff [NON_LEADER]: Queue going to NON_LEADER mode. State: All replicated index: 0, Majority replicated index: 0, Committed index: 0, Last appended: 0.0, Last appended by leader: 0, Current term: 0, Majority size: -1, State: 0, Mode: NON_LEADER, active raft config: opid_index: -1 OBSOLETE_local: false peers { permanent_uuid: "90af6cfafe194916a360e388bbc5a5ff" member_type: VOTER last_known_addr { host: "127.1.106.1" port: 36735 } } peers { permanent_uuid: "7975704f085649c0bec7aa6111b561ea" member_type: VOTER last_known_addr { host: "127.1.106.2" port: 42323 } } peers { permanent_uuid: "17077b27ab3f4498bdda530ed1f8bf91" member_type: VOTER last_known_addr { host: "127.1.106.3" port: 34645 } }
I20260630 12:35:55.357478  6108 raft_consensus.cc:2468] T ddc21e24d8934d748f883eb5bbfc3800 P 17077b27ab3f4498bdda530ed1f8bf91 [term 0 FOLLOWER]: Leader pre-election vote request: Granting yes vote for candidate 90af6cfafe194916a360e388bbc5a5ff in term 0.
I20260630 12:35:55.359294  6157 ts_tablet_manager.cc:1434] T c543a87332ce4c8dafb2543271db1748 P 90af6cfafe194916a360e388bbc5a5ff: Time spent starting tablet: real 0.007s	user 0.004s	sys 0.003s
I20260630 12:35:55.362716  5925 leader_election.cc:304] T ddc21e24d8934d748f883eb5bbfc3800 P 90af6cfafe194916a360e388bbc5a5ff [CANDIDATE]: Term 1 pre-election: Election decided. Result: candidate won. Election summary: received 3 responses out of 3 voters: 2 yes votes; 1 no votes. yes voters: 17077b27ab3f4498bdda530ed1f8bf91, 90af6cfafe194916a360e388bbc5a5ff; no voters: 7975704f085649c0bec7aa6111b561ea
I20260630 12:35:55.361449  6157 tablet_bootstrap.cc:492] T 7795aefaf4914083a71362c51389d0ce P 90af6cfafe194916a360e388bbc5a5ff: Bootstrap starting.
I20260630 12:35:55.363768  6156 tablet_bootstrap.cc:492] T 2e01cef9d1e849c0a21045b962b8befb P 7975704f085649c0bec7aa6111b561ea: No bootstrap required, opened a new log
I20260630 12:35:55.364477  6156 ts_tablet_manager.cc:1403] T 2e01cef9d1e849c0a21045b962b8befb P 7975704f085649c0bec7aa6111b561ea: Time spent bootstrapping tablet: real 0.057s	user 0.016s	sys 0.016s
I20260630 12:35:55.364840  6153 tablet_bootstrap.cc:492] T c543a87332ce4c8dafb2543271db1748 P 17077b27ab3f4498bdda530ed1f8bf91: No bootstrap required, opened a new log
I20260630 12:35:55.365365  6153 ts_tablet_manager.cc:1403] T c543a87332ce4c8dafb2543271db1748 P 17077b27ab3f4498bdda530ed1f8bf91: Time spent bootstrapping tablet: real 0.026s	user 0.019s	sys 0.003s
I20260630 12:35:55.365552  6168 raft_consensus.cc:2804] T ddc21e24d8934d748f883eb5bbfc3800 P 90af6cfafe194916a360e388bbc5a5ff [term 0 FOLLOWER]: Leader pre-election won for term 1
I20260630 12:35:55.365926  6168 raft_consensus.cc:493] T ddc21e24d8934d748f883eb5bbfc3800 P 90af6cfafe194916a360e388bbc5a5ff [term 0 FOLLOWER]: Starting leader election (no leader contacted us within the election timeout)
I20260630 12:35:55.366290  6168 raft_consensus.cc:3060] T ddc21e24d8934d748f883eb5bbfc3800 P 90af6cfafe194916a360e388bbc5a5ff [term 0 FOLLOWER]: Advancing to term 1
I20260630 12:35:55.367722  6156 raft_consensus.cc:359] T 2e01cef9d1e849c0a21045b962b8befb P 7975704f085649c0bec7aa6111b561ea [term 0 FOLLOWER]: Replica starting. Triggering 0 pending ops. Active config: opid_index: -1 OBSOLETE_local: false peers { permanent_uuid: "90af6cfafe194916a360e388bbc5a5ff" member_type: VOTER last_known_addr { host: "127.1.106.1" port: 36735 } } peers { permanent_uuid: "7975704f085649c0bec7aa6111b561ea" member_type: VOTER last_known_addr { host: "127.1.106.2" port: 42323 } } peers { permanent_uuid: "17077b27ab3f4498bdda530ed1f8bf91" member_type: VOTER last_known_addr { host: "127.1.106.3" port: 34645 } }
I20260630 12:35:55.368620  6156 raft_consensus.cc:385] T 2e01cef9d1e849c0a21045b962b8befb P 7975704f085649c0bec7aa6111b561ea [term 0 FOLLOWER]: Consensus starting up: Expiring failure detector timer to make a prompt election more likely
I20260630 12:35:55.368400  6153 raft_consensus.cc:359] T c543a87332ce4c8dafb2543271db1748 P 17077b27ab3f4498bdda530ed1f8bf91 [term 0 FOLLOWER]: Replica starting. Triggering 0 pending ops. Active config: opid_index: -1 OBSOLETE_local: false peers { permanent_uuid: "90af6cfafe194916a360e388bbc5a5ff" member_type: VOTER last_known_addr { host: "127.1.106.1" port: 36735 } } peers { permanent_uuid: "7975704f085649c0bec7aa6111b561ea" member_type: VOTER last_known_addr { host: "127.1.106.2" port: 42323 } } peers { permanent_uuid: "17077b27ab3f4498bdda530ed1f8bf91" member_type: VOTER last_known_addr { host: "127.1.106.3" port: 34645 } }
I20260630 12:35:55.369002  6156 raft_consensus.cc:740] T 2e01cef9d1e849c0a21045b962b8befb P 7975704f085649c0bec7aa6111b561ea [term 0 FOLLOWER]: Becoming Follower/Learner. State: Replica: 7975704f085649c0bec7aa6111b561ea, State: Initialized, Role: FOLLOWER
I20260630 12:35:55.369256  6153 raft_consensus.cc:385] T c543a87332ce4c8dafb2543271db1748 P 17077b27ab3f4498bdda530ed1f8bf91 [term 0 FOLLOWER]: Consensus starting up: Expiring failure detector timer to make a prompt election more likely
I20260630 12:35:55.369630  6153 raft_consensus.cc:740] T c543a87332ce4c8dafb2543271db1748 P 17077b27ab3f4498bdda530ed1f8bf91 [term 0 FOLLOWER]: Becoming Follower/Learner. State: Replica: 17077b27ab3f4498bdda530ed1f8bf91, State: Initialized, Role: FOLLOWER
I20260630 12:35:55.369850  6156 consensus_queue.cc:260] T 2e01cef9d1e849c0a21045b962b8befb P 7975704f085649c0bec7aa6111b561ea [NON_LEADER]: Queue going to NON_LEADER mode. State: All replicated index: 0, Majority replicated index: 0, Committed index: 0, Last appended: 0.0, Last appended by leader: 0, Current term: 0, Majority size: -1, State: 0, Mode: NON_LEADER, active raft config: opid_index: -1 OBSOLETE_local: false peers { permanent_uuid: "90af6cfafe194916a360e388bbc5a5ff" member_type: VOTER last_known_addr { host: "127.1.106.1" port: 36735 } } peers { permanent_uuid: "7975704f085649c0bec7aa6111b561ea" member_type: VOTER last_known_addr { host: "127.1.106.2" port: 42323 } } peers { permanent_uuid: "17077b27ab3f4498bdda530ed1f8bf91" member_type: VOTER last_known_addr { host: "127.1.106.3" port: 34645 } }
I20260630 12:35:55.370643  6153 consensus_queue.cc:260] T c543a87332ce4c8dafb2543271db1748 P 17077b27ab3f4498bdda530ed1f8bf91 [NON_LEADER]: Queue going to NON_LEADER mode. State: All replicated index: 0, Majority replicated index: 0, Committed index: 0, Last appended: 0.0, Last appended by leader: 0, Current term: 0, Majority size: -1, State: 0, Mode: NON_LEADER, active raft config: opid_index: -1 OBSOLETE_local: false peers { permanent_uuid: "90af6cfafe194916a360e388bbc5a5ff" member_type: VOTER last_known_addr { host: "127.1.106.1" port: 36735 } } peers { permanent_uuid: "7975704f085649c0bec7aa6111b561ea" member_type: VOTER last_known_addr { host: "127.1.106.2" port: 42323 } } peers { permanent_uuid: "17077b27ab3f4498bdda530ed1f8bf91" member_type: VOTER last_known_addr { host: "127.1.106.3" port: 34645 } }
I20260630 12:35:55.372852  6156 ts_tablet_manager.cc:1434] T 2e01cef9d1e849c0a21045b962b8befb P 7975704f085649c0bec7aa6111b561ea: Time spent starting tablet: real 0.008s	user 0.006s	sys 0.000s
I20260630 12:35:55.373093  6153 ts_tablet_manager.cc:1434] T c543a87332ce4c8dafb2543271db1748 P 17077b27ab3f4498bdda530ed1f8bf91: Time spent starting tablet: real 0.007s	user 0.008s	sys 0.000s
I20260630 12:35:55.373922  6156 tablet_bootstrap.cc:492] T c543a87332ce4c8dafb2543271db1748 P 7975704f085649c0bec7aa6111b561ea: Bootstrap starting.
I20260630 12:35:55.374192  6153 tablet_bootstrap.cc:492] T 2e01cef9d1e849c0a21045b962b8befb P 17077b27ab3f4498bdda530ed1f8bf91: Bootstrap starting.
I20260630 12:35:55.379969  6157 tablet_bootstrap.cc:654] T 7795aefaf4914083a71362c51389d0ce P 90af6cfafe194916a360e388bbc5a5ff: Neither blocks nor log segments found. Creating new log.
I20260630 12:35:55.381106  6153 tablet_bootstrap.cc:654] T 2e01cef9d1e849c0a21045b962b8befb P 17077b27ab3f4498bdda530ed1f8bf91: Neither blocks nor log segments found. Creating new log.
I20260630 12:35:55.394292  6157 tablet_bootstrap.cc:492] T 7795aefaf4914083a71362c51389d0ce P 90af6cfafe194916a360e388bbc5a5ff: No bootstrap required, opened a new log
I20260630 12:35:55.394878  6157 ts_tablet_manager.cc:1403] T 7795aefaf4914083a71362c51389d0ce P 90af6cfafe194916a360e388bbc5a5ff: Time spent bootstrapping tablet: real 0.034s	user 0.016s	sys 0.001s
I20260630 12:35:55.397894  6157 raft_consensus.cc:359] T 7795aefaf4914083a71362c51389d0ce P 90af6cfafe194916a360e388bbc5a5ff [term 0 FOLLOWER]: Replica starting. Triggering 0 pending ops. Active config: opid_index: -1 OBSOLETE_local: false peers { permanent_uuid: "90af6cfafe194916a360e388bbc5a5ff" member_type: VOTER last_known_addr { host: "127.1.106.1" port: 36735 } } peers { permanent_uuid: "7975704f085649c0bec7aa6111b561ea" member_type: VOTER last_known_addr { host: "127.1.106.2" port: 42323 } } peers { permanent_uuid: "17077b27ab3f4498bdda530ed1f8bf91" member_type: VOTER last_known_addr { host: "127.1.106.3" port: 34645 } }
I20260630 12:35:55.381122  6156 tablet_bootstrap.cc:654] T c543a87332ce4c8dafb2543271db1748 P 7975704f085649c0bec7aa6111b561ea: Neither blocks nor log segments found. Creating new log.
I20260630 12:35:55.401096  6168 raft_consensus.cc:515] T ddc21e24d8934d748f883eb5bbfc3800 P 90af6cfafe194916a360e388bbc5a5ff [term 1 FOLLOWER]: Starting leader election with config: opid_index: -1 OBSOLETE_local: false peers { permanent_uuid: "7975704f085649c0bec7aa6111b561ea" member_type: VOTER last_known_addr { host: "127.1.106.2" port: 42323 } } peers { permanent_uuid: "17077b27ab3f4498bdda530ed1f8bf91" member_type: VOTER last_known_addr { host: "127.1.106.3" port: 34645 } } peers { permanent_uuid: "90af6cfafe194916a360e388bbc5a5ff" member_type: VOTER last_known_addr { host: "127.1.106.1" port: 36735 } }
I20260630 12:35:55.403198  6177 raft_consensus.cc:493] T c543a87332ce4c8dafb2543271db1748 P 90af6cfafe194916a360e388bbc5a5ff [term 0 FOLLOWER]: Starting pre-election (no leader contacted us within the election timeout)
I20260630 12:35:55.404959  6034 tablet_service.cc:1917] Received RequestConsensusVote() RPC: tablet_id: "ddc21e24d8934d748f883eb5bbfc3800" candidate_uuid: "90af6cfafe194916a360e388bbc5a5ff" candidate_term: 1 candidate_status { last_received { term: 0 index: 0 } } ignore_live_leader: false dest_uuid: "7975704f085649c0bec7aa6111b561ea"
I20260630 12:35:55.404068  6157 raft_consensus.cc:385] T 7795aefaf4914083a71362c51389d0ce P 90af6cfafe194916a360e388bbc5a5ff [term 0 FOLLOWER]: Consensus starting up: Expiring failure detector timer to make a prompt election more likely
I20260630 12:35:55.405694  6157 raft_consensus.cc:740] T 7795aefaf4914083a71362c51389d0ce P 90af6cfafe194916a360e388bbc5a5ff [term 0 FOLLOWER]: Becoming Follower/Learner. State: Replica: 90af6cfafe194916a360e388bbc5a5ff, State: Initialized, Role: FOLLOWER
W20260630 12:35:55.406677  5922 leader_election.cc:343] T ddc21e24d8934d748f883eb5bbfc3800 P 90af6cfafe194916a360e388bbc5a5ff [CANDIDATE]: Term 1 election: Tablet error from VoteRequest() call to peer 7975704f085649c0bec7aa6111b561ea (127.1.106.2:42323): Illegal state: must be running to vote when last-logged opid is not known
I20260630 12:35:55.407045  6157 consensus_queue.cc:260] T 7795aefaf4914083a71362c51389d0ce P 90af6cfafe194916a360e388bbc5a5ff [NON_LEADER]: Queue going to NON_LEADER mode. State: All replicated index: 0, Majority replicated index: 0, Committed index: 0, Last appended: 0.0, Last appended by leader: 0, Current term: 0, Majority size: -1, State: 0, Mode: NON_LEADER, active raft config: opid_index: -1 OBSOLETE_local: false peers { permanent_uuid: "90af6cfafe194916a360e388bbc5a5ff" member_type: VOTER last_known_addr { host: "127.1.106.1" port: 36735 } } peers { permanent_uuid: "7975704f085649c0bec7aa6111b561ea" member_type: VOTER last_known_addr { host: "127.1.106.2" port: 42323 } } peers { permanent_uuid: "17077b27ab3f4498bdda530ed1f8bf91" member_type: VOTER last_known_addr { host: "127.1.106.3" port: 34645 } }
I20260630 12:35:55.404699  6177 raft_consensus.cc:515] T c543a87332ce4c8dafb2543271db1748 P 90af6cfafe194916a360e388bbc5a5ff [term 0 FOLLOWER]: Starting pre-election with config: opid_index: -1 OBSOLETE_local: false peers { permanent_uuid: "90af6cfafe194916a360e388bbc5a5ff" member_type: VOTER last_known_addr { host: "127.1.106.1" port: 36735 } } peers { permanent_uuid: "7975704f085649c0bec7aa6111b561ea" member_type: VOTER last_known_addr { host: "127.1.106.2" port: 42323 } } peers { permanent_uuid: "17077b27ab3f4498bdda530ed1f8bf91" member_type: VOTER last_known_addr { host: "127.1.106.3" port: 34645 } }
I20260630 12:35:55.409029  6108 tablet_service.cc:1917] Received RequestConsensusVote() RPC: tablet_id: "ddc21e24d8934d748f883eb5bbfc3800" candidate_uuid: "90af6cfafe194916a360e388bbc5a5ff" candidate_term: 1 candidate_status { last_received { term: 0 index: 0 } } ignore_live_leader: false dest_uuid: "17077b27ab3f4498bdda530ed1f8bf91"
I20260630 12:35:55.409673  6108 raft_consensus.cc:3060] T ddc21e24d8934d748f883eb5bbfc3800 P 17077b27ab3f4498bdda530ed1f8bf91 [term 0 FOLLOWER]: Advancing to term 1
I20260630 12:35:55.411231  6156 tablet_bootstrap.cc:492] T c543a87332ce4c8dafb2543271db1748 P 7975704f085649c0bec7aa6111b561ea: No bootstrap required, opened a new log
I20260630 12:35:55.411784  6156 ts_tablet_manager.cc:1403] T c543a87332ce4c8dafb2543271db1748 P 7975704f085649c0bec7aa6111b561ea: Time spent bootstrapping tablet: real 0.038s	user 0.011s	sys 0.001s
I20260630 12:35:55.411643  6177 leader_election.cc:290] T c543a87332ce4c8dafb2543271db1748 P 90af6cfafe194916a360e388bbc5a5ff [CANDIDATE]: Term 1 pre-election: Requested pre-vote from peers 7975704f085649c0bec7aa6111b561ea (127.1.106.2:42323), 17077b27ab3f4498bdda530ed1f8bf91 (127.1.106.3:34645)
I20260630 12:35:55.416443  6107 tablet_service.cc:1917] Received RequestConsensusVote() RPC: tablet_id: "c543a87332ce4c8dafb2543271db1748" candidate_uuid: "90af6cfafe194916a360e388bbc5a5ff" candidate_term: 1 candidate_status { last_received { term: 0 index: 0 } } ignore_live_leader: false dest_uuid: "17077b27ab3f4498bdda530ed1f8bf91" is_pre_election: true
I20260630 12:35:55.417332  6107 raft_consensus.cc:2468] T c543a87332ce4c8dafb2543271db1748 P 17077b27ab3f4498bdda530ed1f8bf91 [term 0 FOLLOWER]: Leader pre-election vote request: Granting yes vote for candidate 90af6cfafe194916a360e388bbc5a5ff in term 0.
I20260630 12:35:55.419379  6034 tablet_service.cc:1917] Received RequestConsensusVote() RPC: tablet_id: "c543a87332ce4c8dafb2543271db1748" candidate_uuid: "90af6cfafe194916a360e388bbc5a5ff" candidate_term: 1 candidate_status { last_received { term: 0 index: 0 } } ignore_live_leader: false dest_uuid: "7975704f085649c0bec7aa6111b561ea" is_pre_election: true
I20260630 12:35:55.420660  5925 leader_election.cc:304] T c543a87332ce4c8dafb2543271db1748 P 90af6cfafe194916a360e388bbc5a5ff [CANDIDATE]: Term 1 pre-election: Election decided. Result: candidate won. Election summary: received 2 responses out of 3 voters: 2 yes votes; 0 no votes. yes voters: 17077b27ab3f4498bdda530ed1f8bf91, 90af6cfafe194916a360e388bbc5a5ff; no voters: 
I20260630 12:35:55.421993  6156 raft_consensus.cc:359] T c543a87332ce4c8dafb2543271db1748 P 7975704f085649c0bec7aa6111b561ea [term 0 FOLLOWER]: Replica starting. Triggering 0 pending ops. Active config: opid_index: -1 OBSOLETE_local: false peers { permanent_uuid: "90af6cfafe194916a360e388bbc5a5ff" member_type: VOTER last_known_addr { host: "127.1.106.1" port: 36735 } } peers { permanent_uuid: "7975704f085649c0bec7aa6111b561ea" member_type: VOTER last_known_addr { host: "127.1.106.2" port: 42323 } } peers { permanent_uuid: "17077b27ab3f4498bdda530ed1f8bf91" member_type: VOTER last_known_addr { host: "127.1.106.3" port: 34645 } }
I20260630 12:35:55.423043  6177 raft_consensus.cc:2804] T c543a87332ce4c8dafb2543271db1748 P 90af6cfafe194916a360e388bbc5a5ff [term 0 FOLLOWER]: Leader pre-election won for term 1
I20260630 12:35:55.422842  6156 raft_consensus.cc:385] T c543a87332ce4c8dafb2543271db1748 P 7975704f085649c0bec7aa6111b561ea [term 0 FOLLOWER]: Consensus starting up: Expiring failure detector timer to make a prompt election more likely
I20260630 12:35:55.424288  6156 raft_consensus.cc:740] T c543a87332ce4c8dafb2543271db1748 P 7975704f085649c0bec7aa6111b561ea [term 0 FOLLOWER]: Becoming Follower/Learner. State: Replica: 7975704f085649c0bec7aa6111b561ea, State: Initialized, Role: FOLLOWER
I20260630 12:35:55.425081  6156 consensus_queue.cc:260] T c543a87332ce4c8dafb2543271db1748 P 7975704f085649c0bec7aa6111b561ea [NON_LEADER]: Queue going to NON_LEADER mode. State: All replicated index: 0, Majority replicated index: 0, Committed index: 0, Last appended: 0.0, Last appended by leader: 0, Current term: 0, Majority size: -1, State: 0, Mode: NON_LEADER, active raft config: opid_index: -1 OBSOLETE_local: false peers { permanent_uuid: "90af6cfafe194916a360e388bbc5a5ff" member_type: VOTER last_known_addr { host: "127.1.106.1" port: 36735 } } peers { permanent_uuid: "7975704f085649c0bec7aa6111b561ea" member_type: VOTER last_known_addr { host: "127.1.106.2" port: 42323 } } peers { permanent_uuid: "17077b27ab3f4498bdda530ed1f8bf91" member_type: VOTER last_known_addr { host: "127.1.106.3" port: 34645 } }
I20260630 12:35:55.427016  6108 raft_consensus.cc:2468] T ddc21e24d8934d748f883eb5bbfc3800 P 17077b27ab3f4498bdda530ed1f8bf91 [term 1 FOLLOWER]: Leader election vote request: Granting yes vote for candidate 90af6cfafe194916a360e388bbc5a5ff in term 1.
I20260630 12:35:55.423602  6168 leader_election.cc:290] T ddc21e24d8934d748f883eb5bbfc3800 P 90af6cfafe194916a360e388bbc5a5ff [CANDIDATE]: Term 1 election: Requested vote from peers 7975704f085649c0bec7aa6111b561ea (127.1.106.2:42323), 17077b27ab3f4498bdda530ed1f8bf91 (127.1.106.3:34645)
I20260630 12:35:55.427888  6177 raft_consensus.cc:493] T c543a87332ce4c8dafb2543271db1748 P 90af6cfafe194916a360e388bbc5a5ff [term 0 FOLLOWER]: Starting leader election (no leader contacted us within the election timeout)
I20260630 12:35:55.428319  6177 raft_consensus.cc:3060] T c543a87332ce4c8dafb2543271db1748 P 90af6cfafe194916a360e388bbc5a5ff [term 0 FOLLOWER]: Advancing to term 1
I20260630 12:35:55.428351  5925 leader_election.cc:304] T ddc21e24d8934d748f883eb5bbfc3800 P 90af6cfafe194916a360e388bbc5a5ff [CANDIDATE]: Term 1 election: Election decided. Result: candidate won. Election summary: received 3 responses out of 3 voters: 2 yes votes; 1 no votes. yes voters: 17077b27ab3f4498bdda530ed1f8bf91, 90af6cfafe194916a360e388bbc5a5ff; no voters: 7975704f085649c0bec7aa6111b561ea
I20260630 12:35:55.429639  6168 raft_consensus.cc:2804] T ddc21e24d8934d748f883eb5bbfc3800 P 90af6cfafe194916a360e388bbc5a5ff [term 1 FOLLOWER]: Leader election won for term 1
I20260630 12:35:55.430099  6168 raft_consensus.cc:697] T ddc21e24d8934d748f883eb5bbfc3800 P 90af6cfafe194916a360e388bbc5a5ff [term 1 LEADER]: Becoming Leader. State: Replica: 90af6cfafe194916a360e388bbc5a5ff, State: Running, Role: LEADER
I20260630 12:35:55.430961  6168 consensus_queue.cc:237] T ddc21e24d8934d748f883eb5bbfc3800 P 90af6cfafe194916a360e388bbc5a5ff [LEADER]: Queue going to LEADER mode. State: All replicated index: 0, Majority replicated index: 0, Committed index: 0, Last appended: 0.0, Last appended by leader: 0, Current term: 1, Majority size: 2, State: 0, Mode: LEADER, active raft config: opid_index: -1 OBSOLETE_local: false peers { permanent_uuid: "7975704f085649c0bec7aa6111b561ea" member_type: VOTER last_known_addr { host: "127.1.106.2" port: 42323 } } peers { permanent_uuid: "17077b27ab3f4498bdda530ed1f8bf91" member_type: VOTER last_known_addr { host: "127.1.106.3" port: 34645 } } peers { permanent_uuid: "90af6cfafe194916a360e388bbc5a5ff" member_type: VOTER last_known_addr { host: "127.1.106.1" port: 36735 } }
I20260630 12:35:55.432737  6156 ts_tablet_manager.cc:1434] T c543a87332ce4c8dafb2543271db1748 P 7975704f085649c0bec7aa6111b561ea: Time spent starting tablet: real 0.020s	user 0.005s	sys 0.003s
I20260630 12:35:55.433847  6156 tablet_bootstrap.cc:492] T 92bc43803f504473984c2e7dd368216a P 7975704f085649c0bec7aa6111b561ea: Bootstrap starting.
I20260630 12:35:55.435214  6163 raft_consensus.cc:493] T 484efaadcbe14ee9948323ba463b151c P 7975704f085649c0bec7aa6111b561ea [term 0 FOLLOWER]: Starting pre-election (no leader contacted us within the election timeout)
I20260630 12:35:55.435787  6034 raft_consensus.cc:2468] T c543a87332ce4c8dafb2543271db1748 P 7975704f085649c0bec7aa6111b561ea [term 0 FOLLOWER]: Leader pre-election vote request: Granting yes vote for candidate 90af6cfafe194916a360e388bbc5a5ff in term 0.
I20260630 12:35:55.435956  6163 raft_consensus.cc:515] T 484efaadcbe14ee9948323ba463b151c P 7975704f085649c0bec7aa6111b561ea [term 0 FOLLOWER]: Starting pre-election with config: opid_index: -1 OBSOLETE_local: false peers { permanent_uuid: "90af6cfafe194916a360e388bbc5a5ff" member_type: VOTER last_known_addr { host: "127.1.106.1" port: 36735 } } peers { permanent_uuid: "7975704f085649c0bec7aa6111b561ea" member_type: VOTER last_known_addr { host: "127.1.106.2" port: 42323 } } peers { permanent_uuid: "17077b27ab3f4498bdda530ed1f8bf91" member_type: VOTER last_known_addr { host: "127.1.106.3" port: 34645 } }
I20260630 12:35:55.441500  6177 raft_consensus.cc:515] T c543a87332ce4c8dafb2543271db1748 P 90af6cfafe194916a360e388bbc5a5ff [term 1 FOLLOWER]: Starting leader election with config: opid_index: -1 OBSOLETE_local: false peers { permanent_uuid: "90af6cfafe194916a360e388bbc5a5ff" member_type: VOTER last_known_addr { host: "127.1.106.1" port: 36735 } } peers { permanent_uuid: "7975704f085649c0bec7aa6111b561ea" member_type: VOTER last_known_addr { host: "127.1.106.2" port: 42323 } } peers { permanent_uuid: "17077b27ab3f4498bdda530ed1f8bf91" member_type: VOTER last_known_addr { host: "127.1.106.3" port: 34645 } }
I20260630 12:35:55.444561  6156 tablet_bootstrap.cc:654] T 92bc43803f504473984c2e7dd368216a P 7975704f085649c0bec7aa6111b561ea: Neither blocks nor log segments found. Creating new log.
I20260630 12:35:55.447315  6163 leader_election.cc:290] T 484efaadcbe14ee9948323ba463b151c P 7975704f085649c0bec7aa6111b561ea [CANDIDATE]: Term 1 pre-election: Requested pre-vote from peers 90af6cfafe194916a360e388bbc5a5ff (127.1.106.1:36735), 17077b27ab3f4498bdda530ed1f8bf91 (127.1.106.3:34645)
I20260630 12:35:55.447757  6034 tablet_service.cc:1917] Received RequestConsensusVote() RPC: tablet_id: "c543a87332ce4c8dafb2543271db1748" candidate_uuid: "90af6cfafe194916a360e388bbc5a5ff" candidate_term: 1 candidate_status { last_received { term: 0 index: 0 } } ignore_live_leader: false dest_uuid: "7975704f085649c0bec7aa6111b561ea"
I20260630 12:35:55.450029  6034 raft_consensus.cc:3060] T c543a87332ce4c8dafb2543271db1748 P 7975704f085649c0bec7aa6111b561ea [term 0 FOLLOWER]: Advancing to term 1
I20260630 12:35:55.455582  6108 tablet_service.cc:1917] Received RequestConsensusVote() RPC: tablet_id: "c543a87332ce4c8dafb2543271db1748" candidate_uuid: "90af6cfafe194916a360e388bbc5a5ff" candidate_term: 1 candidate_status { last_received { term: 0 index: 0 } } ignore_live_leader: false dest_uuid: "17077b27ab3f4498bdda530ed1f8bf91"
I20260630 12:35:55.456300  6108 raft_consensus.cc:3060] T c543a87332ce4c8dafb2543271db1748 P 17077b27ab3f4498bdda530ed1f8bf91 [term 0 FOLLOWER]: Advancing to term 1
I20260630 12:35:55.456624  5857 catalog_manager.cc:5697] T ddc21e24d8934d748f883eb5bbfc3800 P 90af6cfafe194916a360e388bbc5a5ff reported cstate change: term changed from 0 to 1, leader changed from <none> to 90af6cfafe194916a360e388bbc5a5ff (127.1.106.1). New cstate: current_term: 1 leader_uuid: "90af6cfafe194916a360e388bbc5a5ff" committed_config { opid_index: -1 OBSOLETE_local: false peers { permanent_uuid: "7975704f085649c0bec7aa6111b561ea" member_type: VOTER last_known_addr { host: "127.1.106.2" port: 42323 } health_report { overall_health: UNKNOWN } } peers { permanent_uuid: "17077b27ab3f4498bdda530ed1f8bf91" member_type: VOTER last_known_addr { host: "127.1.106.3" port: 34645 } health_report { overall_health: UNKNOWN } } peers { permanent_uuid: "90af6cfafe194916a360e388bbc5a5ff" member_type: VOTER last_known_addr { host: "127.1.106.1" port: 36735 } health_report { overall_health: HEALTHY } } }
I20260630 12:35:55.449661  6177 leader_election.cc:290] T c543a87332ce4c8dafb2543271db1748 P 90af6cfafe194916a360e388bbc5a5ff [CANDIDATE]: Term 1 election: Requested vote from peers 7975704f085649c0bec7aa6111b561ea (127.1.106.2:42323), 17077b27ab3f4498bdda530ed1f8bf91 (127.1.106.3:34645)
I20260630 12:35:55.461423  6157 ts_tablet_manager.cc:1434] T 7795aefaf4914083a71362c51389d0ce P 90af6cfafe194916a360e388bbc5a5ff: Time spent starting tablet: real 0.066s	user 0.012s	sys 0.008s
I20260630 12:35:55.463903  6153 tablet_bootstrap.cc:492] T 2e01cef9d1e849c0a21045b962b8befb P 17077b27ab3f4498bdda530ed1f8bf91: No bootstrap required, opened a new log
I20260630 12:35:55.464573  6153 ts_tablet_manager.cc:1403] T 2e01cef9d1e849c0a21045b962b8befb P 17077b27ab3f4498bdda530ed1f8bf91: Time spent bootstrapping tablet: real 0.091s	user 0.033s	sys 0.029s
I20260630 12:35:55.471334  6157 tablet_bootstrap.cc:492] T e1876c243e1a41aa87aa344288d5eb07 P 90af6cfafe194916a360e388bbc5a5ff: Bootstrap starting.
I20260630 12:35:55.472393  6034 raft_consensus.cc:2468] T c543a87332ce4c8dafb2543271db1748 P 7975704f085649c0bec7aa6111b561ea [term 1 FOLLOWER]: Leader election vote request: Granting yes vote for candidate 90af6cfafe194916a360e388bbc5a5ff in term 1.
I20260630 12:35:55.474576  5922 leader_election.cc:304] T c543a87332ce4c8dafb2543271db1748 P 90af6cfafe194916a360e388bbc5a5ff [CANDIDATE]: Term 1 election: Election decided. Result: candidate won. Election summary: received 2 responses out of 3 voters: 2 yes votes; 0 no votes. yes voters: 7975704f085649c0bec7aa6111b561ea, 90af6cfafe194916a360e388bbc5a5ff; no voters: 
I20260630 12:35:55.469745  6153 raft_consensus.cc:359] T 2e01cef9d1e849c0a21045b962b8befb P 17077b27ab3f4498bdda530ed1f8bf91 [term 0 FOLLOWER]: Replica starting. Triggering 0 pending ops. Active config: opid_index: -1 OBSOLETE_local: false peers { permanent_uuid: "90af6cfafe194916a360e388bbc5a5ff" member_type: VOTER last_known_addr { host: "127.1.106.1" port: 36735 } } peers { permanent_uuid: "7975704f085649c0bec7aa6111b561ea" member_type: VOTER last_known_addr { host: "127.1.106.2" port: 42323 } } peers { permanent_uuid: "17077b27ab3f4498bdda530ed1f8bf91" member_type: VOTER last_known_addr { host: "127.1.106.3" port: 34645 } }
I20260630 12:35:55.475451  6177 raft_consensus.cc:2804] T c543a87332ce4c8dafb2543271db1748 P 90af6cfafe194916a360e388bbc5a5ff [term 1 FOLLOWER]: Leader election won for term 1
I20260630 12:35:55.475780  5959 tablet_service.cc:1917] Received RequestConsensusVote() RPC: tablet_id: "484efaadcbe14ee9948323ba463b151c" candidate_uuid: "7975704f085649c0bec7aa6111b561ea" candidate_term: 1 candidate_status { last_received { term: 0 index: 0 } } ignore_live_leader: false dest_uuid: "90af6cfafe194916a360e388bbc5a5ff" is_pre_election: true
I20260630 12:35:55.476008  6177 raft_consensus.cc:697] T c543a87332ce4c8dafb2543271db1748 P 90af6cfafe194916a360e388bbc5a5ff [term 1 LEADER]: Becoming Leader. State: Replica: 90af6cfafe194916a360e388bbc5a5ff, State: Running, Role: LEADER
W20260630 12:35:55.477581  5998 leader_election.cc:343] T 484efaadcbe14ee9948323ba463b151c P 7975704f085649c0bec7aa6111b561ea [CANDIDATE]: Term 1 pre-election: Tablet error from VoteRequest() call to peer 90af6cfafe194916a360e388bbc5a5ff (127.1.106.1:36735): Illegal state: must be running to vote when last-logged opid is not known
I20260630 12:35:55.477093  6177 consensus_queue.cc:237] T c543a87332ce4c8dafb2543271db1748 P 90af6cfafe194916a360e388bbc5a5ff [LEADER]: Queue going to LEADER mode. State: All replicated index: 0, Majority replicated index: 0, Committed index: 0, Last appended: 0.0, Last appended by leader: 0, Current term: 1, Majority size: 2, State: 0, Mode: LEADER, active raft config: opid_index: -1 OBSOLETE_local: false peers { permanent_uuid: "90af6cfafe194916a360e388bbc5a5ff" member_type: VOTER last_known_addr { host: "127.1.106.1" port: 36735 } } peers { permanent_uuid: "7975704f085649c0bec7aa6111b561ea" member_type: VOTER last_known_addr { host: "127.1.106.2" port: 42323 } } peers { permanent_uuid: "17077b27ab3f4498bdda530ed1f8bf91" member_type: VOTER last_known_addr { host: "127.1.106.3" port: 34645 } }
I20260630 12:35:55.475455  6153 raft_consensus.cc:385] T 2e01cef9d1e849c0a21045b962b8befb P 17077b27ab3f4498bdda530ed1f8bf91 [term 0 FOLLOWER]: Consensus starting up: Expiring failure detector timer to make a prompt election more likely
I20260630 12:35:55.479897  6153 raft_consensus.cc:740] T 2e01cef9d1e849c0a21045b962b8befb P 17077b27ab3f4498bdda530ed1f8bf91 [term 0 FOLLOWER]: Becoming Follower/Learner. State: Replica: 17077b27ab3f4498bdda530ed1f8bf91, State: Initialized, Role: FOLLOWER
I20260630 12:35:55.480582  6108 raft_consensus.cc:2468] T c543a87332ce4c8dafb2543271db1748 P 17077b27ab3f4498bdda530ed1f8bf91 [term 1 FOLLOWER]: Leader election vote request: Granting yes vote for candidate 90af6cfafe194916a360e388bbc5a5ff in term 1.
I20260630 12:35:55.483393  6168 raft_consensus.cc:493] T 3651b5cca364473989eca2d14236ac3b P 90af6cfafe194916a360e388bbc5a5ff [term 0 FOLLOWER]: Starting pre-election (no leader contacted us within the election timeout)
I20260630 12:35:55.483870  6168 raft_consensus.cc:515] T 3651b5cca364473989eca2d14236ac3b P 90af6cfafe194916a360e388bbc5a5ff [term 0 FOLLOWER]: Starting pre-election with config: opid_index: -1 OBSOLETE_local: false peers { permanent_uuid: "90af6cfafe194916a360e388bbc5a5ff" member_type: VOTER last_known_addr { host: "127.1.106.1" port: 36735 } } peers { permanent_uuid: "7975704f085649c0bec7aa6111b561ea" member_type: VOTER last_known_addr { host: "127.1.106.2" port: 42323 } } peers { permanent_uuid: "17077b27ab3f4498bdda530ed1f8bf91" member_type: VOTER last_known_addr { host: "127.1.106.3" port: 34645 } }
I20260630 12:35:55.485466  6156 tablet_bootstrap.cc:492] T 92bc43803f504473984c2e7dd368216a P 7975704f085649c0bec7aa6111b561ea: No bootstrap required, opened a new log
I20260630 12:35:55.485750  6168 leader_election.cc:290] T 3651b5cca364473989eca2d14236ac3b P 90af6cfafe194916a360e388bbc5a5ff [CANDIDATE]: Term 1 pre-election: Requested pre-vote from peers 7975704f085649c0bec7aa6111b561ea (127.1.106.2:42323), 17077b27ab3f4498bdda530ed1f8bf91 (127.1.106.3:34645)
I20260630 12:35:55.486120  6156 ts_tablet_manager.cc:1403] T 92bc43803f504473984c2e7dd368216a P 7975704f085649c0bec7aa6111b561ea: Time spent bootstrapping tablet: real 0.053s	user 0.010s	sys 0.002s
I20260630 12:35:55.487143  6034 tablet_service.cc:1917] Received RequestConsensusVote() RPC: tablet_id: "3651b5cca364473989eca2d14236ac3b" candidate_uuid: "90af6cfafe194916a360e388bbc5a5ff" candidate_term: 1 candidate_status { last_received { term: 0 index: 0 } } ignore_live_leader: false dest_uuid: "7975704f085649c0bec7aa6111b561ea" is_pre_election: true
W20260630 12:35:55.488809  5922 leader_election.cc:343] T 3651b5cca364473989eca2d14236ac3b P 90af6cfafe194916a360e388bbc5a5ff [CANDIDATE]: Term 1 pre-election: Tablet error from VoteRequest() call to peer 7975704f085649c0bec7aa6111b561ea (127.1.106.2:42323): Illegal state: must be running to vote when last-logged opid is not known
I20260630 12:35:55.482774  6153 consensus_queue.cc:260] T 2e01cef9d1e849c0a21045b962b8befb P 17077b27ab3f4498bdda530ed1f8bf91 [NON_LEADER]: Queue going to NON_LEADER mode. State: All replicated index: 0, Majority replicated index: 0, Committed index: 0, Last appended: 0.0, Last appended by leader: 0, Current term: 0, Majority size: -1, State: 0, Mode: NON_LEADER, active raft config: opid_index: -1 OBSOLETE_local: false peers { permanent_uuid: "90af6cfafe194916a360e388bbc5a5ff" member_type: VOTER last_known_addr { host: "127.1.106.1" port: 36735 } } peers { permanent_uuid: "7975704f085649c0bec7aa6111b561ea" member_type: VOTER last_known_addr { host: "127.1.106.2" port: 42323 } } peers { permanent_uuid: "17077b27ab3f4498bdda530ed1f8bf91" member_type: VOTER last_known_addr { host: "127.1.106.3" port: 34645 } }
I20260630 12:35:55.489763  6108 tablet_service.cc:1917] Received RequestConsensusVote() RPC: tablet_id: "3651b5cca364473989eca2d14236ac3b" candidate_uuid: "90af6cfafe194916a360e388bbc5a5ff" candidate_term: 1 candidate_status { last_received { term: 0 index: 0 } } ignore_live_leader: false dest_uuid: "17077b27ab3f4498bdda530ed1f8bf91" is_pre_election: true
I20260630 12:35:55.490830  6156 raft_consensus.cc:359] T 92bc43803f504473984c2e7dd368216a P 7975704f085649c0bec7aa6111b561ea [term 0 FOLLOWER]: Replica starting. Triggering 0 pending ops. Active config: opid_index: -1 OBSOLETE_local: false peers { permanent_uuid: "90af6cfafe194916a360e388bbc5a5ff" member_type: VOTER last_known_addr { host: "127.1.106.1" port: 36735 } } peers { permanent_uuid: "7975704f085649c0bec7aa6111b561ea" member_type: VOTER last_known_addr { host: "127.1.106.2" port: 42323 } } peers { permanent_uuid: "17077b27ab3f4498bdda530ed1f8bf91" member_type: VOTER last_known_addr { host: "127.1.106.3" port: 34645 } }
I20260630 12:35:55.491833  6153 ts_tablet_manager.cc:1434] T 2e01cef9d1e849c0a21045b962b8befb P 17077b27ab3f4498bdda530ed1f8bf91: Time spent starting tablet: real 0.027s	user 0.006s	sys 0.004s
I20260630 12:35:55.492028  6156 raft_consensus.cc:385] T 92bc43803f504473984c2e7dd368216a P 7975704f085649c0bec7aa6111b561ea [term 0 FOLLOWER]: Consensus starting up: Expiring failure detector timer to make a prompt election more likely
I20260630 12:35:55.492595  6156 raft_consensus.cc:740] T 92bc43803f504473984c2e7dd368216a P 7975704f085649c0bec7aa6111b561ea [term 0 FOLLOWER]: Becoming Follower/Learner. State: Replica: 7975704f085649c0bec7aa6111b561ea, State: Initialized, Role: FOLLOWER
I20260630 12:35:55.493091  6153 tablet_bootstrap.cc:492] T 484efaadcbe14ee9948323ba463b151c P 17077b27ab3f4498bdda530ed1f8bf91: Bootstrap starting.
I20260630 12:35:55.493554  6156 consensus_queue.cc:260] T 92bc43803f504473984c2e7dd368216a P 7975704f085649c0bec7aa6111b561ea [NON_LEADER]: Queue going to NON_LEADER mode. State: All replicated index: 0, Majority replicated index: 0, Committed index: 0, Last appended: 0.0, Last appended by leader: 0, Current term: 0, Majority size: -1, State: 0, Mode: NON_LEADER, active raft config: opid_index: -1 OBSOLETE_local: false peers { permanent_uuid: "90af6cfafe194916a360e388bbc5a5ff" member_type: VOTER last_known_addr { host: "127.1.106.1" port: 36735 } } peers { permanent_uuid: "7975704f085649c0bec7aa6111b561ea" member_type: VOTER last_known_addr { host: "127.1.106.2" port: 42323 } } peers { permanent_uuid: "17077b27ab3f4498bdda530ed1f8bf91" member_type: VOTER last_known_addr { host: "127.1.106.3" port: 34645 } }
I20260630 12:35:55.494989  6108 raft_consensus.cc:2468] T 3651b5cca364473989eca2d14236ac3b P 17077b27ab3f4498bdda530ed1f8bf91 [term 0 FOLLOWER]: Leader pre-election vote request: Granting yes vote for candidate 90af6cfafe194916a360e388bbc5a5ff in term 0.
I20260630 12:35:55.496320  5925 leader_election.cc:304] T 3651b5cca364473989eca2d14236ac3b P 90af6cfafe194916a360e388bbc5a5ff [CANDIDATE]: Term 1 pre-election: Election decided. Result: candidate won. Election summary: received 3 responses out of 3 voters: 2 yes votes; 1 no votes. yes voters: 17077b27ab3f4498bdda530ed1f8bf91, 90af6cfafe194916a360e388bbc5a5ff; no voters: 7975704f085649c0bec7aa6111b561ea
I20260630 12:35:55.483422  6157 tablet_bootstrap.cc:654] T e1876c243e1a41aa87aa344288d5eb07 P 90af6cfafe194916a360e388bbc5a5ff: Neither blocks nor log segments found. Creating new log.
I20260630 12:35:55.499887  6177 raft_consensus.cc:2804] T 3651b5cca364473989eca2d14236ac3b P 90af6cfafe194916a360e388bbc5a5ff [term 0 FOLLOWER]: Leader pre-election won for term 1
I20260630 12:35:55.500669  6177 raft_consensus.cc:493] T 3651b5cca364473989eca2d14236ac3b P 90af6cfafe194916a360e388bbc5a5ff [term 0 FOLLOWER]: Starting leader election (no leader contacted us within the election timeout)
I20260630 12:35:55.501186  6177 raft_consensus.cc:3060] T 3651b5cca364473989eca2d14236ac3b P 90af6cfafe194916a360e388bbc5a5ff [term 0 FOLLOWER]: Advancing to term 1
I20260630 12:35:55.501963  6108 tablet_service.cc:1917] Received RequestConsensusVote() RPC: tablet_id: "484efaadcbe14ee9948323ba463b151c" candidate_uuid: "7975704f085649c0bec7aa6111b561ea" candidate_term: 1 candidate_status { last_received { term: 0 index: 0 } } ignore_live_leader: false dest_uuid: "17077b27ab3f4498bdda530ed1f8bf91" is_pre_election: true
W20260630 12:35:55.504256  6000 leader_election.cc:343] T 484efaadcbe14ee9948323ba463b151c P 7975704f085649c0bec7aa6111b561ea [CANDIDATE]: Term 1 pre-election: Tablet error from VoteRequest() call to peer 17077b27ab3f4498bdda530ed1f8bf91 (127.1.106.3:34645): Illegal state: must be running to vote when last-logged opid is not known
I20260630 12:35:55.504922  6000 leader_election.cc:304] T 484efaadcbe14ee9948323ba463b151c P 7975704f085649c0bec7aa6111b561ea [CANDIDATE]: Term 1 pre-election: Election decided. Result: candidate lost. Election summary: received 3 responses out of 3 voters: 1 yes votes; 2 no votes. yes voters: 7975704f085649c0bec7aa6111b561ea; no voters: 17077b27ab3f4498bdda530ed1f8bf91, 90af6cfafe194916a360e388bbc5a5ff
I20260630 12:35:55.506187  6163 raft_consensus.cc:2749] T 484efaadcbe14ee9948323ba463b151c P 7975704f085649c0bec7aa6111b561ea [term 0 FOLLOWER]: Leader pre-election lost for term 1. Reason: could not achieve majority
I20260630 12:35:55.508371  6156 ts_tablet_manager.cc:1434] T 92bc43803f504473984c2e7dd368216a P 7975704f085649c0bec7aa6111b561ea: Time spent starting tablet: real 0.022s	user 0.009s	sys 0.001s
I20260630 12:35:55.514973  6153 tablet_bootstrap.cc:654] T 484efaadcbe14ee9948323ba463b151c P 17077b27ab3f4498bdda530ed1f8bf91: Neither blocks nor log segments found. Creating new log.
I20260630 12:35:55.519266  6157 tablet_bootstrap.cc:492] T e1876c243e1a41aa87aa344288d5eb07 P 90af6cfafe194916a360e388bbc5a5ff: No bootstrap required, opened a new log
I20260630 12:35:55.519816  6157 ts_tablet_manager.cc:1403] T e1876c243e1a41aa87aa344288d5eb07 P 90af6cfafe194916a360e388bbc5a5ff: Time spent bootstrapping tablet: real 0.049s	user 0.019s	sys 0.010s
I20260630 12:35:55.522486  6157 raft_consensus.cc:359] T e1876c243e1a41aa87aa344288d5eb07 P 90af6cfafe194916a360e388bbc5a5ff [term 0 FOLLOWER]: Replica starting. Triggering 0 pending ops. Active config: opid_index: -1 OBSOLETE_local: false peers { permanent_uuid: "90af6cfafe194916a360e388bbc5a5ff" member_type: VOTER last_known_addr { host: "127.1.106.1" port: 36735 } } peers { permanent_uuid: "7975704f085649c0bec7aa6111b561ea" member_type: VOTER last_known_addr { host: "127.1.106.2" port: 42323 } } peers { permanent_uuid: "17077b27ab3f4498bdda530ed1f8bf91" member_type: VOTER last_known_addr { host: "127.1.106.3" port: 34645 } }
I20260630 12:35:55.523115  6157 raft_consensus.cc:385] T e1876c243e1a41aa87aa344288d5eb07 P 90af6cfafe194916a360e388bbc5a5ff [term 0 FOLLOWER]: Consensus starting up: Expiring failure detector timer to make a prompt election more likely
I20260630 12:35:55.523382  6157 raft_consensus.cc:740] T e1876c243e1a41aa87aa344288d5eb07 P 90af6cfafe194916a360e388bbc5a5ff [term 0 FOLLOWER]: Becoming Follower/Learner. State: Replica: 90af6cfafe194916a360e388bbc5a5ff, State: Initialized, Role: FOLLOWER
I20260630 12:35:55.524116  6157 consensus_queue.cc:260] T e1876c243e1a41aa87aa344288d5eb07 P 90af6cfafe194916a360e388bbc5a5ff [NON_LEADER]: Queue going to NON_LEADER mode. State: All replicated index: 0, Majority replicated index: 0, Committed index: 0, Last appended: 0.0, Last appended by leader: 0, Current term: 0, Majority size: -1, State: 0, Mode: NON_LEADER, active raft config: opid_index: -1 OBSOLETE_local: false peers { permanent_uuid: "90af6cfafe194916a360e388bbc5a5ff" member_type: VOTER last_known_addr { host: "127.1.106.1" port: 36735 } } peers { permanent_uuid: "7975704f085649c0bec7aa6111b561ea" member_type: VOTER last_known_addr { host: "127.1.106.2" port: 42323 } } peers { permanent_uuid: "17077b27ab3f4498bdda530ed1f8bf91" member_type: VOTER last_known_addr { host: "127.1.106.3" port: 34645 } }
I20260630 12:35:55.526100  6163 raft_consensus.cc:493] T 2e01cef9d1e849c0a21045b962b8befb P 7975704f085649c0bec7aa6111b561ea [term 0 FOLLOWER]: Starting pre-election (no leader contacted us within the election timeout)
I20260630 12:35:55.526434  6157 ts_tablet_manager.cc:1434] T e1876c243e1a41aa87aa344288d5eb07 P 90af6cfafe194916a360e388bbc5a5ff: Time spent starting tablet: real 0.006s	user 0.004s	sys 0.000s
I20260630 12:35:55.526649  6163 raft_consensus.cc:515] T 2e01cef9d1e849c0a21045b962b8befb P 7975704f085649c0bec7aa6111b561ea [term 0 FOLLOWER]: Starting pre-election with config: opid_index: -1 OBSOLETE_local: false peers { permanent_uuid: "90af6cfafe194916a360e388bbc5a5ff" member_type: VOTER last_known_addr { host: "127.1.106.1" port: 36735 } } peers { permanent_uuid: "7975704f085649c0bec7aa6111b561ea" member_type: VOTER last_known_addr { host: "127.1.106.2" port: 42323 } } peers { permanent_uuid: "17077b27ab3f4498bdda530ed1f8bf91" member_type: VOTER last_known_addr { host: "127.1.106.3" port: 34645 } }
I20260630 12:35:55.527367  6156 tablet_bootstrap.cc:492] T ddc21e24d8934d748f883eb5bbfc3800 P 7975704f085649c0bec7aa6111b561ea: Bootstrap starting.
I20260630 12:35:55.527525  6157 tablet_bootstrap.cc:492] T 92bc43803f504473984c2e7dd368216a P 90af6cfafe194916a360e388bbc5a5ff: Bootstrap starting.
I20260630 12:35:55.512296  6177 raft_consensus.cc:515] T 3651b5cca364473989eca2d14236ac3b P 90af6cfafe194916a360e388bbc5a5ff [term 1 FOLLOWER]: Starting leader election with config: opid_index: -1 OBSOLETE_local: false peers { permanent_uuid: "90af6cfafe194916a360e388bbc5a5ff" member_type: VOTER last_known_addr { host: "127.1.106.1" port: 36735 } } peers { permanent_uuid: "7975704f085649c0bec7aa6111b561ea" member_type: VOTER last_known_addr { host: "127.1.106.2" port: 42323 } } peers { permanent_uuid: "17077b27ab3f4498bdda530ed1f8bf91" member_type: VOTER last_known_addr { host: "127.1.106.3" port: 34645 } }
I20260630 12:35:55.533771  5959 tablet_service.cc:1917] Received RequestConsensusVote() RPC: tablet_id: "2e01cef9d1e849c0a21045b962b8befb" candidate_uuid: "7975704f085649c0bec7aa6111b561ea" candidate_term: 1 candidate_status { last_received { term: 0 index: 0 } } ignore_live_leader: false dest_uuid: "90af6cfafe194916a360e388bbc5a5ff" is_pre_election: true
I20260630 12:35:55.528842  6163 leader_election.cc:290] T 2e01cef9d1e849c0a21045b962b8befb P 7975704f085649c0bec7aa6111b561ea [CANDIDATE]: Term 1 pre-election: Requested pre-vote from peers 90af6cfafe194916a360e388bbc5a5ff (127.1.106.1:36735), 17077b27ab3f4498bdda530ed1f8bf91 (127.1.106.3:34645)
I20260630 12:35:55.535074  6177 leader_election.cc:290] T 3651b5cca364473989eca2d14236ac3b P 90af6cfafe194916a360e388bbc5a5ff [CANDIDATE]: Term 1 election: Requested vote from peers 7975704f085649c0bec7aa6111b561ea (127.1.106.2:42323), 17077b27ab3f4498bdda530ed1f8bf91 (127.1.106.3:34645)
I20260630 12:35:55.534507  6108 tablet_service.cc:1917] Received RequestConsensusVote() RPC: tablet_id: "3651b5cca364473989eca2d14236ac3b" candidate_uuid: "90af6cfafe194916a360e388bbc5a5ff" candidate_term: 1 candidate_status { last_received { term: 0 index: 0 } } ignore_live_leader: false dest_uuid: "17077b27ab3f4498bdda530ed1f8bf91"
W20260630 12:35:55.536965  5998 leader_election.cc:343] T 2e01cef9d1e849c0a21045b962b8befb P 7975704f085649c0bec7aa6111b561ea [CANDIDATE]: Term 1 pre-election: Tablet error from VoteRequest() call to peer 90af6cfafe194916a360e388bbc5a5ff (127.1.106.1:36735): Illegal state: must be running to vote when last-logged opid is not known
I20260630 12:35:55.536998  6108 raft_consensus.cc:3060] T 3651b5cca364473989eca2d14236ac3b P 17077b27ab3f4498bdda530ed1f8bf91 [term 0 FOLLOWER]: Advancing to term 1
I20260630 12:35:55.534684  6157 tablet_bootstrap.cc:654] T 92bc43803f504473984c2e7dd368216a P 90af6cfafe194916a360e388bbc5a5ff: Neither blocks nor log segments found. Creating new log.
I20260630 12:35:55.536320  6034 tablet_service.cc:1917] Received RequestConsensusVote() RPC: tablet_id: "3651b5cca364473989eca2d14236ac3b" candidate_uuid: "90af6cfafe194916a360e388bbc5a5ff" candidate_term: 1 candidate_status { last_received { term: 0 index: 0 } } ignore_live_leader: false dest_uuid: "7975704f085649c0bec7aa6111b561ea"
I20260630 12:35:55.539711  5856 catalog_manager.cc:5697] T c543a87332ce4c8dafb2543271db1748 P 90af6cfafe194916a360e388bbc5a5ff reported cstate change: term changed from 0 to 1, leader changed from <none> to 90af6cfafe194916a360e388bbc5a5ff (127.1.106.1). New cstate: current_term: 1 leader_uuid: "90af6cfafe194916a360e388bbc5a5ff" committed_config { opid_index: -1 OBSOLETE_local: false peers { permanent_uuid: "90af6cfafe194916a360e388bbc5a5ff" member_type: VOTER last_known_addr { host: "127.1.106.1" port: 36735 } health_report { overall_health: HEALTHY } } peers { permanent_uuid: "7975704f085649c0bec7aa6111b561ea" member_type: VOTER last_known_addr { host: "127.1.106.2" port: 42323 } health_report { overall_health: UNKNOWN } } peers { permanent_uuid: "17077b27ab3f4498bdda530ed1f8bf91" member_type: VOTER last_known_addr { host: "127.1.106.3" port: 34645 } health_report { overall_health: UNKNOWN } } }
W20260630 12:35:55.540694  5922 leader_election.cc:343] T 3651b5cca364473989eca2d14236ac3b P 90af6cfafe194916a360e388bbc5a5ff [CANDIDATE]: Term 1 election: Tablet error from VoteRequest() call to peer 7975704f085649c0bec7aa6111b561ea (127.1.106.2:42323): Illegal state: must be running to vote when last-logged opid is not known
I20260630 12:35:55.535794  6107 tablet_service.cc:1917] Received RequestConsensusVote() RPC: tablet_id: "2e01cef9d1e849c0a21045b962b8befb" candidate_uuid: "7975704f085649c0bec7aa6111b561ea" candidate_term: 1 candidate_status { last_received { term: 0 index: 0 } } ignore_live_leader: false dest_uuid: "17077b27ab3f4498bdda530ed1f8bf91" is_pre_election: true
I20260630 12:35:55.541901  6107 raft_consensus.cc:2468] T 2e01cef9d1e849c0a21045b962b8befb P 17077b27ab3f4498bdda530ed1f8bf91 [term 0 FOLLOWER]: Leader pre-election vote request: Granting yes vote for candidate 7975704f085649c0bec7aa6111b561ea in term 0.
I20260630 12:35:55.547024  6163 raft_consensus.cc:493] T 92bc43803f504473984c2e7dd368216a P 7975704f085649c0bec7aa6111b561ea [term 0 FOLLOWER]: Starting pre-election (no leader contacted us within the election timeout)
I20260630 12:35:55.547657  6163 raft_consensus.cc:515] T 92bc43803f504473984c2e7dd368216a P 7975704f085649c0bec7aa6111b561ea [term 0 FOLLOWER]: Starting pre-election with config: opid_index: -1 OBSOLETE_local: false peers { permanent_uuid: "90af6cfafe194916a360e388bbc5a5ff" member_type: VOTER last_known_addr { host: "127.1.106.1" port: 36735 } } peers { permanent_uuid: "7975704f085649c0bec7aa6111b561ea" member_type: VOTER last_known_addr { host: "127.1.106.2" port: 42323 } } peers { permanent_uuid: "17077b27ab3f4498bdda530ed1f8bf91" member_type: VOTER last_known_addr { host: "127.1.106.3" port: 34645 } }
I20260630 12:35:55.549173  6000 leader_election.cc:304] T 2e01cef9d1e849c0a21045b962b8befb P 7975704f085649c0bec7aa6111b561ea [CANDIDATE]: Term 1 pre-election: Election decided. Result: candidate won. Election summary: received 3 responses out of 3 voters: 2 yes votes; 1 no votes. yes voters: 17077b27ab3f4498bdda530ed1f8bf91, 7975704f085649c0bec7aa6111b561ea; no voters: 90af6cfafe194916a360e388bbc5a5ff
I20260630 12:35:55.550946  6157 tablet_bootstrap.cc:492] T 92bc43803f504473984c2e7dd368216a P 90af6cfafe194916a360e388bbc5a5ff: No bootstrap required, opened a new log
I20260630 12:35:55.551556  6157 ts_tablet_manager.cc:1403] T 92bc43803f504473984c2e7dd368216a P 90af6cfafe194916a360e388bbc5a5ff: Time spent bootstrapping tablet: real 0.024s	user 0.005s	sys 0.014s
I20260630 12:35:55.553159  6168 raft_consensus.cc:493] T 7795aefaf4914083a71362c51389d0ce P 90af6cfafe194916a360e388bbc5a5ff [term 0 FOLLOWER]: Starting pre-election (no leader contacted us within the election timeout)
I20260630 12:35:55.553687  6168 raft_consensus.cc:515] T 7795aefaf4914083a71362c51389d0ce P 90af6cfafe194916a360e388bbc5a5ff [term 0 FOLLOWER]: Starting pre-election with config: opid_index: -1 OBSOLETE_local: false peers { permanent_uuid: "90af6cfafe194916a360e388bbc5a5ff" member_type: VOTER last_known_addr { host: "127.1.106.1" port: 36735 } } peers { permanent_uuid: "7975704f085649c0bec7aa6111b561ea" member_type: VOTER last_known_addr { host: "127.1.106.2" port: 42323 } } peers { permanent_uuid: "17077b27ab3f4498bdda530ed1f8bf91" member_type: VOTER last_known_addr { host: "127.1.106.3" port: 34645 } }
I20260630 12:35:55.553738  5959 tablet_service.cc:1917] Received RequestConsensusVote() RPC: tablet_id: "92bc43803f504473984c2e7dd368216a" candidate_uuid: "7975704f085649c0bec7aa6111b561ea" candidate_term: 1 candidate_status { last_received { term: 0 index: 0 } } ignore_live_leader: false dest_uuid: "90af6cfafe194916a360e388bbc5a5ff" is_pre_election: true
I20260630 12:35:55.555996  6168 leader_election.cc:290] T 7795aefaf4914083a71362c51389d0ce P 90af6cfafe194916a360e388bbc5a5ff [CANDIDATE]: Term 1 pre-election: Requested pre-vote from peers 7975704f085649c0bec7aa6111b561ea (127.1.106.2:42323), 17077b27ab3f4498bdda530ed1f8bf91 (127.1.106.3:34645)
I20260630 12:35:55.558275  6107 tablet_service.cc:1917] Received RequestConsensusVote() RPC: tablet_id: "7795aefaf4914083a71362c51389d0ce" candidate_uuid: "90af6cfafe194916a360e388bbc5a5ff" candidate_term: 1 candidate_status { last_received { term: 0 index: 0 } } ignore_live_leader: false dest_uuid: "17077b27ab3f4498bdda530ed1f8bf91" is_pre_election: true
