I20260630 12:12:11.523835  6692 raft_consensus.cc:2804] T 0cbe95bdfa674ce58e89f70005c83587 P b429c312e8d149f6bbd55bb77762f551 [term 1 FOLLOWER]: Leader election won for term 1
I20260630 12:12:11.524423  6692 raft_consensus.cc:697] T 0cbe95bdfa674ce58e89f70005c83587 P b429c312e8d149f6bbd55bb77762f551 [term 1 LEADER]: Becoming Leader. State: Replica: b429c312e8d149f6bbd55bb77762f551, State: Running, Role: LEADER
I20260630 12:12:11.525596  6692 consensus_queue.cc:237] T 0cbe95bdfa674ce58e89f70005c83587 P b429c312e8d149f6bbd55bb77762f551 [LEADER]: Queue going to LEADER mode. State: All replicated index: 0, Majority replicated index: 0, Committed index: 0, Last appended: 0.0, Last appended by leader: 0, Current term: 1, Majority size: 2, State: 0, Mode: LEADER, active raft config: opid_index: -1 OBSOLETE_local: false peers { permanent_uuid: "b429c312e8d149f6bbd55bb77762f551" member_type: VOTER last_known_addr { host: "127.3.98.129" port: 39695 } } peers { permanent_uuid: "c4380d59f3914ff5b98f7e61e55da070" member_type: VOTER last_known_addr { host: "127.3.98.130" port: 40005 } } peers { permanent_uuid: "1c066445dbb44cf3aa0c09ed3c09aac6" member_type: VOTER last_known_addr { host: "127.3.98.131" port: 46865 } }
I20260630 12:12:11.522941  6658 raft_consensus.cc:359] T be0a4b9af3444246b1111bd66f782b22 P b429c312e8d149f6bbd55bb77762f551 [term 0 FOLLOWER]: Replica starting. Triggering 0 pending ops. Active config: opid_index: -1 OBSOLETE_local: false peers { permanent_uuid: "c4380d59f3914ff5b98f7e61e55da070" member_type: VOTER last_known_addr { host: "127.3.98.130" port: 40005 } } peers { permanent_uuid: "b429c312e8d149f6bbd55bb77762f551" member_type: VOTER last_known_addr { host: "127.3.98.129" port: 39695 } } peers { permanent_uuid: "1c066445dbb44cf3aa0c09ed3c09aac6" member_type: VOTER last_known_addr { host: "127.3.98.131" port: 46865 } }
I20260630 12:12:11.531087  6658 raft_consensus.cc:385] T be0a4b9af3444246b1111bd66f782b22 P b429c312e8d149f6bbd55bb77762f551 [term 0 FOLLOWER]: Consensus starting up: Expiring failure detector timer to make a prompt election more likely
I20260630 12:12:11.531456  6658 raft_consensus.cc:740] T be0a4b9af3444246b1111bd66f782b22 P b429c312e8d149f6bbd55bb77762f551 [term 0 FOLLOWER]: Becoming Follower/Learner. State: Replica: b429c312e8d149f6bbd55bb77762f551, State: Initialized, Role: FOLLOWER
I20260630 12:12:11.531318  6359 catalog_manager.cc:5697] T 5e0ebcb11d04472c8458ea7cdd95dc54 P c4380d59f3914ff5b98f7e61e55da070 reported cstate change: term changed from 0 to 1, leader changed from <none> to c4380d59f3914ff5b98f7e61e55da070 (127.3.98.130). New cstate: current_term: 1 leader_uuid: "c4380d59f3914ff5b98f7e61e55da070" committed_config { opid_index: -1 OBSOLETE_local: false peers { permanent_uuid: "b429c312e8d149f6bbd55bb77762f551" member_type: VOTER last_known_addr { host: "127.3.98.129" port: 39695 } health_report { overall_health: UNKNOWN } } peers { permanent_uuid: "1c066445dbb44cf3aa0c09ed3c09aac6" member_type: VOTER last_known_addr { host: "127.3.98.131" port: 46865 } health_report { overall_health: UNKNOWN } } peers { permanent_uuid: "c4380d59f3914ff5b98f7e61e55da070" member_type: VOTER last_known_addr { host: "127.3.98.130" port: 40005 } health_report { overall_health: HEALTHY } } }
I20260630 12:12:11.533229  6658 consensus_queue.cc:260] T be0a4b9af3444246b1111bd66f782b22 P b429c312e8d149f6bbd55bb77762f551 [NON_LEADER]: Queue going to NON_LEADER mode. State: All replicated index: 0, Majority replicated index: 0, Committed index: 0, Last appended: 0.0, Last appended by leader: 0, Current term: 0, Majority size: -1, State: 0, Mode: NON_LEADER, active raft config: opid_index: -1 OBSOLETE_local: false peers { permanent_uuid: "c4380d59f3914ff5b98f7e61e55da070" member_type: VOTER last_known_addr { host: "127.3.98.130" port: 40005 } } peers { permanent_uuid: "b429c312e8d149f6bbd55bb77762f551" member_type: VOTER last_known_addr { host: "127.3.98.129" port: 39695 } } peers { permanent_uuid: "1c066445dbb44cf3aa0c09ed3c09aac6" member_type: VOTER last_known_addr { host: "127.3.98.131" port: 46865 } }
I20260630 12:12:11.534132  6662 tablet_bootstrap.cc:492] T 3ecee1ea33594a65a662a395f9729bdd P c4380d59f3914ff5b98f7e61e55da070: No bootstrap required, opened a new log
I20260630 12:12:11.534610  6662 ts_tablet_manager.cc:1403] T 3ecee1ea33594a65a662a395f9729bdd P c4380d59f3914ff5b98f7e61e55da070: Time spent bootstrapping tablet: real 0.039s	user 0.008s	sys 0.026s
I20260630 12:12:11.535871  6658 ts_tablet_manager.cc:1434] T be0a4b9af3444246b1111bd66f782b22 P b429c312e8d149f6bbd55bb77762f551: Time spent starting tablet: real 0.016s	user 0.006s	sys 0.002s
I20260630 12:12:11.537184  6658 tablet_bootstrap.cc:492] T 0cf57352cfde4cc2bc17d372ea6f5fe7 P b429c312e8d149f6bbd55bb77762f551: Bootstrap starting.
I20260630 12:12:11.537276  6662 raft_consensus.cc:359] T 3ecee1ea33594a65a662a395f9729bdd P c4380d59f3914ff5b98f7e61e55da070 [term 0 FOLLOWER]: Replica starting. Triggering 0 pending ops. Active config: opid_index: -1 OBSOLETE_local: false peers { permanent_uuid: "b429c312e8d149f6bbd55bb77762f551" member_type: VOTER last_known_addr { host: "127.3.98.129" port: 39695 } } peers { permanent_uuid: "c4380d59f3914ff5b98f7e61e55da070" member_type: VOTER last_known_addr { host: "127.3.98.130" port: 40005 } } peers { permanent_uuid: "1c066445dbb44cf3aa0c09ed3c09aac6" member_type: VOTER last_known_addr { host: "127.3.98.131" port: 46865 } }
I20260630 12:12:11.537613  6684 raft_consensus.cc:493] T 20c51f90a16c404e915c98d77a362eb8 P b429c312e8d149f6bbd55bb77762f551 [term 0 FOLLOWER]: Starting pre-election (no leader contacted us within the election timeout)
I20260630 12:12:11.538045  6662 raft_consensus.cc:385] T 3ecee1ea33594a65a662a395f9729bdd P c4380d59f3914ff5b98f7e61e55da070 [term 0 FOLLOWER]: Consensus starting up: Expiring failure detector timer to make a prompt election more likely
I20260630 12:12:11.538410  6662 raft_consensus.cc:740] T 3ecee1ea33594a65a662a395f9729bdd P c4380d59f3914ff5b98f7e61e55da070 [term 0 FOLLOWER]: Becoming Follower/Learner. State: Replica: c4380d59f3914ff5b98f7e61e55da070, State: Initialized, Role: FOLLOWER
I20260630 12:12:11.538215  6684 raft_consensus.cc:515] T 20c51f90a16c404e915c98d77a362eb8 P b429c312e8d149f6bbd55bb77762f551 [term 0 FOLLOWER]: Starting pre-election with config: opid_index: -1 OBSOLETE_local: false peers { permanent_uuid: "b429c312e8d149f6bbd55bb77762f551" member_type: VOTER last_known_addr { host: "127.3.98.129" port: 39695 } } peers { permanent_uuid: "c4380d59f3914ff5b98f7e61e55da070" member_type: VOTER last_known_addr { host: "127.3.98.130" port: 40005 } } peers { permanent_uuid: "1c066445dbb44cf3aa0c09ed3c09aac6" member_type: VOTER last_known_addr { host: "127.3.98.131" port: 46865 } }
I20260630 12:12:11.539140  6662 consensus_queue.cc:260] T 3ecee1ea33594a65a662a395f9729bdd P c4380d59f3914ff5b98f7e61e55da070 [NON_LEADER]: Queue going to NON_LEADER mode. State: All replicated index: 0, Majority replicated index: 0, Committed index: 0, Last appended: 0.0, Last appended by leader: 0, Current term: 0, Majority size: -1, State: 0, Mode: NON_LEADER, active raft config: opid_index: -1 OBSOLETE_local: false peers { permanent_uuid: "b429c312e8d149f6bbd55bb77762f551" member_type: VOTER last_known_addr { host: "127.3.98.129" port: 39695 } } peers { permanent_uuid: "c4380d59f3914ff5b98f7e61e55da070" member_type: VOTER last_known_addr { host: "127.3.98.130" port: 40005 } } peers { permanent_uuid: "1c066445dbb44cf3aa0c09ed3c09aac6" member_type: VOTER last_known_addr { host: "127.3.98.131" port: 46865 } }
I20260630 12:12:11.540994  6539 tablet_service.cc:1917] Received RequestConsensusVote() RPC: tablet_id: "20c51f90a16c404e915c98d77a362eb8" candidate_uuid: "b429c312e8d149f6bbd55bb77762f551" candidate_term: 1 candidate_status { last_received { term: 0 index: 0 } } ignore_live_leader: false dest_uuid: "c4380d59f3914ff5b98f7e61e55da070" is_pre_election: true
I20260630 12:12:11.541560  6662 ts_tablet_manager.cc:1434] T 3ecee1ea33594a65a662a395f9729bdd P c4380d59f3914ff5b98f7e61e55da070: Time spent starting tablet: real 0.007s	user 0.007s	sys 0.000s
I20260630 12:12:11.541623  6539 raft_consensus.cc:2468] T 20c51f90a16c404e915c98d77a362eb8 P c4380d59f3914ff5b98f7e61e55da070 [term 0 FOLLOWER]: Leader pre-election vote request: Granting yes vote for candidate b429c312e8d149f6bbd55bb77762f551 in term 0.
I20260630 12:12:11.542543  6662 tablet_bootstrap.cc:492] T 0cf57352cfde4cc2bc17d372ea6f5fe7 P c4380d59f3914ff5b98f7e61e55da070: Bootstrap starting.
I20260630 12:12:11.542799  6428 leader_election.cc:304] T 20c51f90a16c404e915c98d77a362eb8 P b429c312e8d149f6bbd55bb77762f551 [CANDIDATE]: Term 1 pre-election: Election decided. Result: candidate won. Election summary: received 2 responses out of 3 voters: 2 yes votes; 0 no votes. yes voters: b429c312e8d149f6bbd55bb77762f551, c4380d59f3914ff5b98f7e61e55da070; no voters: 
I20260630 12:12:11.543097  6658 tablet_bootstrap.cc:654] T 0cf57352cfde4cc2bc17d372ea6f5fe7 P b429c312e8d149f6bbd55bb77762f551: Neither blocks nor log segments found. Creating new log.
I20260630 12:12:11.543764  6688 raft_consensus.cc:2804] T 20c51f90a16c404e915c98d77a362eb8 P b429c312e8d149f6bbd55bb77762f551 [term 0 FOLLOWER]: Leader pre-election won for term 1
I20260630 12:12:11.544171  6688 raft_consensus.cc:493] T 20c51f90a16c404e915c98d77a362eb8 P b429c312e8d149f6bbd55bb77762f551 [term 0 FOLLOWER]: Starting leader election (no leader contacted us within the election timeout)
I20260630 12:12:11.544535  6688 raft_consensus.cc:3060] T 20c51f90a16c404e915c98d77a362eb8 P b429c312e8d149f6bbd55bb77762f551 [term 0 FOLLOWER]: Advancing to term 1
I20260630 12:12:11.548530  6662 tablet_bootstrap.cc:654] T 0cf57352cfde4cc2bc17d372ea6f5fe7 P c4380d59f3914ff5b98f7e61e55da070: Neither blocks nor log segments found. Creating new log.
I20260630 12:12:11.550311  6613 tablet_service.cc:1917] Received RequestConsensusVote() RPC: tablet_id: "20c51f90a16c404e915c98d77a362eb8" candidate_uuid: "b429c312e8d149f6bbd55bb77762f551" candidate_term: 1 candidate_status { last_received { term: 0 index: 0 } } ignore_live_leader: false dest_uuid: "1c066445dbb44cf3aa0c09ed3c09aac6" is_pre_election: true
I20260630 12:12:11.550979  6613 raft_consensus.cc:2468] T 20c51f90a16c404e915c98d77a362eb8 P 1c066445dbb44cf3aa0c09ed3c09aac6 [term 0 FOLLOWER]: Leader pre-election vote request: Granting yes vote for candidate b429c312e8d149f6bbd55bb77762f551 in term 0.
I20260630 12:12:11.552434  6684 leader_election.cc:290] T 20c51f90a16c404e915c98d77a362eb8 P b429c312e8d149f6bbd55bb77762f551 [CANDIDATE]: Term 1 pre-election: Requested pre-vote from peers c4380d59f3914ff5b98f7e61e55da070 (127.3.98.130:40005), 1c066445dbb44cf3aa0c09ed3c09aac6 (127.3.98.131:46865)
I20260630 12:12:11.540838  6361 catalog_manager.cc:5697] T 4c180b810bcf429d864e0e3407ef42eb P b429c312e8d149f6bbd55bb77762f551 reported cstate change: term changed from 0 to 1, leader changed from <none> to b429c312e8d149f6bbd55bb77762f551 (127.3.98.129). New cstate: current_term: 1 leader_uuid: "b429c312e8d149f6bbd55bb77762f551" committed_config { opid_index: -1 OBSOLETE_local: false peers { permanent_uuid: "b429c312e8d149f6bbd55bb77762f551" member_type: VOTER last_known_addr { host: "127.3.98.129" port: 39695 } health_report { overall_health: HEALTHY } } peers { permanent_uuid: "c4380d59f3914ff5b98f7e61e55da070" member_type: VOTER last_known_addr { host: "127.3.98.130" port: 40005 } health_report { overall_health: UNKNOWN } } peers { permanent_uuid: "1c066445dbb44cf3aa0c09ed3c09aac6" member_type: VOTER last_known_addr { host: "127.3.98.131" port: 46865 } health_report { overall_health: UNKNOWN } } }
I20260630 12:12:11.557282  6688 raft_consensus.cc:515] T 20c51f90a16c404e915c98d77a362eb8 P b429c312e8d149f6bbd55bb77762f551 [term 1 FOLLOWER]: Starting leader election with config: opid_index: -1 OBSOLETE_local: false peers { permanent_uuid: "b429c312e8d149f6bbd55bb77762f551" member_type: VOTER last_known_addr { host: "127.3.98.129" port: 39695 } } peers { permanent_uuid: "c4380d59f3914ff5b98f7e61e55da070" member_type: VOTER last_known_addr { host: "127.3.98.130" port: 40005 } } peers { permanent_uuid: "1c066445dbb44cf3aa0c09ed3c09aac6" member_type: VOTER last_known_addr { host: "127.3.98.131" port: 46865 } }
I20260630 12:12:11.559015  6662 tablet_bootstrap.cc:492] T 0cf57352cfde4cc2bc17d372ea6f5fe7 P c4380d59f3914ff5b98f7e61e55da070: No bootstrap required, opened a new log
I20260630 12:12:11.559476  6662 ts_tablet_manager.cc:1403] T 0cf57352cfde4cc2bc17d372ea6f5fe7 P c4380d59f3914ff5b98f7e61e55da070: Time spent bootstrapping tablet: real 0.017s	user 0.013s	sys 0.003s
I20260630 12:12:11.560640  6613 tablet_service.cc:1917] Received RequestConsensusVote() RPC: tablet_id: "20c51f90a16c404e915c98d77a362eb8" candidate_uuid: "b429c312e8d149f6bbd55bb77762f551" candidate_term: 1 candidate_status { last_received { term: 0 index: 0 } } ignore_live_leader: false dest_uuid: "1c066445dbb44cf3aa0c09ed3c09aac6"
I20260630 12:12:11.561148  6613 raft_consensus.cc:3060] T 20c51f90a16c404e915c98d77a362eb8 P 1c066445dbb44cf3aa0c09ed3c09aac6 [term 0 FOLLOWER]: Advancing to term 1
I20260630 12:12:11.562585  6539 tablet_service.cc:1917] Received RequestConsensusVote() RPC: tablet_id: "20c51f90a16c404e915c98d77a362eb8" candidate_uuid: "b429c312e8d149f6bbd55bb77762f551" candidate_term: 1 candidate_status { last_received { term: 0 index: 0 } } ignore_live_leader: false dest_uuid: "c4380d59f3914ff5b98f7e61e55da070"
I20260630 12:12:11.563123  6539 raft_consensus.cc:3060] T 20c51f90a16c404e915c98d77a362eb8 P c4380d59f3914ff5b98f7e61e55da070 [term 0 FOLLOWER]: Advancing to term 1
I20260630 12:12:11.564656  6662 raft_consensus.cc:359] T 0cf57352cfde4cc2bc17d372ea6f5fe7 P c4380d59f3914ff5b98f7e61e55da070 [term 0 FOLLOWER]: Replica starting. Triggering 0 pending ops. Active config: opid_index: -1 OBSOLETE_local: false peers { permanent_uuid: "b429c312e8d149f6bbd55bb77762f551" member_type: VOTER last_known_addr { host: "127.3.98.129" port: 39695 } } peers { permanent_uuid: "c4380d59f3914ff5b98f7e61e55da070" member_type: VOTER last_known_addr { host: "127.3.98.130" port: 40005 } } peers { permanent_uuid: "1c066445dbb44cf3aa0c09ed3c09aac6" member_type: VOTER last_known_addr { host: "127.3.98.131" port: 46865 } }
I20260630 12:12:11.565269  6662 raft_consensus.cc:385] T 0cf57352cfde4cc2bc17d372ea6f5fe7 P c4380d59f3914ff5b98f7e61e55da070 [term 0 FOLLOWER]: Consensus starting up: Expiring failure detector timer to make a prompt election more likely
I20260630 12:12:11.565514  6662 raft_consensus.cc:740] T 0cf57352cfde4cc2bc17d372ea6f5fe7 P c4380d59f3914ff5b98f7e61e55da070 [term 0 FOLLOWER]: Becoming Follower/Learner. State: Replica: c4380d59f3914ff5b98f7e61e55da070, State: Initialized, Role: FOLLOWER
I20260630 12:12:11.566100  6662 consensus_queue.cc:260] T 0cf57352cfde4cc2bc17d372ea6f5fe7 P c4380d59f3914ff5b98f7e61e55da070 [NON_LEADER]: Queue going to NON_LEADER mode. State: All replicated index: 0, Majority replicated index: 0, Committed index: 0, Last appended: 0.0, Last appended by leader: 0, Current term: 0, Majority size: -1, State: 0, Mode: NON_LEADER, active raft config: opid_index: -1 OBSOLETE_local: false peers { permanent_uuid: "b429c312e8d149f6bbd55bb77762f551" member_type: VOTER last_known_addr { host: "127.3.98.129" port: 39695 } } peers { permanent_uuid: "c4380d59f3914ff5b98f7e61e55da070" member_type: VOTER last_known_addr { host: "127.3.98.130" port: 40005 } } peers { permanent_uuid: "1c066445dbb44cf3aa0c09ed3c09aac6" member_type: VOTER last_known_addr { host: "127.3.98.131" port: 46865 } }
I20260630 12:12:11.567272  6613 raft_consensus.cc:2468] T 20c51f90a16c404e915c98d77a362eb8 P 1c066445dbb44cf3aa0c09ed3c09aac6 [term 1 FOLLOWER]: Leader election vote request: Granting yes vote for candidate b429c312e8d149f6bbd55bb77762f551 in term 1.
I20260630 12:12:11.568451  6430 leader_election.cc:304] T 20c51f90a16c404e915c98d77a362eb8 P b429c312e8d149f6bbd55bb77762f551 [CANDIDATE]: Term 1 election: Election decided. Result: candidate won. Election summary: received 2 responses out of 3 voters: 2 yes votes; 0 no votes. yes voters: 1c066445dbb44cf3aa0c09ed3c09aac6, b429c312e8d149f6bbd55bb77762f551; no voters: 
I20260630 12:12:11.569265  6684 raft_consensus.cc:2804] T 20c51f90a16c404e915c98d77a362eb8 P b429c312e8d149f6bbd55bb77762f551 [term 1 FOLLOWER]: Leader election won for term 1
I20260630 12:12:11.569890  6684 raft_consensus.cc:697] T 20c51f90a16c404e915c98d77a362eb8 P b429c312e8d149f6bbd55bb77762f551 [term 1 LEADER]: Becoming Leader. State: Replica: b429c312e8d149f6bbd55bb77762f551, State: Running, Role: LEADER
I20260630 12:12:11.570016  6662 ts_tablet_manager.cc:1434] T 0cf57352cfde4cc2bc17d372ea6f5fe7 P c4380d59f3914ff5b98f7e61e55da070: Time spent starting tablet: real 0.010s	user 0.003s	sys 0.001s
I20260630 12:12:11.570694  6684 consensus_queue.cc:237] T 20c51f90a16c404e915c98d77a362eb8 P b429c312e8d149f6bbd55bb77762f551 [LEADER]: Queue going to LEADER mode. State: All replicated index: 0, Majority replicated index: 0, Committed index: 0, Last appended: 0.0, Last appended by leader: 0, Current term: 1, Majority size: 2, State: 0, Mode: LEADER, active raft config: opid_index: -1 OBSOLETE_local: false peers { permanent_uuid: "b429c312e8d149f6bbd55bb77762f551" member_type: VOTER last_known_addr { host: "127.3.98.129" port: 39695 } } peers { permanent_uuid: "c4380d59f3914ff5b98f7e61e55da070" member_type: VOTER last_known_addr { host: "127.3.98.130" port: 40005 } } peers { permanent_uuid: "1c066445dbb44cf3aa0c09ed3c09aac6" member_type: VOTER last_known_addr { host: "127.3.98.131" port: 46865 } }
I20260630 12:12:11.571331  6539 raft_consensus.cc:2468] T 20c51f90a16c404e915c98d77a362eb8 P c4380d59f3914ff5b98f7e61e55da070 [term 1 FOLLOWER]: Leader election vote request: Granting yes vote for candidate b429c312e8d149f6bbd55bb77762f551 in term 1.
I20260630 12:12:11.573626  6688 leader_election.cc:290] T 20c51f90a16c404e915c98d77a362eb8 P b429c312e8d149f6bbd55bb77762f551 [CANDIDATE]: Term 1 election: Requested vote from peers c4380d59f3914ff5b98f7e61e55da070 (127.3.98.130:40005), 1c066445dbb44cf3aa0c09ed3c09aac6 (127.3.98.131:46865)
I20260630 12:12:11.576145  6659 tablet_bootstrap.cc:654] T 019724e535b34effbe8c63d01044745d P 1c066445dbb44cf3aa0c09ed3c09aac6: Neither blocks nor log segments found. Creating new log.
I20260630 12:12:11.532720  6667 raft_consensus.cc:515] T be0a4b9af3444246b1111bd66f782b22 P c4380d59f3914ff5b98f7e61e55da070 [term 1 FOLLOWER]: Starting leader election with config: opid_index: -1 OBSOLETE_local: false peers { permanent_uuid: "c4380d59f3914ff5b98f7e61e55da070" member_type: VOTER last_known_addr { host: "127.3.98.130" port: 40005 } } peers { permanent_uuid: "b429c312e8d149f6bbd55bb77762f551" member_type: VOTER last_known_addr { host: "127.3.98.129" port: 39695 } } peers { permanent_uuid: "1c066445dbb44cf3aa0c09ed3c09aac6" member_type: VOTER last_known_addr { host: "127.3.98.131" port: 46865 } }
I20260630 12:12:11.580010  6684 raft_consensus.cc:493] T be0a4b9af3444246b1111bd66f782b22 P b429c312e8d149f6bbd55bb77762f551 [term 0 FOLLOWER]: Starting pre-election (no leader contacted us within the election timeout)
I20260630 12:12:11.580495  6684 raft_consensus.cc:515] T be0a4b9af3444246b1111bd66f782b22 P b429c312e8d149f6bbd55bb77762f551 [term 0 FOLLOWER]: Starting pre-election with config: opid_index: -1 OBSOLETE_local: false peers { permanent_uuid: "c4380d59f3914ff5b98f7e61e55da070" member_type: VOTER last_known_addr { host: "127.3.98.130" port: 40005 } } peers { permanent_uuid: "b429c312e8d149f6bbd55bb77762f551" member_type: VOTER last_known_addr { host: "127.3.98.129" port: 39695 } } peers { permanent_uuid: "1c066445dbb44cf3aa0c09ed3c09aac6" member_type: VOTER last_known_addr { host: "127.3.98.131" port: 46865 } }
I20260630 12:12:11.581501  6667 leader_election.cc:290] T be0a4b9af3444246b1111bd66f782b22 P c4380d59f3914ff5b98f7e61e55da070 [CANDIDATE]: Term 1 election: Requested vote from peers b429c312e8d149f6bbd55bb77762f551 (127.3.98.129:39695), 1c066445dbb44cf3aa0c09ed3c09aac6 (127.3.98.131:46865)
I20260630 12:12:11.581426  6463 tablet_service.cc:1917] Received RequestConsensusVote() RPC: tablet_id: "be0a4b9af3444246b1111bd66f782b22" candidate_uuid: "c4380d59f3914ff5b98f7e61e55da070" candidate_term: 1 candidate_status { last_received { term: 0 index: 0 } } ignore_live_leader: false dest_uuid: "b429c312e8d149f6bbd55bb77762f551"
I20260630 12:12:11.582211  6613 tablet_service.cc:1917] Received RequestConsensusVote() RPC: tablet_id: "be0a4b9af3444246b1111bd66f782b22" candidate_uuid: "c4380d59f3914ff5b98f7e61e55da070" candidate_term: 1 candidate_status { last_received { term: 0 index: 0 } } ignore_live_leader: false dest_uuid: "1c066445dbb44cf3aa0c09ed3c09aac6"
I20260630 12:12:11.582752  6613 raft_consensus.cc:3060] T be0a4b9af3444246b1111bd66f782b22 P 1c066445dbb44cf3aa0c09ed3c09aac6 [term 0 FOLLOWER]: Advancing to term 1
I20260630 12:12:11.584316  6658 tablet_bootstrap.cc:492] T 0cf57352cfde4cc2bc17d372ea6f5fe7 P b429c312e8d149f6bbd55bb77762f551: No bootstrap required, opened a new log
I20260630 12:12:11.582226  6463 raft_consensus.cc:3060] T be0a4b9af3444246b1111bd66f782b22 P b429c312e8d149f6bbd55bb77762f551 [term 0 FOLLOWER]: Advancing to term 1
I20260630 12:12:11.586789  6611 tablet_service.cc:1917] Received RequestConsensusVote() RPC: tablet_id: "be0a4b9af3444246b1111bd66f782b22" candidate_uuid: "b429c312e8d149f6bbd55bb77762f551" candidate_term: 1 candidate_status { last_received { term: 0 index: 0 } } ignore_live_leader: false dest_uuid: "1c066445dbb44cf3aa0c09ed3c09aac6" is_pre_election: true
I20260630 12:12:11.587000  6539 tablet_service.cc:1917] Received RequestConsensusVote() RPC: tablet_id: "be0a4b9af3444246b1111bd66f782b22" candidate_uuid: "b429c312e8d149f6bbd55bb77762f551" candidate_term: 1 candidate_status { last_received { term: 0 index: 0 } } ignore_live_leader: false dest_uuid: "c4380d59f3914ff5b98f7e61e55da070" is_pre_election: true
I20260630 12:12:11.587762  6539 raft_consensus.cc:2393] T be0a4b9af3444246b1111bd66f782b22 P c4380d59f3914ff5b98f7e61e55da070 [term 1 FOLLOWER]: Leader pre-election vote request: Denying vote to candidate b429c312e8d149f6bbd55bb77762f551 in current term 1: Already voted for candidate c4380d59f3914ff5b98f7e61e55da070 in this term.
I20260630 12:12:11.589310  6430 leader_election.cc:304] T be0a4b9af3444246b1111bd66f782b22 P b429c312e8d149f6bbd55bb77762f551 [CANDIDATE]: Term 1 pre-election: Election decided. Result: candidate lost. Election summary: received 3 responses out of 3 voters: 1 yes votes; 2 no votes. yes voters: b429c312e8d149f6bbd55bb77762f551; no voters: 1c066445dbb44cf3aa0c09ed3c09aac6, c4380d59f3914ff5b98f7e61e55da070
I20260630 12:12:11.591148  6658 ts_tablet_manager.cc:1403] T 0cf57352cfde4cc2bc17d372ea6f5fe7 P b429c312e8d149f6bbd55bb77762f551: Time spent bootstrapping tablet: real 0.054s	user 0.008s	sys 0.019s
I20260630 12:12:11.591549  6684 leader_election.cc:290] T be0a4b9af3444246b1111bd66f782b22 P b429c312e8d149f6bbd55bb77762f551 [CANDIDATE]: Term 1 pre-election: Requested pre-vote from peers c4380d59f3914ff5b98f7e61e55da070 (127.3.98.130:40005), 1c066445dbb44cf3aa0c09ed3c09aac6 (127.3.98.131:46865)
I20260630 12:12:11.593259  6659 tablet_bootstrap.cc:492] T 019724e535b34effbe8c63d01044745d P 1c066445dbb44cf3aa0c09ed3c09aac6: No bootstrap required, opened a new log
I20260630 12:12:11.593153  6463 raft_consensus.cc:2468] T be0a4b9af3444246b1111bd66f782b22 P b429c312e8d149f6bbd55bb77762f551 [term 1 FOLLOWER]: Leader election vote request: Granting yes vote for candidate c4380d59f3914ff5b98f7e61e55da070 in term 1.
I20260630 12:12:11.593725  6659 ts_tablet_manager.cc:1403] T 019724e535b34effbe8c63d01044745d P 1c066445dbb44cf3aa0c09ed3c09aac6: Time spent bootstrapping tablet: real 0.126s	user 0.012s	sys 0.004s
I20260630 12:12:11.593719  6692 raft_consensus.cc:2749] T be0a4b9af3444246b1111bd66f782b22 P b429c312e8d149f6bbd55bb77762f551 [term 1 FOLLOWER]: Leader pre-election lost for term 1. Reason: could not achieve majority
I20260630 12:12:11.594319  6503 leader_election.cc:304] T be0a4b9af3444246b1111bd66f782b22 P c4380d59f3914ff5b98f7e61e55da070 [CANDIDATE]: Term 1 election: Election decided. Result: candidate won. Election summary: received 2 responses out of 3 voters: 2 yes votes; 0 no votes. yes voters: b429c312e8d149f6bbd55bb77762f551, c4380d59f3914ff5b98f7e61e55da070; no voters: 
I20260630 12:12:11.594065  6658 raft_consensus.cc:359] T 0cf57352cfde4cc2bc17d372ea6f5fe7 P b429c312e8d149f6bbd55bb77762f551 [term 0 FOLLOWER]: Replica starting. Triggering 0 pending ops. Active config: opid_index: -1 OBSOLETE_local: false peers { permanent_uuid: "b429c312e8d149f6bbd55bb77762f551" member_type: VOTER last_known_addr { host: "127.3.98.129" port: 39695 } } peers { permanent_uuid: "c4380d59f3914ff5b98f7e61e55da070" member_type: VOTER last_known_addr { host: "127.3.98.130" port: 40005 } } peers { permanent_uuid: "1c066445dbb44cf3aa0c09ed3c09aac6" member_type: VOTER last_known_addr { host: "127.3.98.131" port: 46865 } }
I20260630 12:12:11.594959  6658 raft_consensus.cc:385] T 0cf57352cfde4cc2bc17d372ea6f5fe7 P b429c312e8d149f6bbd55bb77762f551 [term 0 FOLLOWER]: Consensus starting up: Expiring failure detector timer to make a prompt election more likely
I20260630 12:12:11.595178  6667 raft_consensus.cc:2804] T be0a4b9af3444246b1111bd66f782b22 P c4380d59f3914ff5b98f7e61e55da070 [term 1 FOLLOWER]: Leader election won for term 1
I20260630 12:12:11.595288  6658 raft_consensus.cc:740] T 0cf57352cfde4cc2bc17d372ea6f5fe7 P b429c312e8d149f6bbd55bb77762f551 [term 0 FOLLOWER]: Becoming Follower/Learner. State: Replica: b429c312e8d149f6bbd55bb77762f551, State: Initialized, Role: FOLLOWER
I20260630 12:12:11.595763  6667 raft_consensus.cc:697] T be0a4b9af3444246b1111bd66f782b22 P c4380d59f3914ff5b98f7e61e55da070 [term 1 LEADER]: Becoming Leader. State: Replica: c4380d59f3914ff5b98f7e61e55da070, State: Running, Role: LEADER
I20260630 12:12:11.596303  6658 consensus_queue.cc:260] T 0cf57352cfde4cc2bc17d372ea6f5fe7 P b429c312e8d149f6bbd55bb77762f551 [NON_LEADER]: Queue going to NON_LEADER mode. State: All replicated index: 0, Majority replicated index: 0, Committed index: 0, Last appended: 0.0, Last appended by leader: 0, Current term: 0, Majority size: -1, State: 0, Mode: NON_LEADER, active raft config: opid_index: -1 OBSOLETE_local: false peers { permanent_uuid: "b429c312e8d149f6bbd55bb77762f551" member_type: VOTER last_known_addr { host: "127.3.98.129" port: 39695 } } peers { permanent_uuid: "c4380d59f3914ff5b98f7e61e55da070" member_type: VOTER last_known_addr { host: "127.3.98.130" port: 40005 } } peers { permanent_uuid: "1c066445dbb44cf3aa0c09ed3c09aac6" member_type: VOTER last_known_addr { host: "127.3.98.131" port: 46865 } }
I20260630 12:12:11.596462  6659 raft_consensus.cc:359] T 019724e535b34effbe8c63d01044745d P 1c066445dbb44cf3aa0c09ed3c09aac6 [term 0 FOLLOWER]: Replica starting. Triggering 0 pending ops. Active config: opid_index: -1 OBSOLETE_local: false peers { permanent_uuid: "b429c312e8d149f6bbd55bb77762f551" member_type: VOTER last_known_addr { host: "127.3.98.129" port: 39695 } } peers { permanent_uuid: "c4380d59f3914ff5b98f7e61e55da070" member_type: VOTER last_known_addr { host: "127.3.98.130" port: 40005 } } peers { permanent_uuid: "1c066445dbb44cf3aa0c09ed3c09aac6" member_type: VOTER last_known_addr { host: "127.3.98.131" port: 46865 } }
I20260630 12:12:11.596552  6667 consensus_queue.cc:237] T be0a4b9af3444246b1111bd66f782b22 P c4380d59f3914ff5b98f7e61e55da070 [LEADER]: Queue going to LEADER mode. State: All replicated index: 0, Majority replicated index: 0, Committed index: 0, Last appended: 0.0, Last appended by leader: 0, Current term: 1, Majority size: 2, State: 0, Mode: LEADER, active raft config: opid_index: -1 OBSOLETE_local: false peers { permanent_uuid: "c4380d59f3914ff5b98f7e61e55da070" member_type: VOTER last_known_addr { host: "127.3.98.130" port: 40005 } } peers { permanent_uuid: "b429c312e8d149f6bbd55bb77762f551" member_type: VOTER last_known_addr { host: "127.3.98.129" port: 39695 } } peers { permanent_uuid: "1c066445dbb44cf3aa0c09ed3c09aac6" member_type: VOTER last_known_addr { host: "127.3.98.131" port: 46865 } }
I20260630 12:12:11.597148  6659 raft_consensus.cc:385] T 019724e535b34effbe8c63d01044745d P 1c066445dbb44cf3aa0c09ed3c09aac6 [term 0 FOLLOWER]: Consensus starting up: Expiring failure detector timer to make a prompt election more likely
I20260630 12:12:11.597477  6659 raft_consensus.cc:740] T 019724e535b34effbe8c63d01044745d P 1c066445dbb44cf3aa0c09ed3c09aac6 [term 0 FOLLOWER]: Becoming Follower/Learner. State: Replica: 1c066445dbb44cf3aa0c09ed3c09aac6, State: Initialized, Role: FOLLOWER
I20260630 12:12:11.598138  6659 consensus_queue.cc:260] T 019724e535b34effbe8c63d01044745d P 1c066445dbb44cf3aa0c09ed3c09aac6 [NON_LEADER]: Queue going to NON_LEADER mode. State: All replicated index: 0, Majority replicated index: 0, Committed index: 0, Last appended: 0.0, Last appended by leader: 0, Current term: 0, Majority size: -1, State: 0, Mode: NON_LEADER, active raft config: opid_index: -1 OBSOLETE_local: false peers { permanent_uuid: "b429c312e8d149f6bbd55bb77762f551" member_type: VOTER last_known_addr { host: "127.3.98.129" port: 39695 } } peers { permanent_uuid: "c4380d59f3914ff5b98f7e61e55da070" member_type: VOTER last_known_addr { host: "127.3.98.130" port: 40005 } } peers { permanent_uuid: "1c066445dbb44cf3aa0c09ed3c09aac6" member_type: VOTER last_known_addr { host: "127.3.98.131" port: 46865 } }
I20260630 12:12:11.598886  6658 ts_tablet_manager.cc:1434] T 0cf57352cfde4cc2bc17d372ea6f5fe7 P b429c312e8d149f6bbd55bb77762f551: Time spent starting tablet: real 0.007s	user 0.006s	sys 0.000s
I20260630 12:12:11.602090  6659 ts_tablet_manager.cc:1434] T 019724e535b34effbe8c63d01044745d P 1c066445dbb44cf3aa0c09ed3c09aac6: Time spent starting tablet: real 0.008s	user 0.005s	sys 0.000s
I20260630 12:12:11.602788  6359 catalog_manager.cc:5697] T 0cbe95bdfa674ce58e89f70005c83587 P b429c312e8d149f6bbd55bb77762f551 reported cstate change: term changed from 0 to 1, leader changed from <none> to b429c312e8d149f6bbd55bb77762f551 (127.3.98.129). New cstate: current_term: 1 leader_uuid: "b429c312e8d149f6bbd55bb77762f551" committed_config { opid_index: -1 OBSOLETE_local: false peers { permanent_uuid: "b429c312e8d149f6bbd55bb77762f551" member_type: VOTER last_known_addr { host: "127.3.98.129" port: 39695 } health_report { overall_health: HEALTHY } } peers { permanent_uuid: "c4380d59f3914ff5b98f7e61e55da070" member_type: VOTER last_known_addr { host: "127.3.98.130" port: 40005 } health_report { overall_health: UNKNOWN } } peers { permanent_uuid: "1c066445dbb44cf3aa0c09ed3c09aac6" member_type: VOTER last_known_addr { host: "127.3.98.131" port: 46865 } health_report { overall_health: UNKNOWN } } }
I20260630 12:12:11.604383  6359 catalog_manager.cc:5697] T 20c51f90a16c404e915c98d77a362eb8 P b429c312e8d149f6bbd55bb77762f551 reported cstate change: term changed from 0 to 1, leader changed from <none> to b429c312e8d149f6bbd55bb77762f551 (127.3.98.129). New cstate: current_term: 1 leader_uuid: "b429c312e8d149f6bbd55bb77762f551" committed_config { opid_index: -1 OBSOLETE_local: false peers { permanent_uuid: "b429c312e8d149f6bbd55bb77762f551" member_type: VOTER last_known_addr { host: "127.3.98.129" port: 39695 } health_report { overall_health: HEALTHY } } peers { permanent_uuid: "c4380d59f3914ff5b98f7e61e55da070" member_type: VOTER last_known_addr { host: "127.3.98.130" port: 40005 } health_report { overall_health: UNKNOWN } } peers { permanent_uuid: "1c066445dbb44cf3aa0c09ed3c09aac6" member_type: VOTER last_known_addr { host: "127.3.98.131" port: 46865 } health_report { overall_health: UNKNOWN } } }
I20260630 12:12:11.604769  6613 raft_consensus.cc:2468] T be0a4b9af3444246b1111bd66f782b22 P 1c066445dbb44cf3aa0c09ed3c09aac6 [term 1 FOLLOWER]: Leader election vote request: Granting yes vote for candidate c4380d59f3914ff5b98f7e61e55da070 in term 1.
I20260630 12:12:11.605962  6659 tablet_bootstrap.cc:492] T 4c180b810bcf429d864e0e3407ef42eb P 1c066445dbb44cf3aa0c09ed3c09aac6: Bootstrap starting.
I20260630 12:12:11.611404  6659 tablet_bootstrap.cc:654] T 4c180b810bcf429d864e0e3407ef42eb P 1c066445dbb44cf3aa0c09ed3c09aac6: Neither blocks nor log segments found. Creating new log.
I20260630 12:12:11.612986  6358 catalog_manager.cc:5697] T be0a4b9af3444246b1111bd66f782b22 P c4380d59f3914ff5b98f7e61e55da070 reported cstate change: term changed from 0 to 1, leader changed from <none> to c4380d59f3914ff5b98f7e61e55da070 (127.3.98.130). New cstate: current_term: 1 leader_uuid: "c4380d59f3914ff5b98f7e61e55da070" committed_config { opid_index: -1 OBSOLETE_local: false peers { permanent_uuid: "c4380d59f3914ff5b98f7e61e55da070" member_type: VOTER last_known_addr { host: "127.3.98.130" port: 40005 } health_report { overall_health: HEALTHY } } peers { permanent_uuid: "b429c312e8d149f6bbd55bb77762f551" member_type: VOTER last_known_addr { host: "127.3.98.129" port: 39695 } health_report { overall_health: UNKNOWN } } peers { permanent_uuid: "1c066445dbb44cf3aa0c09ed3c09aac6" member_type: VOTER last_known_addr { host: "127.3.98.131" port: 46865 } health_report { overall_health: UNKNOWN } } }
I20260630 12:12:11.615821  6659 tablet_bootstrap.cc:492] T 4c180b810bcf429d864e0e3407ef42eb P 1c066445dbb44cf3aa0c09ed3c09aac6: No bootstrap required, opened a new log
I20260630 12:12:11.616245  6659 ts_tablet_manager.cc:1403] T 4c180b810bcf429d864e0e3407ef42eb P 1c066445dbb44cf3aa0c09ed3c09aac6: Time spent bootstrapping tablet: real 0.010s	user 0.004s	sys 0.005s
I20260630 12:12:11.618238  6659 raft_consensus.cc:359] T 4c180b810bcf429d864e0e3407ef42eb P 1c066445dbb44cf3aa0c09ed3c09aac6 [term 0 FOLLOWER]: Replica starting. Triggering 0 pending ops. Active config: opid_index: -1 OBSOLETE_local: false peers { permanent_uuid: "b429c312e8d149f6bbd55bb77762f551" member_type: VOTER last_known_addr { host: "127.3.98.129" port: 39695 } } peers { permanent_uuid: "c4380d59f3914ff5b98f7e61e55da070" member_type: VOTER last_known_addr { host: "127.3.98.130" port: 40005 } } peers { permanent_uuid: "1c066445dbb44cf3aa0c09ed3c09aac6" member_type: VOTER last_known_addr { host: "127.3.98.131" port: 46865 } }
I20260630 12:12:11.618772  6659 raft_consensus.cc:385] T 4c180b810bcf429d864e0e3407ef42eb P 1c066445dbb44cf3aa0c09ed3c09aac6 [term 0 FOLLOWER]: Consensus starting up: Expiring failure detector timer to make a prompt election more likely
I20260630 12:12:11.619011  6659 raft_consensus.cc:740] T 4c180b810bcf429d864e0e3407ef42eb P 1c066445dbb44cf3aa0c09ed3c09aac6 [term 0 FOLLOWER]: Becoming Follower/Learner. State: Replica: 1c066445dbb44cf3aa0c09ed3c09aac6, State: Initialized, Role: FOLLOWER
I20260630 12:12:11.619691  6659 consensus_queue.cc:260] T 4c180b810bcf429d864e0e3407ef42eb P 1c066445dbb44cf3aa0c09ed3c09aac6 [NON_LEADER]: Queue going to NON_LEADER mode. State: All replicated index: 0, Majority replicated index: 0, Committed index: 0, Last appended: 0.0, Last appended by leader: 0, Current term: 0, Majority size: -1, State: 0, Mode: NON_LEADER, active raft config: opid_index: -1 OBSOLETE_local: false peers { permanent_uuid: "b429c312e8d149f6bbd55bb77762f551" member_type: VOTER last_known_addr { host: "127.3.98.129" port: 39695 } } peers { permanent_uuid: "c4380d59f3914ff5b98f7e61e55da070" member_type: VOTER last_known_addr { host: "127.3.98.130" port: 40005 } } peers { permanent_uuid: "1c066445dbb44cf3aa0c09ed3c09aac6" member_type: VOTER last_known_addr { host: "127.3.98.131" port: 46865 } }
I20260630 12:12:11.621228  6659 ts_tablet_manager.cc:1434] T 4c180b810bcf429d864e0e3407ef42eb P 1c066445dbb44cf3aa0c09ed3c09aac6: Time spent starting tablet: real 0.005s	user 0.002s	sys 0.002s
W20260630 12:12:11.654439  6410 auto_rebalancer.cc:298] Could not retrieve cluster info: Service unavailable: Tablet not running
I20260630 12:12:11.656661  6415 auto_leader_rebalancer.cc:141] leader rebalance for table range_aware_rebalance_new_range
W20260630 12:12:11.657929  6415 auto_leader_rebalancer.cc:524] the master instance isn't leader: Service unavailable: Tablet not running
I20260630 12:12:11.679713  6692 raft_consensus.cc:493] T 3ecee1ea33594a65a662a395f9729bdd P b429c312e8d149f6bbd55bb77762f551 [term 0 FOLLOWER]: Starting pre-election (no leader contacted us within the election timeout)
I20260630 12:12:11.680114  6692 raft_consensus.cc:515] T 3ecee1ea33594a65a662a395f9729bdd P b429c312e8d149f6bbd55bb77762f551 [term 0 FOLLOWER]: Starting pre-election with config: opid_index: -1 OBSOLETE_local: false peers { permanent_uuid: "b429c312e8d149f6bbd55bb77762f551" member_type: VOTER last_known_addr { host: "127.3.98.129" port: 39695 } } peers { permanent_uuid: "c4380d59f3914ff5b98f7e61e55da070" member_type: VOTER last_known_addr { host: "127.3.98.130" port: 40005 } } peers { permanent_uuid: "1c066445dbb44cf3aa0c09ed3c09aac6" member_type: VOTER last_known_addr { host: "127.3.98.131" port: 46865 } }
I20260630 12:12:11.681615  6692 leader_election.cc:290] T 3ecee1ea33594a65a662a395f9729bdd P b429c312e8d149f6bbd55bb77762f551 [CANDIDATE]: Term 1 pre-election: Requested pre-vote from peers c4380d59f3914ff5b98f7e61e55da070 (127.3.98.130:40005), 1c066445dbb44cf3aa0c09ed3c09aac6 (127.3.98.131:46865)
I20260630 12:12:11.682260  6539 tablet_service.cc:1917] Received RequestConsensusVote() RPC: tablet_id: "3ecee1ea33594a65a662a395f9729bdd" candidate_uuid: "b429c312e8d149f6bbd55bb77762f551" candidate_term: 1 candidate_status { last_received { term: 0 index: 0 } } ignore_live_leader: false dest_uuid: "c4380d59f3914ff5b98f7e61e55da070" is_pre_election: true
I20260630 12:12:11.682621  6613 tablet_service.cc:1917] Received RequestConsensusVote() RPC: tablet_id: "3ecee1ea33594a65a662a395f9729bdd" candidate_uuid: "b429c312e8d149f6bbd55bb77762f551" candidate_term: 1 candidate_status { last_received { term: 0 index: 0 } } ignore_live_leader: false dest_uuid: "1c066445dbb44cf3aa0c09ed3c09aac6" is_pre_election: true
I20260630 12:12:11.682880  6539 raft_consensus.cc:2468] T 3ecee1ea33594a65a662a395f9729bdd P c4380d59f3914ff5b98f7e61e55da070 [term 0 FOLLOWER]: Leader pre-election vote request: Granting yes vote for candidate b429c312e8d149f6bbd55bb77762f551 in term 0.
I20260630 12:12:11.683207  6613 raft_consensus.cc:2468] T 3ecee1ea33594a65a662a395f9729bdd P 1c066445dbb44cf3aa0c09ed3c09aac6 [term 0 FOLLOWER]: Leader pre-election vote request: Granting yes vote for candidate b429c312e8d149f6bbd55bb77762f551 in term 0.
I20260630 12:12:11.683887  6428 leader_election.cc:304] T 3ecee1ea33594a65a662a395f9729bdd P b429c312e8d149f6bbd55bb77762f551 [CANDIDATE]: Term 1 pre-election: Election decided. Result: candidate won. Election summary: received 2 responses out of 3 voters: 2 yes votes; 0 no votes. yes voters: b429c312e8d149f6bbd55bb77762f551, c4380d59f3914ff5b98f7e61e55da070; no voters: 
I20260630 12:12:11.684563  6692 raft_consensus.cc:2804] T 3ecee1ea33594a65a662a395f9729bdd P b429c312e8d149f6bbd55bb77762f551 [term 0 FOLLOWER]: Leader pre-election won for term 1
I20260630 12:12:11.684842  6692 raft_consensus.cc:493] T 3ecee1ea33594a65a662a395f9729bdd P b429c312e8d149f6bbd55bb77762f551 [term 0 FOLLOWER]: Starting leader election (no leader contacted us within the election timeout)
I20260630 12:12:11.685075  6692 raft_consensus.cc:3060] T 3ecee1ea33594a65a662a395f9729bdd P b429c312e8d149f6bbd55bb77762f551 [term 0 FOLLOWER]: Advancing to term 1
I20260630 12:12:11.689296  6692 raft_consensus.cc:515] T 3ecee1ea33594a65a662a395f9729bdd P b429c312e8d149f6bbd55bb77762f551 [term 1 FOLLOWER]: Starting leader election with config: opid_index: -1 OBSOLETE_local: false peers { permanent_uuid: "b429c312e8d149f6bbd55bb77762f551" member_type: VOTER last_known_addr { host: "127.3.98.129" port: 39695 } } peers { permanent_uuid: "c4380d59f3914ff5b98f7e61e55da070" member_type: VOTER last_known_addr { host: "127.3.98.130" port: 40005 } } peers { permanent_uuid: "1c066445dbb44cf3aa0c09ed3c09aac6" member_type: VOTER last_known_addr { host: "127.3.98.131" port: 46865 } }
I20260630 12:12:11.690696  6692 leader_election.cc:290] T 3ecee1ea33594a65a662a395f9729bdd P b429c312e8d149f6bbd55bb77762f551 [CANDIDATE]: Term 1 election: Requested vote from peers c4380d59f3914ff5b98f7e61e55da070 (127.3.98.130:40005), 1c066445dbb44cf3aa0c09ed3c09aac6 (127.3.98.131:46865)
I20260630 12:12:11.691454  6539 tablet_service.cc:1917] Received RequestConsensusVote() RPC: tablet_id: "3ecee1ea33594a65a662a395f9729bdd" candidate_uuid: "b429c312e8d149f6bbd55bb77762f551" candidate_term: 1 candidate_status { last_received { term: 0 index: 0 } } ignore_live_leader: false dest_uuid: "c4380d59f3914ff5b98f7e61e55da070"
I20260630 12:12:11.691581  6613 tablet_service.cc:1917] Received RequestConsensusVote() RPC: tablet_id: "3ecee1ea33594a65a662a395f9729bdd" candidate_uuid: "b429c312e8d149f6bbd55bb77762f551" candidate_term: 1 candidate_status { last_received { term: 0 index: 0 } } ignore_live_leader: false dest_uuid: "1c066445dbb44cf3aa0c09ed3c09aac6"
I20260630 12:12:11.691871  6539 raft_consensus.cc:3060] T 3ecee1ea33594a65a662a395f9729bdd P c4380d59f3914ff5b98f7e61e55da070 [term 0 FOLLOWER]: Advancing to term 1
I20260630 12:12:11.692049  6613 raft_consensus.cc:3060] T 3ecee1ea33594a65a662a395f9729bdd P 1c066445dbb44cf3aa0c09ed3c09aac6 [term 0 FOLLOWER]: Advancing to term 1
I20260630 12:12:11.696065  6613 raft_consensus.cc:2468] T 3ecee1ea33594a65a662a395f9729bdd P 1c066445dbb44cf3aa0c09ed3c09aac6 [term 1 FOLLOWER]: Leader election vote request: Granting yes vote for candidate b429c312e8d149f6bbd55bb77762f551 in term 1.
I20260630 12:12:11.696394  6539 raft_consensus.cc:2468] T 3ecee1ea33594a65a662a395f9729bdd P c4380d59f3914ff5b98f7e61e55da070 [term 1 FOLLOWER]: Leader election vote request: Granting yes vote for candidate b429c312e8d149f6bbd55bb77762f551 in term 1.
I20260630 12:12:11.696864  6430 leader_election.cc:304] T 3ecee1ea33594a65a662a395f9729bdd P b429c312e8d149f6bbd55bb77762f551 [CANDIDATE]: Term 1 election: Election decided. Result: candidate won. Election summary: received 2 responses out of 3 voters: 2 yes votes; 0 no votes. yes voters: 1c066445dbb44cf3aa0c09ed3c09aac6, b429c312e8d149f6bbd55bb77762f551; no voters: 
I20260630 12:12:11.697549  6692 raft_consensus.cc:2804] T 3ecee1ea33594a65a662a395f9729bdd P b429c312e8d149f6bbd55bb77762f551 [term 1 FOLLOWER]: Leader election won for term 1
I20260630 12:12:11.697928  6692 raft_consensus.cc:697] T 3ecee1ea33594a65a662a395f9729bdd P b429c312e8d149f6bbd55bb77762f551 [term 1 LEADER]: Becoming Leader. State: Replica: b429c312e8d149f6bbd55bb77762f551, State: Running, Role: LEADER
I20260630 12:12:11.698447  6692 consensus_queue.cc:237] T 3ecee1ea33594a65a662a395f9729bdd P b429c312e8d149f6bbd55bb77762f551 [LEADER]: Queue going to LEADER mode. State: All replicated index: 0, Majority replicated index: 0, Committed index: 0, Last appended: 0.0, Last appended by leader: 0, Current term: 1, Majority size: 2, State: 0, Mode: LEADER, active raft config: opid_index: -1 OBSOLETE_local: false peers { permanent_uuid: "b429c312e8d149f6bbd55bb77762f551" member_type: VOTER last_known_addr { host: "127.3.98.129" port: 39695 } } peers { permanent_uuid: "c4380d59f3914ff5b98f7e61e55da070" member_type: VOTER last_known_addr { host: "127.3.98.130" port: 40005 } } peers { permanent_uuid: "1c066445dbb44cf3aa0c09ed3c09aac6" member_type: VOTER last_known_addr { host: "127.3.98.131" port: 46865 } }
I20260630 12:12:11.704883  6358 catalog_manager.cc:5697] T 3ecee1ea33594a65a662a395f9729bdd P b429c312e8d149f6bbd55bb77762f551 reported cstate change: term changed from 0 to 1, leader changed from <none> to b429c312e8d149f6bbd55bb77762f551 (127.3.98.129). New cstate: current_term: 1 leader_uuid: "b429c312e8d149f6bbd55bb77762f551" committed_config { opid_index: -1 OBSOLETE_local: false peers { permanent_uuid: "b429c312e8d149f6bbd55bb77762f551" member_type: VOTER last_known_addr { host: "127.3.98.129" port: 39695 } health_report { overall_health: HEALTHY } } peers { permanent_uuid: "c4380d59f3914ff5b98f7e61e55da070" member_type: VOTER last_known_addr { host: "127.3.98.130" port: 40005 } health_report { overall_health: UNKNOWN } } peers { permanent_uuid: "1c066445dbb44cf3aa0c09ed3c09aac6" member_type: VOTER last_known_addr { host: "127.3.98.131" port: 46865 } health_report { overall_health: UNKNOWN } } }
I20260630 12:12:11.744171  6665 raft_consensus.cc:493] T 4c180b810bcf429d864e0e3407ef42eb P 1c066445dbb44cf3aa0c09ed3c09aac6 [term 0 FOLLOWER]: Starting pre-election (no leader contacted us within the election timeout)
I20260630 12:12:11.744602  6665 raft_consensus.cc:515] T 4c180b810bcf429d864e0e3407ef42eb P 1c066445dbb44cf3aa0c09ed3c09aac6 [term 0 FOLLOWER]: Starting pre-election with config: opid_index: -1 OBSOLETE_local: false peers { permanent_uuid: "b429c312e8d149f6bbd55bb77762f551" member_type: VOTER last_known_addr { host: "127.3.98.129" port: 39695 } } peers { permanent_uuid: "c4380d59f3914ff5b98f7e61e55da070" member_type: VOTER last_known_addr { host: "127.3.98.130" port: 40005 } } peers { permanent_uuid: "1c066445dbb44cf3aa0c09ed3c09aac6" member_type: VOTER last_known_addr { host: "127.3.98.131" port: 46865 } }
I20260630 12:12:11.746498  6665 leader_election.cc:290] T 4c180b810bcf429d864e0e3407ef42eb P 1c066445dbb44cf3aa0c09ed3c09aac6 [CANDIDATE]: Term 1 pre-election: Requested pre-vote from peers b429c312e8d149f6bbd55bb77762f551 (127.3.98.129:39695), c4380d59f3914ff5b98f7e61e55da070 (127.3.98.130:40005)
I20260630 12:12:11.754961  6463 tablet_service.cc:1917] Received RequestConsensusVote() RPC: tablet_id: "4c180b810bcf429d864e0e3407ef42eb" candidate_uuid: "1c066445dbb44cf3aa0c09ed3c09aac6" candidate_term: 1 candidate_status { last_received { term: 0 index: 0 } } ignore_live_leader: false dest_uuid: "b429c312e8d149f6bbd55bb77762f551" is_pre_election: true
I20260630 12:12:11.755854  6667 raft_consensus.cc:493] T 019724e535b34effbe8c63d01044745d P c4380d59f3914ff5b98f7e61e55da070 [term 0 FOLLOWER]: Starting pre-election (no leader contacted us within the election timeout)
I20260630 12:12:11.756317  6667 raft_consensus.cc:515] T 019724e535b34effbe8c63d01044745d P c4380d59f3914ff5b98f7e61e55da070 [term 0 FOLLOWER]: Starting pre-election with config: opid_index: -1 OBSOLETE_local: false peers { permanent_uuid: "b429c312e8d149f6bbd55bb77762f551" member_type: VOTER last_known_addr { host: "127.3.98.129" port: 39695 } } peers { permanent_uuid: "c4380d59f3914ff5b98f7e61e55da070" member_type: VOTER last_known_addr { host: "127.3.98.130" port: 40005 } } peers { permanent_uuid: "1c066445dbb44cf3aa0c09ed3c09aac6" member_type: VOTER last_known_addr { host: "127.3.98.131" port: 46865 } }
I20260630 12:12:11.756592  6539 tablet_service.cc:1917] Received RequestConsensusVote() RPC: tablet_id: "4c180b810bcf429d864e0e3407ef42eb" candidate_uuid: "1c066445dbb44cf3aa0c09ed3c09aac6" candidate_term: 1 candidate_status { last_received { term: 0 index: 0 } } ignore_live_leader: false dest_uuid: "c4380d59f3914ff5b98f7e61e55da070" is_pre_election: true
I20260630 12:12:11.757330  6539 raft_consensus.cc:2393] T 4c180b810bcf429d864e0e3407ef42eb P c4380d59f3914ff5b98f7e61e55da070 [term 1 FOLLOWER]: Leader pre-election vote request: Denying vote to candidate 1c066445dbb44cf3aa0c09ed3c09aac6 in current term 1: Already voted for candidate b429c312e8d149f6bbd55bb77762f551 in this term.
I20260630 12:12:11.758005  6667 leader_election.cc:290] T 019724e535b34effbe8c63d01044745d P c4380d59f3914ff5b98f7e61e55da070 [CANDIDATE]: Term 1 pre-election: Requested pre-vote from peers b429c312e8d149f6bbd55bb77762f551 (127.3.98.129:39695), 1c066445dbb44cf3aa0c09ed3c09aac6 (127.3.98.131:46865)
I20260630 12:12:11.758224  6577 leader_election.cc:304] T 4c180b810bcf429d864e0e3407ef42eb P 1c066445dbb44cf3aa0c09ed3c09aac6 [CANDIDATE]: Term 1 pre-election: Election decided. Result: candidate lost. Election summary: received 3 responses out of 3 voters: 1 yes votes; 2 no votes. yes voters: 1c066445dbb44cf3aa0c09ed3c09aac6; no voters: b429c312e8d149f6bbd55bb77762f551, c4380d59f3914ff5b98f7e61e55da070
I20260630 12:12:11.758646  6463 tablet_service.cc:1917] Received RequestConsensusVote() RPC: tablet_id: "019724e535b34effbe8c63d01044745d" candidate_uuid: "c4380d59f3914ff5b98f7e61e55da070" candidate_term: 1 candidate_status { last_received { term: 0 index: 0 } } ignore_live_leader: false dest_uuid: "b429c312e8d149f6bbd55bb77762f551" is_pre_election: true
I20260630 12:12:11.758896  6665 raft_consensus.cc:3060] T 4c180b810bcf429d864e0e3407ef42eb P 1c066445dbb44cf3aa0c09ed3c09aac6 [term 0 FOLLOWER]: Advancing to term 1
I20260630 12:12:11.759176  6463 raft_consensus.cc:2468] T 019724e535b34effbe8c63d01044745d P b429c312e8d149f6bbd55bb77762f551 [term 0 FOLLOWER]: Leader pre-election vote request: Granting yes vote for candidate c4380d59f3914ff5b98f7e61e55da070 in term 0.
I20260630 12:12:11.759742  6613 tablet_service.cc:1917] Received RequestConsensusVote() RPC: tablet_id: "019724e535b34effbe8c63d01044745d" candidate_uuid: "c4380d59f3914ff5b98f7e61e55da070" candidate_term: 1 candidate_status { last_received { term: 0 index: 0 } } ignore_live_leader: false dest_uuid: "1c066445dbb44cf3aa0c09ed3c09aac6" is_pre_election: true
I20260630 12:12:11.760222  6503 leader_election.cc:304] T 019724e535b34effbe8c63d01044745d P c4380d59f3914ff5b98f7e61e55da070 [CANDIDATE]: Term 1 pre-election: Election decided. Result: candidate won. Election summary: received 2 responses out of 3 voters: 2 yes votes; 0 no votes. yes voters: b429c312e8d149f6bbd55bb77762f551, c4380d59f3914ff5b98f7e61e55da070; no voters: 
I20260630 12:12:11.760303  6613 raft_consensus.cc:2468] T 019724e535b34effbe8c63d01044745d P 1c066445dbb44cf3aa0c09ed3c09aac6 [term 0 FOLLOWER]: Leader pre-election vote request: Granting yes vote for candidate c4380d59f3914ff5b98f7e61e55da070 in term 0.
