I20260630 12:34:31.318940 12311 raft_consensus.cc:2955] T 244415ad95404faa86b30f339be78239 P 0d9559b5f0af417baa845686dedfafff [term 1 LEADER]: Committing config change with OpId 1.4: config changed from index 3 to 4, VOTER d605531a0071467683066cc9aaa1e3b1 (127.9.252.195) evicted. New config: { opid_index: 4 OBSOLETE_local: false peers { permanent_uuid: "0d9559b5f0af417baa845686dedfafff" member_type: VOTER last_known_addr { host: "127.9.252.193" port: 37299 } } peers { permanent_uuid: "f3e916e19f86437c8925ea0f06a9156e" member_type: VOTER last_known_addr { host: "127.9.252.194" port: 37511 } } peers { permanent_uuid: "1332c03445d443889c82360d1e6a3978" member_type: VOTER last_known_addr { host: "127.9.252.196" port: 45181 } attrs { promote: false } } }
I20260630 12:34:31.320755 12058 raft_consensus.cc:2955] T 244415ad95404faa86b30f339be78239 P f3e916e19f86437c8925ea0f06a9156e [term 1 FOLLOWER]: Committing config change with OpId 1.4: config changed from index 3 to 4, VOTER d605531a0071467683066cc9aaa1e3b1 (127.9.252.195) evicted. New config: { opid_index: 4 OBSOLETE_local: false peers { permanent_uuid: "0d9559b5f0af417baa845686dedfafff" member_type: VOTER last_known_addr { host: "127.9.252.193" port: 37299 } } peers { permanent_uuid: "f3e916e19f86437c8925ea0f06a9156e" member_type: VOTER last_known_addr { host: "127.9.252.194" port: 37511 } } peers { permanent_uuid: "1332c03445d443889c82360d1e6a3978" member_type: VOTER last_known_addr { host: "127.9.252.196" port: 45181 } attrs { promote: false } } }
I20260630 12:34:31.325887 12262 raft_consensus.cc:2955] T 244415ad95404faa86b30f339be78239 P 1332c03445d443889c82360d1e6a3978 [term 1 FOLLOWER]: Committing config change with OpId 1.4: config changed from index 3 to 4, VOTER d605531a0071467683066cc9aaa1e3b1 (127.9.252.195) evicted. New config: { opid_index: 4 OBSOLETE_local: false peers { permanent_uuid: "0d9559b5f0af417baa845686dedfafff" member_type: VOTER last_known_addr { host: "127.9.252.193" port: 37299 } } peers { permanent_uuid: "f3e916e19f86437c8925ea0f06a9156e" member_type: VOTER last_known_addr { host: "127.9.252.194" port: 37511 } } peers { permanent_uuid: "1332c03445d443889c82360d1e6a3978" member_type: VOTER last_known_addr { host: "127.9.252.196" port: 45181 } attrs { promote: false } } }
I20260630 12:34:31.329079 11865 catalog_manager.cc:5210] ChangeConfig:REMOVE_PEER RPC for tablet 244415ad95404faa86b30f339be78239 with cas_config_opid_index 3: ChangeConfig:REMOVE_PEER succeeded (attempt 1)
I20260630 12:34:31.332810 11878 catalog_manager.cc:5697] T 244415ad95404faa86b30f339be78239 P f3e916e19f86437c8925ea0f06a9156e reported cstate change: config changed from index 3 to 4, VOTER d605531a0071467683066cc9aaa1e3b1 (127.9.252.195) evicted. New cstate: current_term: 1 leader_uuid: "0d9559b5f0af417baa845686dedfafff" committed_config { opid_index: 4 OBSOLETE_local: false peers { permanent_uuid: "0d9559b5f0af417baa845686dedfafff" member_type: VOTER last_known_addr { host: "127.9.252.193" port: 37299 } } peers { permanent_uuid: "f3e916e19f86437c8925ea0f06a9156e" member_type: VOTER last_known_addr { host: "127.9.252.194" port: 37511 } } peers { permanent_uuid: "1332c03445d443889c82360d1e6a3978" member_type: VOTER last_known_addr { host: "127.9.252.196" port: 45181 } attrs { promote: false } } }
I20260630 12:34:31.346055 12121 tablet_service.cc:1558] Processing DeleteTablet for tablet 244415ad95404faa86b30f339be78239 with delete_type TABLET_DATA_TOMBSTONED (TS d605531a0071467683066cc9aaa1e3b1 not found in new config with opid_index 4) from {username='slave'} at 127.0.0.1:56902
I20260630 12:34:31.348393 12325 tablet_replica.cc:333] T 244415ad95404faa86b30f339be78239 P d605531a0071467683066cc9aaa1e3b1: stopping tablet replica
I20260630 12:34:31.349236 12325 raft_consensus.cc:2243] T 244415ad95404faa86b30f339be78239 P d605531a0071467683066cc9aaa1e3b1 [term 1 FOLLOWER]: Raft consensus shutting down.
I20260630 12:34:31.349771 12325 raft_consensus.cc:2272] T 244415ad95404faa86b30f339be78239 P d605531a0071467683066cc9aaa1e3b1 [term 1 FOLLOWER]: Raft consensus is shut down!
I20260630 12:34:31.352622 12325 ts_tablet_manager.cc:1916] T 244415ad95404faa86b30f339be78239 P d605531a0071467683066cc9aaa1e3b1: Deleting tablet data with delete state TABLET_DATA_TOMBSTONED
I20260630 12:34:31.362643 12325 ts_tablet_manager.cc:1929] T 244415ad95404faa86b30f339be78239 P d605531a0071467683066cc9aaa1e3b1: tablet deleted with delete type TABLET_DATA_TOMBSTONED: last-logged OpId 1.3
I20260630 12:34:31.362936 12325 log.cc:1199] T 244415ad95404faa86b30f339be78239 P d605531a0071467683066cc9aaa1e3b1: Deleting WAL directory at /tmp/dist-test-task2H_ofO/test-tmp/auto_rebalancer-test.0.AutoRebalancerTest.MovesScheduledIfAddTserver.1782822833333966-10227-0/minicluster-data/ts-2-root/wals/244415ad95404faa86b30f339be78239
I20260630 12:34:31.364290 11868 catalog_manager.cc:5028] TS d605531a0071467683066cc9aaa1e3b1 (127.9.252.195:39997): tablet 244415ad95404faa86b30f339be78239 (table test-workload [id=7100c8a1c1f34fc9be088e06f5321d23]) successfully deleted
I20260630 12:34:32.377768 11934 auto_leader_rebalancer.cc:141] leader rebalance for table test-workload
I20260630 12:34:32.379562 11934 auto_leader_rebalancer.cc:440] table: test-workload, leader rebalance finish, leader transfer count: 0
I20260630 12:34:32.379829 11934 auto_leader_rebalancer.cc:515] All tables' leader rebalancing finished this round
I20260630 12:34:34.380935 11934 auto_leader_rebalancer.cc:141] leader rebalance for table test-workload
I20260630 12:34:34.383020 11934 auto_leader_rebalancer.cc:440] table: test-workload, leader rebalance finish, leader transfer count: 0
I20260630 12:34:34.383314 11934 auto_leader_rebalancer.cc:515] All tables' leader rebalancing finished this round
I20260630 12:34:36.384352 11934 auto_leader_rebalancer.cc:141] leader rebalance for table test-workload
I20260630 12:34:36.386557 11934 auto_leader_rebalancer.cc:440] table: test-workload, leader rebalance finish, leader transfer count: 0
I20260630 12:34:36.386941 11934 auto_leader_rebalancer.cc:515] All tables' leader rebalancing finished this round
I20260630 12:34:39.546903 11934 auto_leader_rebalancer.cc:141] leader rebalance for table test-workload
I20260630 12:34:39.567600 11934 auto_leader_rebalancer.cc:440] table: test-workload, leader rebalance finish, leader transfer count: 0
I20260630 12:34:39.567790 12330 raft_consensus.cc:493] T 336a92a994ba43bc8a3284f89f9642bc P f3e916e19f86437c8925ea0f06a9156e [term 2 FOLLOWER]: Starting pre-election (detected failure of leader d605531a0071467683066cc9aaa1e3b1)
I20260630 12:34:39.569370 11934 auto_leader_rebalancer.cc:515] All tables' leader rebalancing finished this round
I20260630 12:34:39.568966 12330 raft_consensus.cc:515] T 336a92a994ba43bc8a3284f89f9642bc P f3e916e19f86437c8925ea0f06a9156e [term 2 FOLLOWER]: Starting pre-election with config: opid_index: -1 OBSOLETE_local: false peers { permanent_uuid: "d605531a0071467683066cc9aaa1e3b1" member_type: VOTER last_known_addr { host: "127.9.252.195" port: 39997 } } peers { permanent_uuid: "0d9559b5f0af417baa845686dedfafff" member_type: VOTER last_known_addr { host: "127.9.252.193" port: 37299 } } peers { permanent_uuid: "f3e916e19f86437c8925ea0f06a9156e" member_type: VOTER last_known_addr { host: "127.9.252.194" port: 37511 } }
I20260630 12:34:39.573999 12330 leader_election.cc:290] T 336a92a994ba43bc8a3284f89f9642bc P f3e916e19f86437c8925ea0f06a9156e [CANDIDATE]: Term 3 pre-election: Requested pre-vote from peers d605531a0071467683066cc9aaa1e3b1 (127.9.252.195:39997), 0d9559b5f0af417baa845686dedfafff (127.9.252.193:37299)
I20260630 12:34:40.093044 12334 raft_consensus.cc:493] T 244415ad95404faa86b30f339be78239 P f3e916e19f86437c8925ea0f06a9156e [term 1 FOLLOWER]: Starting pre-election (detected failure of leader 0d9559b5f0af417baa845686dedfafff)
I20260630 12:34:40.093935 12334 raft_consensus.cc:515] T 244415ad95404faa86b30f339be78239 P f3e916e19f86437c8925ea0f06a9156e [term 1 FOLLOWER]: Starting pre-election with config: opid_index: 4 OBSOLETE_local: false peers { permanent_uuid: "0d9559b5f0af417baa845686dedfafff" member_type: VOTER last_known_addr { host: "127.9.252.193" port: 37299 } } peers { permanent_uuid: "f3e916e19f86437c8925ea0f06a9156e" member_type: VOTER last_known_addr { host: "127.9.252.194" port: 37511 } } peers { permanent_uuid: "1332c03445d443889c82360d1e6a3978" member_type: VOTER last_known_addr { host: "127.9.252.196" port: 45181 } attrs { promote: false } }
I20260630 12:34:40.098430 12336 raft_consensus.cc:493] T 244415ad95404faa86b30f339be78239 P 1332c03445d443889c82360d1e6a3978 [term 1 FOLLOWER]: Starting pre-election (detected failure of leader 0d9559b5f0af417baa845686dedfafff)
I20260630 12:34:40.097608 12334 leader_election.cc:290] T 244415ad95404faa86b30f339be78239 P f3e916e19f86437c8925ea0f06a9156e [CANDIDATE]: Term 2 pre-election: Requested pre-vote from peers 0d9559b5f0af417baa845686dedfafff (127.9.252.193:37299), 1332c03445d443889c82360d1e6a3978 (127.9.252.196:45181)
I20260630 12:34:40.099152 12336 raft_consensus.cc:515] T 244415ad95404faa86b30f339be78239 P 1332c03445d443889c82360d1e6a3978 [term 1 FOLLOWER]: Starting pre-election with config: opid_index: 4 OBSOLETE_local: false peers { permanent_uuid: "0d9559b5f0af417baa845686dedfafff" member_type: VOTER last_known_addr { host: "127.9.252.193" port: 37299 } } peers { permanent_uuid: "f3e916e19f86437c8925ea0f06a9156e" member_type: VOTER last_known_addr { host: "127.9.252.194" port: 37511 } } peers { permanent_uuid: "1332c03445d443889c82360d1e6a3978" member_type: VOTER last_known_addr { host: "127.9.252.196" port: 45181 } attrs { promote: false } }
I20260630 12:34:40.102469 12336 leader_election.cc:290] T 244415ad95404faa86b30f339be78239 P 1332c03445d443889c82360d1e6a3978 [CANDIDATE]: Term 2 pre-election: Requested pre-vote from peers 0d9559b5f0af417baa845686dedfafff (127.9.252.193:37299), f3e916e19f86437c8925ea0f06a9156e (127.9.252.194:37511)
I20260630 12:34:40.172503 12339 raft_consensus.cc:493] T 336a92a994ba43bc8a3284f89f9642bc P 0d9559b5f0af417baa845686dedfafff [term 2 FOLLOWER]: Starting pre-election (detected failure of leader d605531a0071467683066cc9aaa1e3b1)
I20260630 12:34:40.173369 12339 raft_consensus.cc:515] T 336a92a994ba43bc8a3284f89f9642bc P 0d9559b5f0af417baa845686dedfafff [term 2 FOLLOWER]: Starting pre-election with config: opid_index: -1 OBSOLETE_local: false peers { permanent_uuid: "d605531a0071467683066cc9aaa1e3b1" member_type: VOTER last_known_addr { host: "127.9.252.195" port: 39997 } } peers { permanent_uuid: "0d9559b5f0af417baa845686dedfafff" member_type: VOTER last_known_addr { host: "127.9.252.193" port: 37299 } } peers { permanent_uuid: "f3e916e19f86437c8925ea0f06a9156e" member_type: VOTER last_known_addr { host: "127.9.252.194" port: 37511 } }
I20260630 12:34:40.177215 12339 leader_election.cc:290] T 336a92a994ba43bc8a3284f89f9642bc P 0d9559b5f0af417baa845686dedfafff [CANDIDATE]: Term 3 pre-election: Requested pre-vote from peers d605531a0071467683066cc9aaa1e3b1 (127.9.252.195:39997), f3e916e19f86437c8925ea0f06a9156e (127.9.252.194:37511)
I20260630 12:34:40.178521 12056 tablet_service.cc:1917] Received RequestConsensusVote() RPC: tablet_id: "336a92a994ba43bc8a3284f89f9642bc" candidate_uuid: "0d9559b5f0af417baa845686dedfafff" candidate_term: 3 candidate_status { last_received { term: 2 index: 2 } } ignore_live_leader: false dest_uuid: "f3e916e19f86437c8925ea0f06a9156e" is_pre_election: true
I20260630 12:34:40.179457 12056 raft_consensus.cc:2468] T 336a92a994ba43bc8a3284f89f9642bc P f3e916e19f86437c8925ea0f06a9156e [term 2 FOLLOWER]: Leader pre-election vote request: Granting yes vote for candidate 0d9559b5f0af417baa845686dedfafff in term 2.
I20260630 12:34:40.180751 11947 leader_election.cc:304] T 336a92a994ba43bc8a3284f89f9642bc P 0d9559b5f0af417baa845686dedfafff [CANDIDATE]: Term 3 pre-election: Election decided. Result: candidate won. Election summary: received 2 responses out of 3 voters: 2 yes votes; 0 no votes. yes voters: 0d9559b5f0af417baa845686dedfafff, f3e916e19f86437c8925ea0f06a9156e; no voters: 
I20260630 12:34:40.182394 12339 raft_consensus.cc:2804] T 336a92a994ba43bc8a3284f89f9642bc P 0d9559b5f0af417baa845686dedfafff [term 2 FOLLOWER]: Leader pre-election won for term 3
I20260630 12:34:40.187616 12339 raft_consensus.cc:493] T 336a92a994ba43bc8a3284f89f9642bc P 0d9559b5f0af417baa845686dedfafff [term 2 FOLLOWER]: Starting leader election (detected failure of leader d605531a0071467683066cc9aaa1e3b1)
I20260630 12:34:40.188017 12339 raft_consensus.cc:3060] T 336a92a994ba43bc8a3284f89f9642bc P 0d9559b5f0af417baa845686dedfafff [term 2 FOLLOWER]: Advancing to term 3
I20260630 12:34:40.200089 12057 tablet_service.cc:1917] Received RequestConsensusVote() RPC: tablet_id: "244415ad95404faa86b30f339be78239" candidate_uuid: "1332c03445d443889c82360d1e6a3978" candidate_term: 2 candidate_status { last_received { term: 1 index: 4 } } ignore_live_leader: false dest_uuid: "f3e916e19f86437c8925ea0f06a9156e" is_pre_election: true
I20260630 12:34:40.219866 11982 tablet_service.cc:1917] Received RequestConsensusVote() RPC: tablet_id: "244415ad95404faa86b30f339be78239" candidate_uuid: "1332c03445d443889c82360d1e6a3978" candidate_term: 2 candidate_status { last_received { term: 1 index: 4 } } ignore_live_leader: false dest_uuid: "0d9559b5f0af417baa845686dedfafff" is_pre_election: true
I20260630 12:34:40.221580 12132 tablet_service.cc:1917] Received RequestConsensusVote() RPC: tablet_id: "336a92a994ba43bc8a3284f89f9642bc" candidate_uuid: "0d9559b5f0af417baa845686dedfafff" candidate_term: 3 candidate_status { last_received { term: 2 index: 2 } } ignore_live_leader: false dest_uuid: "d605531a0071467683066cc9aaa1e3b1" is_pre_election: true
I20260630 12:34:40.226675 12339 raft_consensus.cc:515] T 336a92a994ba43bc8a3284f89f9642bc P 0d9559b5f0af417baa845686dedfafff [term 3 FOLLOWER]: Starting leader election with config: opid_index: -1 OBSOLETE_local: false peers { permanent_uuid: "d605531a0071467683066cc9aaa1e3b1" member_type: VOTER last_known_addr { host: "127.9.252.195" port: 39997 } } peers { permanent_uuid: "0d9559b5f0af417baa845686dedfafff" member_type: VOTER last_known_addr { host: "127.9.252.193" port: 37299 } } peers { permanent_uuid: "f3e916e19f86437c8925ea0f06a9156e" member_type: VOTER last_known_addr { host: "127.9.252.194" port: 37511 } }
I20260630 12:34:40.228392 12339 leader_election.cc:290] T 336a92a994ba43bc8a3284f89f9642bc P 0d9559b5f0af417baa845686dedfafff [CANDIDATE]: Term 3 election: Requested vote from peers d605531a0071467683066cc9aaa1e3b1 (127.9.252.195:39997), f3e916e19f86437c8925ea0f06a9156e (127.9.252.194:37511)
I20260630 12:34:40.229703 12057 tablet_service.cc:1917] Received RequestConsensusVote() RPC: tablet_id: "336a92a994ba43bc8a3284f89f9642bc" candidate_uuid: "0d9559b5f0af417baa845686dedfafff" candidate_term: 3 candidate_status { last_received { term: 2 index: 2 } } ignore_live_leader: false dest_uuid: "f3e916e19f86437c8925ea0f06a9156e"
I20260630 12:34:40.230969 11983 raft_consensus.cc:1240] T 336a92a994ba43bc8a3284f89f9642bc P 0d9559b5f0af417baa845686dedfafff [term 3 FOLLOWER]: Rejecting Update request from peer d605531a0071467683066cc9aaa1e3b1 for earlier term 2. Current term is 3. Ops: []
I20260630 12:34:40.235095 11982 tablet_service.cc:1917] Received RequestConsensusVote() RPC: tablet_id: "336a92a994ba43bc8a3284f89f9642bc" candidate_uuid: "f3e916e19f86437c8925ea0f06a9156e" candidate_term: 3 candidate_status { last_received { term: 2 index: 2 } } ignore_live_leader: false dest_uuid: "0d9559b5f0af417baa845686dedfafff" is_pre_election: true
I20260630 12:34:40.235925 11982 raft_consensus.cc:2393] T 336a92a994ba43bc8a3284f89f9642bc P 0d9559b5f0af417baa845686dedfafff [term 3 FOLLOWER]: Leader pre-election vote request: Denying vote to candidate f3e916e19f86437c8925ea0f06a9156e in current term 3: Already voted for candidate 0d9559b5f0af417baa845686dedfafff in this term.
I20260630 12:34:40.237226 11982 tablet_service.cc:1917] Received RequestConsensusVote() RPC: tablet_id: "244415ad95404faa86b30f339be78239" candidate_uuid: "f3e916e19f86437c8925ea0f06a9156e" candidate_term: 2 candidate_status { last_received { term: 1 index: 4 } } ignore_live_leader: false dest_uuid: "0d9559b5f0af417baa845686dedfafff" is_pre_election: true
I20260630 12:34:40.237238 12132 tablet_service.cc:1917] Received RequestConsensusVote() RPC: tablet_id: "336a92a994ba43bc8a3284f89f9642bc" candidate_uuid: "0d9559b5f0af417baa845686dedfafff" candidate_term: 3 candidate_status { last_received { term: 2 index: 2 } } ignore_live_leader: false dest_uuid: "d605531a0071467683066cc9aaa1e3b1"
I20260630 12:34:40.239326 11949 leader_election.cc:304] T 336a92a994ba43bc8a3284f89f9642bc P 0d9559b5f0af417baa845686dedfafff [CANDIDATE]: Term 3 election: Election decided. Result: candidate lost. Election summary: received 3 responses out of 3 voters: 1 yes votes; 2 no votes. yes voters: 0d9559b5f0af417baa845686dedfafff; no voters: d605531a0071467683066cc9aaa1e3b1, f3e916e19f86437c8925ea0f06a9156e
I20260630 12:34:40.240034 12132 tablet_service.cc:1917] Received RequestConsensusVote() RPC: tablet_id: "336a92a994ba43bc8a3284f89f9642bc" candidate_uuid: "f3e916e19f86437c8925ea0f06a9156e" candidate_term: 3 candidate_status { last_received { term: 2 index: 2 } } ignore_live_leader: false dest_uuid: "d605531a0071467683066cc9aaa1e3b1" is_pre_election: true
I20260630 12:34:40.240180 12339 raft_consensus.cc:2749] T 336a92a994ba43bc8a3284f89f9642bc P 0d9559b5f0af417baa845686dedfafff [term 3 FOLLOWER]: Leader election lost for term 3. Reason: could not achieve majority
I20260630 12:34:40.240684 12341 consensus_queue.cc:1059] T 336a92a994ba43bc8a3284f89f9642bc P d605531a0071467683066cc9aaa1e3b1 [LEADER]: Peer responded invalid term: Peer: permanent_uuid: "0d9559b5f0af417baa845686dedfafff" member_type: VOTER last_known_addr { host: "127.9.252.193" port: 37299 }, Status: INVALID_TERM, Last received: 2.2, Next index: 3, Last known committed idx: 2, Time since last communication: 0.001s
I20260630 12:34:40.241706 12225 leader_election.cc:304] T 244415ad95404faa86b30f339be78239 P 1332c03445d443889c82360d1e6a3978 [CANDIDATE]: Term 2 pre-election: Election decided. Result: candidate lost. Election summary: received 3 responses out of 3 voters: 1 yes votes; 2 no votes. yes voters: 1332c03445d443889c82360d1e6a3978; no voters: 0d9559b5f0af417baa845686dedfafff, f3e916e19f86437c8925ea0f06a9156e
I20260630 12:34:40.241724 12024 leader_election.cc:304] T 336a92a994ba43bc8a3284f89f9642bc P f3e916e19f86437c8925ea0f06a9156e [CANDIDATE]: Term 3 pre-election: Election decided. Result: candidate lost. Election summary: received 3 responses out of 3 voters: 1 yes votes; 2 no votes. yes voters: f3e916e19f86437c8925ea0f06a9156e; no voters: 0d9559b5f0af417baa845686dedfafff, d605531a0071467683066cc9aaa1e3b1
I20260630 12:34:40.242255 12343 raft_consensus.cc:3055] T 336a92a994ba43bc8a3284f89f9642bc P d605531a0071467683066cc9aaa1e3b1 [term 2 LEADER]: Stepping down as leader of term 2
I20260630 12:34:40.242743 12336 raft_consensus.cc:2749] T 244415ad95404faa86b30f339be78239 P 1332c03445d443889c82360d1e6a3978 [term 1 FOLLOWER]: Leader pre-election lost for term 2. Reason: could not achieve majority
I20260630 12:34:40.242909 12334 raft_consensus.cc:3060] T 336a92a994ba43bc8a3284f89f9642bc P f3e916e19f86437c8925ea0f06a9156e [term 2 FOLLOWER]: Advancing to term 3
I20260630 12:34:40.242764 12343 raft_consensus.cc:740] T 336a92a994ba43bc8a3284f89f9642bc P d605531a0071467683066cc9aaa1e3b1 [term 2 LEADER]: Becoming Follower/Learner. State: Replica: d605531a0071467683066cc9aaa1e3b1, State: Running, Role: LEADER
I20260630 12:34:40.243685 12262 tablet_service.cc:1917] Received RequestConsensusVote() RPC: tablet_id: "244415ad95404faa86b30f339be78239" candidate_uuid: "f3e916e19f86437c8925ea0f06a9156e" candidate_term: 2 candidate_status { last_received { term: 1 index: 4 } } ignore_live_leader: false dest_uuid: "1332c03445d443889c82360d1e6a3978" is_pre_election: true
I20260630 12:34:40.244642 12343 consensus_queue.cc:260] T 336a92a994ba43bc8a3284f89f9642bc P d605531a0071467683066cc9aaa1e3b1 [NON_LEADER]: Queue going to NON_LEADER mode. State: All replicated index: 0, Majority replicated index: 2, Committed index: 2, Last appended: 2.2, Last appended by leader: 2, Current term: 2, Majority size: -1, State: 0, Mode: NON_LEADER, active raft config: opid_index: -1 OBSOLETE_local: false peers { permanent_uuid: "d605531a0071467683066cc9aaa1e3b1" member_type: VOTER last_known_addr { host: "127.9.252.195" port: 39997 } } peers { permanent_uuid: "0d9559b5f0af417baa845686dedfafff" member_type: VOTER last_known_addr { host: "127.9.252.193" port: 37299 } } peers { permanent_uuid: "f3e916e19f86437c8925ea0f06a9156e" member_type: VOTER last_known_addr { host: "127.9.252.194" port: 37511 } }
I20260630 12:34:40.245630 12024 leader_election.cc:304] T 244415ad95404faa86b30f339be78239 P f3e916e19f86437c8925ea0f06a9156e [CANDIDATE]: Term 2 pre-election: Election decided. Result: candidate lost. Election summary: received 3 responses out of 3 voters: 1 yes votes; 2 no votes. yes voters: f3e916e19f86437c8925ea0f06a9156e; no voters: 0d9559b5f0af417baa845686dedfafff, 1332c03445d443889c82360d1e6a3978
I20260630 12:34:40.246048 12343 raft_consensus.cc:3060] T 336a92a994ba43bc8a3284f89f9642bc P d605531a0071467683066cc9aaa1e3b1 [term 2 FOLLOWER]: Advancing to term 3
I20260630 12:34:40.247653 12347 raft_consensus.cc:2749] T 244415ad95404faa86b30f339be78239 P f3e916e19f86437c8925ea0f06a9156e [term 1 FOLLOWER]: Leader pre-election lost for term 2. Reason: could not achieve majority
I20260630 12:34:40.249696 12334 raft_consensus.cc:2749] T 336a92a994ba43bc8a3284f89f9642bc P f3e916e19f86437c8925ea0f06a9156e [term 3 FOLLOWER]: Leader pre-election lost for term 3. Reason: could not achieve majority
W20260630 12:34:40.254228 11912 debug-util.cc:398] Leaking SignalData structure 0x7b08001758c0 after lost signal to thread 10230
W20260630 12:34:40.255017 11912 debug-util.cc:398] Leaking SignalData structure 0x7b08001c6ce0 after lost signal to thread 11915
W20260630 12:34:41.184775 12283 debug-util.cc:398] Leaking SignalData structure 0x7b0800041f20 after lost signal to thread 10230
W20260630 12:34:41.185643 12283 debug-util.cc:398] Leaking SignalData structure 0x7b0800107440 after lost signal to thread 11915
W20260630 12:34:41.186563 12283 debug-util.cc:398] Leaking SignalData structure 0x7b080010b4e0 after lost signal to thread 12007
W20260630 12:34:41.187397 12283 debug-util.cc:398] Leaking SignalData structure 0x7b08000e7680 after lost signal to thread 12082
W20260630 12:34:41.188297 12283 debug-util.cc:398] Leaking SignalData structure 0x7b08001b94c0 after lost signal to thread 12157
W20260630 12:34:41.189177 12283 debug-util.cc:398] Leaking SignalData structure 0x7b08000db620 after lost signal to thread 12286
I20260630 12:34:41.570940 11934 auto_leader_rebalancer.cc:141] leader rebalance for table test-workload
I20260630 12:34:41.573899 11934 auto_leader_rebalancer.cc:440] table: test-workload, leader rebalance finish, leader transfer count: 0
I20260630 12:34:41.574407 11934 auto_leader_rebalancer.cc:515] All tables' leader rebalancing finished this round
I20260630 12:34:41.782354 12348 raft_consensus.cc:493] T 336a92a994ba43bc8a3284f89f9642bc P f3e916e19f86437c8925ea0f06a9156e [term 3 FOLLOWER]: Starting pre-election (no leader contacted us within the election timeout)
I20260630 12:34:41.782968 12348 raft_consensus.cc:515] T 336a92a994ba43bc8a3284f89f9642bc P f3e916e19f86437c8925ea0f06a9156e [term 3 FOLLOWER]: Starting pre-election with config: opid_index: -1 OBSOLETE_local: false peers { permanent_uuid: "d605531a0071467683066cc9aaa1e3b1" member_type: VOTER last_known_addr { host: "127.9.252.195" port: 39997 } } peers { permanent_uuid: "0d9559b5f0af417baa845686dedfafff" member_type: VOTER last_known_addr { host: "127.9.252.193" port: 37299 } } peers { permanent_uuid: "f3e916e19f86437c8925ea0f06a9156e" member_type: VOTER last_known_addr { host: "127.9.252.194" port: 37511 } }
I20260630 12:34:41.785727 12348 leader_election.cc:290] T 336a92a994ba43bc8a3284f89f9642bc P f3e916e19f86437c8925ea0f06a9156e [CANDIDATE]: Term 4 pre-election: Requested pre-vote from peers d605531a0071467683066cc9aaa1e3b1 (127.9.252.195:39997), 0d9559b5f0af417baa845686dedfafff (127.9.252.193:37299)
I20260630 12:34:41.786269 12132 tablet_service.cc:1917] Received RequestConsensusVote() RPC: tablet_id: "336a92a994ba43bc8a3284f89f9642bc" candidate_uuid: "f3e916e19f86437c8925ea0f06a9156e" candidate_term: 4 candidate_status { last_received { term: 2 index: 2 } } ignore_live_leader: false dest_uuid: "d605531a0071467683066cc9aaa1e3b1" is_pre_election: true
I20260630 12:34:41.786969 12132 raft_consensus.cc:2468] T 336a92a994ba43bc8a3284f89f9642bc P d605531a0071467683066cc9aaa1e3b1 [term 3 FOLLOWER]: Leader pre-election vote request: Granting yes vote for candidate f3e916e19f86437c8925ea0f06a9156e in term 3.
I20260630 12:34:41.787113 11982 tablet_service.cc:1917] Received RequestConsensusVote() RPC: tablet_id: "336a92a994ba43bc8a3284f89f9642bc" candidate_uuid: "f3e916e19f86437c8925ea0f06a9156e" candidate_term: 4 candidate_status { last_received { term: 2 index: 2 } } ignore_live_leader: false dest_uuid: "0d9559b5f0af417baa845686dedfafff" is_pre_election: true
I20260630 12:34:41.787703 11982 raft_consensus.cc:2468] T 336a92a994ba43bc8a3284f89f9642bc P 0d9559b5f0af417baa845686dedfafff [term 3 FOLLOWER]: Leader pre-election vote request: Granting yes vote for candidate f3e916e19f86437c8925ea0f06a9156e in term 3.
I20260630 12:34:41.788406 12024 leader_election.cc:304] T 336a92a994ba43bc8a3284f89f9642bc P f3e916e19f86437c8925ea0f06a9156e [CANDIDATE]: Term 4 pre-election: Election decided. Result: candidate won. Election summary: received 2 responses out of 3 voters: 2 yes votes; 0 no votes. yes voters: d605531a0071467683066cc9aaa1e3b1, f3e916e19f86437c8925ea0f06a9156e; no voters: 
I20260630 12:34:41.789446 12348 raft_consensus.cc:2804] T 336a92a994ba43bc8a3284f89f9642bc P f3e916e19f86437c8925ea0f06a9156e [term 3 FOLLOWER]: Leader pre-election won for term 4
I20260630 12:34:41.789770 12348 raft_consensus.cc:493] T 336a92a994ba43bc8a3284f89f9642bc P f3e916e19f86437c8925ea0f06a9156e [term 3 FOLLOWER]: Starting leader election (no leader contacted us within the election timeout)
I20260630 12:34:41.790055 12348 raft_consensus.cc:3060] T 336a92a994ba43bc8a3284f89f9642bc P f3e916e19f86437c8925ea0f06a9156e [term 3 FOLLOWER]: Advancing to term 4
I20260630 12:34:41.795029 12348 raft_consensus.cc:515] T 336a92a994ba43bc8a3284f89f9642bc P f3e916e19f86437c8925ea0f06a9156e [term 4 FOLLOWER]: Starting leader election with config: opid_index: -1 OBSOLETE_local: false peers { permanent_uuid: "d605531a0071467683066cc9aaa1e3b1" member_type: VOTER last_known_addr { host: "127.9.252.195" port: 39997 } } peers { permanent_uuid: "0d9559b5f0af417baa845686dedfafff" member_type: VOTER last_known_addr { host: "127.9.252.193" port: 37299 } } peers { permanent_uuid: "f3e916e19f86437c8925ea0f06a9156e" member_type: VOTER last_known_addr { host: "127.9.252.194" port: 37511 } }
I20260630 12:34:41.797783 12132 tablet_service.cc:1917] Received RequestConsensusVote() RPC: tablet_id: "336a92a994ba43bc8a3284f89f9642bc" candidate_uuid: "f3e916e19f86437c8925ea0f06a9156e" candidate_term: 4 candidate_status { last_received { term: 2 index: 2 } } ignore_live_leader: false dest_uuid: "d605531a0071467683066cc9aaa1e3b1"
I20260630 12:34:41.797945 11982 tablet_service.cc:1917] Received RequestConsensusVote() RPC: tablet_id: "336a92a994ba43bc8a3284f89f9642bc" candidate_uuid: "f3e916e19f86437c8925ea0f06a9156e" candidate_term: 4 candidate_status { last_received { term: 2 index: 2 } } ignore_live_leader: false dest_uuid: "0d9559b5f0af417baa845686dedfafff"
I20260630 12:34:41.798431 11982 raft_consensus.cc:3060] T 336a92a994ba43bc8a3284f89f9642bc P 0d9559b5f0af417baa845686dedfafff [term 3 FOLLOWER]: Advancing to term 4
I20260630 12:34:41.798405 12132 raft_consensus.cc:3060] T 336a92a994ba43bc8a3284f89f9642bc P d605531a0071467683066cc9aaa1e3b1 [term 3 FOLLOWER]: Advancing to term 4
I20260630 12:34:41.806310 12348 leader_election.cc:290] T 336a92a994ba43bc8a3284f89f9642bc P f3e916e19f86437c8925ea0f06a9156e [CANDIDATE]: Term 4 election: Requested vote from peers d605531a0071467683066cc9aaa1e3b1 (127.9.252.195:39997), 0d9559b5f0af417baa845686dedfafff (127.9.252.193:37299)
I20260630 12:34:41.806205 11982 raft_consensus.cc:2468] T 336a92a994ba43bc8a3284f89f9642bc P 0d9559b5f0af417baa845686dedfafff [term 4 FOLLOWER]: Leader election vote request: Granting yes vote for candidate f3e916e19f86437c8925ea0f06a9156e in term 4.
I20260630 12:34:41.806205 12132 raft_consensus.cc:2468] T 336a92a994ba43bc8a3284f89f9642bc P d605531a0071467683066cc9aaa1e3b1 [term 4 FOLLOWER]: Leader election vote request: Granting yes vote for candidate f3e916e19f86437c8925ea0f06a9156e in term 4.
I20260630 12:34:41.808434 12021 leader_election.cc:304] T 336a92a994ba43bc8a3284f89f9642bc P f3e916e19f86437c8925ea0f06a9156e [CANDIDATE]: Term 4 election: Election decided. Result: candidate won. Election summary: received 2 responses out of 3 voters: 2 yes votes; 0 no votes. yes voters: 0d9559b5f0af417baa845686dedfafff, f3e916e19f86437c8925ea0f06a9156e; no voters: 
I20260630 12:34:41.809350 12348 raft_consensus.cc:2804] T 336a92a994ba43bc8a3284f89f9642bc P f3e916e19f86437c8925ea0f06a9156e [term 4 FOLLOWER]: Leader election won for term 4
I20260630 12:34:41.810539 12348 raft_consensus.cc:697] T 336a92a994ba43bc8a3284f89f9642bc P f3e916e19f86437c8925ea0f06a9156e [term 4 LEADER]: Becoming Leader. State: Replica: f3e916e19f86437c8925ea0f06a9156e, State: Running, Role: LEADER
I20260630 12:34:41.811514 12348 consensus_queue.cc:237] T 336a92a994ba43bc8a3284f89f9642bc P f3e916e19f86437c8925ea0f06a9156e [LEADER]: Queue going to LEADER mode. State: All replicated index: 0, Majority replicated index: 2, Committed index: 2, Last appended: 2.2, Last appended by leader: 2, Current term: 4, Majority size: 2, State: 0, Mode: LEADER, active raft config: opid_index: -1 OBSOLETE_local: false peers { permanent_uuid: "d605531a0071467683066cc9aaa1e3b1" member_type: VOTER last_known_addr { host: "127.9.252.195" port: 39997 } } peers { permanent_uuid: "0d9559b5f0af417baa845686dedfafff" member_type: VOTER last_known_addr { host: "127.9.252.193" port: 37299 } } peers { permanent_uuid: "f3e916e19f86437c8925ea0f06a9156e" member_type: VOTER last_known_addr { host: "127.9.252.194" port: 37511 } }
I20260630 12:34:41.821990 11880 catalog_manager.cc:5697] T 336a92a994ba43bc8a3284f89f9642bc P f3e916e19f86437c8925ea0f06a9156e reported cstate change: term changed from 2 to 4, leader changed from d605531a0071467683066cc9aaa1e3b1 (127.9.252.195) to f3e916e19f86437c8925ea0f06a9156e (127.9.252.194). New cstate: current_term: 4 leader_uuid: "f3e916e19f86437c8925ea0f06a9156e" committed_config { opid_index: -1 OBSOLETE_local: false peers { permanent_uuid: "d605531a0071467683066cc9aaa1e3b1" member_type: VOTER last_known_addr { host: "127.9.252.195" port: 39997 } health_report { overall_health: UNKNOWN } } peers { permanent_uuid: "0d9559b5f0af417baa845686dedfafff" member_type: VOTER last_known_addr { host: "127.9.252.193" port: 37299 } health_report { overall_health: UNKNOWN } } peers { permanent_uuid: "f3e916e19f86437c8925ea0f06a9156e" member_type: VOTER last_known_addr { host: "127.9.252.194" port: 37511 } health_report { overall_health: HEALTHY } } }
I20260630 12:34:42.266306 11982 raft_consensus.cc:1275] T 336a92a994ba43bc8a3284f89f9642bc P 0d9559b5f0af417baa845686dedfafff [term 4 FOLLOWER]: Refusing update from remote peer f3e916e19f86437c8925ea0f06a9156e: Log matching property violated. Preceding OpId in replica: term: 2 index: 2. Preceding OpId from leader: term: 4 index: 3. (index mismatch)
I20260630 12:34:42.268083 12348 consensus_queue.cc:1048] T 336a92a994ba43bc8a3284f89f9642bc P f3e916e19f86437c8925ea0f06a9156e [LEADER]: Connected to new peer: Peer: permanent_uuid: "0d9559b5f0af417baa845686dedfafff" member_type: VOTER last_known_addr { host: "127.9.252.193" port: 37299 }, Status: LMP_MISMATCH, Last received: 0.0, Next index: 3, Last known committed idx: 2, Time since last communication: 0.001s
I20260630 12:34:42.308398 12132 raft_consensus.cc:1275] T 336a92a994ba43bc8a3284f89f9642bc P d605531a0071467683066cc9aaa1e3b1 [term 4 FOLLOWER]: Refusing update from remote peer f3e916e19f86437c8925ea0f06a9156e: Log matching property violated. Preceding OpId in replica: term: 2 index: 2. Preceding OpId from leader: term: 4 index: 3. (index mismatch)
I20260630 12:34:42.310542 12348 consensus_queue.cc:1048] T 336a92a994ba43bc8a3284f89f9642bc P f3e916e19f86437c8925ea0f06a9156e [LEADER]: Connected to new peer: Peer: permanent_uuid: "d605531a0071467683066cc9aaa1e3b1" member_type: VOTER last_known_addr { host: "127.9.252.195" port: 39997 }, Status: LMP_MISMATCH, Last received: 0.0, Next index: 3, Last known committed idx: 2, Time since last communication: 0.000s
I20260630 12:34:43.575631 11934 auto_leader_rebalancer.cc:141] leader rebalance for table test-workload
I20260630 12:34:43.578533 11934 auto_leader_rebalancer.cc:440] table: test-workload, leader rebalance finish, leader transfer count: 0
I20260630 12:34:43.579017 11934 auto_leader_rebalancer.cc:515] All tables' leader rebalancing finished this round
I20260630 12:34:44.562124 10227 tablet_server.cc:179] TabletServer@127.9.252.193:0 shutting down...
I20260630 12:34:44.585170 10227 ts_tablet_manager.cc:1507] Shutting down tablet manager...
I20260630 12:34:44.586016 10227 tablet_replica.cc:333] T 244415ad95404faa86b30f339be78239 P 0d9559b5f0af417baa845686dedfafff: stopping tablet replica
I20260630 12:34:44.586656 10227 raft_consensus.cc:2243] T 244415ad95404faa86b30f339be78239 P 0d9559b5f0af417baa845686dedfafff [term 1 LEADER]: Raft consensus shutting down.
I20260630 12:34:44.587716 10227 raft_consensus.cc:2272] T 244415ad95404faa86b30f339be78239 P 0d9559b5f0af417baa845686dedfafff [term 1 FOLLOWER]: Raft consensus is shut down!
I20260630 12:34:44.589970 10227 tablet_replica.cc:333] T 336a92a994ba43bc8a3284f89f9642bc P 0d9559b5f0af417baa845686dedfafff: stopping tablet replica
I20260630 12:34:44.590497 10227 raft_consensus.cc:2243] T 336a92a994ba43bc8a3284f89f9642bc P 0d9559b5f0af417baa845686dedfafff [term 4 FOLLOWER]: Raft consensus shutting down.
I20260630 12:34:44.591029 10227 raft_consensus.cc:2272] T 336a92a994ba43bc8a3284f89f9642bc P 0d9559b5f0af417baa845686dedfafff [term 4 FOLLOWER]: Raft consensus is shut down!
I20260630 12:34:44.614141 10227 tablet_server.cc:196] TabletServer@127.9.252.193:0 shutdown complete.
I20260630 12:34:44.627140 10227 tablet_server.cc:179] TabletServer@127.9.252.194:0 shutting down...
I20260630 12:34:44.647748 10227 ts_tablet_manager.cc:1507] Shutting down tablet manager...
I20260630 12:34:44.648625 10227 tablet_replica.cc:333] T 244415ad95404faa86b30f339be78239 P f3e916e19f86437c8925ea0f06a9156e: stopping tablet replica
I20260630 12:34:44.649232 10227 raft_consensus.cc:2243] T 244415ad95404faa86b30f339be78239 P f3e916e19f86437c8925ea0f06a9156e [term 1 FOLLOWER]: Raft consensus shutting down.
I20260630 12:34:44.649969 10227 raft_consensus.cc:2272] T 244415ad95404faa86b30f339be78239 P f3e916e19f86437c8925ea0f06a9156e [term 1 FOLLOWER]: Raft consensus is shut down!
I20260630 12:34:44.651993 10227 tablet_replica.cc:333] T 336a92a994ba43bc8a3284f89f9642bc P f3e916e19f86437c8925ea0f06a9156e: stopping tablet replica
I20260630 12:34:44.652395 10227 raft_consensus.cc:2243] T 336a92a994ba43bc8a3284f89f9642bc P f3e916e19f86437c8925ea0f06a9156e [term 4 LEADER]: Raft consensus shutting down.
I20260630 12:34:44.653193 10227 raft_consensus.cc:2272] T 336a92a994ba43bc8a3284f89f9642bc P f3e916e19f86437c8925ea0f06a9156e [term 4 FOLLOWER]: Raft consensus is shut down!
I20260630 12:34:44.674994 10227 tablet_server.cc:196] TabletServer@127.9.252.194:0 shutdown complete.
I20260630 12:34:44.686774 10227 tablet_server.cc:179] TabletServer@127.9.252.195:0 shutting down...
I20260630 12:34:44.708410 10227 ts_tablet_manager.cc:1507] Shutting down tablet manager...
I20260630 12:34:44.709271 10227 tablet_replica.cc:333] T 336a92a994ba43bc8a3284f89f9642bc P d605531a0071467683066cc9aaa1e3b1: stopping tablet replica
I20260630 12:34:44.709758 10227 raft_consensus.cc:2243] T 336a92a994ba43bc8a3284f89f9642bc P d605531a0071467683066cc9aaa1e3b1 [term 4 FOLLOWER]: Raft consensus shutting down.
I20260630 12:34:44.710247 10227 raft_consensus.cc:2272] T 336a92a994ba43bc8a3284f89f9642bc P d605531a0071467683066cc9aaa1e3b1 [term 4 FOLLOWER]: Raft consensus is shut down!
I20260630 12:34:44.730818 10227 tablet_server.cc:196] TabletServer@127.9.252.195:0 shutdown complete.
I20260630 12:34:44.742553 10227 tablet_server.cc:179] TabletServer@127.9.252.196:0 shutting down...
I20260630 12:34:44.762863 10227 ts_tablet_manager.cc:1507] Shutting down tablet manager...
I20260630 12:34:44.763612 10227 tablet_replica.cc:333] T 244415ad95404faa86b30f339be78239 P 1332c03445d443889c82360d1e6a3978: stopping tablet replica
I20260630 12:34:44.764158 10227 raft_consensus.cc:2243] T 244415ad95404faa86b30f339be78239 P 1332c03445d443889c82360d1e6a3978 [term 1 FOLLOWER]: Raft consensus shutting down.
I20260630 12:34:44.764835 10227 raft_consensus.cc:2272] T 244415ad95404faa86b30f339be78239 P 1332c03445d443889c82360d1e6a3978 [term 1 FOLLOWER]: Raft consensus is shut down!
I20260630 12:34:44.801363 10227 tablet_server.cc:196] TabletServer@127.9.252.196:0 shutdown complete.
I20260630 12:34:44.811568 10227 master.cc:562] Master@127.9.252.254:33141 shutting down...
I20260630 12:34:44.830870 10227 raft_consensus.cc:2243] T 00000000000000000000000000000000 P 45a017d99d264d548bd7de5a88838571 [term 1 LEADER]: Raft consensus shutting down.
I20260630 12:34:44.831534 10227 raft_consensus.cc:2272] T 00000000000000000000000000000000 P 45a017d99d264d548bd7de5a88838571 [term 1 FOLLOWER]: Raft consensus is shut down!
I20260630 12:34:44.831866 10227 tablet_replica.cc:333] T 00000000000000000000000000000000 P 45a017d99d264d548bd7de5a88838571: stopping tablet replica
I20260630 12:34:44.871469 10227 master.cc:584] Master@127.9.252.254:33141 shutdown complete.
[       OK ] AutoRebalancerTest.MovesScheduledIfAddTserver (28696 ms)
[ RUN      ] AutoRebalancerTest.NoReplicaMovesIfNoTservers
I20260630 12:34:44.908491 10227 internal_mini_cluster.cc:156] Creating distributed mini masters. Addrs: 127.9.252.254:43649
I20260630 12:34:44.909691 10227 file_cache.cc:492] Constructed file cache file cache with capacity 419430
W20260630 12:34:44.915513 12365 instance_detector.cc:116] could not retrieve Azure instance metadata: Network error: curl error: HTTP response code said error: The requested URL returned error: 404
W20260630 12:34:44.915555 12364 instance_detector.cc:116] could not retrieve AWS instance metadata: Network error: curl error: HTTP response code said error: The requested URL returned error: 404
W20260630 12:34:44.916599 12367 instance_detector.cc:116] could not retrieve OpenStack instance metadata: Network error: curl error: HTTP response code said error: The requested URL returned error: 404
I20260630 12:34:44.916848 10227 server_base.cc:1061] running on GCE node
I20260630 12:34:44.917850 10227 hybrid_clock.cc:584] initializing the hybrid clock with 'system_unsync' time source
W20260630 12:34:44.918023 10227 system_unsync_time.cc:38] NTP support is disabled. Clock error bounds will not be accurate. This configuration is not suitable for distributed clusters.
I20260630 12:34:44.918134 10227 hybrid_clock.cc:648] HybridClock initialized: now 1782822884918123 us; error 0 us; skew 500 ppm
I20260630 12:34:44.918540 10227 server_base.cc:861] Flag tcmalloc_max_total_thread_cache_bytes is not working since tcmalloc is not enabled.
I20260630 12:34:44.920805 10227 webserver.cc:533] Webserver started at http://127.9.252.254:40413/ using document root <none> and password file <none>
I20260630 12:34:44.921301 10227 fs_manager.cc:362] Metadata directory not provided
I20260630 12:34:44.921463 10227 fs_manager.cc:368] Using write-ahead log directory (fs_wal_dir) as metadata directory
I20260630 12:34:44.921687 10227 server_base.cc:909] This appears to be a new deployment of Kudu; creating new FS layout
I20260630 12:34:44.922786 10227 fs_manager.cc:1068] Generated new instance metadata in path /tmp/dist-test-task2H_ofO/test-tmp/auto_rebalancer-test.0.AutoRebalancerTest.NoReplicaMovesIfNoTservers.1782822833333966-10227-0/minicluster-data/master-0-root/instance:
uuid: "1c1aeae01b6540d590f83f69334a3c85"
format_stamp: "Formatted at 2026-06-30 12:34:44 on dist-test-slave-0w4t"
I20260630 12:34:44.927107 10227 fs_manager.cc:696] Time spent creating directory manager: real 0.004s	user 0.005s	sys 0.000s
I20260630 12:34:44.930240 12372 log_block_manager.cc:4031] Time spent loading block containers with low live blocks: real 0.000s	user 0.000s	sys 0.000s
I20260630 12:34:44.930955 10227 fs_manager.cc:730] Time spent opening block manager: real 0.002s	user 0.002s	sys 0.001s
I20260630 12:34:44.931236 10227 fs_manager.cc:647] Opened local filesystem: /tmp/dist-test-task2H_ofO/test-tmp/auto_rebalancer-test.0.AutoRebalancerTest.NoReplicaMovesIfNoTservers.1782822833333966-10227-0/minicluster-data/master-0-root
uuid: "1c1aeae01b6540d590f83f69334a3c85"
format_stamp: "Formatted at 2026-06-30 12:34:44 on dist-test-slave-0w4t"
I20260630 12:34:44.931512 10227 fs_report.cc:389] FS layout report
--------------------
wal directory: /tmp/dist-test-task2H_ofO/test-tmp/auto_rebalancer-test.0.AutoRebalancerTest.NoReplicaMovesIfNoTservers.1782822833333966-10227-0/minicluster-data/master-0-root
metadata directory: /tmp/dist-test-task2H_ofO/test-tmp/auto_rebalancer-test.0.AutoRebalancerTest.NoReplicaMovesIfNoTservers.1782822833333966-10227-0/minicluster-data/master-0-root
1 data directories: /tmp/dist-test-task2H_ofO/test-tmp/auto_rebalancer-test.0.AutoRebalancerTest.NoReplicaMovesIfNoTservers.1782822833333966-10227-0/minicluster-data/master-0-root/data
Total live blocks: 0
Total live bytes: 0
Total live bytes (after alignment): 0
Total number of LBM containers: 0 (0 full)
Did not check for missing blocks
Did not check for orphaned blocks
Total full LBM containers with extra space: 0 (0 repaired)
Total full LBM container extra space in bytes: 0 (0 repaired)
Total incomplete LBM containers: 0 (0 repaired)
Total LBM partial records: 0 (0 repaired)
Total corrupted LBM metadata records in RocksDB: 0 (0 repaired)
I20260630 12:34:44.949829 10227 rpc_server.cc:225] running with OpenSSL 1.1.1  11 Sep 2018
I20260630 12:34:44.951022 10227 kserver.cc:163] Server-wide thread pool size limit: 3276
I20260630 12:34:44.987995 10227 rpc_server.cc:307] RPC server started. Bound to: 127.9.252.254:43649
I20260630 12:34:44.988087 12423 acceptor_pool.cc:272] collecting diagnostics on the listening RPC socket 127.9.252.254:43649 every 8 connection(s)
I20260630 12:34:44.992157 12424 data_dirs.cc:400] Could only allocate 1 dirs of requested 3 for tablet 00000000000000000000000000000000. 1 dirs total, 0 dirs full, 0 dirs failed
I20260630 12:34:45.002367 12424 tablet_bootstrap.cc:492] T 00000000000000000000000000000000 P 1c1aeae01b6540d590f83f69334a3c85: Bootstrap starting.
I20260630 12:34:45.006840 12424 tablet_bootstrap.cc:654] T 00000000000000000000000000000000 P 1c1aeae01b6540d590f83f69334a3c85: Neither blocks nor log segments found. Creating new log.
I20260630 12:34:45.010722 12424 tablet_bootstrap.cc:492] T 00000000000000000000000000000000 P 1c1aeae01b6540d590f83f69334a3c85: No bootstrap required, opened a new log
I20260630 12:34:45.012712 12424 raft_consensus.cc:359] T 00000000000000000000000000000000 P 1c1aeae01b6540d590f83f69334a3c85 [term 0 FOLLOWER]: Replica starting. Triggering 0 pending ops. Active config: opid_index: -1 OBSOLETE_local: true peers { permanent_uuid: "1c1aeae01b6540d590f83f69334a3c85" member_type: VOTER }
I20260630 12:34:45.013185 12424 raft_consensus.cc:385] T 00000000000000000000000000000000 P 1c1aeae01b6540d590f83f69334a3c85 [term 0 FOLLOWER]: Consensus starting up: Expiring failure detector timer to make a prompt election more likely
I20260630 12:34:45.013377 12424 raft_consensus.cc:740] T 00000000000000000000000000000000 P 1c1aeae01b6540d590f83f69334a3c85 [term 0 FOLLOWER]: Becoming Follower/Learner. State: Replica: 1c1aeae01b6540d590f83f69334a3c85, State: Initialized, Role: FOLLOWER
I20260630 12:34:45.013952 12424 consensus_queue.cc:260] T 00000000000000000000000000000000 P 1c1aeae01b6540d590f83f69334a3c85 [NON_LEADER]: Queue going to NON_LEADER mode. State: All replicated index: 0, Majority replicated index: 0, Committed index: 0, Last appended: 0.0, Last appended by leader: 0, Current term: 0, Majority size: -1, State: 0, Mode: NON_LEADER, active raft config: opid_index: -1 OBSOLETE_local: true peers { permanent_uuid: "1c1aeae01b6540d590f83f69334a3c85" member_type: VOTER }
I20260630 12:34:45.014398 12424 raft_consensus.cc:399] T 00000000000000000000000000000000 P 1c1aeae01b6540d590f83f69334a3c85 [term 0 FOLLOWER]: Only one voter in the Raft config. Triggering election immediately
I20260630 12:34:45.014585 12424 raft_consensus.cc:493] T 00000000000000000000000000000000 P 1c1aeae01b6540d590f83f69334a3c85 [term 0 FOLLOWER]: Starting leader election (initial election of a single-replica configuration)
I20260630 12:34:45.014798 12424 raft_consensus.cc:3060] T 00000000000000000000000000000000 P 1c1aeae01b6540d590f83f69334a3c85 [term 0 FOLLOWER]: Advancing to term 1
I20260630 12:34:45.019080 12424 raft_consensus.cc:515] T 00000000000000000000000000000000 P 1c1aeae01b6540d590f83f69334a3c85 [term 1 FOLLOWER]: Starting leader election with config: opid_index: -1 OBSOLETE_local: true peers { permanent_uuid: "1c1aeae01b6540d590f83f69334a3c85" member_type: VOTER }
I20260630 12:34:45.019550 12424 leader_election.cc:304] T 00000000000000000000000000000000 P 1c1aeae01b6540d590f83f69334a3c85 [CANDIDATE]: Term 1 election: Election decided. Result: candidate won. Election summary: received 1 responses out of 1 voters: 1 yes votes; 0 no votes. yes voters: 1c1aeae01b6540d590f83f69334a3c85; no voters: 
I20260630 12:34:45.020560 12424 leader_election.cc:290] T 00000000000000000000000000000000 P 1c1aeae01b6540d590f83f69334a3c85 [CANDIDATE]: Term 1 election: Requested vote from peers 
I20260630 12:34:45.020859 12427 raft_consensus.cc:2804] T 00000000000000000000000000000000 P 1c1aeae01b6540d590f83f69334a3c85 [term 1 FOLLOWER]: Leader election won for term 1
I20260630 12:34:45.022260 12427 raft_consensus.cc:697] T 00000000000000000000000000000000 P 1c1aeae01b6540d590f83f69334a3c85 [term 1 LEADER]: Becoming Leader. State: Replica: 1c1aeae01b6540d590f83f69334a3c85, State: Running, Role: LEADER
I20260630 12:34:45.022966 12427 consensus_queue.cc:237] T 00000000000000000000000000000000 P 1c1aeae01b6540d590f83f69334a3c85 [LEADER]: Queue going to LEADER mode. State: All replicated index: 0, Majority replicated index: 0, Committed index: 0, Last appended: 0.0, Last appended by leader: 0, Current term: 1, Majority size: 1, State: 0, Mode: LEADER, active raft config: opid_index: -1 OBSOLETE_local: true peers { permanent_uuid: "1c1aeae01b6540d590f83f69334a3c85" member_type: VOTER }
I20260630 12:34:45.023710 12424 sys_catalog.cc:565] T 00000000000000000000000000000000 P 1c1aeae01b6540d590f83f69334a3c85 [sys.catalog]: configured and running, proceeding with master startup.
I20260630 12:34:45.028035 12428 sys_catalog.cc:455] T 00000000000000000000000000000000 P 1c1aeae01b6540d590f83f69334a3c85 [sys.catalog]: SysCatalogTable state changed. Reason: RaftConsensus started. Latest consensus state: current_term: 1 leader_uuid: "1c1aeae01b6540d590f83f69334a3c85" committed_config { opid_index: -1 OBSOLETE_local: true peers { permanent_uuid: "1c1aeae01b6540d590f83f69334a3c85" member_type: VOTER } }
I20260630 12:34:45.028367 12429 sys_catalog.cc:455] T 00000000000000000000000000000000 P 1c1aeae01b6540d590f83f69334a3c85 [sys.catalog]: SysCatalogTable state changed. Reason: New leader 1c1aeae01b6540d590f83f69334a3c85. Latest consensus state: current_term: 1 leader_uuid: "1c1aeae01b6540d590f83f69334a3c85" committed_config { opid_index: -1 OBSOLETE_local: true peers { permanent_uuid: "1c1aeae01b6540d590f83f69334a3c85" member_type: VOTER } }
I20260630 12:34:45.028838 12428 sys_catalog.cc:458] T 00000000000000000000000000000000 P 1c1aeae01b6540d590f83f69334a3c85 [sys.catalog]: This master's current role is: LEADER
I20260630 12:34:45.029080 12429 sys_catalog.cc:458] T 00000000000000000000000000000000 P 1c1aeae01b6540d590f83f69334a3c85 [sys.catalog]: This master's current role is: LEADER
I20260630 12:34:45.031992 12434 catalog_manager.cc:1511] Loading table and tablet metadata into memory...
I20260630 12:34:45.037328 12434 catalog_manager.cc:1520] Initializing Kudu cluster ID...
I20260630 12:34:45.040840 10227 internal_mini_cluster.cc:184] Waiting to initialize catalog manager on master 0
I20260630 12:34:45.046144 12434 catalog_manager.cc:1383] Generated new cluster ID: 86ba28d7a6624eaead4cdd1d2c9be1c1
I20260630 12:34:45.046437 12434 catalog_manager.cc:1531] Initializing Kudu internal certificate authority...
I20260630 12:34:45.078424 12434 catalog_manager.cc:1406] Generated new certificate authority record
I20260630 12:34:45.079708 12434 catalog_manager.cc:1540] Loading token signing keys...
I20260630 12:34:45.091636 12434 catalog_manager.cc:6070] T 00000000000000000000000000000000 P 1c1aeae01b6540d590f83f69334a3c85: Generated new TSK 0
I20260630 12:34:45.092243 12434 catalog_manager.cc:1550] Initializing in-progress tserver states...
I20260630 12:34:45.106575 10227 internal_mini_cluster.cc:371] 0 TS(s) registered with all masters after 0.000186099s
I20260630 12:34:57.201242 10227 master.cc:562] Master@127.9.252.254:43649 shutting down...
