I20260630 12:35:14.446288  4123 raft_consensus.cc:515] T 2c0cae812229400fbb3bc0984772100f P 9f6bdc1e2a14415bb427a86464ce640f [term 2 FOLLOWER]: Starting forced leader election with config: opid_index: -1 OBSOLETE_local: false peers { permanent_uuid: "9f6bdc1e2a14415bb427a86464ce640f" member_type: VOTER last_known_addr { host: "127.0.211.4" port: 46805 } } peers { permanent_uuid: "0bb46eae609c4452aff67dba31e1b306" member_type: VOTER last_known_addr { host: "127.0.211.3" port: 33075 } } peers { permanent_uuid: "c459ce35126b41f791a836b5b4f09547" member_type: VOTER last_known_addr { host: "127.0.211.2" port: 39021 } }
I20260630 12:35:14.477990  3964 tablet_service.cc:1917] Received RequestConsensusVote() RPC: tablet_id: "2c0cae812229400fbb3bc0984772100f" candidate_uuid: "9f6bdc1e2a14415bb427a86464ce640f" candidate_term: 2 candidate_status { last_received { term: 1 index: 1 } } ignore_live_leader: true dest_uuid: "0bb46eae609c4452aff67dba31e1b306"
I20260630 12:35:14.478895  3964 raft_consensus.cc:3060] T 2c0cae812229400fbb3bc0984772100f P 0bb46eae609c4452aff67dba31e1b306 [term 1 FOLLOWER]: Advancing to term 2
I20260630 12:35:14.482108  3962 raft_consensus.cc:515] T 84133620569b4d6ca0263829b34957c1 P 0bb46eae609c4452aff67dba31e1b306 [term 2 FOLLOWER]: Starting forced leader election with config: opid_index: -1 OBSOLETE_local: false peers { permanent_uuid: "fd817a1363944a0999bd5800d447f3db" member_type: VOTER last_known_addr { host: "127.0.211.1" port: 32885 } } peers { permanent_uuid: "c459ce35126b41f791a836b5b4f09547" member_type: VOTER last_known_addr { host: "127.0.211.2" port: 39021 } } peers { permanent_uuid: "0bb46eae609c4452aff67dba31e1b306" member_type: VOTER last_known_addr { host: "127.0.211.3" port: 33075 } }
I20260630 12:35:14.485707  3962 leader_election.cc:290] T 84133620569b4d6ca0263829b34957c1 P 0bb46eae609c4452aff67dba31e1b306 [CANDIDATE]: Term 2 election: Requested vote from peers fd817a1363944a0999bd5800d447f3db (127.0.211.1:32885), c459ce35126b41f791a836b5b4f09547 (127.0.211.2:39021)
I20260630 12:35:14.486404  3812 tablet_service.cc:1917] Received RequestConsensusVote() RPC: tablet_id: "84133620569b4d6ca0263829b34957c1" candidate_uuid: "0bb46eae609c4452aff67dba31e1b306" candidate_term: 2 candidate_status { last_received { term: 1 index: 1 } } ignore_live_leader: true dest_uuid: "fd817a1363944a0999bd5800d447f3db"
I20260630 12:35:14.487349  3812 raft_consensus.cc:3060] T 84133620569b4d6ca0263829b34957c1 P fd817a1363944a0999bd5800d447f3db [term 1 FOLLOWER]: Advancing to term 2
I20260630 12:35:14.487581  3888 tablet_service.cc:1917] Received RequestConsensusVote() RPC: tablet_id: "84133620569b4d6ca0263829b34957c1" candidate_uuid: "0bb46eae609c4452aff67dba31e1b306" candidate_term: 2 candidate_status { last_received { term: 1 index: 1 } } ignore_live_leader: true dest_uuid: "c459ce35126b41f791a836b5b4f09547"
I20260630 12:35:14.488507  3888 raft_consensus.cc:3055] T 84133620569b4d6ca0263829b34957c1 P c459ce35126b41f791a836b5b4f09547 [term 1 LEADER]: Stepping down as leader of term 1
I20260630 12:35:14.488935  3888 raft_consensus.cc:740] T 84133620569b4d6ca0263829b34957c1 P c459ce35126b41f791a836b5b4f09547 [term 1 LEADER]: Becoming Follower/Learner. State: Replica: c459ce35126b41f791a836b5b4f09547, State: Running, Role: LEADER
I20260630 12:35:14.490070  3888 consensus_queue.cc:260] T 84133620569b4d6ca0263829b34957c1 P c459ce35126b41f791a836b5b4f09547 [NON_LEADER]: Queue going to NON_LEADER mode. State: All replicated index: 0, Majority replicated index: 1, Committed index: 1, Last appended: 1.1, Last appended by leader: 1, Current term: 1, Majority size: -1, State: 0, Mode: NON_LEADER, active raft config: opid_index: -1 OBSOLETE_local: false peers { permanent_uuid: "fd817a1363944a0999bd5800d447f3db" member_type: VOTER last_known_addr { host: "127.0.211.1" port: 32885 } } peers { permanent_uuid: "c459ce35126b41f791a836b5b4f09547" member_type: VOTER last_known_addr { host: "127.0.211.2" port: 39021 } } peers { permanent_uuid: "0bb46eae609c4452aff67dba31e1b306" member_type: VOTER last_known_addr { host: "127.0.211.3" port: 33075 } }
I20260630 12:35:14.492491  3888 raft_consensus.cc:3060] T 84133620569b4d6ca0263829b34957c1 P c459ce35126b41f791a836b5b4f09547 [term 1 FOLLOWER]: Advancing to term 2
I20260630 12:35:14.498586  3812 raft_consensus.cc:2468] T 84133620569b4d6ca0263829b34957c1 P fd817a1363944a0999bd5800d447f3db [term 2 FOLLOWER]: Leader election vote request: Granting yes vote for candidate 0bb46eae609c4452aff67dba31e1b306 in term 2.
I20260630 12:35:14.503628  3888 raft_consensus.cc:2468] T 84133620569b4d6ca0263829b34957c1 P c459ce35126b41f791a836b5b4f09547 [term 2 FOLLOWER]: Leader election vote request: Granting yes vote for candidate 0bb46eae609c4452aff67dba31e1b306 in term 2.
I20260630 12:35:14.506253  3889 tablet_service.cc:1917] Received RequestConsensusVote() RPC: tablet_id: "2c0cae812229400fbb3bc0984772100f" candidate_uuid: "9f6bdc1e2a14415bb427a86464ce640f" candidate_term: 2 candidate_status { last_received { term: 1 index: 1 } } ignore_live_leader: true dest_uuid: "c459ce35126b41f791a836b5b4f09547"
I20260630 12:35:14.511461  3889 raft_consensus.cc:3055] T 2c0cae812229400fbb3bc0984772100f P c459ce35126b41f791a836b5b4f09547 [term 1 LEADER]: Stepping down as leader of term 1
I20260630 12:35:14.511564  3927 leader_election.cc:304] T 84133620569b4d6ca0263829b34957c1 P 0bb46eae609c4452aff67dba31e1b306 [CANDIDATE]: Term 2 election: Election decided. Result: candidate won. Election summary: received 2 responses out of 3 voters: 2 yes votes; 0 no votes. yes voters: 0bb46eae609c4452aff67dba31e1b306, c459ce35126b41f791a836b5b4f09547; no voters: 
I20260630 12:35:14.511837  3889 raft_consensus.cc:740] T 2c0cae812229400fbb3bc0984772100f P c459ce35126b41f791a836b5b4f09547 [term 1 LEADER]: Becoming Follower/Learner. State: Replica: c459ce35126b41f791a836b5b4f09547, State: Running, Role: LEADER
I20260630 12:35:14.509425  3964 raft_consensus.cc:2468] T 2c0cae812229400fbb3bc0984772100f P 0bb46eae609c4452aff67dba31e1b306 [term 2 FOLLOWER]: Leader election vote request: Granting yes vote for candidate 9f6bdc1e2a14415bb427a86464ce640f in term 2.
I20260630 12:35:14.513669  4164 raft_consensus.cc:2804] T 84133620569b4d6ca0263829b34957c1 P 0bb46eae609c4452aff67dba31e1b306 [term 2 FOLLOWER]: Leader election won for term 2
I20260630 12:35:14.514235  4164 raft_consensus.cc:697] T 84133620569b4d6ca0263829b34957c1 P 0bb46eae609c4452aff67dba31e1b306 [term 2 LEADER]: Becoming Leader. State: Replica: 0bb46eae609c4452aff67dba31e1b306, State: Running, Role: LEADER
I20260630 12:35:14.509517  4123 leader_election.cc:290] T 2c0cae812229400fbb3bc0984772100f P 9f6bdc1e2a14415bb427a86464ce640f [CANDIDATE]: Term 2 election: Requested vote from peers 0bb46eae609c4452aff67dba31e1b306 (127.0.211.3:33075), c459ce35126b41f791a836b5b4f09547 (127.0.211.2:39021)
I20260630 12:35:14.512697  3889 consensus_queue.cc:260] T 2c0cae812229400fbb3bc0984772100f P c459ce35126b41f791a836b5b4f09547 [NON_LEADER]: Queue going to NON_LEADER mode. State: All replicated index: 0, Majority replicated index: 1, Committed index: 1, Last appended: 1.1, Last appended by leader: 1, Current term: 1, Majority size: -1, State: 0, Mode: NON_LEADER, active raft config: opid_index: -1 OBSOLETE_local: false peers { permanent_uuid: "9f6bdc1e2a14415bb427a86464ce640f" member_type: VOTER last_known_addr { host: "127.0.211.4" port: 46805 } } peers { permanent_uuid: "0bb46eae609c4452aff67dba31e1b306" member_type: VOTER last_known_addr { host: "127.0.211.3" port: 33075 } } peers { permanent_uuid: "c459ce35126b41f791a836b5b4f09547" member_type: VOTER last_known_addr { host: "127.0.211.2" port: 39021 } }
I20260630 12:35:14.512166  3709 catalog_manager.cc:5697] T c42598515cf448daaf8c94258e034b51 P fd817a1363944a0999bd5800d447f3db reported cstate change: term changed from 1 to 2, leader changed from c459ce35126b41f791a836b5b4f09547 (127.0.211.2) to fd817a1363944a0999bd5800d447f3db (127.0.211.1). New cstate: current_term: 2 leader_uuid: "fd817a1363944a0999bd5800d447f3db" committed_config { opid_index: -1 OBSOLETE_local: false peers { permanent_uuid: "fd817a1363944a0999bd5800d447f3db" member_type: VOTER last_known_addr { host: "127.0.211.1" port: 32885 } health_report { overall_health: HEALTHY } } peers { permanent_uuid: "c459ce35126b41f791a836b5b4f09547" member_type: VOTER last_known_addr { host: "127.0.211.2" port: 39021 } health_report { overall_health: UNKNOWN } } peers { permanent_uuid: "0bb46eae609c4452aff67dba31e1b306" member_type: VOTER last_known_addr { host: "127.0.211.3" port: 33075 } health_report { overall_health: UNKNOWN } } }
I20260630 12:35:14.516798  4083 leader_election.cc:304] T 2c0cae812229400fbb3bc0984772100f P 9f6bdc1e2a14415bb427a86464ce640f [CANDIDATE]: Term 2 election: Election decided. Result: candidate won. Election summary: received 2 responses out of 3 voters: 2 yes votes; 0 no votes. yes voters: 0bb46eae609c4452aff67dba31e1b306, 9f6bdc1e2a14415bb427a86464ce640f; no voters: 
I20260630 12:35:14.535833  4171 raft_consensus.cc:2804] T 2c0cae812229400fbb3bc0984772100f P 9f6bdc1e2a14415bb427a86464ce640f [term 2 FOLLOWER]: Leader election won for term 2
I20260630 12:35:14.536401  4171 raft_consensus.cc:697] T 2c0cae812229400fbb3bc0984772100f P 9f6bdc1e2a14415bb427a86464ce640f [term 2 LEADER]: Becoming Leader. State: Replica: 9f6bdc1e2a14415bb427a86464ce640f, State: Running, Role: LEADER
I20260630 12:35:14.515372  4164 consensus_queue.cc:237] T 84133620569b4d6ca0263829b34957c1 P 0bb46eae609c4452aff67dba31e1b306 [LEADER]: Queue going to LEADER mode. State: All replicated index: 0, Majority replicated index: 1, Committed index: 1, Last appended: 1.1, Last appended by leader: 1, Current term: 2, Majority size: 2, State: 0, Mode: LEADER, active raft config: opid_index: -1 OBSOLETE_local: false peers { permanent_uuid: "fd817a1363944a0999bd5800d447f3db" member_type: VOTER last_known_addr { host: "127.0.211.1" port: 32885 } } peers { permanent_uuid: "c459ce35126b41f791a836b5b4f09547" member_type: VOTER last_known_addr { host: "127.0.211.2" port: 39021 } } peers { permanent_uuid: "0bb46eae609c4452aff67dba31e1b306" member_type: VOTER last_known_addr { host: "127.0.211.3" port: 33075 } }
I20260630 12:35:14.537297  4171 consensus_queue.cc:237] T 2c0cae812229400fbb3bc0984772100f P 9f6bdc1e2a14415bb427a86464ce640f [LEADER]: Queue going to LEADER mode. State: All replicated index: 0, Majority replicated index: 1, Committed index: 1, Last appended: 1.1, Last appended by leader: 1, Current term: 2, Majority size: 2, State: 0, Mode: LEADER, active raft config: opid_index: -1 OBSOLETE_local: false peers { permanent_uuid: "9f6bdc1e2a14415bb427a86464ce640f" member_type: VOTER last_known_addr { host: "127.0.211.4" port: 46805 } } peers { permanent_uuid: "0bb46eae609c4452aff67dba31e1b306" member_type: VOTER last_known_addr { host: "127.0.211.3" port: 33075 } } peers { permanent_uuid: "c459ce35126b41f791a836b5b4f09547" member_type: VOTER last_known_addr { host: "127.0.211.2" port: 39021 } }
I20260630 12:35:14.541414  3889 raft_consensus.cc:3060] T 2c0cae812229400fbb3bc0984772100f P c459ce35126b41f791a836b5b4f09547 [term 1 FOLLOWER]: Advancing to term 2
I20260630 12:35:14.543669  4035 raft_consensus.cc:993] T c55695a38764476caf784498a596a5fb P c459ce35126b41f791a836b5b4f09547: : Instructing follower 0bb46eae609c4452aff67dba31e1b306 to start an election
I20260630 12:35:14.544179  4035 raft_consensus.cc:1081] T c55695a38764476caf784498a596a5fb P c459ce35126b41f791a836b5b4f09547 [term 1 LEADER]: Signalling peer 0bb46eae609c4452aff67dba31e1b306 to start an election
I20260630 12:35:14.546314  4124 raft_consensus.cc:515] T 23dd7304b5ff4727b995bbea174be671 P 9f6bdc1e2a14415bb427a86464ce640f [term 2 FOLLOWER]: Starting forced leader election with config: opid_index: -1 OBSOLETE_local: false peers { permanent_uuid: "0bb46eae609c4452aff67dba31e1b306" member_type: VOTER last_known_addr { host: "127.0.211.3" port: 33075 } } peers { permanent_uuid: "c459ce35126b41f791a836b5b4f09547" member_type: VOTER last_known_addr { host: "127.0.211.2" port: 39021 } } peers { permanent_uuid: "9f6bdc1e2a14415bb427a86464ce640f" member_type: VOTER last_known_addr { host: "127.0.211.4" port: 46805 } }
I20260630 12:35:14.551075  3963 tablet_service.cc:2044] Received Run Leader Election RPC: tablet_id: "c55695a38764476caf784498a596a5fb"
dest_uuid: "0bb46eae609c4452aff67dba31e1b306"
 from {username='slave'} at 127.0.0.1:48848
I20260630 12:35:14.551705  3963 raft_consensus.cc:493] T c55695a38764476caf784498a596a5fb P 0bb46eae609c4452aff67dba31e1b306 [term 1 FOLLOWER]: Starting forced leader election (received explicit request)
I20260630 12:35:14.552106  3963 raft_consensus.cc:3060] T c55695a38764476caf784498a596a5fb P 0bb46eae609c4452aff67dba31e1b306 [term 1 FOLLOWER]: Advancing to term 2
I20260630 12:35:14.556094  3889 raft_consensus.cc:2468] T 2c0cae812229400fbb3bc0984772100f P c459ce35126b41f791a836b5b4f09547 [term 2 FOLLOWER]: Leader election vote request: Granting yes vote for candidate 9f6bdc1e2a14415bb427a86464ce640f in term 2.
I20260630 12:35:14.560710  3963 raft_consensus.cc:515] T c55695a38764476caf784498a596a5fb P 0bb46eae609c4452aff67dba31e1b306 [term 2 FOLLOWER]: Starting forced leader election with config: opid_index: -1 OBSOLETE_local: false peers { permanent_uuid: "fd817a1363944a0999bd5800d447f3db" member_type: VOTER last_known_addr { host: "127.0.211.1" port: 32885 } } peers { permanent_uuid: "c459ce35126b41f791a836b5b4f09547" member_type: VOTER last_known_addr { host: "127.0.211.2" port: 39021 } } peers { permanent_uuid: "0bb46eae609c4452aff67dba31e1b306" member_type: VOTER last_known_addr { host: "127.0.211.3" port: 33075 } }
I20260630 12:35:14.564646  3812 raft_consensus.cc:1275] T 26d10af3ce314f869150f1998c355b3c P fd817a1363944a0999bd5800d447f3db [term 1 FOLLOWER]: Refusing update from remote peer 0bb46eae609c4452aff67dba31e1b306: Log matching property violated. Preceding OpId in replica: term: 1 index: 1. Preceding OpId from leader: term: 1 index: 2. (index mismatch)
I20260630 12:35:14.564247  3711 catalog_manager.cc:5697] T 2c0cae812229400fbb3bc0984772100f P 9f6bdc1e2a14415bb427a86464ce640f reported cstate change: term changed from 1 to 2, leader changed from c459ce35126b41f791a836b5b4f09547 (127.0.211.2) to 9f6bdc1e2a14415bb427a86464ce640f (127.0.211.4). New cstate: current_term: 2 leader_uuid: "9f6bdc1e2a14415bb427a86464ce640f" committed_config { opid_index: -1 OBSOLETE_local: false peers { permanent_uuid: "9f6bdc1e2a14415bb427a86464ce640f" member_type: VOTER last_known_addr { host: "127.0.211.4" port: 46805 } health_report { overall_health: HEALTHY } } peers { permanent_uuid: "0bb46eae609c4452aff67dba31e1b306" member_type: VOTER last_known_addr { host: "127.0.211.3" port: 33075 } health_report { overall_health: UNKNOWN } } peers { permanent_uuid: "c459ce35126b41f791a836b5b4f09547" member_type: VOTER last_known_addr { host: "127.0.211.2" port: 39021 } health_report { overall_health: UNKNOWN } } }
I20260630 12:35:14.566787  3888 tablet_service.cc:1917] Received RequestConsensusVote() RPC: tablet_id: "c55695a38764476caf784498a596a5fb" candidate_uuid: "0bb46eae609c4452aff67dba31e1b306" candidate_term: 2 candidate_status { last_received { term: 1 index: 1 } } ignore_live_leader: true dest_uuid: "c459ce35126b41f791a836b5b4f09547"
I20260630 12:35:14.567685  3888 raft_consensus.cc:3055] T c55695a38764476caf784498a596a5fb P c459ce35126b41f791a836b5b4f09547 [term 1 LEADER]: Stepping down as leader of term 1
I20260630 12:35:14.568125  3888 raft_consensus.cc:740] T c55695a38764476caf784498a596a5fb P c459ce35126b41f791a836b5b4f09547 [term 1 LEADER]: Becoming Follower/Learner. State: Replica: c459ce35126b41f791a836b5b4f09547, State: Running, Role: LEADER
I20260630 12:35:14.569979  4122 raft_consensus.cc:1240] T 23dd7304b5ff4727b995bbea174be671 P 9f6bdc1e2a14415bb427a86464ce640f [term 2 FOLLOWER]: Rejecting Update request from peer c459ce35126b41f791a836b5b4f09547 for earlier term 1. Current term is 2. Ops: []
I20260630 12:35:14.570930  4243 consensus_queue.cc:1048] T 26d10af3ce314f869150f1998c355b3c P 0bb46eae609c4452aff67dba31e1b306 [LEADER]: Connected to new peer: Peer: permanent_uuid: "fd817a1363944a0999bd5800d447f3db" member_type: VOTER last_known_addr { host: "127.0.211.1" port: 32885 }, Status: LMP_MISMATCH, Last received: 0.0, Next index: 2, Last known committed idx: 1, Time since last communication: 0.001s
I20260630 12:35:14.568135  3812 tablet_service.cc:1917] Received RequestConsensusVote() RPC: tablet_id: "c55695a38764476caf784498a596a5fb" candidate_uuid: "0bb46eae609c4452aff67dba31e1b306" candidate_term: 2 candidate_status { last_received { term: 1 index: 1 } } ignore_live_leader: true dest_uuid: "fd817a1363944a0999bd5800d447f3db"
I20260630 12:35:14.572263  3812 raft_consensus.cc:3060] T c55695a38764476caf784498a596a5fb P fd817a1363944a0999bd5800d447f3db [term 1 FOLLOWER]: Advancing to term 2
I20260630 12:35:14.569242  3888 consensus_queue.cc:260] T c55695a38764476caf784498a596a5fb P c459ce35126b41f791a836b5b4f09547 [NON_LEADER]: Queue going to NON_LEADER mode. State: All replicated index: 0, Majority replicated index: 1, Committed index: 1, Last appended: 1.1, Last appended by leader: 1, Current term: 1, Majority size: -1, State: 0, Mode: NON_LEADER, active raft config: opid_index: -1 OBSOLETE_local: false peers { permanent_uuid: "fd817a1363944a0999bd5800d447f3db" member_type: VOTER last_known_addr { host: "127.0.211.1" port: 32885 } } peers { permanent_uuid: "c459ce35126b41f791a836b5b4f09547" member_type: VOTER last_known_addr { host: "127.0.211.2" port: 39021 } } peers { permanent_uuid: "0bb46eae609c4452aff67dba31e1b306" member_type: VOTER last_known_addr { host: "127.0.211.3" port: 33075 } }
I20260630 12:35:14.574644  4035 consensus_queue.cc:1059] T 23dd7304b5ff4727b995bbea174be671 P c459ce35126b41f791a836b5b4f09547 [LEADER]: Peer responded invalid term: Peer: permanent_uuid: "9f6bdc1e2a14415bb427a86464ce640f" member_type: VOTER last_known_addr { host: "127.0.211.4" port: 46805 }, Status: INVALID_TERM, Last received: 1.1, Next index: 2, Last known committed idx: 0, Time since last communication: 0.000s
I20260630 12:35:14.575575  4035 raft_consensus.cc:3055] T 23dd7304b5ff4727b995bbea174be671 P c459ce35126b41f791a836b5b4f09547 [term 1 LEADER]: Stepping down as leader of term 1
I20260630 12:35:14.575919  4035 raft_consensus.cc:740] T 23dd7304b5ff4727b995bbea174be671 P c459ce35126b41f791a836b5b4f09547 [term 1 LEADER]: Becoming Follower/Learner. State: Replica: c459ce35126b41f791a836b5b4f09547, State: Running, Role: LEADER
I20260630 12:35:14.575773  3888 raft_consensus.cc:3060] T c55695a38764476caf784498a596a5fb P c459ce35126b41f791a836b5b4f09547 [term 1 FOLLOWER]: Advancing to term 2
I20260630 12:35:14.577066  4035 consensus_queue.cc:260] T 23dd7304b5ff4727b995bbea174be671 P c459ce35126b41f791a836b5b4f09547 [NON_LEADER]: Queue going to NON_LEADER mode. State: All replicated index: 0, Majority replicated index: 1, Committed index: 1, Last appended: 1.1, Last appended by leader: 1, Current term: 1, Majority size: -1, State: 0, Mode: NON_LEADER, active raft config: opid_index: -1 OBSOLETE_local: false peers { permanent_uuid: "0bb46eae609c4452aff67dba31e1b306" member_type: VOTER last_known_addr { host: "127.0.211.3" port: 33075 } } peers { permanent_uuid: "c459ce35126b41f791a836b5b4f09547" member_type: VOTER last_known_addr { host: "127.0.211.2" port: 39021 } } peers { permanent_uuid: "9f6bdc1e2a14415bb427a86464ce640f" member_type: VOTER last_known_addr { host: "127.0.211.4" port: 46805 } }
I20260630 12:35:14.584371  4035 raft_consensus.cc:3060] T 23dd7304b5ff4727b995bbea174be671 P c459ce35126b41f791a836b5b4f09547 [term 1 FOLLOWER]: Advancing to term 2
I20260630 12:35:14.590900  3963 leader_election.cc:290] T c55695a38764476caf784498a596a5fb P 0bb46eae609c4452aff67dba31e1b306 [CANDIDATE]: Term 2 election: Requested vote from peers fd817a1363944a0999bd5800d447f3db (127.0.211.1:32885), c459ce35126b41f791a836b5b4f09547 (127.0.211.2:39021)
I20260630 12:35:14.590577  4241 raft_consensus.cc:2955] T 26d10af3ce314f869150f1998c355b3c P 0bb46eae609c4452aff67dba31e1b306 [term 1 LEADER]: Committing config change with OpId 1.2: config changed from index -1 to 2, NON_VOTER 9f6bdc1e2a14415bb427a86464ce640f (127.0.211.4) added. New config: { opid_index: 2 OBSOLETE_local: false peers { permanent_uuid: "fd817a1363944a0999bd5800d447f3db" member_type: VOTER last_known_addr { host: "127.0.211.1" port: 32885 } } peers { permanent_uuid: "c459ce35126b41f791a836b5b4f09547" member_type: VOTER last_known_addr { host: "127.0.211.2" port: 39021 } attrs { replace: true } } peers { permanent_uuid: "0bb46eae609c4452aff67dba31e1b306" member_type: VOTER last_known_addr { host: "127.0.211.3" port: 33075 } } peers { permanent_uuid: "9f6bdc1e2a14415bb427a86464ce640f" member_type: NON_VOTER last_known_addr { host: "127.0.211.4" port: 46805 } attrs { promote: true } } }
I20260630 12:35:14.592991  3814 raft_consensus.cc:2955] T 26d10af3ce314f869150f1998c355b3c P fd817a1363944a0999bd5800d447f3db [term 1 FOLLOWER]: Committing config change with OpId 1.2: config changed from index -1 to 2, NON_VOTER 9f6bdc1e2a14415bb427a86464ce640f (127.0.211.4) added. New config: { opid_index: 2 OBSOLETE_local: false peers { permanent_uuid: "fd817a1363944a0999bd5800d447f3db" member_type: VOTER last_known_addr { host: "127.0.211.1" port: 32885 } } peers { permanent_uuid: "c459ce35126b41f791a836b5b4f09547" member_type: VOTER last_known_addr { host: "127.0.211.2" port: 39021 } attrs { replace: true } } peers { permanent_uuid: "0bb46eae609c4452aff67dba31e1b306" member_type: VOTER last_known_addr { host: "127.0.211.3" port: 33075 } } peers { permanent_uuid: "9f6bdc1e2a14415bb427a86464ce640f" member_type: NON_VOTER last_known_addr { host: "127.0.211.4" port: 46805 } attrs { promote: true } } }
I20260630 12:35:14.595862  3889 raft_consensus.cc:1275] T 26d10af3ce314f869150f1998c355b3c P c459ce35126b41f791a836b5b4f09547 [term 1 FOLLOWER]: Refusing update from remote peer 0bb46eae609c4452aff67dba31e1b306: Log matching property violated. Preceding OpId in replica: term: 1 index: 1. Preceding OpId from leader: term: 1 index: 2. (index mismatch)
I20260630 12:35:14.598479  3812 raft_consensus.cc:2468] T c55695a38764476caf784498a596a5fb P fd817a1363944a0999bd5800d447f3db [term 2 FOLLOWER]: Leader election vote request: Granting yes vote for candidate 0bb46eae609c4452aff67dba31e1b306 in term 2.
I20260630 12:35:14.598675  3887 tablet_service.cc:1917] Received RequestConsensusVote() RPC: tablet_id: "23dd7304b5ff4727b995bbea174be671" candidate_uuid: "9f6bdc1e2a14415bb427a86464ce640f" candidate_term: 2 candidate_status { last_received { term: 1 index: 1 } } ignore_live_leader: true dest_uuid: "c459ce35126b41f791a836b5b4f09547"
I20260630 12:35:14.599918  4124 leader_election.cc:290] T 23dd7304b5ff4727b995bbea174be671 P 9f6bdc1e2a14415bb427a86464ce640f [CANDIDATE]: Term 2 election: Requested vote from peers 0bb46eae609c4452aff67dba31e1b306 (127.0.211.3:33075), c459ce35126b41f791a836b5b4f09547 (127.0.211.2:39021)
I20260630 12:35:14.601459  3963 tablet_service.cc:1917] Received RequestConsensusVote() RPC: tablet_id: "23dd7304b5ff4727b995bbea174be671" candidate_uuid: "9f6bdc1e2a14415bb427a86464ce640f" candidate_term: 2 candidate_status { last_received { term: 1 index: 1 } } ignore_live_leader: true dest_uuid: "0bb46eae609c4452aff67dba31e1b306"
I20260630 12:35:14.602313  3963 raft_consensus.cc:3060] T 23dd7304b5ff4727b995bbea174be671 P 0bb46eae609c4452aff67dba31e1b306 [term 1 FOLLOWER]: Advancing to term 2
I20260630 12:35:14.603962  4164 consensus_queue.cc:1048] T 26d10af3ce314f869150f1998c355b3c P 0bb46eae609c4452aff67dba31e1b306 [LEADER]: Connected to new peer: Peer: permanent_uuid: "c459ce35126b41f791a836b5b4f09547" member_type: VOTER last_known_addr { host: "127.0.211.2" port: 39021 } attrs { replace: true }, Status: LMP_MISMATCH, Last received: 0.0, Next index: 2, Last known committed idx: 1, Time since last communication: 0.001s
I20260630 12:35:14.606700  3888 raft_consensus.cc:2468] T c55695a38764476caf784498a596a5fb P c459ce35126b41f791a836b5b4f09547 [term 2 FOLLOWER]: Leader election vote request: Granting yes vote for candidate 0bb46eae609c4452aff67dba31e1b306 in term 2.
I20260630 12:35:14.615218  3711 catalog_manager.cc:5697] T 26d10af3ce314f869150f1998c355b3c P fd817a1363944a0999bd5800d447f3db reported cstate change: config changed from index -1 to 2, NON_VOTER 9f6bdc1e2a14415bb427a86464ce640f (127.0.211.4) added. New cstate: current_term: 1 leader_uuid: "0bb46eae609c4452aff67dba31e1b306" committed_config { opid_index: 2 OBSOLETE_local: false peers { permanent_uuid: "fd817a1363944a0999bd5800d447f3db" member_type: VOTER last_known_addr { host: "127.0.211.1" port: 32885 } } peers { permanent_uuid: "c459ce35126b41f791a836b5b4f09547" member_type: VOTER last_known_addr { host: "127.0.211.2" port: 39021 } attrs { replace: true } } peers { permanent_uuid: "0bb46eae609c4452aff67dba31e1b306" member_type: VOTER last_known_addr { host: "127.0.211.3" port: 33075 } } peers { permanent_uuid: "9f6bdc1e2a14415bb427a86464ce640f" member_type: NON_VOTER last_known_addr { host: "127.0.211.4" port: 46805 } attrs { promote: true } } }
I20260630 12:35:14.606915  3926 leader_election.cc:304] T c55695a38764476caf784498a596a5fb P 0bb46eae609c4452aff67dba31e1b306 [CANDIDATE]: Term 2 election: Election decided. Result: candidate won. Election summary: received 2 responses out of 3 voters: 2 yes votes; 0 no votes. yes voters: 0bb46eae609c4452aff67dba31e1b306, fd817a1363944a0999bd5800d447f3db; no voters: 
I20260630 12:35:14.609357  3709 catalog_manager.cc:5697] T 84133620569b4d6ca0263829b34957c1 P 0bb46eae609c4452aff67dba31e1b306 reported cstate change: term changed from 1 to 2, leader changed from c459ce35126b41f791a836b5b4f09547 (127.0.211.2) to 0bb46eae609c4452aff67dba31e1b306 (127.0.211.3). New cstate: current_term: 2 leader_uuid: "0bb46eae609c4452aff67dba31e1b306" committed_config { opid_index: -1 OBSOLETE_local: false peers { permanent_uuid: "fd817a1363944a0999bd5800d447f3db" member_type: VOTER last_known_addr { host: "127.0.211.1" port: 32885 } health_report { overall_health: UNKNOWN } } peers { permanent_uuid: "c459ce35126b41f791a836b5b4f09547" member_type: VOTER last_known_addr { host: "127.0.211.2" port: 39021 } health_report { overall_health: UNKNOWN } } peers { permanent_uuid: "0bb46eae609c4452aff67dba31e1b306" member_type: VOTER last_known_addr { host: "127.0.211.3" port: 33075 } health_report { overall_health: HEALTHY } } }
I20260630 12:35:14.623010  4243 raft_consensus.cc:2804] T c55695a38764476caf784498a596a5fb P 0bb46eae609c4452aff67dba31e1b306 [term 2 FOLLOWER]: Leader election won for term 2
I20260630 12:35:14.624233  4243 raft_consensus.cc:697] T c55695a38764476caf784498a596a5fb P 0bb46eae609c4452aff67dba31e1b306 [term 2 LEADER]: Becoming Leader. State: Replica: 0bb46eae609c4452aff67dba31e1b306, State: Running, Role: LEADER
I20260630 12:35:14.624504  3887 raft_consensus.cc:2468] T 23dd7304b5ff4727b995bbea174be671 P c459ce35126b41f791a836b5b4f09547 [term 2 FOLLOWER]: Leader election vote request: Granting yes vote for candidate 9f6bdc1e2a14415bb427a86464ce640f in term 2.
I20260630 12:35:14.625547  4243 consensus_queue.cc:237] T c55695a38764476caf784498a596a5fb P 0bb46eae609c4452aff67dba31e1b306 [LEADER]: Queue going to LEADER mode. State: All replicated index: 0, Majority replicated index: 1, Committed index: 1, Last appended: 1.1, Last appended by leader: 1, Current term: 2, Majority size: 2, State: 0, Mode: LEADER, active raft config: opid_index: -1 OBSOLETE_local: false peers { permanent_uuid: "fd817a1363944a0999bd5800d447f3db" member_type: VOTER last_known_addr { host: "127.0.211.1" port: 32885 } } peers { permanent_uuid: "c459ce35126b41f791a836b5b4f09547" member_type: VOTER last_known_addr { host: "127.0.211.2" port: 39021 } } peers { permanent_uuid: "0bb46eae609c4452aff67dba31e1b306" member_type: VOTER last_known_addr { host: "127.0.211.3" port: 33075 } }
I20260630 12:35:14.628257  4082 leader_election.cc:304] T 23dd7304b5ff4727b995bbea174be671 P 9f6bdc1e2a14415bb427a86464ce640f [CANDIDATE]: Term 2 election: Election decided. Result: candidate won. Election summary: received 2 responses out of 3 voters: 2 yes votes; 0 no votes. yes voters: 9f6bdc1e2a14415bb427a86464ce640f, c459ce35126b41f791a836b5b4f09547; no voters: 
I20260630 12:35:14.630875  4171 raft_consensus.cc:2804] T 23dd7304b5ff4727b995bbea174be671 P 9f6bdc1e2a14415bb427a86464ce640f [term 2 FOLLOWER]: Leader election won for term 2
I20260630 12:35:14.631664  4171 raft_consensus.cc:697] T 23dd7304b5ff4727b995bbea174be671 P 9f6bdc1e2a14415bb427a86464ce640f [term 2 LEADER]: Becoming Leader. State: Replica: 9f6bdc1e2a14415bb427a86464ce640f, State: Running, Role: LEADER
I20260630 12:35:14.632696  4171 consensus_queue.cc:237] T 23dd7304b5ff4727b995bbea174be671 P 9f6bdc1e2a14415bb427a86464ce640f [LEADER]: Queue going to LEADER mode. State: All replicated index: 0, Majority replicated index: 0, Committed index: 0, Last appended: 1.1, Last appended by leader: 1, Current term: 2, Majority size: 2, State: 0, Mode: LEADER, active raft config: opid_index: -1 OBSOLETE_local: false peers { permanent_uuid: "0bb46eae609c4452aff67dba31e1b306" member_type: VOTER last_known_addr { host: "127.0.211.3" port: 33075 } } peers { permanent_uuid: "c459ce35126b41f791a836b5b4f09547" member_type: VOTER last_known_addr { host: "127.0.211.2" port: 39021 } } peers { permanent_uuid: "9f6bdc1e2a14415bb427a86464ce640f" member_type: VOTER last_known_addr { host: "127.0.211.4" port: 46805 } }
I20260630 12:35:14.637616  3889 raft_consensus.cc:2955] T 26d10af3ce314f869150f1998c355b3c P c459ce35126b41f791a836b5b4f09547 [term 1 FOLLOWER]: Committing config change with OpId 1.2: config changed from index -1 to 2, NON_VOTER 9f6bdc1e2a14415bb427a86464ce640f (127.0.211.4) added. New config: { opid_index: 2 OBSOLETE_local: false peers { permanent_uuid: "fd817a1363944a0999bd5800d447f3db" member_type: VOTER last_known_addr { host: "127.0.211.1" port: 32885 } } peers { permanent_uuid: "c459ce35126b41f791a836b5b4f09547" member_type: VOTER last_known_addr { host: "127.0.211.2" port: 39021 } attrs { replace: true } } peers { permanent_uuid: "0bb46eae609c4452aff67dba31e1b306" member_type: VOTER last_known_addr { host: "127.0.211.3" port: 33075 } } peers { permanent_uuid: "9f6bdc1e2a14415bb427a86464ce640f" member_type: NON_VOTER last_known_addr { host: "127.0.211.4" port: 46805 } attrs { promote: true } } }
W20260630 12:35:14.642071  3760 auto_rebalancer.cc:639] Failed to schedule move for tablet c26d59a173674da08d1bc81e4c10cc57: Remote error: Service unavailable: leader transfer in progress
I20260630 12:35:14.642939  3708 catalog_manager.cc:5697] T 23dd7304b5ff4727b995bbea174be671 P 9f6bdc1e2a14415bb427a86464ce640f reported cstate change: term changed from 1 to 2, leader changed from c459ce35126b41f791a836b5b4f09547 (127.0.211.2) to 9f6bdc1e2a14415bb427a86464ce640f (127.0.211.4). New cstate: current_term: 2 leader_uuid: "9f6bdc1e2a14415bb427a86464ce640f" committed_config { opid_index: -1 OBSOLETE_local: false peers { permanent_uuid: "0bb46eae609c4452aff67dba31e1b306" member_type: VOTER last_known_addr { host: "127.0.211.3" port: 33075 } health_report { overall_health: UNKNOWN } } peers { permanent_uuid: "c459ce35126b41f791a836b5b4f09547" member_type: VOTER last_known_addr { host: "127.0.211.2" port: 39021 } health_report { overall_health: UNKNOWN } } peers { permanent_uuid: "9f6bdc1e2a14415bb427a86464ce640f" member_type: VOTER last_known_addr { host: "127.0.211.4" port: 46805 } health_report { overall_health: HEALTHY } } }
W20260630 12:35:14.647398  3760 auto_rebalancer.cc:639] Failed to schedule move for tablet c55695a38764476caf784498a596a5fb: Illegal state: Replica c459ce35126b41f791a836b5b4f09547 is not leader of this config. Role: FOLLOWER. Consensus state: current_term: 2 committed_config { opid_index: -1 OBSOLETE_local: false peers { permanent_uuid: "fd817a1363944a0999bd5800d447f3db" member_type: VOTER last_known_addr { host: "127.0.211.1" port: 32885 } } peers { permanent_uuid: "c459ce35126b41f791a836b5b4f09547" member_type: VOTER last_known_addr { host: "127.0.211.2" port: 39021 } } peers { permanent_uuid: "0bb46eae609c4452aff67dba31e1b306" member_type: VOTER last_known_addr { host: "127.0.211.3" port: 33075 } } }
I20260630 12:35:14.653244  3963 raft_consensus.cc:2468] T 23dd7304b5ff4727b995bbea174be671 P 0bb46eae609c4452aff67dba31e1b306 [term 2 FOLLOWER]: Leader election vote request: Granting yes vote for candidate 9f6bdc1e2a14415bb427a86464ce640f in term 2.
I20260630 12:35:14.668903  3710 catalog_manager.cc:5697] T c55695a38764476caf784498a596a5fb P 0bb46eae609c4452aff67dba31e1b306 reported cstate change: term changed from 1 to 2, leader changed from c459ce35126b41f791a836b5b4f09547 (127.0.211.2) to 0bb46eae609c4452aff67dba31e1b306 (127.0.211.3). New cstate: current_term: 2 leader_uuid: "0bb46eae609c4452aff67dba31e1b306" committed_config { opid_index: -1 OBSOLETE_local: false peers { permanent_uuid: "fd817a1363944a0999bd5800d447f3db" member_type: VOTER last_known_addr { host: "127.0.211.1" port: 32885 } health_report { overall_health: UNKNOWN } } peers { permanent_uuid: "c459ce35126b41f791a836b5b4f09547" member_type: VOTER last_known_addr { host: "127.0.211.2" port: 39021 } health_report { overall_health: UNKNOWN } } peers { permanent_uuid: "0bb46eae609c4452aff67dba31e1b306" member_type: VOTER last_known_addr { host: "127.0.211.3" port: 33075 } health_report { overall_health: HEALTHY } } }
I20260630 12:35:14.688627  4237 raft_consensus.cc:993] T c26d59a173674da08d1bc81e4c10cc57 P c459ce35126b41f791a836b5b4f09547: : Instructing follower fd817a1363944a0999bd5800d447f3db to start an election
I20260630 12:35:14.689308  4035 raft_consensus.cc:1081] T c26d59a173674da08d1bc81e4c10cc57 P c459ce35126b41f791a836b5b4f09547 [term 1 LEADER]: Signalling peer fd817a1363944a0999bd5800d447f3db to start an election
I20260630 12:35:14.691020  3814 tablet_service.cc:2044] Received Run Leader Election RPC: tablet_id: "c26d59a173674da08d1bc81e4c10cc57"
dest_uuid: "fd817a1363944a0999bd5800d447f3db"
 from {username='slave'} at 127.0.0.1:49394
I20260630 12:35:14.691592  3814 raft_consensus.cc:493] T c26d59a173674da08d1bc81e4c10cc57 P fd817a1363944a0999bd5800d447f3db [term 1 FOLLOWER]: Starting forced leader election (received explicit request)
I20260630 12:35:14.691865  3814 raft_consensus.cc:3060] T c26d59a173674da08d1bc81e4c10cc57 P fd817a1363944a0999bd5800d447f3db [term 1 FOLLOWER]: Advancing to term 2
I20260630 12:35:14.697417  3814 raft_consensus.cc:515] T c26d59a173674da08d1bc81e4c10cc57 P fd817a1363944a0999bd5800d447f3db [term 2 FOLLOWER]: Starting forced leader election with config: opid_index: -1 OBSOLETE_local: false peers { permanent_uuid: "fd817a1363944a0999bd5800d447f3db" member_type: VOTER last_known_addr { host: "127.0.211.1" port: 32885 } } peers { permanent_uuid: "c459ce35126b41f791a836b5b4f09547" member_type: VOTER last_known_addr { host: "127.0.211.2" port: 39021 } } peers { permanent_uuid: "0bb46eae609c4452aff67dba31e1b306" member_type: VOTER last_known_addr { host: "127.0.211.3" port: 33075 } }
I20260630 12:35:14.700340  3889 tablet_service.cc:1917] Received RequestConsensusVote() RPC: tablet_id: "c26d59a173674da08d1bc81e4c10cc57" candidate_uuid: "fd817a1363944a0999bd5800d447f3db" candidate_term: 2 candidate_status { last_received { term: 1 index: 1 } } ignore_live_leader: true dest_uuid: "c459ce35126b41f791a836b5b4f09547"
I20260630 12:35:14.701007  3889 raft_consensus.cc:3055] T c26d59a173674da08d1bc81e4c10cc57 P c459ce35126b41f791a836b5b4f09547 [term 1 LEADER]: Stepping down as leader of term 1
I20260630 12:35:14.701139  3963 tablet_service.cc:1917] Received RequestConsensusVote() RPC: tablet_id: "c26d59a173674da08d1bc81e4c10cc57" candidate_uuid: "fd817a1363944a0999bd5800d447f3db" candidate_term: 2 candidate_status { last_received { term: 1 index: 1 } } ignore_live_leader: true dest_uuid: "0bb46eae609c4452aff67dba31e1b306"
I20260630 12:35:14.701795  3889 raft_consensus.cc:740] T c26d59a173674da08d1bc81e4c10cc57 P c459ce35126b41f791a836b5b4f09547 [term 1 LEADER]: Becoming Follower/Learner. State: Replica: c459ce35126b41f791a836b5b4f09547, State: Running, Role: LEADER
I20260630 12:35:14.701938  3963 raft_consensus.cc:3060] T c26d59a173674da08d1bc81e4c10cc57 P 0bb46eae609c4452aff67dba31e1b306 [term 1 FOLLOWER]: Advancing to term 2
I20260630 12:35:14.702816  3889 consensus_queue.cc:260] T c26d59a173674da08d1bc81e4c10cc57 P c459ce35126b41f791a836b5b4f09547 [NON_LEADER]: Queue going to NON_LEADER mode. State: All replicated index: 0, Majority replicated index: 1, Committed index: 1, Last appended: 1.1, Last appended by leader: 1, Current term: 1, Majority size: -1, State: 0, Mode: NON_LEADER, active raft config: opid_index: -1 OBSOLETE_local: false peers { permanent_uuid: "fd817a1363944a0999bd5800d447f3db" member_type: VOTER last_known_addr { host: "127.0.211.1" port: 32885 } } peers { permanent_uuid: "c459ce35126b41f791a836b5b4f09547" member_type: VOTER last_known_addr { host: "127.0.211.2" port: 39021 } } peers { permanent_uuid: "0bb46eae609c4452aff67dba31e1b306" member_type: VOTER last_known_addr { host: "127.0.211.3" port: 33075 } }
I20260630 12:35:14.703958  3889 raft_consensus.cc:3060] T c26d59a173674da08d1bc81e4c10cc57 P c459ce35126b41f791a836b5b4f09547 [term 1 FOLLOWER]: Advancing to term 2
I20260630 12:35:14.708101  3963 raft_consensus.cc:2468] T c26d59a173674da08d1bc81e4c10cc57 P 0bb46eae609c4452aff67dba31e1b306 [term 2 FOLLOWER]: Leader election vote request: Granting yes vote for candidate fd817a1363944a0999bd5800d447f3db in term 2.
I20260630 12:35:14.708866  3814 leader_election.cc:290] T c26d59a173674da08d1bc81e4c10cc57 P fd817a1363944a0999bd5800d447f3db [CANDIDATE]: Term 2 election: Requested vote from peers c459ce35126b41f791a836b5b4f09547 (127.0.211.2:39021), 0bb46eae609c4452aff67dba31e1b306 (127.0.211.3:33075)
I20260630 12:35:14.710469  3779 leader_election.cc:304] T c26d59a173674da08d1bc81e4c10cc57 P fd817a1363944a0999bd5800d447f3db [CANDIDATE]: Term 2 election: Election decided. Result: candidate won. Election summary: received 2 responses out of 3 voters: 2 yes votes; 0 no votes. yes voters: 0bb46eae609c4452aff67dba31e1b306, fd817a1363944a0999bd5800d447f3db; no voters: 
I20260630 12:35:14.710974  3889 raft_consensus.cc:2468] T c26d59a173674da08d1bc81e4c10cc57 P c459ce35126b41f791a836b5b4f09547 [term 2 FOLLOWER]: Leader election vote request: Granting yes vote for candidate fd817a1363944a0999bd5800d447f3db in term 2.
I20260630 12:35:14.711635  4184 raft_consensus.cc:2804] T c26d59a173674da08d1bc81e4c10cc57 P fd817a1363944a0999bd5800d447f3db [term 2 FOLLOWER]: Leader election won for term 2
I20260630 12:35:14.712160  4184 raft_consensus.cc:697] T c26d59a173674da08d1bc81e4c10cc57 P fd817a1363944a0999bd5800d447f3db [term 2 LEADER]: Becoming Leader. State: Replica: fd817a1363944a0999bd5800d447f3db, State: Running, Role: LEADER
I20260630 12:35:14.712945  4184 consensus_queue.cc:237] T c26d59a173674da08d1bc81e4c10cc57 P fd817a1363944a0999bd5800d447f3db [LEADER]: Queue going to LEADER mode. State: All replicated index: 0, Majority replicated index: 1, Committed index: 1, Last appended: 1.1, Last appended by leader: 1, Current term: 2, Majority size: 2, State: 0, Mode: LEADER, active raft config: opid_index: -1 OBSOLETE_local: false peers { permanent_uuid: "fd817a1363944a0999bd5800d447f3db" member_type: VOTER last_known_addr { host: "127.0.211.1" port: 32885 } } peers { permanent_uuid: "c459ce35126b41f791a836b5b4f09547" member_type: VOTER last_known_addr { host: "127.0.211.2" port: 39021 } } peers { permanent_uuid: "0bb46eae609c4452aff67dba31e1b306" member_type: VOTER last_known_addr { host: "127.0.211.3" port: 33075 } }
I20260630 12:35:14.721084  3710 catalog_manager.cc:5697] T c26d59a173674da08d1bc81e4c10cc57 P fd817a1363944a0999bd5800d447f3db reported cstate change: term changed from 1 to 2, leader changed from c459ce35126b41f791a836b5b4f09547 (127.0.211.2) to fd817a1363944a0999bd5800d447f3db (127.0.211.1). New cstate: current_term: 2 leader_uuid: "fd817a1363944a0999bd5800d447f3db" committed_config { opid_index: -1 OBSOLETE_local: false peers { permanent_uuid: "fd817a1363944a0999bd5800d447f3db" member_type: VOTER last_known_addr { host: "127.0.211.1" port: 32885 } health_report { overall_health: HEALTHY } } peers { permanent_uuid: "c459ce35126b41f791a836b5b4f09547" member_type: VOTER last_known_addr { host: "127.0.211.2" port: 39021 } health_report { overall_health: UNKNOWN } } peers { permanent_uuid: "0bb46eae609c4452aff67dba31e1b306" member_type: VOTER last_known_addr { host: "127.0.211.3" port: 33075 } health_report { overall_health: UNKNOWN } } }
I20260630 12:35:14.754877  3814 raft_consensus.cc:1275] T de3c8f9a3c4b4c5a9e45d5e1a238ba55 P fd817a1363944a0999bd5800d447f3db [term 2 FOLLOWER]: Refusing update from remote peer 9f6bdc1e2a14415bb427a86464ce640f: Log matching property violated. Preceding OpId in replica: term: 1 index: 1. Preceding OpId from leader: term: 2 index: 2. (index mismatch)
I20260630 12:35:14.756402  4171 consensus_queue.cc:1048] T de3c8f9a3c4b4c5a9e45d5e1a238ba55 P 9f6bdc1e2a14415bb427a86464ce640f [LEADER]: Connected to new peer: Peer: permanent_uuid: "fd817a1363944a0999bd5800d447f3db" member_type: VOTER last_known_addr { host: "127.0.211.1" port: 32885 }, Status: LMP_MISMATCH, Last received: 0.0, Next index: 2, Last known committed idx: 1, Time since last communication: 0.000s
I20260630 12:35:14.765556  3889 raft_consensus.cc:1275] T de3c8f9a3c4b4c5a9e45d5e1a238ba55 P c459ce35126b41f791a836b5b4f09547 [term 2 FOLLOWER]: Refusing update from remote peer 9f6bdc1e2a14415bb427a86464ce640f: Log matching property violated. Preceding OpId in replica: term: 1 index: 1. Preceding OpId from leader: term: 2 index: 2. (index mismatch)
I20260630 12:35:14.773818  4252 consensus_queue.cc:1048] T de3c8f9a3c4b4c5a9e45d5e1a238ba55 P 9f6bdc1e2a14415bb427a86464ce640f [LEADER]: Connected to new peer: Peer: permanent_uuid: "c459ce35126b41f791a836b5b4f09547" member_type: VOTER last_known_addr { host: "127.0.211.2" port: 39021 }, Status: LMP_MISMATCH, Last received: 0.0, Next index: 2, Last known committed idx: 1, Time since last communication: 0.001s
I20260630 12:35:14.813035  3889 raft_consensus.cc:1275] T c42598515cf448daaf8c94258e034b51 P c459ce35126b41f791a836b5b4f09547 [term 2 FOLLOWER]: Refusing update from remote peer fd817a1363944a0999bd5800d447f3db: Log matching property violated. Preceding OpId in replica: term: 1 index: 1. Preceding OpId from leader: term: 2 index: 2. (index mismatch)
I20260630 12:35:14.814782  4184 consensus_queue.cc:1048] T c42598515cf448daaf8c94258e034b51 P fd817a1363944a0999bd5800d447f3db [LEADER]: Connected to new peer: Peer: permanent_uuid: "c459ce35126b41f791a836b5b4f09547" member_type: VOTER last_known_addr { host: "127.0.211.2" port: 39021 }, Status: LMP_MISMATCH, Last received: 0.0, Next index: 2, Last known committed idx: 1, Time since last communication: 0.000s
I20260630 12:35:14.826978  3963 raft_consensus.cc:1275] T c42598515cf448daaf8c94258e034b51 P 0bb46eae609c4452aff67dba31e1b306 [term 2 FOLLOWER]: Refusing update from remote peer fd817a1363944a0999bd5800d447f3db: Log matching property violated. Preceding OpId in replica: term: 1 index: 1. Preceding OpId from leader: term: 2 index: 2. (index mismatch)
I20260630 12:35:14.828662  4209 consensus_queue.cc:1048] T c42598515cf448daaf8c94258e034b51 P fd817a1363944a0999bd5800d447f3db [LEADER]: Connected to new peer: Peer: permanent_uuid: "0bb46eae609c4452aff67dba31e1b306" member_type: VOTER last_known_addr { host: "127.0.211.3" port: 33075 }, Status: LMP_MISMATCH, Last received: 0.0, Next index: 2, Last known committed idx: 1, Time since last communication: 0.000s
I20260630 12:35:14.881412  4255 ts_tablet_manager.cc:933] T 26d10af3ce314f869150f1998c355b3c P 9f6bdc1e2a14415bb427a86464ce640f: Initiating tablet copy from peer 0bb46eae609c4452aff67dba31e1b306 (127.0.211.3:33075)
I20260630 12:35:14.883172  4255 tablet_copy_client.cc:323] T 26d10af3ce314f869150f1998c355b3c P 9f6bdc1e2a14415bb427a86464ce640f: tablet copy: Beginning tablet copy session from remote peer at address 127.0.211.3:33075
I20260630 12:35:14.884979  3974 tablet_copy_service.cc:140] P 0bb46eae609c4452aff67dba31e1b306: Received BeginTabletCopySession request for tablet 26d10af3ce314f869150f1998c355b3c from peer 9f6bdc1e2a14415bb427a86464ce640f ({username='slave'} at 127.0.0.1:48448)
I20260630 12:35:14.885444  3974 tablet_copy_service.cc:161] P 0bb46eae609c4452aff67dba31e1b306: Beginning new tablet copy session on tablet 26d10af3ce314f869150f1998c355b3c from peer 9f6bdc1e2a14415bb427a86464ce640f at {username='slave'} at 127.0.0.1:48448: session id = 9f6bdc1e2a14415bb427a86464ce640f-26d10af3ce314f869150f1998c355b3c
I20260630 12:35:14.890558  3974 tablet_copy_source_session.cc:215] T 26d10af3ce314f869150f1998c355b3c P 0bb46eae609c4452aff67dba31e1b306: Tablet Copy: opened 0 blocks and 1 log segments
I20260630 12:35:14.893586  4255 data_dirs.cc:400] Could only allocate 1 dirs of requested 3 for tablet 26d10af3ce314f869150f1998c355b3c. 1 dirs total, 0 dirs full, 0 dirs failed
I20260630 12:35:14.909896  4255 tablet_copy_client.cc:806] T 26d10af3ce314f869150f1998c355b3c P 9f6bdc1e2a14415bb427a86464ce640f: tablet copy: Starting download of 0 data blocks...
I20260630 12:35:14.910514  4255 tablet_copy_client.cc:670] T 26d10af3ce314f869150f1998c355b3c P 9f6bdc1e2a14415bb427a86464ce640f: tablet copy: Starting download of 1 WAL segments...
I20260630 12:35:14.914286  4255 tablet_copy_client.cc:538] T 26d10af3ce314f869150f1998c355b3c P 9f6bdc1e2a14415bb427a86464ce640f: tablet copy: Tablet Copy complete. Replacing tablet superblock.
I20260630 12:35:14.923417  4255 tablet_bootstrap.cc:492] T 26d10af3ce314f869150f1998c355b3c P 9f6bdc1e2a14415bb427a86464ce640f: Bootstrap starting.
I20260630 12:35:14.931447  4257 ts_tablet_manager.cc:933] T 92901a3f31d04152b7231e1038806c54 P 9f6bdc1e2a14415bb427a86464ce640f: Initiating tablet copy from peer c459ce35126b41f791a836b5b4f09547 (127.0.211.2:39021)
I20260630 12:35:14.933120  4257 tablet_copy_client.cc:323] T 92901a3f31d04152b7231e1038806c54 P 9f6bdc1e2a14415bb427a86464ce640f: tablet copy: Beginning tablet copy session from remote peer at address 127.0.211.2:39021
I20260630 12:35:14.935016  3899 tablet_copy_service.cc:140] P c459ce35126b41f791a836b5b4f09547: Received BeginTabletCopySession request for tablet 92901a3f31d04152b7231e1038806c54 from peer 9f6bdc1e2a14415bb427a86464ce640f ({username='slave'} at 127.0.0.1:33700)
I20260630 12:35:14.935546  3899 tablet_copy_service.cc:161] P c459ce35126b41f791a836b5b4f09547: Beginning new tablet copy session on tablet 92901a3f31d04152b7231e1038806c54 from peer 9f6bdc1e2a14415bb427a86464ce640f at {username='slave'} at 127.0.0.1:33700: session id = 9f6bdc1e2a14415bb427a86464ce640f-92901a3f31d04152b7231e1038806c54
I20260630 12:35:14.941748  3899 tablet_copy_source_session.cc:215] T 92901a3f31d04152b7231e1038806c54 P c459ce35126b41f791a836b5b4f09547: Tablet Copy: opened 0 blocks and 1 log segments
I20260630 12:35:14.943347  4255 tablet_bootstrap.cc:492] T 26d10af3ce314f869150f1998c355b3c P 9f6bdc1e2a14415bb427a86464ce640f: Bootstrap replayed 1/1 log segments. Stats: ops{read=2 overwritten=0 applied=2 ignored=0} inserts{seen=0 ignored=0} mutations{seen=0 ignored=0} orphaned_commits=0. Pending: 0 replicates
I20260630 12:35:14.944334  4255 tablet_bootstrap.cc:492] T 26d10af3ce314f869150f1998c355b3c P 9f6bdc1e2a14415bb427a86464ce640f: Bootstrap complete.
I20260630 12:35:14.944451  4257 data_dirs.cc:400] Could only allocate 1 dirs of requested 3 for tablet 92901a3f31d04152b7231e1038806c54. 1 dirs total, 0 dirs full, 0 dirs failed
I20260630 12:35:14.944999  4255 ts_tablet_manager.cc:1403] T 26d10af3ce314f869150f1998c355b3c P 9f6bdc1e2a14415bb427a86464ce640f: Time spent bootstrapping tablet: real 0.022s	user 0.010s	sys 0.010s
I20260630 12:35:14.947809  4255 raft_consensus.cc:359] T 26d10af3ce314f869150f1998c355b3c P 9f6bdc1e2a14415bb427a86464ce640f [term 1 LEARNER]: Replica starting. Triggering 0 pending ops. Active config: opid_index: 2 OBSOLETE_local: false peers { permanent_uuid: "fd817a1363944a0999bd5800d447f3db" member_type: VOTER last_known_addr { host: "127.0.211.1" port: 32885 } } peers { permanent_uuid: "c459ce35126b41f791a836b5b4f09547" member_type: VOTER last_known_addr { host: "127.0.211.2" port: 39021 } attrs { replace: true } } peers { permanent_uuid: "0bb46eae609c4452aff67dba31e1b306" member_type: VOTER last_known_addr { host: "127.0.211.3" port: 33075 } } peers { permanent_uuid: "9f6bdc1e2a14415bb427a86464ce640f" member_type: NON_VOTER last_known_addr { host: "127.0.211.4" port: 46805 } attrs { promote: true } }
I20260630 12:35:14.948664  4255 raft_consensus.cc:740] T 26d10af3ce314f869150f1998c355b3c P 9f6bdc1e2a14415bb427a86464ce640f [term 1 LEARNER]: Becoming Follower/Learner. State: Replica: 9f6bdc1e2a14415bb427a86464ce640f, State: Initialized, Role: LEARNER
