I20260630 12:34:27.442932   844 fs_manager.cc:1068] Generated new instance metadata in path /tmp/dist-test-task8D3Bqs/test-tmp/auto_rebalancer-test.0.AutoRebalancerTest.MovesScheduledIfAddTserver.1782822830009498-844-0/minicluster-data/ts-3-root/instance:
uuid: "865c45f220d34c919a245b215e877d4a"
format_stamp: "Formatted at 2026-06-30 12:34:27 on dist-test-slave-rpbv"
I20260630 12:34:27.447803   844 fs_manager.cc:696] Time spent creating directory manager: real 0.004s	user 0.002s	sys 0.003s
I20260630 12:34:27.451336  2835 log_block_manager.cc:4031] Time spent loading block containers with low live blocks: real 0.000s	user 0.000s	sys 0.000s
I20260630 12:34:27.452241   844 fs_manager.cc:730] Time spent opening block manager: real 0.002s	user 0.003s	sys 0.000s
I20260630 12:34:27.452582   844 fs_manager.cc:647] Opened local filesystem: /tmp/dist-test-task8D3Bqs/test-tmp/auto_rebalancer-test.0.AutoRebalancerTest.MovesScheduledIfAddTserver.1782822830009498-844-0/minicluster-data/ts-3-root
uuid: "865c45f220d34c919a245b215e877d4a"
format_stamp: "Formatted at 2026-06-30 12:34:27 on dist-test-slave-rpbv"
I20260630 12:34:27.452907   844 fs_report.cc:389] FS layout report
--------------------
wal directory: /tmp/dist-test-task8D3Bqs/test-tmp/auto_rebalancer-test.0.AutoRebalancerTest.MovesScheduledIfAddTserver.1782822830009498-844-0/minicluster-data/ts-3-root
metadata directory: /tmp/dist-test-task8D3Bqs/test-tmp/auto_rebalancer-test.0.AutoRebalancerTest.MovesScheduledIfAddTserver.1782822830009498-844-0/minicluster-data/ts-3-root
1 data directories: /tmp/dist-test-task8D3Bqs/test-tmp/auto_rebalancer-test.0.AutoRebalancerTest.MovesScheduledIfAddTserver.1782822830009498-844-0/minicluster-data/ts-3-root/data
Total live blocks: 0
Total live bytes: 0
Total live bytes (after alignment): 0
Total number of LBM containers: 0 (0 full)
Did not check for missing blocks
Did not check for orphaned blocks
Total full LBM containers with extra space: 0 (0 repaired)
Total full LBM container extra space in bytes: 0 (0 repaired)
Total incomplete LBM containers: 0 (0 repaired)
Total LBM partial records: 0 (0 repaired)
Total corrupted LBM metadata records in RocksDB: 0 (0 repaired)
I20260630 12:34:27.478470   844 rpc_server.cc:225] running with OpenSSL 1.1.1  11 Sep 2018
I20260630 12:34:27.479971   844 kserver.cc:163] Server-wide thread pool size limit: 3276
I20260630 12:34:27.481596   844 txn_system_client.cc:432] TxnSystemClient initialization is disabled...
I20260630 12:34:27.484331   844 ts_tablet_manager.cc:585] Loaded tablet metadata (0 total tablets, 0 live tablets)
I20260630 12:34:27.484609   844 ts_tablet_manager.cc:531] Time spent load tablet metadata: real 0.000s	user 0.000s	sys 0.000s
I20260630 12:34:27.484890   844 ts_tablet_manager.cc:616] Registered 0 tablets
I20260630 12:34:27.485092   844 ts_tablet_manager.cc:595] Time spent register tablets: real 0.000s	user 0.000s	sys 0.000s
I20260630 12:34:27.530144   844 rpc_server.cc:307] RPC server started. Bound to: 127.0.211.4:39103
I20260630 12:34:27.530283  2897 acceptor_pool.cc:272] collecting diagnostics on the listening RPC socket 127.0.211.4:39103 every 8 connection(s)
I20260630 12:34:27.559119  2898 heartbeater.cc:344] Connected to a master server at 127.0.211.62:36365
I20260630 12:34:27.559587  2898 heartbeater.cc:461] Registering TS with master...
I20260630 12:34:27.560444  2898 heartbeater.cc:507] Master 127.0.211.62:36365 requested a full tablet report, sending...
I20260630 12:34:27.562911  2495 ts_manager.cc:194] Registered new tserver with Master: 865c45f220d34c919a245b215e877d4a (127.0.211.4:39103)
I20260630 12:34:27.564262  2495 master_service.cc:502] Signed X509 certificate for tserver {username='slave'} at 127.0.0.1:36694
I20260630 12:34:28.245477  2744 consensus_queue.cc:237] T c99a34dafbac4c00b698769c7b7bfbd5 P 79cf1963399a4280924f8eb382e3ceb3 [LEADER]: Queue going to LEADER mode. State: All replicated index: 0, Majority replicated index: 2, Committed index: 2, Last appended: 2.2, Last appended by leader: 1, Current term: 2, Majority size: 2, State: 0, Mode: LEADER, active raft config: opid_index: 3 OBSOLETE_local: false peers { permanent_uuid: "fa89d27dbee3467eabb8eb647b17372e" member_type: VOTER last_known_addr { host: "127.0.211.1" port: 45899 } } peers { permanent_uuid: "8e0c5efe590141e487e51b9c30d5552b" member_type: VOTER last_known_addr { host: "127.0.211.2" port: 38327 } attrs { replace: true } } peers { permanent_uuid: "79cf1963399a4280924f8eb382e3ceb3" member_type: VOTER last_known_addr { host: "127.0.211.3" port: 39457 } } peers { permanent_uuid: "865c45f220d34c919a245b215e877d4a" member_type: NON_VOTER last_known_addr { host: "127.0.211.4" port: 39103 } attrs { promote: true } }
I20260630 12:34:28.255990  2671 raft_consensus.cc:1275] T c99a34dafbac4c00b698769c7b7bfbd5 P 8e0c5efe590141e487e51b9c30d5552b [term 2 FOLLOWER]: Refusing update from remote peer 79cf1963399a4280924f8eb382e3ceb3: Log matching property violated. Preceding OpId in replica: term: 2 index: 2. Preceding OpId from leader: term: 2 index: 3. (index mismatch)
I20260630 12:34:28.258863  2799 consensus_queue.cc:1048] T c99a34dafbac4c00b698769c7b7bfbd5 P 79cf1963399a4280924f8eb382e3ceb3 [LEADER]: Connected to new peer: Peer: permanent_uuid: "8e0c5efe590141e487e51b9c30d5552b" member_type: VOTER last_known_addr { host: "127.0.211.2" port: 38327 } attrs { replace: true }, Status: LMP_MISMATCH, Last received: 0.0, Next index: 3, Last known committed idx: 2, Time since last communication: 0.001s
I20260630 12:34:28.260161  2597 raft_consensus.cc:1275] T c99a34dafbac4c00b698769c7b7bfbd5 P fa89d27dbee3467eabb8eb647b17372e [term 2 FOLLOWER]: Refusing update from remote peer 79cf1963399a4280924f8eb382e3ceb3: Log matching property violated. Preceding OpId in replica: term: 2 index: 2. Preceding OpId from leader: term: 2 index: 3. (index mismatch)
I20260630 12:34:28.261876  2799 consensus_queue.cc:1048] T c99a34dafbac4c00b698769c7b7bfbd5 P 79cf1963399a4280924f8eb382e3ceb3 [LEADER]: Connected to new peer: Peer: permanent_uuid: "fa89d27dbee3467eabb8eb647b17372e" member_type: VOTER last_known_addr { host: "127.0.211.1" port: 45899 }, Status: LMP_MISMATCH, Last received: 0.0, Next index: 3, Last known committed idx: 2, Time since last communication: 0.000s
W20260630 12:34:28.272610  2710 consensus_peers.cc:597] T c99a34dafbac4c00b698769c7b7bfbd5 P 79cf1963399a4280924f8eb382e3ceb3 -> Peer 865c45f220d34c919a245b215e877d4a (127.0.211.4:39103): Couldn't send request to peer 865c45f220d34c919a245b215e877d4a. Error code: TABLET_NOT_FOUND (6). Status: Not found: Tablet not found: c99a34dafbac4c00b698769c7b7bfbd5. This is attempt 1: this message will repeat every 5th retry.
I20260630 12:34:28.275780  2905 raft_consensus.cc:2955] T c99a34dafbac4c00b698769c7b7bfbd5 P 79cf1963399a4280924f8eb382e3ceb3 [term 2 LEADER]: Committing config change with OpId 2.3: config changed from index -1 to 3, NON_VOTER 865c45f220d34c919a245b215e877d4a (127.0.211.4) added. New config: { opid_index: 3 OBSOLETE_local: false peers { permanent_uuid: "fa89d27dbee3467eabb8eb647b17372e" member_type: VOTER last_known_addr { host: "127.0.211.1" port: 45899 } } peers { permanent_uuid: "8e0c5efe590141e487e51b9c30d5552b" member_type: VOTER last_known_addr { host: "127.0.211.2" port: 38327 } attrs { replace: true } } peers { permanent_uuid: "79cf1963399a4280924f8eb382e3ceb3" member_type: VOTER last_known_addr { host: "127.0.211.3" port: 39457 } } peers { permanent_uuid: "865c45f220d34c919a245b215e877d4a" member_type: NON_VOTER last_known_addr { host: "127.0.211.4" port: 39103 } attrs { promote: true } } }
I20260630 12:34:28.278954  2597 raft_consensus.cc:2955] T c99a34dafbac4c00b698769c7b7bfbd5 P fa89d27dbee3467eabb8eb647b17372e [term 2 FOLLOWER]: Committing config change with OpId 2.3: config changed from index -1 to 3, NON_VOTER 865c45f220d34c919a245b215e877d4a (127.0.211.4) added. New config: { opid_index: 3 OBSOLETE_local: false peers { permanent_uuid: "fa89d27dbee3467eabb8eb647b17372e" member_type: VOTER last_known_addr { host: "127.0.211.1" port: 45899 } } peers { permanent_uuid: "8e0c5efe590141e487e51b9c30d5552b" member_type: VOTER last_known_addr { host: "127.0.211.2" port: 38327 } attrs { replace: true } } peers { permanent_uuid: "79cf1963399a4280924f8eb382e3ceb3" member_type: VOTER last_known_addr { host: "127.0.211.3" port: 39457 } } peers { permanent_uuid: "865c45f220d34c919a245b215e877d4a" member_type: NON_VOTER last_known_addr { host: "127.0.211.4" port: 39103 } attrs { promote: true } } }
I20260630 12:34:28.278667  2671 raft_consensus.cc:2955] T c99a34dafbac4c00b698769c7b7bfbd5 P 8e0c5efe590141e487e51b9c30d5552b [term 2 FOLLOWER]: Committing config change with OpId 2.3: config changed from index -1 to 3, NON_VOTER 865c45f220d34c919a245b215e877d4a (127.0.211.4) added. New config: { opid_index: 3 OBSOLETE_local: false peers { permanent_uuid: "fa89d27dbee3467eabb8eb647b17372e" member_type: VOTER last_known_addr { host: "127.0.211.1" port: 45899 } } peers { permanent_uuid: "8e0c5efe590141e487e51b9c30d5552b" member_type: VOTER last_known_addr { host: "127.0.211.2" port: 38327 } attrs { replace: true } } peers { permanent_uuid: "79cf1963399a4280924f8eb382e3ceb3" member_type: VOTER last_known_addr { host: "127.0.211.3" port: 39457 } } peers { permanent_uuid: "865c45f220d34c919a245b215e877d4a" member_type: NON_VOTER last_known_addr { host: "127.0.211.4" port: 39103 } attrs { promote: true } } }
I20260630 12:34:28.291189  2495 catalog_manager.cc:5697] T c99a34dafbac4c00b698769c7b7bfbd5 P 79cf1963399a4280924f8eb382e3ceb3 reported cstate change: config changed from index -1 to 3, NON_VOTER 865c45f220d34c919a245b215e877d4a (127.0.211.4) added. New cstate: current_term: 2 leader_uuid: "79cf1963399a4280924f8eb382e3ceb3" committed_config { opid_index: 3 OBSOLETE_local: false peers { permanent_uuid: "fa89d27dbee3467eabb8eb647b17372e" member_type: VOTER last_known_addr { host: "127.0.211.1" port: 45899 } health_report { overall_health: HEALTHY } } peers { permanent_uuid: "8e0c5efe590141e487e51b9c30d5552b" member_type: VOTER last_known_addr { host: "127.0.211.2" port: 38327 } attrs { replace: true } health_report { overall_health: HEALTHY } } peers { permanent_uuid: "79cf1963399a4280924f8eb382e3ceb3" member_type: VOTER last_known_addr { host: "127.0.211.3" port: 39457 } health_report { overall_health: HEALTHY } } peers { permanent_uuid: "865c45f220d34c919a245b215e877d4a" member_type: NON_VOTER last_known_addr { host: "127.0.211.4" port: 39103 } attrs { promote: true } health_report { overall_health: UNKNOWN } } }
I20260630 12:34:28.567323  2898 heartbeater.cc:499] Master 127.0.211.62:36365 was elected leader, sending a full tablet report...
I20260630 12:34:28.843564  2916 ts_tablet_manager.cc:933] T c99a34dafbac4c00b698769c7b7bfbd5 P 865c45f220d34c919a245b215e877d4a: Initiating tablet copy from peer 79cf1963399a4280924f8eb382e3ceb3 (127.0.211.3:39457)
I20260630 12:34:28.845177  2916 tablet_copy_client.cc:323] T c99a34dafbac4c00b698769c7b7bfbd5 P 865c45f220d34c919a245b215e877d4a: tablet copy: Beginning tablet copy session from remote peer at address 127.0.211.3:39457
I20260630 12:34:28.857860  2756 tablet_copy_service.cc:140] P 79cf1963399a4280924f8eb382e3ceb3: Received BeginTabletCopySession request for tablet c99a34dafbac4c00b698769c7b7bfbd5 from peer 865c45f220d34c919a245b215e877d4a ({username='slave'} at 127.0.0.1:56882)
I20260630 12:34:28.858435  2756 tablet_copy_service.cc:161] P 79cf1963399a4280924f8eb382e3ceb3: Beginning new tablet copy session on tablet c99a34dafbac4c00b698769c7b7bfbd5 from peer 865c45f220d34c919a245b215e877d4a at {username='slave'} at 127.0.0.1:56882: session id = 865c45f220d34c919a245b215e877d4a-c99a34dafbac4c00b698769c7b7bfbd5
I20260630 12:34:28.864912  2756 tablet_copy_source_session.cc:215] T c99a34dafbac4c00b698769c7b7bfbd5 P 79cf1963399a4280924f8eb382e3ceb3: Tablet Copy: opened 0 blocks and 1 log segments
I20260630 12:34:28.868818  2916 data_dirs.cc:400] Could only allocate 1 dirs of requested 3 for tablet c99a34dafbac4c00b698769c7b7bfbd5. 1 dirs total, 0 dirs full, 0 dirs failed
I20260630 12:34:28.881179  2916 tablet_copy_client.cc:806] T c99a34dafbac4c00b698769c7b7bfbd5 P 865c45f220d34c919a245b215e877d4a: tablet copy: Starting download of 0 data blocks...
I20260630 12:34:28.881883  2916 tablet_copy_client.cc:670] T c99a34dafbac4c00b698769c7b7bfbd5 P 865c45f220d34c919a245b215e877d4a: tablet copy: Starting download of 1 WAL segments...
I20260630 12:34:28.887135  2916 tablet_copy_client.cc:538] T c99a34dafbac4c00b698769c7b7bfbd5 P 865c45f220d34c919a245b215e877d4a: tablet copy: Tablet Copy complete. Replacing tablet superblock.
I20260630 12:34:28.894377  2916 tablet_bootstrap.cc:492] T c99a34dafbac4c00b698769c7b7bfbd5 P 865c45f220d34c919a245b215e877d4a: Bootstrap starting.
I20260630 12:34:28.913908  2916 tablet_bootstrap.cc:492] T c99a34dafbac4c00b698769c7b7bfbd5 P 865c45f220d34c919a245b215e877d4a: Bootstrap replayed 1/1 log segments. Stats: ops{read=3 overwritten=0 applied=3 ignored=0} inserts{seen=0 ignored=0} mutations{seen=0 ignored=0} orphaned_commits=0. Pending: 0 replicates
I20260630 12:34:28.914875  2916 tablet_bootstrap.cc:492] T c99a34dafbac4c00b698769c7b7bfbd5 P 865c45f220d34c919a245b215e877d4a: Bootstrap complete.
I20260630 12:34:28.915489  2916 ts_tablet_manager.cc:1403] T c99a34dafbac4c00b698769c7b7bfbd5 P 865c45f220d34c919a245b215e877d4a: Time spent bootstrapping tablet: real 0.021s	user 0.014s	sys 0.009s
I20260630 12:34:28.917791  2916 raft_consensus.cc:359] T c99a34dafbac4c00b698769c7b7bfbd5 P 865c45f220d34c919a245b215e877d4a [term 2 LEARNER]: Replica starting. Triggering 0 pending ops. Active config: opid_index: 3 OBSOLETE_local: false peers { permanent_uuid: "fa89d27dbee3467eabb8eb647b17372e" member_type: VOTER last_known_addr { host: "127.0.211.1" port: 45899 } } peers { permanent_uuid: "8e0c5efe590141e487e51b9c30d5552b" member_type: VOTER last_known_addr { host: "127.0.211.2" port: 38327 } attrs { replace: true } } peers { permanent_uuid: "79cf1963399a4280924f8eb382e3ceb3" member_type: VOTER last_known_addr { host: "127.0.211.3" port: 39457 } } peers { permanent_uuid: "865c45f220d34c919a245b215e877d4a" member_type: NON_VOTER last_known_addr { host: "127.0.211.4" port: 39103 } attrs { promote: true } }
I20260630 12:34:28.918468  2916 raft_consensus.cc:740] T c99a34dafbac4c00b698769c7b7bfbd5 P 865c45f220d34c919a245b215e877d4a [term 2 LEARNER]: Becoming Follower/Learner. State: Replica: 865c45f220d34c919a245b215e877d4a, State: Initialized, Role: LEARNER
I20260630 12:34:28.919122  2916 consensus_queue.cc:260] T c99a34dafbac4c00b698769c7b7bfbd5 P 865c45f220d34c919a245b215e877d4a [NON_LEADER]: Queue going to NON_LEADER mode. State: All replicated index: 0, Majority replicated index: 0, Committed index: 3, Last appended: 2.3, Last appended by leader: 3, Current term: 0, Majority size: -1, State: 0, Mode: NON_LEADER, active raft config: opid_index: 3 OBSOLETE_local: false peers { permanent_uuid: "fa89d27dbee3467eabb8eb647b17372e" member_type: VOTER last_known_addr { host: "127.0.211.1" port: 45899 } } peers { permanent_uuid: "8e0c5efe590141e487e51b9c30d5552b" member_type: VOTER last_known_addr { host: "127.0.211.2" port: 38327 } attrs { replace: true } } peers { permanent_uuid: "79cf1963399a4280924f8eb382e3ceb3" member_type: VOTER last_known_addr { host: "127.0.211.3" port: 39457 } } peers { permanent_uuid: "865c45f220d34c919a245b215e877d4a" member_type: NON_VOTER last_known_addr { host: "127.0.211.4" port: 39103 } attrs { promote: true } }
I20260630 12:34:28.922158  2916 ts_tablet_manager.cc:1434] T c99a34dafbac4c00b698769c7b7bfbd5 P 865c45f220d34c919a245b215e877d4a: Time spent starting tablet: real 0.006s	user 0.006s	sys 0.000s
I20260630 12:34:28.924152  2756 tablet_copy_service.cc:342] P 79cf1963399a4280924f8eb382e3ceb3: Request end of tablet copy session 865c45f220d34c919a245b215e877d4a-c99a34dafbac4c00b698769c7b7bfbd5 received from {username='slave'} at 127.0.0.1:56882
I20260630 12:34:28.924685  2756 tablet_copy_service.cc:434] P 79cf1963399a4280924f8eb382e3ceb3: ending tablet copy session 865c45f220d34c919a245b215e877d4a-c99a34dafbac4c00b698769c7b7bfbd5 on tablet c99a34dafbac4c00b698769c7b7bfbd5 with peer 865c45f220d34c919a245b215e877d4a
I20260630 12:34:29.184906  2548 auto_leader_rebalancer.cc:141] leader rebalance for table test-workload
I20260630 12:34:29.187834  2548 auto_leader_rebalancer.cc:440] table: test-workload, leader rebalance finish, leader transfer count: 0
I20260630 12:34:29.188336  2548 auto_leader_rebalancer.cc:515] All tables' leader rebalancing finished this round
I20260630 12:34:29.329744  2873 raft_consensus.cc:1217] T c99a34dafbac4c00b698769c7b7bfbd5 P 865c45f220d34c919a245b215e877d4a [term 2 LEARNER]: Deduplicated request from leader. Original: 2.2->[2.3-2.3]   Dedup: 2.3->[]
I20260630 12:34:29.738574  2923 raft_consensus.cc:1064] T c99a34dafbac4c00b698769c7b7bfbd5 P 79cf1963399a4280924f8eb382e3ceb3: attempting to promote NON_VOTER 865c45f220d34c919a245b215e877d4a to VOTER
I20260630 12:34:29.740942  2923 consensus_queue.cc:237] T c99a34dafbac4c00b698769c7b7bfbd5 P 79cf1963399a4280924f8eb382e3ceb3 [LEADER]: Queue going to LEADER mode. State: All replicated index: 0, Majority replicated index: 3, Committed index: 3, Last appended: 2.3, Last appended by leader: 1, Current term: 2, Majority size: 3, State: 0, Mode: LEADER, active raft config: opid_index: 4 OBSOLETE_local: false peers { permanent_uuid: "fa89d27dbee3467eabb8eb647b17372e" member_type: VOTER last_known_addr { host: "127.0.211.1" port: 45899 } } peers { permanent_uuid: "8e0c5efe590141e487e51b9c30d5552b" member_type: VOTER last_known_addr { host: "127.0.211.2" port: 38327 } attrs { replace: true } } peers { permanent_uuid: "79cf1963399a4280924f8eb382e3ceb3" member_type: VOTER last_known_addr { host: "127.0.211.3" port: 39457 } } peers { permanent_uuid: "865c45f220d34c919a245b215e877d4a" member_type: VOTER last_known_addr { host: "127.0.211.4" port: 39103 } attrs { promote: false } }
I20260630 12:34:29.748034  2873 raft_consensus.cc:1275] T c99a34dafbac4c00b698769c7b7bfbd5 P 865c45f220d34c919a245b215e877d4a [term 2 LEARNER]: Refusing update from remote peer 79cf1963399a4280924f8eb382e3ceb3: Log matching property violated. Preceding OpId in replica: term: 2 index: 3. Preceding OpId from leader: term: 2 index: 4. (index mismatch)
I20260630 12:34:29.748919  2597 raft_consensus.cc:1275] T c99a34dafbac4c00b698769c7b7bfbd5 P fa89d27dbee3467eabb8eb647b17372e [term 2 FOLLOWER]: Refusing update from remote peer 79cf1963399a4280924f8eb382e3ceb3: Log matching property violated. Preceding OpId in replica: term: 2 index: 3. Preceding OpId from leader: term: 2 index: 4. (index mismatch)
I20260630 12:34:29.750072  2671 raft_consensus.cc:1275] T c99a34dafbac4c00b698769c7b7bfbd5 P 8e0c5efe590141e487e51b9c30d5552b [term 2 FOLLOWER]: Refusing update from remote peer 79cf1963399a4280924f8eb382e3ceb3: Log matching property violated. Preceding OpId in replica: term: 2 index: 3. Preceding OpId from leader: term: 2 index: 4. (index mismatch)
I20260630 12:34:29.753224  2922 consensus_queue.cc:1048] T c99a34dafbac4c00b698769c7b7bfbd5 P 79cf1963399a4280924f8eb382e3ceb3 [LEADER]: Connected to new peer: Peer: permanent_uuid: "fa89d27dbee3467eabb8eb647b17372e" member_type: VOTER last_known_addr { host: "127.0.211.1" port: 45899 }, Status: LMP_MISMATCH, Last received: 0.0, Next index: 4, Last known committed idx: 3, Time since last communication: 0.001s
I20260630 12:34:29.755549  2905 consensus_queue.cc:1048] T c99a34dafbac4c00b698769c7b7bfbd5 P 79cf1963399a4280924f8eb382e3ceb3 [LEADER]: Connected to new peer: Peer: permanent_uuid: "8e0c5efe590141e487e51b9c30d5552b" member_type: VOTER last_known_addr { host: "127.0.211.2" port: 38327 } attrs { replace: true }, Status: LMP_MISMATCH, Last received: 0.0, Next index: 4, Last known committed idx: 3, Time since last communication: 0.000s
I20260630 12:34:29.765021  2926 consensus_queue.cc:1048] T c99a34dafbac4c00b698769c7b7bfbd5 P 79cf1963399a4280924f8eb382e3ceb3 [LEADER]: Connected to new peer: Peer: permanent_uuid: "865c45f220d34c919a245b215e877d4a" member_type: VOTER last_known_addr { host: "127.0.211.4" port: 39103 } attrs { promote: false }, Status: LMP_MISMATCH, Last received: 0.0, Next index: 4, Last known committed idx: 3, Time since last communication: 0.001s
I20260630 12:34:29.776618  2905 raft_consensus.cc:2955] T c99a34dafbac4c00b698769c7b7bfbd5 P 79cf1963399a4280924f8eb382e3ceb3 [term 2 LEADER]: Committing config change with OpId 2.4: config changed from index 3 to 4, 865c45f220d34c919a245b215e877d4a (127.0.211.4) changed from NON_VOTER to VOTER. New config: { opid_index: 4 OBSOLETE_local: false peers { permanent_uuid: "fa89d27dbee3467eabb8eb647b17372e" member_type: VOTER last_known_addr { host: "127.0.211.1" port: 45899 } } peers { permanent_uuid: "8e0c5efe590141e487e51b9c30d5552b" member_type: VOTER last_known_addr { host: "127.0.211.2" port: 38327 } attrs { replace: true } } peers { permanent_uuid: "79cf1963399a4280924f8eb382e3ceb3" member_type: VOTER last_known_addr { host: "127.0.211.3" port: 39457 } } peers { permanent_uuid: "865c45f220d34c919a245b215e877d4a" member_type: VOTER last_known_addr { host: "127.0.211.4" port: 39103 } attrs { promote: false } } }
I20260630 12:34:29.779750  2873 raft_consensus.cc:2955] T c99a34dafbac4c00b698769c7b7bfbd5 P 865c45f220d34c919a245b215e877d4a [term 2 FOLLOWER]: Committing config change with OpId 2.4: config changed from index 3 to 4, 865c45f220d34c919a245b215e877d4a (127.0.211.4) changed from NON_VOTER to VOTER. New config: { opid_index: 4 OBSOLETE_local: false peers { permanent_uuid: "fa89d27dbee3467eabb8eb647b17372e" member_type: VOTER last_known_addr { host: "127.0.211.1" port: 45899 } } peers { permanent_uuid: "8e0c5efe590141e487e51b9c30d5552b" member_type: VOTER last_known_addr { host: "127.0.211.2" port: 38327 } attrs { replace: true } } peers { permanent_uuid: "79cf1963399a4280924f8eb382e3ceb3" member_type: VOTER last_known_addr { host: "127.0.211.3" port: 39457 } } peers { permanent_uuid: "865c45f220d34c919a245b215e877d4a" member_type: VOTER last_known_addr { host: "127.0.211.4" port: 39103 } attrs { promote: false } } }
I20260630 12:34:29.778579  2671 raft_consensus.cc:2955] T c99a34dafbac4c00b698769c7b7bfbd5 P 8e0c5efe590141e487e51b9c30d5552b [term 2 FOLLOWER]: Committing config change with OpId 2.4: config changed from index 3 to 4, 865c45f220d34c919a245b215e877d4a (127.0.211.4) changed from NON_VOTER to VOTER. New config: { opid_index: 4 OBSOLETE_local: false peers { permanent_uuid: "fa89d27dbee3467eabb8eb647b17372e" member_type: VOTER last_known_addr { host: "127.0.211.1" port: 45899 } } peers { permanent_uuid: "8e0c5efe590141e487e51b9c30d5552b" member_type: VOTER last_known_addr { host: "127.0.211.2" port: 38327 } attrs { replace: true } } peers { permanent_uuid: "79cf1963399a4280924f8eb382e3ceb3" member_type: VOTER last_known_addr { host: "127.0.211.3" port: 39457 } } peers { permanent_uuid: "865c45f220d34c919a245b215e877d4a" member_type: VOTER last_known_addr { host: "127.0.211.4" port: 39103 } attrs { promote: false } } }
I20260630 12:34:29.795083  2494 catalog_manager.cc:5697] T c99a34dafbac4c00b698769c7b7bfbd5 P 79cf1963399a4280924f8eb382e3ceb3 reported cstate change: config changed from index 3 to 4, 865c45f220d34c919a245b215e877d4a (127.0.211.4) changed from NON_VOTER to VOTER. New cstate: current_term: 2 leader_uuid: "79cf1963399a4280924f8eb382e3ceb3" committed_config { opid_index: 4 OBSOLETE_local: false peers { permanent_uuid: "fa89d27dbee3467eabb8eb647b17372e" member_type: VOTER last_known_addr { host: "127.0.211.1" port: 45899 } health_report { overall_health: HEALTHY } } peers { permanent_uuid: "8e0c5efe590141e487e51b9c30d5552b" member_type: VOTER last_known_addr { host: "127.0.211.2" port: 38327 } attrs { replace: true } health_report { overall_health: HEALTHY } } peers { permanent_uuid: "79cf1963399a4280924f8eb382e3ceb3" member_type: VOTER last_known_addr { host: "127.0.211.3" port: 39457 } health_report { overall_health: HEALTHY } } peers { permanent_uuid: "865c45f220d34c919a245b215e877d4a" member_type: VOTER last_known_addr { host: "127.0.211.4" port: 39103 } attrs { promote: false } health_report { overall_health: HEALTHY } } }
I20260630 12:34:29.798252  2597 raft_consensus.cc:2955] T c99a34dafbac4c00b698769c7b7bfbd5 P fa89d27dbee3467eabb8eb647b17372e [term 2 FOLLOWER]: Committing config change with OpId 2.4: config changed from index 3 to 4, 865c45f220d34c919a245b215e877d4a (127.0.211.4) changed from NON_VOTER to VOTER. New config: { opid_index: 4 OBSOLETE_local: false peers { permanent_uuid: "fa89d27dbee3467eabb8eb647b17372e" member_type: VOTER last_known_addr { host: "127.0.211.1" port: 45899 } } peers { permanent_uuid: "8e0c5efe590141e487e51b9c30d5552b" member_type: VOTER last_known_addr { host: "127.0.211.2" port: 38327 } attrs { replace: true } } peers { permanent_uuid: "79cf1963399a4280924f8eb382e3ceb3" member_type: VOTER last_known_addr { host: "127.0.211.3" port: 39457 } } peers { permanent_uuid: "865c45f220d34c919a245b215e877d4a" member_type: VOTER last_known_addr { host: "127.0.211.4" port: 39103 } attrs { promote: false } } }
I20260630 12:34:29.825717  2744 consensus_queue.cc:237] T c99a34dafbac4c00b698769c7b7bfbd5 P 79cf1963399a4280924f8eb382e3ceb3 [LEADER]: Queue going to LEADER mode. State: All replicated index: 0, Majority replicated index: 4, Committed index: 4, Last appended: 2.4, Last appended by leader: 1, Current term: 2, Majority size: 2, State: 0, Mode: LEADER, active raft config: opid_index: 5 OBSOLETE_local: false peers { permanent_uuid: "fa89d27dbee3467eabb8eb647b17372e" member_type: VOTER last_known_addr { host: "127.0.211.1" port: 45899 } } peers { permanent_uuid: "79cf1963399a4280924f8eb382e3ceb3" member_type: VOTER last_known_addr { host: "127.0.211.3" port: 39457 } } peers { permanent_uuid: "865c45f220d34c919a245b215e877d4a" member_type: VOTER last_known_addr { host: "127.0.211.4" port: 39103 } attrs { promote: false } }
I20260630 12:34:29.834308  2873 raft_consensus.cc:1275] T c99a34dafbac4c00b698769c7b7bfbd5 P 865c45f220d34c919a245b215e877d4a [term 2 FOLLOWER]: Refusing update from remote peer 79cf1963399a4280924f8eb382e3ceb3: Log matching property violated. Preceding OpId in replica: term: 2 index: 4. Preceding OpId from leader: term: 2 index: 5. (index mismatch)
I20260630 12:34:29.834501  2597 raft_consensus.cc:1275] T c99a34dafbac4c00b698769c7b7bfbd5 P fa89d27dbee3467eabb8eb647b17372e [term 2 FOLLOWER]: Refusing update from remote peer 79cf1963399a4280924f8eb382e3ceb3: Log matching property violated. Preceding OpId in replica: term: 2 index: 4. Preceding OpId from leader: term: 2 index: 5. (index mismatch)
I20260630 12:34:29.835969  2926 consensus_queue.cc:1048] T c99a34dafbac4c00b698769c7b7bfbd5 P 79cf1963399a4280924f8eb382e3ceb3 [LEADER]: Connected to new peer: Peer: permanent_uuid: "fa89d27dbee3467eabb8eb647b17372e" member_type: VOTER last_known_addr { host: "127.0.211.1" port: 45899 }, Status: LMP_MISMATCH, Last received: 0.0, Next index: 5, Last known committed idx: 4, Time since last communication: 0.000s
I20260630 12:34:29.836851  2927 consensus_queue.cc:1048] T c99a34dafbac4c00b698769c7b7bfbd5 P 79cf1963399a4280924f8eb382e3ceb3 [LEADER]: Connected to new peer: Peer: permanent_uuid: "865c45f220d34c919a245b215e877d4a" member_type: VOTER last_known_addr { host: "127.0.211.4" port: 39103 } attrs { promote: false }, Status: LMP_MISMATCH, Last received: 0.0, Next index: 5, Last known committed idx: 4, Time since last communication: 0.000s
I20260630 12:34:29.844722  2905 raft_consensus.cc:2955] T c99a34dafbac4c00b698769c7b7bfbd5 P 79cf1963399a4280924f8eb382e3ceb3 [term 2 LEADER]: Committing config change with OpId 2.5: config changed from index 4 to 5, VOTER 8e0c5efe590141e487e51b9c30d5552b (127.0.211.2) evicted. New config: { opid_index: 5 OBSOLETE_local: false peers { permanent_uuid: "fa89d27dbee3467eabb8eb647b17372e" member_type: VOTER last_known_addr { host: "127.0.211.1" port: 45899 } } peers { permanent_uuid: "79cf1963399a4280924f8eb382e3ceb3" member_type: VOTER last_known_addr { host: "127.0.211.3" port: 39457 } } peers { permanent_uuid: "865c45f220d34c919a245b215e877d4a" member_type: VOTER last_known_addr { host: "127.0.211.4" port: 39103 } attrs { promote: false } } }
I20260630 12:34:29.846909  2873 raft_consensus.cc:2955] T c99a34dafbac4c00b698769c7b7bfbd5 P 865c45f220d34c919a245b215e877d4a [term 2 FOLLOWER]: Committing config change with OpId 2.5: config changed from index 4 to 5, VOTER 8e0c5efe590141e487e51b9c30d5552b (127.0.211.2) evicted. New config: { opid_index: 5 OBSOLETE_local: false peers { permanent_uuid: "fa89d27dbee3467eabb8eb647b17372e" member_type: VOTER last_known_addr { host: "127.0.211.1" port: 45899 } } peers { permanent_uuid: "79cf1963399a4280924f8eb382e3ceb3" member_type: VOTER last_known_addr { host: "127.0.211.3" port: 39457 } } peers { permanent_uuid: "865c45f220d34c919a245b215e877d4a" member_type: VOTER last_known_addr { host: "127.0.211.4" port: 39103 } attrs { promote: false } } }
I20260630 12:34:29.850121  2597 raft_consensus.cc:2955] T c99a34dafbac4c00b698769c7b7bfbd5 P fa89d27dbee3467eabb8eb647b17372e [term 2 FOLLOWER]: Committing config change with OpId 2.5: config changed from index 4 to 5, VOTER 8e0c5efe590141e487e51b9c30d5552b (127.0.211.2) evicted. New config: { opid_index: 5 OBSOLETE_local: false peers { permanent_uuid: "fa89d27dbee3467eabb8eb647b17372e" member_type: VOTER last_known_addr { host: "127.0.211.1" port: 45899 } } peers { permanent_uuid: "79cf1963399a4280924f8eb382e3ceb3" member_type: VOTER last_known_addr { host: "127.0.211.3" port: 39457 } } peers { permanent_uuid: "865c45f220d34c919a245b215e877d4a" member_type: VOTER last_known_addr { host: "127.0.211.4" port: 39103 } attrs { promote: false } } }
I20260630 12:34:29.855023  2479 catalog_manager.cc:5210] ChangeConfig:REMOVE_PEER RPC for tablet c99a34dafbac4c00b698769c7b7bfbd5 with cas_config_opid_index 4: ChangeConfig:REMOVE_PEER succeeded (attempt 1)
I20260630 12:34:29.860378  2495 catalog_manager.cc:5697] T c99a34dafbac4c00b698769c7b7bfbd5 P 79cf1963399a4280924f8eb382e3ceb3 reported cstate change: config changed from index 4 to 5, VOTER 8e0c5efe590141e487e51b9c30d5552b (127.0.211.2) evicted. New cstate: current_term: 2 leader_uuid: "79cf1963399a4280924f8eb382e3ceb3" committed_config { opid_index: 5 OBSOLETE_local: false peers { permanent_uuid: "fa89d27dbee3467eabb8eb647b17372e" member_type: VOTER last_known_addr { host: "127.0.211.1" port: 45899 } health_report { overall_health: HEALTHY } } peers { permanent_uuid: "79cf1963399a4280924f8eb382e3ceb3" member_type: VOTER last_known_addr { host: "127.0.211.3" port: 39457 } health_report { overall_health: HEALTHY } } peers { permanent_uuid: "865c45f220d34c919a245b215e877d4a" member_type: VOTER last_known_addr { host: "127.0.211.4" port: 39103 } attrs { promote: false } health_report { overall_health: HEALTHY } } }
I20260630 12:34:29.875310  2662 tablet_service.cc:1558] Processing DeleteTablet for tablet c99a34dafbac4c00b698769c7b7bfbd5 with delete_type TABLET_DATA_TOMBSTONED (TS 8e0c5efe590141e487e51b9c30d5552b not found in new config with opid_index 5) from {username='slave'} at 127.0.0.1:60282
I20260630 12:34:29.877688  2936 tablet_replica.cc:333] T c99a34dafbac4c00b698769c7b7bfbd5 P 8e0c5efe590141e487e51b9c30d5552b: stopping tablet replica
I20260630 12:34:29.878666  2936 raft_consensus.cc:2243] T c99a34dafbac4c00b698769c7b7bfbd5 P 8e0c5efe590141e487e51b9c30d5552b [term 2 FOLLOWER]: Raft consensus shutting down.
I20260630 12:34:29.879379  2936 raft_consensus.cc:2272] T c99a34dafbac4c00b698769c7b7bfbd5 P 8e0c5efe590141e487e51b9c30d5552b [term 2 FOLLOWER]: Raft consensus is shut down!
I20260630 12:34:29.882248  2936 ts_tablet_manager.cc:1916] T c99a34dafbac4c00b698769c7b7bfbd5 P 8e0c5efe590141e487e51b9c30d5552b: Deleting tablet data with delete state TABLET_DATA_TOMBSTONED
I20260630 12:34:29.894115  2936 ts_tablet_manager.cc:1929] T c99a34dafbac4c00b698769c7b7bfbd5 P 8e0c5efe590141e487e51b9c30d5552b: tablet deleted with delete type TABLET_DATA_TOMBSTONED: last-logged OpId 2.4
I20260630 12:34:29.894538  2936 log.cc:1199] T c99a34dafbac4c00b698769c7b7bfbd5 P 8e0c5efe590141e487e51b9c30d5552b: Deleting WAL directory at /tmp/dist-test-task8D3Bqs/test-tmp/auto_rebalancer-test.0.AutoRebalancerTest.MovesScheduledIfAddTserver.1782822830009498-844-0/minicluster-data/ts-1-root/wals/c99a34dafbac4c00b698769c7b7bfbd5
I20260630 12:34:29.896265  2481 catalog_manager.cc:5028] TS 8e0c5efe590141e487e51b9c30d5552b (127.0.211.2:38327): tablet c99a34dafbac4c00b698769c7b7bfbd5 (table test-workload [id=f40ebea691be41a48960af9262970c19]) successfully deleted
I20260630 12:34:31.189671  2548 auto_leader_rebalancer.cc:141] leader rebalance for table test-workload
I20260630 12:34:31.192242  2548 auto_leader_rebalancer.cc:440] table: test-workload, leader rebalance finish, leader transfer count: 0
I20260630 12:34:31.192667  2548 auto_leader_rebalancer.cc:515] All tables' leader rebalancing finished this round
I20260630 12:34:33.193678  2548 auto_leader_rebalancer.cc:141] leader rebalance for table test-workload
I20260630 12:34:33.195840  2548 auto_leader_rebalancer.cc:440] table: test-workload, leader rebalance finish, leader transfer count: 0
I20260630 12:34:33.196381  2548 auto_leader_rebalancer.cc:515] All tables' leader rebalancing finished this round
I20260630 12:34:35.197417  2548 auto_leader_rebalancer.cc:141] leader rebalance for table test-workload
I20260630 12:34:35.199414  2548 auto_leader_rebalancer.cc:440] table: test-workload, leader rebalance finish, leader transfer count: 0
I20260630 12:34:35.199810  2548 auto_leader_rebalancer.cc:515] All tables' leader rebalancing finished this round
I20260630 12:34:37.200899  2548 auto_leader_rebalancer.cc:141] leader rebalance for table test-workload
I20260630 12:34:37.203217  2548 auto_leader_rebalancer.cc:440] table: test-workload, leader rebalance finish, leader transfer count: 0
I20260630 12:34:37.203667  2548 auto_leader_rebalancer.cc:515] All tables' leader rebalancing finished this round
I20260630 12:34:39.204655  2548 auto_leader_rebalancer.cc:141] leader rebalance for table test-workload
I20260630 12:34:39.206588  2548 auto_leader_rebalancer.cc:440] table: test-workload, leader rebalance finish, leader transfer count: 0
I20260630 12:34:39.207026  2548 auto_leader_rebalancer.cc:515] All tables' leader rebalancing finished this round
I20260630 12:34:41.208280  2548 auto_leader_rebalancer.cc:141] leader rebalance for table test-workload
I20260630 12:34:41.210345  2548 auto_leader_rebalancer.cc:440] table: test-workload, leader rebalance finish, leader transfer count: 0
I20260630 12:34:41.210776  2548 auto_leader_rebalancer.cc:515] All tables' leader rebalancing finished this round
I20260630 12:34:42.149014   844 tablet_server.cc:179] TabletServer@127.0.211.1:0 shutting down...
I20260630 12:34:42.181944   844 ts_tablet_manager.cc:1507] Shutting down tablet manager...
I20260630 12:34:42.182931   844 tablet_replica.cc:333] T c99a34dafbac4c00b698769c7b7bfbd5 P fa89d27dbee3467eabb8eb647b17372e: stopping tablet replica
I20260630 12:34:42.183619   844 raft_consensus.cc:2243] T c99a34dafbac4c00b698769c7b7bfbd5 P fa89d27dbee3467eabb8eb647b17372e [term 2 FOLLOWER]: Raft consensus shutting down.
I20260630 12:34:42.184787   844 raft_consensus.cc:2272] T c99a34dafbac4c00b698769c7b7bfbd5 P fa89d27dbee3467eabb8eb647b17372e [term 2 FOLLOWER]: Raft consensus is shut down!
I20260630 12:34:42.187109   844 tablet_replica.cc:333] T f010adff589d43f59f2e58a1633ed331 P fa89d27dbee3467eabb8eb647b17372e: stopping tablet replica
I20260630 12:34:42.187604   844 raft_consensus.cc:2243] T f010adff589d43f59f2e58a1633ed331 P fa89d27dbee3467eabb8eb647b17372e [term 1 LEADER]: Raft consensus shutting down.
I20260630 12:34:42.188799   844 raft_consensus.cc:2272] T f010adff589d43f59f2e58a1633ed331 P fa89d27dbee3467eabb8eb647b17372e [term 1 FOLLOWER]: Raft consensus is shut down!
W20260630 12:34:42.198644  2712 proxy.cc:239] Call had error, refreshing address and retrying: Network error: recv got EOF from unknown peer (error 108) [suppressed 7 similar messages]
W20260630 12:34:42.204174  2712 consensus_peers.cc:597] T c99a34dafbac4c00b698769c7b7bfbd5 P 79cf1963399a4280924f8eb382e3ceb3 -> Peer fa89d27dbee3467eabb8eb647b17372e (127.0.211.1:45899): Couldn't send request to peer fa89d27dbee3467eabb8eb647b17372e. Status: Network error: Client connection negotiation failed: client connection to 127.0.211.1:45899: connect: Connection refused (error 111). This is attempt 1: this message will repeat every 5th retry.
I20260630 12:34:42.213002   844 tablet_server.cc:196] TabletServer@127.0.211.1:0 shutdown complete.
I20260630 12:34:42.226956   844 tablet_server.cc:179] TabletServer@127.0.211.2:0 shutting down...
I20260630 12:34:42.252761   844 ts_tablet_manager.cc:1507] Shutting down tablet manager...
I20260630 12:34:42.253422   844 tablet_replica.cc:333] T f010adff589d43f59f2e58a1633ed331 P 8e0c5efe590141e487e51b9c30d5552b: stopping tablet replica
I20260630 12:34:42.253927   844 raft_consensus.cc:2243] T f010adff589d43f59f2e58a1633ed331 P 8e0c5efe590141e487e51b9c30d5552b [term 1 FOLLOWER]: Raft consensus shutting down.
I20260630 12:34:42.254475   844 raft_consensus.cc:2272] T f010adff589d43f59f2e58a1633ed331 P 8e0c5efe590141e487e51b9c30d5552b [term 1 FOLLOWER]: Raft consensus is shut down!
I20260630 12:34:42.277025   844 tablet_server.cc:196] TabletServer@127.0.211.2:0 shutdown complete.
I20260630 12:34:42.291227   844 tablet_server.cc:179] TabletServer@127.0.211.3:0 shutting down...
I20260630 12:34:42.315179   844 ts_tablet_manager.cc:1507] Shutting down tablet manager...
I20260630 12:34:42.316004   844 tablet_replica.cc:333] T c99a34dafbac4c00b698769c7b7bfbd5 P 79cf1963399a4280924f8eb382e3ceb3: stopping tablet replica
I20260630 12:34:42.316931   844 raft_consensus.cc:2243] T c99a34dafbac4c00b698769c7b7bfbd5 P 79cf1963399a4280924f8eb382e3ceb3 [term 2 LEADER]: Raft consensus shutting down.
I20260630 12:34:42.317874   844 raft_consensus.cc:2272] T c99a34dafbac4c00b698769c7b7bfbd5 P 79cf1963399a4280924f8eb382e3ceb3 [term 2 FOLLOWER]: Raft consensus is shut down!
I20260630 12:34:42.320120   844 tablet_replica.cc:333] T f010adff589d43f59f2e58a1633ed331 P 79cf1963399a4280924f8eb382e3ceb3: stopping tablet replica
I20260630 12:34:42.320627   844 raft_consensus.cc:2243] T f010adff589d43f59f2e58a1633ed331 P 79cf1963399a4280924f8eb382e3ceb3 [term 1 FOLLOWER]: Raft consensus shutting down.
I20260630 12:34:42.321111   844 raft_consensus.cc:2272] T f010adff589d43f59f2e58a1633ed331 P 79cf1963399a4280924f8eb382e3ceb3 [term 1 FOLLOWER]: Raft consensus is shut down!
I20260630 12:34:42.362645   844 tablet_server.cc:196] TabletServer@127.0.211.3:0 shutdown complete.
I20260630 12:34:42.379386   844 tablet_server.cc:179] TabletServer@127.0.211.4:0 shutting down...
I20260630 12:34:42.413869   844 ts_tablet_manager.cc:1507] Shutting down tablet manager...
I20260630 12:34:42.414750   844 tablet_replica.cc:333] T c99a34dafbac4c00b698769c7b7bfbd5 P 865c45f220d34c919a245b215e877d4a: stopping tablet replica
I20260630 12:34:42.415336   844 raft_consensus.cc:2243] T c99a34dafbac4c00b698769c7b7bfbd5 P 865c45f220d34c919a245b215e877d4a [term 2 FOLLOWER]: Raft consensus shutting down.
I20260630 12:34:42.416006   844 raft_consensus.cc:2272] T c99a34dafbac4c00b698769c7b7bfbd5 P 865c45f220d34c919a245b215e877d4a [term 2 FOLLOWER]: Raft consensus is shut down!
I20260630 12:34:42.437954   844 tablet_server.cc:196] TabletServer@127.0.211.4:0 shutdown complete.
I20260630 12:34:42.448872   844 master.cc:562] Master@127.0.211.62:36365 shutting down...
I20260630 12:34:42.469429   844 raft_consensus.cc:2243] T 00000000000000000000000000000000 P a310c782f58145a1bb4b1c725e0d0e8c [term 1 LEADER]: Raft consensus shutting down.
I20260630 12:34:42.470001   844 raft_consensus.cc:2272] T 00000000000000000000000000000000 P a310c782f58145a1bb4b1c725e0d0e8c [term 1 FOLLOWER]: Raft consensus is shut down!
I20260630 12:34:42.470288   844 tablet_replica.cc:333] T 00000000000000000000000000000000 P a310c782f58145a1bb4b1c725e0d0e8c: stopping tablet replica
I20260630 12:34:42.489722   844 master.cc:584] Master@127.0.211.62:36365 shutdown complete.
[       OK ] AutoRebalancerTest.MovesScheduledIfAddTserver (27516 ms)
[ RUN      ] AutoRebalancerTest.NoReplicaMovesIfNoTservers
I20260630 12:34:42.529268   844 internal_mini_cluster.cc:156] Creating distributed mini masters. Addrs: 127.0.211.62:34365
I20260630 12:34:42.530422   844 file_cache.cc:492] Constructed file cache file cache with capacity 419430
W20260630 12:34:42.537587  2943 instance_detector.cc:116] could not retrieve AWS instance metadata: Network error: curl error: HTTP response code said error: The requested URL returned error: 404
W20260630 12:34:42.537649  2944 instance_detector.cc:116] could not retrieve Azure instance metadata: Network error: curl error: HTTP response code said error: The requested URL returned error: 404
W20260630 12:34:42.538475  2946 instance_detector.cc:116] could not retrieve OpenStack instance metadata: Network error: curl error: HTTP response code said error: The requested URL returned error: 404
I20260630 12:34:42.539073   844 server_base.cc:1061] running on GCE node
I20260630 12:34:42.540184   844 hybrid_clock.cc:584] initializing the hybrid clock with 'system_unsync' time source
W20260630 12:34:42.540369   844 system_unsync_time.cc:38] NTP support is disabled. Clock error bounds will not be accurate. This configuration is not suitable for distributed clusters.
I20260630 12:34:42.540565   844 hybrid_clock.cc:648] HybridClock initialized: now 1782822882540531 us; error 0 us; skew 500 ppm
I20260630 12:34:42.541076   844 server_base.cc:861] Flag tcmalloc_max_total_thread_cache_bytes is not working since tcmalloc is not enabled.
I20260630 12:34:42.543682   844 webserver.cc:533] Webserver started at http://127.0.211.62:43759/ using document root <none> and password file <none>
I20260630 12:34:42.544186   844 fs_manager.cc:362] Metadata directory not provided
I20260630 12:34:42.544384   844 fs_manager.cc:368] Using write-ahead log directory (fs_wal_dir) as metadata directory
I20260630 12:34:42.544687   844 server_base.cc:909] This appears to be a new deployment of Kudu; creating new FS layout
I20260630 12:34:42.545861   844 fs_manager.cc:1068] Generated new instance metadata in path /tmp/dist-test-task8D3Bqs/test-tmp/auto_rebalancer-test.0.AutoRebalancerTest.NoReplicaMovesIfNoTservers.1782822830009498-844-0/minicluster-data/master-0-root/instance:
uuid: "b97df49f5dce418c944c2e75a044cceb"
format_stamp: "Formatted at 2026-06-30 12:34:42 on dist-test-slave-rpbv"
I20260630 12:34:42.550443   844 fs_manager.cc:696] Time spent creating directory manager: real 0.004s	user 0.002s	sys 0.004s
I20260630 12:34:42.553990  2951 log_block_manager.cc:4031] Time spent loading block containers with low live blocks: real 0.000s	user 0.000s	sys 0.000s
I20260630 12:34:42.554870   844 fs_manager.cc:730] Time spent opening block manager: real 0.002s	user 0.000s	sys 0.003s
I20260630 12:34:42.555126   844 fs_manager.cc:647] Opened local filesystem: /tmp/dist-test-task8D3Bqs/test-tmp/auto_rebalancer-test.0.AutoRebalancerTest.NoReplicaMovesIfNoTservers.1782822830009498-844-0/minicluster-data/master-0-root
uuid: "b97df49f5dce418c944c2e75a044cceb"
format_stamp: "Formatted at 2026-06-30 12:34:42 on dist-test-slave-rpbv"
I20260630 12:34:42.555363   844 fs_report.cc:389] FS layout report
--------------------
wal directory: /tmp/dist-test-task8D3Bqs/test-tmp/auto_rebalancer-test.0.AutoRebalancerTest.NoReplicaMovesIfNoTservers.1782822830009498-844-0/minicluster-data/master-0-root
metadata directory: /tmp/dist-test-task8D3Bqs/test-tmp/auto_rebalancer-test.0.AutoRebalancerTest.NoReplicaMovesIfNoTservers.1782822830009498-844-0/minicluster-data/master-0-root
1 data directories: /tmp/dist-test-task8D3Bqs/test-tmp/auto_rebalancer-test.0.AutoRebalancerTest.NoReplicaMovesIfNoTservers.1782822830009498-844-0/minicluster-data/master-0-root/data
Total live blocks: 0
Total live bytes: 0
Total live bytes (after alignment): 0
Total number of LBM containers: 0 (0 full)
Did not check for missing blocks
Did not check for orphaned blocks
Total full LBM containers with extra space: 0 (0 repaired)
Total full LBM container extra space in bytes: 0 (0 repaired)
Total incomplete LBM containers: 0 (0 repaired)
Total LBM partial records: 0 (0 repaired)
Total corrupted LBM metadata records in RocksDB: 0 (0 repaired)
I20260630 12:34:42.582039   844 rpc_server.cc:225] running with OpenSSL 1.1.1  11 Sep 2018
I20260630 12:34:42.583388   844 kserver.cc:163] Server-wide thread pool size limit: 3276
I20260630 12:34:42.623592   844 rpc_server.cc:307] RPC server started. Bound to: 127.0.211.62:34365
I20260630 12:34:42.623719  3002 acceptor_pool.cc:272] collecting diagnostics on the listening RPC socket 127.0.211.62:34365 every 8 connection(s)
I20260630 12:34:42.627861  3003 data_dirs.cc:400] Could only allocate 1 dirs of requested 3 for tablet 00000000000000000000000000000000. 1 dirs total, 0 dirs full, 0 dirs failed
I20260630 12:34:42.639933  3003 tablet_bootstrap.cc:492] T 00000000000000000000000000000000 P b97df49f5dce418c944c2e75a044cceb: Bootstrap starting.
I20260630 12:34:42.644553  3003 tablet_bootstrap.cc:654] T 00000000000000000000000000000000 P b97df49f5dce418c944c2e75a044cceb: Neither blocks nor log segments found. Creating new log.
I20260630 12:34:42.648995  3003 tablet_bootstrap.cc:492] T 00000000000000000000000000000000 P b97df49f5dce418c944c2e75a044cceb: No bootstrap required, opened a new log
I20260630 12:34:42.651225  3003 raft_consensus.cc:359] T 00000000000000000000000000000000 P b97df49f5dce418c944c2e75a044cceb [term 0 FOLLOWER]: Replica starting. Triggering 0 pending ops. Active config: opid_index: -1 OBSOLETE_local: true peers { permanent_uuid: "b97df49f5dce418c944c2e75a044cceb" member_type: VOTER }
I20260630 12:34:42.651818  3003 raft_consensus.cc:385] T 00000000000000000000000000000000 P b97df49f5dce418c944c2e75a044cceb [term 0 FOLLOWER]: Consensus starting up: Expiring failure detector timer to make a prompt election more likely
I20260630 12:34:42.652118  3003 raft_consensus.cc:740] T 00000000000000000000000000000000 P b97df49f5dce418c944c2e75a044cceb [term 0 FOLLOWER]: Becoming Follower/Learner. State: Replica: b97df49f5dce418c944c2e75a044cceb, State: Initialized, Role: FOLLOWER
I20260630 12:34:42.652742  3003 consensus_queue.cc:260] T 00000000000000000000000000000000 P b97df49f5dce418c944c2e75a044cceb [NON_LEADER]: Queue going to NON_LEADER mode. State: All replicated index: 0, Majority replicated index: 0, Committed index: 0, Last appended: 0.0, Last appended by leader: 0, Current term: 0, Majority size: -1, State: 0, Mode: NON_LEADER, active raft config: opid_index: -1 OBSOLETE_local: true peers { permanent_uuid: "b97df49f5dce418c944c2e75a044cceb" member_type: VOTER }
I20260630 12:34:42.653249  3003 raft_consensus.cc:399] T 00000000000000000000000000000000 P b97df49f5dce418c944c2e75a044cceb [term 0 FOLLOWER]: Only one voter in the Raft config. Triggering election immediately
I20260630 12:34:42.653474  3003 raft_consensus.cc:493] T 00000000000000000000000000000000 P b97df49f5dce418c944c2e75a044cceb [term 0 FOLLOWER]: Starting leader election (initial election of a single-replica configuration)
I20260630 12:34:42.653761  3003 raft_consensus.cc:3060] T 00000000000000000000000000000000 P b97df49f5dce418c944c2e75a044cceb [term 0 FOLLOWER]: Advancing to term 1
I20260630 12:34:42.658506  3003 raft_consensus.cc:515] T 00000000000000000000000000000000 P b97df49f5dce418c944c2e75a044cceb [term 1 FOLLOWER]: Starting leader election with config: opid_index: -1 OBSOLETE_local: true peers { permanent_uuid: "b97df49f5dce418c944c2e75a044cceb" member_type: VOTER }
I20260630 12:34:42.659124  3003 leader_election.cc:304] T 00000000000000000000000000000000 P b97df49f5dce418c944c2e75a044cceb [CANDIDATE]: Term 1 election: Election decided. Result: candidate won. Election summary: received 1 responses out of 1 voters: 1 yes votes; 0 no votes. yes voters: b97df49f5dce418c944c2e75a044cceb; no voters: 
I20260630 12:34:42.660300  3003 leader_election.cc:290] T 00000000000000000000000000000000 P b97df49f5dce418c944c2e75a044cceb [CANDIDATE]: Term 1 election: Requested vote from peers 
I20260630 12:34:42.660748  3006 raft_consensus.cc:2804] T 00000000000000000000000000000000 P b97df49f5dce418c944c2e75a044cceb [term 1 FOLLOWER]: Leader election won for term 1
I20260630 12:34:42.662094  3006 raft_consensus.cc:697] T 00000000000000000000000000000000 P b97df49f5dce418c944c2e75a044cceb [term 1 LEADER]: Becoming Leader. State: Replica: b97df49f5dce418c944c2e75a044cceb, State: Running, Role: LEADER
I20260630 12:34:42.662900  3006 consensus_queue.cc:237] T 00000000000000000000000000000000 P b97df49f5dce418c944c2e75a044cceb [LEADER]: Queue going to LEADER mode. State: All replicated index: 0, Majority replicated index: 0, Committed index: 0, Last appended: 0.0, Last appended by leader: 0, Current term: 1, Majority size: 1, State: 0, Mode: LEADER, active raft config: opid_index: -1 OBSOLETE_local: true peers { permanent_uuid: "b97df49f5dce418c944c2e75a044cceb" member_type: VOTER }
I20260630 12:34:42.663261  3003 sys_catalog.cc:565] T 00000000000000000000000000000000 P b97df49f5dce418c944c2e75a044cceb [sys.catalog]: configured and running, proceeding with master startup.
I20260630 12:34:42.667716  3008 sys_catalog.cc:455] T 00000000000000000000000000000000 P b97df49f5dce418c944c2e75a044cceb [sys.catalog]: SysCatalogTable state changed. Reason: New leader b97df49f5dce418c944c2e75a044cceb. Latest consensus state: current_term: 1 leader_uuid: "b97df49f5dce418c944c2e75a044cceb" committed_config { opid_index: -1 OBSOLETE_local: true peers { permanent_uuid: "b97df49f5dce418c944c2e75a044cceb" member_type: VOTER } }
