I20260630 12:35:50.523300  7868 tablet_bootstrap.cc:492] T bb9f20941540445c9d70562aeebf8009 P def9d1379bfe46c28d6f8adcfc176e80: No bootstrap required, opened a new log
I20260630 12:35:50.524142  7868 ts_tablet_manager.cc:1403] T bb9f20941540445c9d70562aeebf8009 P def9d1379bfe46c28d6f8adcfc176e80: Time spent bootstrapping tablet: real 0.047s	user 0.017s	sys 0.015s
I20260630 12:35:50.523298  7869 tablet_bootstrap.cc:492] T bb9f20941540445c9d70562aeebf8009 P 5d406cd422bd49a8998a3efaada95603: No bootstrap required, opened a new log
I20260630 12:35:50.527355  7869 ts_tablet_manager.cc:1403] T bb9f20941540445c9d70562aeebf8009 P 5d406cd422bd49a8998a3efaada95603: Time spent bootstrapping tablet: real 0.036s	user 0.014s	sys 0.014s
I20260630 12:35:50.527233  7674 tablet_service.cc:1917] Received RequestConsensusVote() RPC: tablet_id: "bb291648869b466ea9c8793186aa80d7" candidate_uuid: "def9d1379bfe46c28d6f8adcfc176e80" candidate_term: 1 candidate_status { last_received { term: 0 index: 0 } } ignore_live_leader: false dest_uuid: "73119a78905d44f9aa1ffdcbbf3fa529" is_pre_election: true
I20260630 12:35:50.528664  7868 raft_consensus.cc:359] T bb9f20941540445c9d70562aeebf8009 P def9d1379bfe46c28d6f8adcfc176e80 [term 0 FOLLOWER]: Replica starting. Triggering 0 pending ops. Active config: opid_index: -1 OBSOLETE_local: false peers { permanent_uuid: "73119a78905d44f9aa1ffdcbbf3fa529" member_type: VOTER last_known_addr { host: "127.3.35.1" port: 39369 } } peers { permanent_uuid: "5d406cd422bd49a8998a3efaada95603" member_type: VOTER last_known_addr { host: "127.3.35.2" port: 45427 } } peers { permanent_uuid: "def9d1379bfe46c28d6f8adcfc176e80" member_type: VOTER last_known_addr { host: "127.3.35.3" port: 35723 } }
I20260630 12:35:50.529481  7868 raft_consensus.cc:385] T bb9f20941540445c9d70562aeebf8009 P def9d1379bfe46c28d6f8adcfc176e80 [term 0 FOLLOWER]: Consensus starting up: Expiring failure detector timer to make a prompt election more likely
I20260630 12:35:50.529800  7868 raft_consensus.cc:740] T bb9f20941540445c9d70562aeebf8009 P def9d1379bfe46c28d6f8adcfc176e80 [term 0 FOLLOWER]: Becoming Follower/Learner. State: Replica: def9d1379bfe46c28d6f8adcfc176e80, State: Initialized, Role: FOLLOWER
I20260630 12:35:50.530751  7869 raft_consensus.cc:359] T bb9f20941540445c9d70562aeebf8009 P 5d406cd422bd49a8998a3efaada95603 [term 0 FOLLOWER]: Replica starting. Triggering 0 pending ops. Active config: opid_index: -1 OBSOLETE_local: false peers { permanent_uuid: "73119a78905d44f9aa1ffdcbbf3fa529" member_type: VOTER last_known_addr { host: "127.3.35.1" port: 39369 } } peers { permanent_uuid: "5d406cd422bd49a8998a3efaada95603" member_type: VOTER last_known_addr { host: "127.3.35.2" port: 45427 } } peers { permanent_uuid: "def9d1379bfe46c28d6f8adcfc176e80" member_type: VOTER last_known_addr { host: "127.3.35.3" port: 35723 } }
I20260630 12:35:50.531599  7869 raft_consensus.cc:385] T bb9f20941540445c9d70562aeebf8009 P 5d406cd422bd49a8998a3efaada95603 [term 0 FOLLOWER]: Consensus starting up: Expiring failure detector timer to make a prompt election more likely
I20260630 12:35:50.531912  7869 raft_consensus.cc:740] T bb9f20941540445c9d70562aeebf8009 P 5d406cd422bd49a8998a3efaada95603 [term 0 FOLLOWER]: Becoming Follower/Learner. State: Replica: 5d406cd422bd49a8998a3efaada95603, State: Initialized, Role: FOLLOWER
I20260630 12:35:50.532826  7870 ts_tablet_manager.cc:1434] T 1e52398677d74787810f9182a781cf2c P 73119a78905d44f9aa1ffdcbbf3fa529: Time spent starting tablet: real 0.049s	user 0.009s	sys 0.003s
I20260630 12:35:50.532792  7869 consensus_queue.cc:260] T bb9f20941540445c9d70562aeebf8009 P 5d406cd422bd49a8998a3efaada95603 [NON_LEADER]: Queue going to NON_LEADER mode. State: All replicated index: 0, Majority replicated index: 0, Committed index: 0, Last appended: 0.0, Last appended by leader: 0, Current term: 0, Majority size: -1, State: 0, Mode: NON_LEADER, active raft config: opid_index: -1 OBSOLETE_local: false peers { permanent_uuid: "73119a78905d44f9aa1ffdcbbf3fa529" member_type: VOTER last_known_addr { host: "127.3.35.1" port: 39369 } } peers { permanent_uuid: "5d406cd422bd49a8998a3efaada95603" member_type: VOTER last_known_addr { host: "127.3.35.2" port: 45427 } } peers { permanent_uuid: "def9d1379bfe46c28d6f8adcfc176e80" member_type: VOTER last_known_addr { host: "127.3.35.3" port: 35723 } }
I20260630 12:35:50.534663  7870 tablet_bootstrap.cc:492] T 3ff28737810a41e2b6384549ef9583fa P 73119a78905d44f9aa1ffdcbbf3fa529: Bootstrap starting.
I20260630 12:35:50.534528  7749 tablet_service.cc:1917] Received RequestConsensusVote() RPC: tablet_id: "bb291648869b466ea9c8793186aa80d7" candidate_uuid: "def9d1379bfe46c28d6f8adcfc176e80" candidate_term: 1 candidate_status { last_received { term: 0 index: 0 } } ignore_live_leader: false dest_uuid: "5d406cd422bd49a8998a3efaada95603" is_pre_election: true
I20260630 12:35:50.530685  7868 consensus_queue.cc:260] T bb9f20941540445c9d70562aeebf8009 P def9d1379bfe46c28d6f8adcfc176e80 [NON_LEADER]: Queue going to NON_LEADER mode. State: All replicated index: 0, Majority replicated index: 0, Committed index: 0, Last appended: 0.0, Last appended by leader: 0, Current term: 0, Majority size: -1, State: 0, Mode: NON_LEADER, active raft config: opid_index: -1 OBSOLETE_local: false peers { permanent_uuid: "73119a78905d44f9aa1ffdcbbf3fa529" member_type: VOTER last_known_addr { host: "127.3.35.1" port: 39369 } } peers { permanent_uuid: "5d406cd422bd49a8998a3efaada95603" member_type: VOTER last_known_addr { host: "127.3.35.2" port: 45427 } } peers { permanent_uuid: "def9d1379bfe46c28d6f8adcfc176e80" member_type: VOTER last_known_addr { host: "127.3.35.3" port: 35723 } }
I20260630 12:35:50.537607  7868 ts_tablet_manager.cc:1434] T bb9f20941540445c9d70562aeebf8009 P def9d1379bfe46c28d6f8adcfc176e80: Time spent starting tablet: real 0.013s	user 0.007s	sys 0.001s
I20260630 12:35:50.538973  7868 tablet_bootstrap.cc:492] T 3ff28737810a41e2b6384549ef9583fa P def9d1379bfe46c28d6f8adcfc176e80: Bootstrap starting.
I20260630 12:35:50.542569  7870 tablet_bootstrap.cc:654] T 3ff28737810a41e2b6384549ef9583fa P 73119a78905d44f9aa1ffdcbbf3fa529: Neither blocks nor log segments found. Creating new log.
I20260630 12:35:50.543532  7869 ts_tablet_manager.cc:1434] T bb9f20941540445c9d70562aeebf8009 P 5d406cd422bd49a8998a3efaada95603: Time spent starting tablet: real 0.016s	user 0.008s	sys 0.000s
W20260630 12:35:50.544800  7789 leader_election.cc:343] T bb291648869b466ea9c8793186aa80d7 P def9d1379bfe46c28d6f8adcfc176e80 [CANDIDATE]: Term 1 pre-election: Tablet error from VoteRequest() call to peer 5d406cd422bd49a8998a3efaada95603 (127.3.35.2:45427): Illegal state: must be running to vote when last-logged opid is not known
I20260630 12:35:50.544843  7869 tablet_bootstrap.cc:492] T bb291648869b466ea9c8793186aa80d7 P 5d406cd422bd49a8998a3efaada95603: Bootstrap starting.
W20260630 12:35:50.549238  7789 leader_election.cc:343] T bb291648869b466ea9c8793186aa80d7 P def9d1379bfe46c28d6f8adcfc176e80 [CANDIDATE]: Term 1 pre-election: Tablet error from VoteRequest() call to peer 73119a78905d44f9aa1ffdcbbf3fa529 (127.3.35.1:39369): Illegal state: must be running to vote when last-logged opid is not known
I20260630 12:35:50.549844  7868 tablet_bootstrap.cc:654] T 3ff28737810a41e2b6384549ef9583fa P def9d1379bfe46c28d6f8adcfc176e80: Neither blocks nor log segments found. Creating new log.
I20260630 12:35:50.549764  7789 leader_election.cc:304] T bb291648869b466ea9c8793186aa80d7 P def9d1379bfe46c28d6f8adcfc176e80 [CANDIDATE]: Term 1 pre-election: Election decided. Result: candidate lost. Election summary: received 3 responses out of 3 voters: 1 yes votes; 2 no votes. yes voters: def9d1379bfe46c28d6f8adcfc176e80; no voters: 5d406cd422bd49a8998a3efaada95603, 73119a78905d44f9aa1ffdcbbf3fa529
I20260630 12:35:50.552035  7875 raft_consensus.cc:2749] T bb291648869b466ea9c8793186aa80d7 P def9d1379bfe46c28d6f8adcfc176e80 [term 0 FOLLOWER]: Leader pre-election lost for term 1. Reason: could not achieve majority
I20260630 12:35:50.556696  7869 tablet_bootstrap.cc:654] T bb291648869b466ea9c8793186aa80d7 P 5d406cd422bd49a8998a3efaada95603: Neither blocks nor log segments found. Creating new log.
I20260630 12:35:50.563530  7868 tablet_bootstrap.cc:492] T 3ff28737810a41e2b6384549ef9583fa P def9d1379bfe46c28d6f8adcfc176e80: No bootstrap required, opened a new log
I20260630 12:35:50.564328  7868 ts_tablet_manager.cc:1403] T 3ff28737810a41e2b6384549ef9583fa P def9d1379bfe46c28d6f8adcfc176e80: Time spent bootstrapping tablet: real 0.026s	user 0.004s	sys 0.018s
I20260630 12:35:50.568030  7868 raft_consensus.cc:359] T 3ff28737810a41e2b6384549ef9583fa P def9d1379bfe46c28d6f8adcfc176e80 [term 0 FOLLOWER]: Replica starting. Triggering 0 pending ops. Active config: opid_index: -1 OBSOLETE_local: false peers { permanent_uuid: "73119a78905d44f9aa1ffdcbbf3fa529" member_type: VOTER last_known_addr { host: "127.3.35.1" port: 39369 } } peers { permanent_uuid: "5d406cd422bd49a8998a3efaada95603" member_type: VOTER last_known_addr { host: "127.3.35.2" port: 45427 } } peers { permanent_uuid: "def9d1379bfe46c28d6f8adcfc176e80" member_type: VOTER last_known_addr { host: "127.3.35.3" port: 35723 } }
I20260630 12:35:50.568782  7868 raft_consensus.cc:385] T 3ff28737810a41e2b6384549ef9583fa P def9d1379bfe46c28d6f8adcfc176e80 [term 0 FOLLOWER]: Consensus starting up: Expiring failure detector timer to make a prompt election more likely
I20260630 12:35:50.569062  7869 tablet_bootstrap.cc:492] T bb291648869b466ea9c8793186aa80d7 P 5d406cd422bd49a8998a3efaada95603: No bootstrap required, opened a new log
I20260630 12:35:50.569126  7868 raft_consensus.cc:740] T 3ff28737810a41e2b6384549ef9583fa P def9d1379bfe46c28d6f8adcfc176e80 [term 0 FOLLOWER]: Becoming Follower/Learner. State: Replica: def9d1379bfe46c28d6f8adcfc176e80, State: Initialized, Role: FOLLOWER
I20260630 12:35:50.569712  7869 ts_tablet_manager.cc:1403] T bb291648869b466ea9c8793186aa80d7 P 5d406cd422bd49a8998a3efaada95603: Time spent bootstrapping tablet: real 0.025s	user 0.019s	sys 0.000s
I20260630 12:35:50.570824  7870 tablet_bootstrap.cc:492] T 3ff28737810a41e2b6384549ef9583fa P 73119a78905d44f9aa1ffdcbbf3fa529: No bootstrap required, opened a new log
I20260630 12:35:50.570290  7868 consensus_queue.cc:260] T 3ff28737810a41e2b6384549ef9583fa P def9d1379bfe46c28d6f8adcfc176e80 [NON_LEADER]: Queue going to NON_LEADER mode. State: All replicated index: 0, Majority replicated index: 0, Committed index: 0, Last appended: 0.0, Last appended by leader: 0, Current term: 0, Majority size: -1, State: 0, Mode: NON_LEADER, active raft config: opid_index: -1 OBSOLETE_local: false peers { permanent_uuid: "73119a78905d44f9aa1ffdcbbf3fa529" member_type: VOTER last_known_addr { host: "127.3.35.1" port: 39369 } } peers { permanent_uuid: "5d406cd422bd49a8998a3efaada95603" member_type: VOTER last_known_addr { host: "127.3.35.2" port: 45427 } } peers { permanent_uuid: "def9d1379bfe46c28d6f8adcfc176e80" member_type: VOTER last_known_addr { host: "127.3.35.3" port: 35723 } }
I20260630 12:35:50.571419  7870 ts_tablet_manager.cc:1403] T 3ff28737810a41e2b6384549ef9583fa P 73119a78905d44f9aa1ffdcbbf3fa529: Time spent bootstrapping tablet: real 0.037s	user 0.025s	sys 0.007s
I20260630 12:35:50.572885  7868 ts_tablet_manager.cc:1434] T 3ff28737810a41e2b6384549ef9583fa P def9d1379bfe46c28d6f8adcfc176e80: Time spent starting tablet: real 0.008s	user 0.007s	sys 0.001s
I20260630 12:35:50.573071  7869 raft_consensus.cc:359] T bb291648869b466ea9c8793186aa80d7 P 5d406cd422bd49a8998a3efaada95603 [term 0 FOLLOWER]: Replica starting. Triggering 0 pending ops. Active config: opid_index: -1 OBSOLETE_local: false peers { permanent_uuid: "73119a78905d44f9aa1ffdcbbf3fa529" member_type: VOTER last_known_addr { host: "127.3.35.1" port: 39369 } } peers { permanent_uuid: "5d406cd422bd49a8998a3efaada95603" member_type: VOTER last_known_addr { host: "127.3.35.2" port: 45427 } } peers { permanent_uuid: "def9d1379bfe46c28d6f8adcfc176e80" member_type: VOTER last_known_addr { host: "127.3.35.3" port: 35723 } }
I20260630 12:35:50.573855  7869 raft_consensus.cc:385] T bb291648869b466ea9c8793186aa80d7 P 5d406cd422bd49a8998a3efaada95603 [term 0 FOLLOWER]: Consensus starting up: Expiring failure detector timer to make a prompt election more likely
I20260630 12:35:50.574124  7868 tablet_bootstrap.cc:492] T d27cdc0f9da84d2c99ee2a0c268ea21d P def9d1379bfe46c28d6f8adcfc176e80: Bootstrap starting.
I20260630 12:35:50.574200  7869 raft_consensus.cc:740] T bb291648869b466ea9c8793186aa80d7 P 5d406cd422bd49a8998a3efaada95603 [term 0 FOLLOWER]: Becoming Follower/Learner. State: Replica: 5d406cd422bd49a8998a3efaada95603, State: Initialized, Role: FOLLOWER
I20260630 12:35:50.574592  7870 raft_consensus.cc:359] T 3ff28737810a41e2b6384549ef9583fa P 73119a78905d44f9aa1ffdcbbf3fa529 [term 0 FOLLOWER]: Replica starting. Triggering 0 pending ops. Active config: opid_index: -1 OBSOLETE_local: false peers { permanent_uuid: "73119a78905d44f9aa1ffdcbbf3fa529" member_type: VOTER last_known_addr { host: "127.3.35.1" port: 39369 } } peers { permanent_uuid: "5d406cd422bd49a8998a3efaada95603" member_type: VOTER last_known_addr { host: "127.3.35.2" port: 45427 } } peers { permanent_uuid: "def9d1379bfe46c28d6f8adcfc176e80" member_type: VOTER last_known_addr { host: "127.3.35.3" port: 35723 } }
I20260630 12:35:50.575433  7870 raft_consensus.cc:385] T 3ff28737810a41e2b6384549ef9583fa P 73119a78905d44f9aa1ffdcbbf3fa529 [term 0 FOLLOWER]: Consensus starting up: Expiring failure detector timer to make a prompt election more likely
I20260630 12:35:50.575755  7870 raft_consensus.cc:740] T 3ff28737810a41e2b6384549ef9583fa P 73119a78905d44f9aa1ffdcbbf3fa529 [term 0 FOLLOWER]: Becoming Follower/Learner. State: Replica: 73119a78905d44f9aa1ffdcbbf3fa529, State: Initialized, Role: FOLLOWER
I20260630 12:35:50.575623  7869 consensus_queue.cc:260] T bb291648869b466ea9c8793186aa80d7 P 5d406cd422bd49a8998a3efaada95603 [NON_LEADER]: Queue going to NON_LEADER mode. State: All replicated index: 0, Majority replicated index: 0, Committed index: 0, Last appended: 0.0, Last appended by leader: 0, Current term: 0, Majority size: -1, State: 0, Mode: NON_LEADER, active raft config: opid_index: -1 OBSOLETE_local: false peers { permanent_uuid: "73119a78905d44f9aa1ffdcbbf3fa529" member_type: VOTER last_known_addr { host: "127.3.35.1" port: 39369 } } peers { permanent_uuid: "5d406cd422bd49a8998a3efaada95603" member_type: VOTER last_known_addr { host: "127.3.35.2" port: 45427 } } peers { permanent_uuid: "def9d1379bfe46c28d6f8adcfc176e80" member_type: VOTER last_known_addr { host: "127.3.35.3" port: 35723 } }
I20260630 12:35:50.576874  7870 consensus_queue.cc:260] T 3ff28737810a41e2b6384549ef9583fa P 73119a78905d44f9aa1ffdcbbf3fa529 [NON_LEADER]: Queue going to NON_LEADER mode. State: All replicated index: 0, Majority replicated index: 0, Committed index: 0, Last appended: 0.0, Last appended by leader: 0, Current term: 0, Majority size: -1, State: 0, Mode: NON_LEADER, active raft config: opid_index: -1 OBSOLETE_local: false peers { permanent_uuid: "73119a78905d44f9aa1ffdcbbf3fa529" member_type: VOTER last_known_addr { host: "127.3.35.1" port: 39369 } } peers { permanent_uuid: "5d406cd422bd49a8998a3efaada95603" member_type: VOTER last_known_addr { host: "127.3.35.2" port: 45427 } } peers { permanent_uuid: "def9d1379bfe46c28d6f8adcfc176e80" member_type: VOTER last_known_addr { host: "127.3.35.3" port: 35723 } }
I20260630 12:35:50.578445  7869 ts_tablet_manager.cc:1434] T bb291648869b466ea9c8793186aa80d7 P 5d406cd422bd49a8998a3efaada95603: Time spent starting tablet: real 0.008s	user 0.007s	sys 0.001s
I20260630 12:35:50.579659  7870 ts_tablet_manager.cc:1434] T 3ff28737810a41e2b6384549ef9583fa P 73119a78905d44f9aa1ffdcbbf3fa529: Time spent starting tablet: real 0.008s	user 0.008s	sys 0.000s
I20260630 12:35:50.579947  7869 tablet_bootstrap.cc:492] T 7fb0b6316ea14003a9bcb37f20d9fffd P 5d406cd422bd49a8998a3efaada95603: Bootstrap starting.
I20260630 12:35:50.580906  7870 tablet_bootstrap.cc:492] T bb291648869b466ea9c8793186aa80d7 P 73119a78905d44f9aa1ffdcbbf3fa529: Bootstrap starting.
I20260630 12:35:50.582212  7868 tablet_bootstrap.cc:654] T d27cdc0f9da84d2c99ee2a0c268ea21d P def9d1379bfe46c28d6f8adcfc176e80: Neither blocks nor log segments found. Creating new log.
I20260630 12:35:50.587113  7869 tablet_bootstrap.cc:654] T 7fb0b6316ea14003a9bcb37f20d9fffd P 5d406cd422bd49a8998a3efaada95603: Neither blocks nor log segments found. Creating new log.
I20260630 12:35:50.589191  7870 tablet_bootstrap.cc:654] T bb291648869b466ea9c8793186aa80d7 P 73119a78905d44f9aa1ffdcbbf3fa529: Neither blocks nor log segments found. Creating new log.
I20260630 12:35:50.595216  7868 tablet_bootstrap.cc:492] T d27cdc0f9da84d2c99ee2a0c268ea21d P def9d1379bfe46c28d6f8adcfc176e80: No bootstrap required, opened a new log
I20260630 12:35:50.596029  7868 ts_tablet_manager.cc:1403] T d27cdc0f9da84d2c99ee2a0c268ea21d P def9d1379bfe46c28d6f8adcfc176e80: Time spent bootstrapping tablet: real 0.022s	user 0.013s	sys 0.007s
I20260630 12:35:50.600319  7868 raft_consensus.cc:359] T d27cdc0f9da84d2c99ee2a0c268ea21d P def9d1379bfe46c28d6f8adcfc176e80 [term 0 FOLLOWER]: Replica starting. Triggering 0 pending ops. Active config: opid_index: -1 OBSOLETE_local: false peers { permanent_uuid: "73119a78905d44f9aa1ffdcbbf3fa529" member_type: VOTER last_known_addr { host: "127.3.35.1" port: 39369 } } peers { permanent_uuid: "5d406cd422bd49a8998a3efaada95603" member_type: VOTER last_known_addr { host: "127.3.35.2" port: 45427 } } peers { permanent_uuid: "def9d1379bfe46c28d6f8adcfc176e80" member_type: VOTER last_known_addr { host: "127.3.35.3" port: 35723 } }
I20260630 12:35:50.601434  7868 raft_consensus.cc:385] T d27cdc0f9da84d2c99ee2a0c268ea21d P def9d1379bfe46c28d6f8adcfc176e80 [term 0 FOLLOWER]: Consensus starting up: Expiring failure detector timer to make a prompt election more likely
I20260630 12:35:50.601853  7868 raft_consensus.cc:740] T d27cdc0f9da84d2c99ee2a0c268ea21d P def9d1379bfe46c28d6f8adcfc176e80 [term 0 FOLLOWER]: Becoming Follower/Learner. State: Replica: def9d1379bfe46c28d6f8adcfc176e80, State: Initialized, Role: FOLLOWER
I20260630 12:35:50.603384  7868 consensus_queue.cc:260] T d27cdc0f9da84d2c99ee2a0c268ea21d P def9d1379bfe46c28d6f8adcfc176e80 [NON_LEADER]: Queue going to NON_LEADER mode. State: All replicated index: 0, Majority replicated index: 0, Committed index: 0, Last appended: 0.0, Last appended by leader: 0, Current term: 0, Majority size: -1, State: 0, Mode: NON_LEADER, active raft config: opid_index: -1 OBSOLETE_local: false peers { permanent_uuid: "73119a78905d44f9aa1ffdcbbf3fa529" member_type: VOTER last_known_addr { host: "127.3.35.1" port: 39369 } } peers { permanent_uuid: "5d406cd422bd49a8998a3efaada95603" member_type: VOTER last_known_addr { host: "127.3.35.2" port: 45427 } } peers { permanent_uuid: "def9d1379bfe46c28d6f8adcfc176e80" member_type: VOTER last_known_addr { host: "127.3.35.3" port: 35723 } }
I20260630 12:35:50.607331  7868 ts_tablet_manager.cc:1434] T d27cdc0f9da84d2c99ee2a0c268ea21d P def9d1379bfe46c28d6f8adcfc176e80: Time spent starting tablet: real 0.011s	user 0.011s	sys 0.000s
I20260630 12:35:50.609898  7868 tablet_bootstrap.cc:492] T 1e52398677d74787810f9182a781cf2c P def9d1379bfe46c28d6f8adcfc176e80: Bootstrap starting.
I20260630 12:35:50.610538  7870 tablet_bootstrap.cc:492] T bb291648869b466ea9c8793186aa80d7 P 73119a78905d44f9aa1ffdcbbf3fa529: No bootstrap required, opened a new log
I20260630 12:35:50.608258  7869 tablet_bootstrap.cc:492] T 7fb0b6316ea14003a9bcb37f20d9fffd P 5d406cd422bd49a8998a3efaada95603: No bootstrap required, opened a new log
I20260630 12:35:50.611320  7869 ts_tablet_manager.cc:1403] T 7fb0b6316ea14003a9bcb37f20d9fffd P 5d406cd422bd49a8998a3efaada95603: Time spent bootstrapping tablet: real 0.032s	user 0.017s	sys 0.010s
I20260630 12:35:50.611320  7870 ts_tablet_manager.cc:1403] T bb291648869b466ea9c8793186aa80d7 P 73119a78905d44f9aa1ffdcbbf3fa529: Time spent bootstrapping tablet: real 0.031s	user 0.018s	sys 0.012s
I20260630 12:35:50.614460  7875 raft_consensus.cc:493] T d27cdc0f9da84d2c99ee2a0c268ea21d P def9d1379bfe46c28d6f8adcfc176e80 [term 0 FOLLOWER]: Starting pre-election (no leader contacted us within the election timeout)
I20260630 12:35:50.614761  7870 raft_consensus.cc:359] T bb291648869b466ea9c8793186aa80d7 P 73119a78905d44f9aa1ffdcbbf3fa529 [term 0 FOLLOWER]: Replica starting. Triggering 0 pending ops. Active config: opid_index: -1 OBSOLETE_local: false peers { permanent_uuid: "73119a78905d44f9aa1ffdcbbf3fa529" member_type: VOTER last_known_addr { host: "127.3.35.1" port: 39369 } } peers { permanent_uuid: "5d406cd422bd49a8998a3efaada95603" member_type: VOTER last_known_addr { host: "127.3.35.2" port: 45427 } } peers { permanent_uuid: "def9d1379bfe46c28d6f8adcfc176e80" member_type: VOTER last_known_addr { host: "127.3.35.3" port: 35723 } }
I20260630 12:35:50.615657  7870 raft_consensus.cc:385] T bb291648869b466ea9c8793186aa80d7 P 73119a78905d44f9aa1ffdcbbf3fa529 [term 0 FOLLOWER]: Consensus starting up: Expiring failure detector timer to make a prompt election more likely
I20260630 12:35:50.616008  7870 raft_consensus.cc:740] T bb291648869b466ea9c8793186aa80d7 P 73119a78905d44f9aa1ffdcbbf3fa529 [term 0 FOLLOWER]: Becoming Follower/Learner. State: Replica: 73119a78905d44f9aa1ffdcbbf3fa529, State: Initialized, Role: FOLLOWER
W20260630 12:35:50.617663  7620 auto_rebalancer.cc:298] Could not retrieve cluster info: Service unavailable: Tablet not running
I20260630 12:35:50.618528  7869 raft_consensus.cc:359] T 7fb0b6316ea14003a9bcb37f20d9fffd P 5d406cd422bd49a8998a3efaada95603 [term 0 FOLLOWER]: Replica starting. Triggering 0 pending ops. Active config: opid_index: -1 OBSOLETE_local: false peers { permanent_uuid: "73119a78905d44f9aa1ffdcbbf3fa529" member_type: VOTER last_known_addr { host: "127.3.35.1" port: 39369 } } peers { permanent_uuid: "5d406cd422bd49a8998a3efaada95603" member_type: VOTER last_known_addr { host: "127.3.35.2" port: 45427 } } peers { permanent_uuid: "def9d1379bfe46c28d6f8adcfc176e80" member_type: VOTER last_known_addr { host: "127.3.35.3" port: 35723 } }
I20260630 12:35:50.619374  7869 raft_consensus.cc:385] T 7fb0b6316ea14003a9bcb37f20d9fffd P 5d406cd422bd49a8998a3efaada95603 [term 0 FOLLOWER]: Consensus starting up: Expiring failure detector timer to make a prompt election more likely
I20260630 12:35:50.619763  7869 raft_consensus.cc:740] T 7fb0b6316ea14003a9bcb37f20d9fffd P 5d406cd422bd49a8998a3efaada95603 [term 0 FOLLOWER]: Becoming Follower/Learner. State: Replica: 5d406cd422bd49a8998a3efaada95603, State: Initialized, Role: FOLLOWER
I20260630 12:35:50.615164  7875 raft_consensus.cc:515] T d27cdc0f9da84d2c99ee2a0c268ea21d P def9d1379bfe46c28d6f8adcfc176e80 [term 0 FOLLOWER]: Starting pre-election with config: opid_index: -1 OBSOLETE_local: false peers { permanent_uuid: "73119a78905d44f9aa1ffdcbbf3fa529" member_type: VOTER last_known_addr { host: "127.3.35.1" port: 39369 } } peers { permanent_uuid: "5d406cd422bd49a8998a3efaada95603" member_type: VOTER last_known_addr { host: "127.3.35.2" port: 45427 } } peers { permanent_uuid: "def9d1379bfe46c28d6f8adcfc176e80" member_type: VOTER last_known_addr { host: "127.3.35.3" port: 35723 } }
I20260630 12:35:50.617005  7870 consensus_queue.cc:260] T bb291648869b466ea9c8793186aa80d7 P 73119a78905d44f9aa1ffdcbbf3fa529 [NON_LEADER]: Queue going to NON_LEADER mode. State: All replicated index: 0, Majority replicated index: 0, Committed index: 0, Last appended: 0.0, Last appended by leader: 0, Current term: 0, Majority size: -1, State: 0, Mode: NON_LEADER, active raft config: opid_index: -1 OBSOLETE_local: false peers { permanent_uuid: "73119a78905d44f9aa1ffdcbbf3fa529" member_type: VOTER last_known_addr { host: "127.3.35.1" port: 39369 } } peers { permanent_uuid: "5d406cd422bd49a8998a3efaada95603" member_type: VOTER last_known_addr { host: "127.3.35.2" port: 45427 } } peers { permanent_uuid: "def9d1379bfe46c28d6f8adcfc176e80" member_type: VOTER last_known_addr { host: "127.3.35.3" port: 35723 } }
I20260630 12:35:50.623289  7868 tablet_bootstrap.cc:654] T 1e52398677d74787810f9182a781cf2c P def9d1379bfe46c28d6f8adcfc176e80: Neither blocks nor log segments found. Creating new log.
I20260630 12:35:50.625795  7674 tablet_service.cc:1917] Received RequestConsensusVote() RPC: tablet_id: "d27cdc0f9da84d2c99ee2a0c268ea21d" candidate_uuid: "def9d1379bfe46c28d6f8adcfc176e80" candidate_term: 1 candidate_status { last_received { term: 0 index: 0 } } ignore_live_leader: false dest_uuid: "73119a78905d44f9aa1ffdcbbf3fa529" is_pre_election: true
I20260630 12:35:50.626369  7875 leader_election.cc:290] T d27cdc0f9da84d2c99ee2a0c268ea21d P def9d1379bfe46c28d6f8adcfc176e80 [CANDIDATE]: Term 1 pre-election: Requested pre-vote from peers 73119a78905d44f9aa1ffdcbbf3fa529 (127.3.35.1:39369), 5d406cd422bd49a8998a3efaada95603 (127.3.35.2:45427)
W20260630 12:35:50.627688  7789 leader_election.cc:343] T d27cdc0f9da84d2c99ee2a0c268ea21d P def9d1379bfe46c28d6f8adcfc176e80 [CANDIDATE]: Term 1 pre-election: Tablet error from VoteRequest() call to peer 73119a78905d44f9aa1ffdcbbf3fa529 (127.3.35.1:39369): Illegal state: must be running to vote when last-logged opid is not known
I20260630 12:35:50.627521  7869 consensus_queue.cc:260] T 7fb0b6316ea14003a9bcb37f20d9fffd P 5d406cd422bd49a8998a3efaada95603 [NON_LEADER]: Queue going to NON_LEADER mode. State: All replicated index: 0, Majority replicated index: 0, Committed index: 0, Last appended: 0.0, Last appended by leader: 0, Current term: 0, Majority size: -1, State: 0, Mode: NON_LEADER, active raft config: opid_index: -1 OBSOLETE_local: false peers { permanent_uuid: "73119a78905d44f9aa1ffdcbbf3fa529" member_type: VOTER last_known_addr { host: "127.3.35.1" port: 39369 } } peers { permanent_uuid: "5d406cd422bd49a8998a3efaada95603" member_type: VOTER last_known_addr { host: "127.3.35.2" port: 45427 } } peers { permanent_uuid: "def9d1379bfe46c28d6f8adcfc176e80" member_type: VOTER last_known_addr { host: "127.3.35.3" port: 35723 } }
I20260630 12:35:50.628029  7749 tablet_service.cc:1917] Received RequestConsensusVote() RPC: tablet_id: "d27cdc0f9da84d2c99ee2a0c268ea21d" candidate_uuid: "def9d1379bfe46c28d6f8adcfc176e80" candidate_term: 1 candidate_status { last_received { term: 0 index: 0 } } ignore_live_leader: false dest_uuid: "5d406cd422bd49a8998a3efaada95603" is_pre_election: true
I20260630 12:35:50.628605  7881 raft_consensus.cc:493] T 1e52398677d74787810f9182a781cf2c P 73119a78905d44f9aa1ffdcbbf3fa529 [term 0 FOLLOWER]: Starting pre-election (no leader contacted us within the election timeout)
I20260630 12:35:50.629101  7881 raft_consensus.cc:515] T 1e52398677d74787810f9182a781cf2c P 73119a78905d44f9aa1ffdcbbf3fa529 [term 0 FOLLOWER]: Starting pre-election with config: opid_index: -1 OBSOLETE_local: false peers { permanent_uuid: "73119a78905d44f9aa1ffdcbbf3fa529" member_type: VOTER last_known_addr { host: "127.3.35.1" port: 39369 } } peers { permanent_uuid: "5d406cd422bd49a8998a3efaada95603" member_type: VOTER last_known_addr { host: "127.3.35.2" port: 45427 } } peers { permanent_uuid: "def9d1379bfe46c28d6f8adcfc176e80" member_type: VOTER last_known_addr { host: "127.3.35.3" port: 35723 } }
W20260630 12:35:50.629485  7789 leader_election.cc:343] T d27cdc0f9da84d2c99ee2a0c268ea21d P def9d1379bfe46c28d6f8adcfc176e80 [CANDIDATE]: Term 1 pre-election: Tablet error from VoteRequest() call to peer 5d406cd422bd49a8998a3efaada95603 (127.3.35.2:45427): Illegal state: must be running to vote when last-logged opid is not known
I20260630 12:35:50.629943  7869 ts_tablet_manager.cc:1434] T 7fb0b6316ea14003a9bcb37f20d9fffd P 5d406cd422bd49a8998a3efaada95603: Time spent starting tablet: real 0.018s	user 0.004s	sys 0.001s
I20260630 12:35:50.629938  7789 leader_election.cc:304] T d27cdc0f9da84d2c99ee2a0c268ea21d P def9d1379bfe46c28d6f8adcfc176e80 [CANDIDATE]: Term 1 pre-election: Election decided. Result: candidate lost. Election summary: received 3 responses out of 3 voters: 1 yes votes; 2 no votes. yes voters: def9d1379bfe46c28d6f8adcfc176e80; no voters: 5d406cd422bd49a8998a3efaada95603, 73119a78905d44f9aa1ffdcbbf3fa529
I20260630 12:35:50.631366  7875 raft_consensus.cc:2749] T d27cdc0f9da84d2c99ee2a0c268ea21d P def9d1379bfe46c28d6f8adcfc176e80 [term 0 FOLLOWER]: Leader pre-election lost for term 1. Reason: could not achieve majority
I20260630 12:35:50.631381  7869 tablet_bootstrap.cc:492] T 3ff28737810a41e2b6384549ef9583fa P 5d406cd422bd49a8998a3efaada95603: Bootstrap starting.
I20260630 12:35:50.635916  7881 leader_election.cc:290] T 1e52398677d74787810f9182a781cf2c P 73119a78905d44f9aa1ffdcbbf3fa529 [CANDIDATE]: Term 1 pre-election: Requested pre-vote from peers 5d406cd422bd49a8998a3efaada95603 (127.3.35.2:45427), def9d1379bfe46c28d6f8adcfc176e80 (127.3.35.3:35723)
I20260630 12:35:50.636089  7870 ts_tablet_manager.cc:1434] T bb291648869b466ea9c8793186aa80d7 P 73119a78905d44f9aa1ffdcbbf3fa529: Time spent starting tablet: real 0.024s	user 0.007s	sys 0.000s
I20260630 12:35:50.638139  7870 tablet_bootstrap.cc:492] T bf0e579c9f194cde87ca560d2f52f357 P 73119a78905d44f9aa1ffdcbbf3fa529: Bootstrap starting.
I20260630 12:35:50.638979  7869 tablet_bootstrap.cc:654] T 3ff28737810a41e2b6384549ef9583fa P 5d406cd422bd49a8998a3efaada95603: Neither blocks nor log segments found. Creating new log.
I20260630 12:35:50.646471  7870 tablet_bootstrap.cc:654] T bf0e579c9f194cde87ca560d2f52f357 P 73119a78905d44f9aa1ffdcbbf3fa529: Neither blocks nor log segments found. Creating new log.
I20260630 12:35:50.655481  7868 tablet_bootstrap.cc:492] T 1e52398677d74787810f9182a781cf2c P def9d1379bfe46c28d6f8adcfc176e80: No bootstrap required, opened a new log
I20260630 12:35:50.656150  7868 ts_tablet_manager.cc:1403] T 1e52398677d74787810f9182a781cf2c P def9d1379bfe46c28d6f8adcfc176e80: Time spent bootstrapping tablet: real 0.047s	user 0.009s	sys 0.009s
I20260630 12:35:50.660245  7868 raft_consensus.cc:359] T 1e52398677d74787810f9182a781cf2c P def9d1379bfe46c28d6f8adcfc176e80 [term 0 FOLLOWER]: Replica starting. Triggering 0 pending ops. Active config: opid_index: -1 OBSOLETE_local: false peers { permanent_uuid: "73119a78905d44f9aa1ffdcbbf3fa529" member_type: VOTER last_known_addr { host: "127.3.35.1" port: 39369 } } peers { permanent_uuid: "5d406cd422bd49a8998a3efaada95603" member_type: VOTER last_known_addr { host: "127.3.35.2" port: 45427 } } peers { permanent_uuid: "def9d1379bfe46c28d6f8adcfc176e80" member_type: VOTER last_known_addr { host: "127.3.35.3" port: 35723 } }
I20260630 12:35:50.661024  7870 tablet_bootstrap.cc:492] T bf0e579c9f194cde87ca560d2f52f357 P 73119a78905d44f9aa1ffdcbbf3fa529: No bootstrap required, opened a new log
I20260630 12:35:50.661691  7870 ts_tablet_manager.cc:1403] T bf0e579c9f194cde87ca560d2f52f357 P 73119a78905d44f9aa1ffdcbbf3fa529: Time spent bootstrapping tablet: real 0.024s	user 0.018s	sys 0.002s
I20260630 12:35:50.663061  7869 tablet_bootstrap.cc:492] T 3ff28737810a41e2b6384549ef9583fa P 5d406cd422bd49a8998a3efaada95603: No bootstrap required, opened a new log
I20260630 12:35:50.663597  7869 ts_tablet_manager.cc:1403] T 3ff28737810a41e2b6384549ef9583fa P 5d406cd422bd49a8998a3efaada95603: Time spent bootstrapping tablet: real 0.033s	user 0.009s	sys 0.014s
I20260630 12:35:50.664655  7823 tablet_service.cc:1917] Received RequestConsensusVote() RPC: tablet_id: "1e52398677d74787810f9182a781cf2c" candidate_uuid: "73119a78905d44f9aa1ffdcbbf3fa529" candidate_term: 1 candidate_status { last_received { term: 0 index: 0 } } ignore_live_leader: false dest_uuid: "def9d1379bfe46c28d6f8adcfc176e80" is_pre_election: true
I20260630 12:35:50.664947  7870 raft_consensus.cc:359] T bf0e579c9f194cde87ca560d2f52f357 P 73119a78905d44f9aa1ffdcbbf3fa529 [term 0 FOLLOWER]: Replica starting. Triggering 0 pending ops. Active config: opid_index: -1 OBSOLETE_local: false peers { permanent_uuid: "73119a78905d44f9aa1ffdcbbf3fa529" member_type: VOTER last_known_addr { host: "127.3.35.1" port: 39369 } } peers { permanent_uuid: "5d406cd422bd49a8998a3efaada95603" member_type: VOTER last_known_addr { host: "127.3.35.2" port: 45427 } } peers { permanent_uuid: "def9d1379bfe46c28d6f8adcfc176e80" member_type: VOTER last_known_addr { host: "127.3.35.3" port: 35723 } }
I20260630 12:35:50.665752  7870 raft_consensus.cc:385] T bf0e579c9f194cde87ca560d2f52f357 P 73119a78905d44f9aa1ffdcbbf3fa529 [term 0 FOLLOWER]: Consensus starting up: Expiring failure detector timer to make a prompt election more likely
I20260630 12:35:50.666045  7870 raft_consensus.cc:740] T bf0e579c9f194cde87ca560d2f52f357 P 73119a78905d44f9aa1ffdcbbf3fa529 [term 0 FOLLOWER]: Becoming Follower/Learner. State: Replica: 73119a78905d44f9aa1ffdcbbf3fa529, State: Initialized, Role: FOLLOWER
I20260630 12:35:50.660987  7868 raft_consensus.cc:385] T 1e52398677d74787810f9182a781cf2c P def9d1379bfe46c28d6f8adcfc176e80 [term 0 FOLLOWER]: Consensus starting up: Expiring failure detector timer to make a prompt election more likely
I20260630 12:35:50.666595  7869 raft_consensus.cc:359] T 3ff28737810a41e2b6384549ef9583fa P 5d406cd422bd49a8998a3efaada95603 [term 0 FOLLOWER]: Replica starting. Triggering 0 pending ops. Active config: opid_index: -1 OBSOLETE_local: false peers { permanent_uuid: "73119a78905d44f9aa1ffdcbbf3fa529" member_type: VOTER last_known_addr { host: "127.3.35.1" port: 39369 } } peers { permanent_uuid: "5d406cd422bd49a8998a3efaada95603" member_type: VOTER last_known_addr { host: "127.3.35.2" port: 45427 } } peers { permanent_uuid: "def9d1379bfe46c28d6f8adcfc176e80" member_type: VOTER last_known_addr { host: "127.3.35.3" port: 35723 } }
I20260630 12:35:50.667336  7869 raft_consensus.cc:385] T 3ff28737810a41e2b6384549ef9583fa P 5d406cd422bd49a8998a3efaada95603 [term 0 FOLLOWER]: Consensus starting up: Expiring failure detector timer to make a prompt election more likely
I20260630 12:35:50.666775  7868 raft_consensus.cc:740] T 1e52398677d74787810f9182a781cf2c P def9d1379bfe46c28d6f8adcfc176e80 [term 0 FOLLOWER]: Becoming Follower/Learner. State: Replica: def9d1379bfe46c28d6f8adcfc176e80, State: Initialized, Role: FOLLOWER
I20260630 12:35:50.667285  7870 consensus_queue.cc:260] T bf0e579c9f194cde87ca560d2f52f357 P 73119a78905d44f9aa1ffdcbbf3fa529 [NON_LEADER]: Queue going to NON_LEADER mode. State: All replicated index: 0, Majority replicated index: 0, Committed index: 0, Last appended: 0.0, Last appended by leader: 0, Current term: 0, Majority size: -1, State: 0, Mode: NON_LEADER, active raft config: opid_index: -1 OBSOLETE_local: false peers { permanent_uuid: "73119a78905d44f9aa1ffdcbbf3fa529" member_type: VOTER last_known_addr { host: "127.3.35.1" port: 39369 } } peers { permanent_uuid: "5d406cd422bd49a8998a3efaada95603" member_type: VOTER last_known_addr { host: "127.3.35.2" port: 45427 } } peers { permanent_uuid: "def9d1379bfe46c28d6f8adcfc176e80" member_type: VOTER last_known_addr { host: "127.3.35.3" port: 35723 } }
I20260630 12:35:50.667742  7869 raft_consensus.cc:740] T 3ff28737810a41e2b6384549ef9583fa P 5d406cd422bd49a8998a3efaada95603 [term 0 FOLLOWER]: Becoming Follower/Learner. State: Replica: 5d406cd422bd49a8998a3efaada95603, State: Initialized, Role: FOLLOWER
I20260630 12:35:50.668370  7749 tablet_service.cc:1917] Received RequestConsensusVote() RPC: tablet_id: "1e52398677d74787810f9182a781cf2c" candidate_uuid: "73119a78905d44f9aa1ffdcbbf3fa529" candidate_term: 1 candidate_status { last_received { term: 0 index: 0 } } ignore_live_leader: false dest_uuid: "5d406cd422bd49a8998a3efaada95603" is_pre_election: true
I20260630 12:35:50.669001  7749 raft_consensus.cc:2468] T 1e52398677d74787810f9182a781cf2c P 5d406cd422bd49a8998a3efaada95603 [term 0 FOLLOWER]: Leader pre-election vote request: Granting yes vote for candidate 73119a78905d44f9aa1ffdcbbf3fa529 in term 0.
I20260630 12:35:50.668941  7869 consensus_queue.cc:260] T 3ff28737810a41e2b6384549ef9583fa P 5d406cd422bd49a8998a3efaada95603 [NON_LEADER]: Queue going to NON_LEADER mode. State: All replicated index: 0, Majority replicated index: 0, Committed index: 0, Last appended: 0.0, Last appended by leader: 0, Current term: 0, Majority size: -1, State: 0, Mode: NON_LEADER, active raft config: opid_index: -1 OBSOLETE_local: false peers { permanent_uuid: "73119a78905d44f9aa1ffdcbbf3fa529" member_type: VOTER last_known_addr { host: "127.3.35.1" port: 39369 } } peers { permanent_uuid: "5d406cd422bd49a8998a3efaada95603" member_type: VOTER last_known_addr { host: "127.3.35.2" port: 45427 } } peers { permanent_uuid: "def9d1379bfe46c28d6f8adcfc176e80" member_type: VOTER last_known_addr { host: "127.3.35.3" port: 35723 } }
I20260630 12:35:50.668617  7868 consensus_queue.cc:260] T 1e52398677d74787810f9182a781cf2c P def9d1379bfe46c28d6f8adcfc176e80 [NON_LEADER]: Queue going to NON_LEADER mode. State: All replicated index: 0, Majority replicated index: 0, Committed index: 0, Last appended: 0.0, Last appended by leader: 0, Current term: 0, Majority size: -1, State: 0, Mode: NON_LEADER, active raft config: opid_index: -1 OBSOLETE_local: false peers { permanent_uuid: "73119a78905d44f9aa1ffdcbbf3fa529" member_type: VOTER last_known_addr { host: "127.3.35.1" port: 39369 } } peers { permanent_uuid: "5d406cd422bd49a8998a3efaada95603" member_type: VOTER last_known_addr { host: "127.3.35.2" port: 45427 } } peers { permanent_uuid: "def9d1379bfe46c28d6f8adcfc176e80" member_type: VOTER last_known_addr { host: "127.3.35.3" port: 35723 } }
I20260630 12:35:50.671797  7640 leader_election.cc:304] T 1e52398677d74787810f9182a781cf2c P 73119a78905d44f9aa1ffdcbbf3fa529 [CANDIDATE]: Term 1 pre-election: Election decided. Result: candidate won. Election summary: received 2 responses out of 3 voters: 2 yes votes; 0 no votes. yes voters: 5d406cd422bd49a8998a3efaada95603, 73119a78905d44f9aa1ffdcbbf3fa529; no voters: 
I20260630 12:35:50.672652  7868 ts_tablet_manager.cc:1434] T 1e52398677d74787810f9182a781cf2c P def9d1379bfe46c28d6f8adcfc176e80: Time spent starting tablet: real 0.015s	user 0.008s	sys 0.000s
I20260630 12:35:50.672719  7881 raft_consensus.cc:2804] T 1e52398677d74787810f9182a781cf2c P 73119a78905d44f9aa1ffdcbbf3fa529 [term 0 FOLLOWER]: Leader pre-election won for term 1
I20260630 12:35:50.673224  7881 raft_consensus.cc:493] T 1e52398677d74787810f9182a781cf2c P 73119a78905d44f9aa1ffdcbbf3fa529 [term 0 FOLLOWER]: Starting leader election (no leader contacted us within the election timeout)
I20260630 12:35:50.673571  7881 raft_consensus.cc:3060] T 1e52398677d74787810f9182a781cf2c P 73119a78905d44f9aa1ffdcbbf3fa529 [term 0 FOLLOWER]: Advancing to term 1
I20260630 12:35:50.675246  7823 raft_consensus.cc:2468] T 1e52398677d74787810f9182a781cf2c P def9d1379bfe46c28d6f8adcfc176e80 [term 0 FOLLOWER]: Leader pre-election vote request: Granting yes vote for candidate 73119a78905d44f9aa1ffdcbbf3fa529 in term 0.
I20260630 12:35:50.675531  7869 ts_tablet_manager.cc:1434] T 3ff28737810a41e2b6384549ef9583fa P 5d406cd422bd49a8998a3efaada95603: Time spent starting tablet: real 0.012s	user 0.007s	sys 0.001s
I20260630 12:35:50.677069  7869 tablet_bootstrap.cc:492] T d27cdc0f9da84d2c99ee2a0c268ea21d P 5d406cd422bd49a8998a3efaada95603: Bootstrap starting.
I20260630 12:35:50.678817  7868 tablet_bootstrap.cc:492] T 5cf2a34338354d3e9dfb231b2383f1af P def9d1379bfe46c28d6f8adcfc176e80: Bootstrap starting.
I20260630 12:35:50.684259  7869 tablet_bootstrap.cc:654] T d27cdc0f9da84d2c99ee2a0c268ea21d P 5d406cd422bd49a8998a3efaada95603: Neither blocks nor log segments found. Creating new log.
I20260630 12:35:50.685832  7868 tablet_bootstrap.cc:654] T 5cf2a34338354d3e9dfb231b2383f1af P def9d1379bfe46c28d6f8adcfc176e80: Neither blocks nor log segments found. Creating new log.
I20260630 12:35:50.669711  7870 ts_tablet_manager.cc:1434] T bf0e579c9f194cde87ca560d2f52f357 P 73119a78905d44f9aa1ffdcbbf3fa529: Time spent starting tablet: real 0.008s	user 0.005s	sys 0.000s
I20260630 12:35:50.695243  7870 tablet_bootstrap.cc:492] T 5cf2a34338354d3e9dfb231b2383f1af P 73119a78905d44f9aa1ffdcbbf3fa529: Bootstrap starting.
I20260630 12:35:50.704362  7870 tablet_bootstrap.cc:654] T 5cf2a34338354d3e9dfb231b2383f1af P 73119a78905d44f9aa1ffdcbbf3fa529: Neither blocks nor log segments found. Creating new log.
I20260630 12:35:50.690910  7881 raft_consensus.cc:515] T 1e52398677d74787810f9182a781cf2c P 73119a78905d44f9aa1ffdcbbf3fa529 [term 1 FOLLOWER]: Starting leader election with config: opid_index: -1 OBSOLETE_local: false peers { permanent_uuid: "73119a78905d44f9aa1ffdcbbf3fa529" member_type: VOTER last_known_addr { host: "127.3.35.1" port: 39369 } } peers { permanent_uuid: "5d406cd422bd49a8998a3efaada95603" member_type: VOTER last_known_addr { host: "127.3.35.2" port: 45427 } } peers { permanent_uuid: "def9d1379bfe46c28d6f8adcfc176e80" member_type: VOTER last_known_addr { host: "127.3.35.3" port: 35723 } }
I20260630 12:35:50.705760  7896 raft_consensus.cc:493] T bf0e579c9f194cde87ca560d2f52f357 P 73119a78905d44f9aa1ffdcbbf3fa529 [term 0 FOLLOWER]: Starting pre-election (no leader contacted us within the election timeout)
I20260630 12:35:50.708246  7869 tablet_bootstrap.cc:492] T d27cdc0f9da84d2c99ee2a0c268ea21d P 5d406cd422bd49a8998a3efaada95603: No bootstrap required, opened a new log
I20260630 12:35:50.707890  7896 raft_consensus.cc:515] T bf0e579c9f194cde87ca560d2f52f357 P 73119a78905d44f9aa1ffdcbbf3fa529 [term 0 FOLLOWER]: Starting pre-election with config: opid_index: -1 OBSOLETE_local: false peers { permanent_uuid: "73119a78905d44f9aa1ffdcbbf3fa529" member_type: VOTER last_known_addr { host: "127.3.35.1" port: 39369 } } peers { permanent_uuid: "5d406cd422bd49a8998a3efaada95603" member_type: VOTER last_known_addr { host: "127.3.35.2" port: 45427 } } peers { permanent_uuid: "def9d1379bfe46c28d6f8adcfc176e80" member_type: VOTER last_known_addr { host: "127.3.35.3" port: 35723 } }
I20260630 12:35:50.708783  7869 ts_tablet_manager.cc:1403] T d27cdc0f9da84d2c99ee2a0c268ea21d P 5d406cd422bd49a8998a3efaada95603: Time spent bootstrapping tablet: real 0.032s	user 0.022s	sys 0.005s
I20260630 12:35:50.709920  7749 tablet_service.cc:1917] Received RequestConsensusVote() RPC: tablet_id: "1e52398677d74787810f9182a781cf2c" candidate_uuid: "73119a78905d44f9aa1ffdcbbf3fa529" candidate_term: 1 candidate_status { last_received { term: 0 index: 0 } } ignore_live_leader: false dest_uuid: "5d406cd422bd49a8998a3efaada95603"
I20260630 12:35:50.710521  7749 raft_consensus.cc:3060] T 1e52398677d74787810f9182a781cf2c P 5d406cd422bd49a8998a3efaada95603 [term 0 FOLLOWER]: Advancing to term 1
I20260630 12:35:50.710830  7868 tablet_bootstrap.cc:492] T 5cf2a34338354d3e9dfb231b2383f1af P def9d1379bfe46c28d6f8adcfc176e80: No bootstrap required, opened a new log
I20260630 12:35:50.711740  7868 ts_tablet_manager.cc:1403] T 5cf2a34338354d3e9dfb231b2383f1af P def9d1379bfe46c28d6f8adcfc176e80: Time spent bootstrapping tablet: real 0.033s	user 0.009s	sys 0.011s
I20260630 12:35:50.712924  7869 raft_consensus.cc:359] T d27cdc0f9da84d2c99ee2a0c268ea21d P 5d406cd422bd49a8998a3efaada95603 [term 0 FOLLOWER]: Replica starting. Triggering 0 pending ops. Active config: opid_index: -1 OBSOLETE_local: false peers { permanent_uuid: "73119a78905d44f9aa1ffdcbbf3fa529" member_type: VOTER last_known_addr { host: "127.3.35.1" port: 39369 } } peers { permanent_uuid: "5d406cd422bd49a8998a3efaada95603" member_type: VOTER last_known_addr { host: "127.3.35.2" port: 45427 } } peers { permanent_uuid: "def9d1379bfe46c28d6f8adcfc176e80" member_type: VOTER last_known_addr { host: "127.3.35.3" port: 35723 } }
I20260630 12:35:50.713724  7869 raft_consensus.cc:385] T d27cdc0f9da84d2c99ee2a0c268ea21d P 5d406cd422bd49a8998a3efaada95603 [term 0 FOLLOWER]: Consensus starting up: Expiring failure detector timer to make a prompt election more likely
I20260630 12:35:50.714018  7869 raft_consensus.cc:740] T d27cdc0f9da84d2c99ee2a0c268ea21d P 5d406cd422bd49a8998a3efaada95603 [term 0 FOLLOWER]: Becoming Follower/Learner. State: Replica: 5d406cd422bd49a8998a3efaada95603, State: Initialized, Role: FOLLOWER
I20260630 12:35:50.710641  7896 leader_election.cc:290] T bf0e579c9f194cde87ca560d2f52f357 P 73119a78905d44f9aa1ffdcbbf3fa529 [CANDIDATE]: Term 1 pre-election: Requested pre-vote from peers 5d406cd422bd49a8998a3efaada95603 (127.3.35.2:45427), def9d1379bfe46c28d6f8adcfc176e80 (127.3.35.3:35723)
I20260630 12:35:50.714381  7823 tablet_service.cc:1917] Received RequestConsensusVote() RPC: tablet_id: "1e52398677d74787810f9182a781cf2c" candidate_uuid: "73119a78905d44f9aa1ffdcbbf3fa529" candidate_term: 1 candidate_status { last_received { term: 0 index: 0 } } ignore_live_leader: false dest_uuid: "def9d1379bfe46c28d6f8adcfc176e80"
I20260630 12:35:50.715111  7869 consensus_queue.cc:260] T d27cdc0f9da84d2c99ee2a0c268ea21d P 5d406cd422bd49a8998a3efaada95603 [NON_LEADER]: Queue going to NON_LEADER mode. State: All replicated index: 0, Majority replicated index: 0, Committed index: 0, Last appended: 0.0, Last appended by leader: 0, Current term: 0, Majority size: -1, State: 0, Mode: NON_LEADER, active raft config: opid_index: -1 OBSOLETE_local: false peers { permanent_uuid: "73119a78905d44f9aa1ffdcbbf3fa529" member_type: VOTER last_known_addr { host: "127.3.35.1" port: 39369 } } peers { permanent_uuid: "5d406cd422bd49a8998a3efaada95603" member_type: VOTER last_known_addr { host: "127.3.35.2" port: 45427 } } peers { permanent_uuid: "def9d1379bfe46c28d6f8adcfc176e80" member_type: VOTER last_known_addr { host: "127.3.35.3" port: 35723 } }
I20260630 12:35:50.716449  7868 raft_consensus.cc:359] T 5cf2a34338354d3e9dfb231b2383f1af P def9d1379bfe46c28d6f8adcfc176e80 [term 0 FOLLOWER]: Replica starting. Triggering 0 pending ops. Active config: opid_index: -1 OBSOLETE_local: false peers { permanent_uuid: "73119a78905d44f9aa1ffdcbbf3fa529" member_type: VOTER last_known_addr { host: "127.3.35.1" port: 39369 } } peers { permanent_uuid: "5d406cd422bd49a8998a3efaada95603" member_type: VOTER last_known_addr { host: "127.3.35.2" port: 45427 } } peers { permanent_uuid: "def9d1379bfe46c28d6f8adcfc176e80" member_type: VOTER last_known_addr { host: "127.3.35.3" port: 35723 } }
I20260630 12:35:50.717272  7868 raft_consensus.cc:385] T 5cf2a34338354d3e9dfb231b2383f1af P def9d1379bfe46c28d6f8adcfc176e80 [term 0 FOLLOWER]: Consensus starting up: Expiring failure detector timer to make a prompt election more likely
I20260630 12:35:50.717589  7868 raft_consensus.cc:740] T 5cf2a34338354d3e9dfb231b2383f1af P def9d1379bfe46c28d6f8adcfc176e80 [term 0 FOLLOWER]: Becoming Follower/Learner. State: Replica: def9d1379bfe46c28d6f8adcfc176e80, State: Initialized, Role: FOLLOWER
I20260630 12:35:50.718645  7868 consensus_queue.cc:260] T 5cf2a34338354d3e9dfb231b2383f1af P def9d1379bfe46c28d6f8adcfc176e80 [NON_LEADER]: Queue going to NON_LEADER mode. State: All replicated index: 0, Majority replicated index: 0, Committed index: 0, Last appended: 0.0, Last appended by leader: 0, Current term: 0, Majority size: -1, State: 0, Mode: NON_LEADER, active raft config: opid_index: -1 OBSOLETE_local: false peers { permanent_uuid: "73119a78905d44f9aa1ffdcbbf3fa529" member_type: VOTER last_known_addr { host: "127.3.35.1" port: 39369 } } peers { permanent_uuid: "5d406cd422bd49a8998a3efaada95603" member_type: VOTER last_known_addr { host: "127.3.35.2" port: 45427 } } peers { permanent_uuid: "def9d1379bfe46c28d6f8adcfc176e80" member_type: VOTER last_known_addr { host: "127.3.35.3" port: 35723 } }
I20260630 12:35:50.718935  7822 tablet_service.cc:1917] Received RequestConsensusVote() RPC: tablet_id: "bf0e579c9f194cde87ca560d2f52f357" candidate_uuid: "73119a78905d44f9aa1ffdcbbf3fa529" candidate_term: 1 candidate_status { last_received { term: 0 index: 0 } } ignore_live_leader: false dest_uuid: "def9d1379bfe46c28d6f8adcfc176e80" is_pre_election: true
I20260630 12:35:50.719297  7870 tablet_bootstrap.cc:492] T 5cf2a34338354d3e9dfb231b2383f1af P 73119a78905d44f9aa1ffdcbbf3fa529: No bootstrap required, opened a new log
I20260630 12:35:50.719697  7748 tablet_service.cc:1917] Received RequestConsensusVote() RPC: tablet_id: "bf0e579c9f194cde87ca560d2f52f357" candidate_uuid: "73119a78905d44f9aa1ffdcbbf3fa529" candidate_term: 1 candidate_status { last_received { term: 0 index: 0 } } ignore_live_leader: false dest_uuid: "5d406cd422bd49a8998a3efaada95603" is_pre_election: true
I20260630 12:35:50.720007  7870 ts_tablet_manager.cc:1403] T 5cf2a34338354d3e9dfb231b2383f1af P 73119a78905d44f9aa1ffdcbbf3fa529: Time spent bootstrapping tablet: real 0.025s	user 0.006s	sys 0.016s
I20260630 12:35:50.721124  7868 ts_tablet_manager.cc:1434] T 5cf2a34338354d3e9dfb231b2383f1af P def9d1379bfe46c28d6f8adcfc176e80: Time spent starting tablet: real 0.009s	user 0.004s	sys 0.003s
I20260630 12:35:50.722225  7869 ts_tablet_manager.cc:1434] T d27cdc0f9da84d2c99ee2a0c268ea21d P 5d406cd422bd49a8998a3efaada95603: Time spent starting tablet: real 0.013s	user 0.006s	sys 0.000s
I20260630 12:35:50.722754  7868 tablet_bootstrap.cc:492] T bf0e579c9f194cde87ca560d2f52f357 P def9d1379bfe46c28d6f8adcfc176e80: Bootstrap starting.
I20260630 12:35:50.723512  7869 tablet_bootstrap.cc:492] T 6c092231f956429aa8059e12c5bedc45 P 5d406cd422bd49a8998a3efaada95603: Bootstrap starting.
I20260630 12:35:50.725128  7870 raft_consensus.cc:359] T 5cf2a34338354d3e9dfb231b2383f1af P 73119a78905d44f9aa1ffdcbbf3fa529 [term 0 FOLLOWER]: Replica starting. Triggering 0 pending ops. Active config: opid_index: -1 OBSOLETE_local: false peers { permanent_uuid: "73119a78905d44f9aa1ffdcbbf3fa529" member_type: VOTER last_known_addr { host: "127.3.35.1" port: 39369 } } peers { permanent_uuid: "5d406cd422bd49a8998a3efaada95603" member_type: VOTER last_known_addr { host: "127.3.35.2" port: 45427 } } peers { permanent_uuid: "def9d1379bfe46c28d6f8adcfc176e80" member_type: VOTER last_known_addr { host: "127.3.35.3" port: 35723 } }
