I20260630 12:35:03.446628  3693 raft_consensus.cc:3055] T 3725508221964413b8991e781534790f P b057ba3b530e497ebdbf7cf03277bc71 [term 1 LEADER]: Stepping down as leader of term 1
I20260630 12:35:03.446985  3693 raft_consensus.cc:740] T 3725508221964413b8991e781534790f P b057ba3b530e497ebdbf7cf03277bc71 [term 1 LEADER]: Becoming Follower/Learner. State: Replica: b057ba3b530e497ebdbf7cf03277bc71, State: Running, Role: LEADER
I20260630 12:35:03.447935  3617 tablet_service.cc:2072] Received LeaderStepDown RPC: tablet_id: "fcfe97a7267b4024b3c14c1b79242131"
dest_uuid: "d7a96ababc714ce9b0ff498643b04c41"
mode: GRACEFUL
new_leader_uuid: "7761b53f94904edf95c10de80d6cfd91"
 from {username='slave'} at 127.0.0.1:35780
I20260630 12:35:03.448921  3617 raft_consensus.cc:606] T fcfe97a7267b4024b3c14c1b79242131 P d7a96ababc714ce9b0ff498643b04c41 [term 1 LEADER]: Received request to transfer leadership to TS 7761b53f94904edf95c10de80d6cfd91
I20260630 12:35:03.450490  3570 auto_leader_rebalancer.cc:440] table: range_aware_rebalance_new_range, leader rebalance finish, leader transfer count: 4
I20260630 12:35:03.451360  3570 auto_leader_rebalancer.cc:515] All tables' leader rebalancing finished this round
I20260630 12:35:03.447805  3693 consensus_queue.cc:260] T 3725508221964413b8991e781534790f P b057ba3b530e497ebdbf7cf03277bc71 [NON_LEADER]: Queue going to NON_LEADER mode. State: All replicated index: 0, Majority replicated index: 1, Committed index: 1, Last appended: 1.1, Last appended by leader: 1, Current term: 1, Majority size: -1, State: 0, Mode: NON_LEADER, active raft config: opid_index: -1 OBSOLETE_local: false peers { permanent_uuid: "b057ba3b530e497ebdbf7cf03277bc71" member_type: VOTER last_known_addr { host: "127.0.163.130" port: 45923 } } peers { permanent_uuid: "817026135c264517a215502e57ab8c47" member_type: VOTER last_known_addr { host: "127.0.163.132" port: 36981 } } peers { permanent_uuid: "d7a96ababc714ce9b0ff498643b04c41" member_type: VOTER last_known_addr { host: "127.0.163.129" port: 39929 } }
I20260630 12:35:03.453223  3693 raft_consensus.cc:3060] T 3725508221964413b8991e781534790f P b057ba3b530e497ebdbf7cf03277bc71 [term 1 FOLLOWER]: Advancing to term 2
I20260630 12:35:03.454664  3692 raft_consensus.cc:1275] T f9349b3ccddd4877912b6eac1b7ac57e P b057ba3b530e497ebdbf7cf03277bc71 [term 1 FOLLOWER]: Refusing update from remote peer 7761b53f94904edf95c10de80d6cfd91: Log matching property violated. Preceding OpId in replica: term: 1 index: 1. Preceding OpId from leader: term: 1 index: 2. (index mismatch)
I20260630 12:35:03.456430  4007 consensus_queue.cc:1048] T f9349b3ccddd4877912b6eac1b7ac57e P 7761b53f94904edf95c10de80d6cfd91 [LEADER]: Connected to new peer: Peer: permanent_uuid: "b057ba3b530e497ebdbf7cf03277bc71" member_type: VOTER last_known_addr { host: "127.0.163.130" port: 45923 }, Status: LMP_MISMATCH, Last received: 0.0, Next index: 2, Last known committed idx: 1, Time since last communication: 0.001s
I20260630 12:35:03.459132  3693 raft_consensus.cc:2468] T 3725508221964413b8991e781534790f P b057ba3b530e497ebdbf7cf03277bc71 [term 2 FOLLOWER]: Leader election vote request: Granting yes vote for candidate 817026135c264517a215502e57ab8c47 in term 2.
W20260630 12:35:03.460582  4034 consensus_queue.cc:1175] T 3725508221964413b8991e781534790f P b057ba3b530e497ebdbf7cf03277bc71 [NON_LEADER]: Queue is closed or peer was untracked, disregarding peer response. Response: responder_uuid: "d7a96ababc714ce9b0ff498643b04c41" responder_term: 1 status { last_received { term: 1 index: 1 } last_committed_idx: 0 last_received_current_leader { term: 1 index: 1 } }
W20260630 12:35:03.461643  3733 consensus_peers.cc:597] T f9349b3ccddd4877912b6eac1b7ac57e P 7761b53f94904edf95c10de80d6cfd91 -> Peer 817026135c264517a215502e57ab8c47 (127.0.163.132:36981): Couldn't send request to peer 817026135c264517a215502e57ab8c47. Error code: TABLET_NOT_FOUND (6). Status: Not found: Tablet not found: f9349b3ccddd4877912b6eac1b7ac57e. This is attempt 1: this message will repeat every 5th retry.
I20260630 12:35:03.463548  3917 leader_election.cc:290] T 3725508221964413b8991e781534790f P 817026135c264517a215502e57ab8c47 [CANDIDATE]: Term 2 election: Requested vote from peers b057ba3b530e497ebdbf7cf03277bc71 (127.0.163.130:45923), d7a96ababc714ce9b0ff498643b04c41 (127.0.163.129:39929)
I20260630 12:35:03.463956  3823 raft_consensus.cc:993] T 642c26dff2a44ba3a20848bdcec63466 P d7a96ababc714ce9b0ff498643b04c41: : Instructing follower 7761b53f94904edf95c10de80d6cfd91 to start an election
I20260630 12:35:03.464447  3823 raft_consensus.cc:1081] T 642c26dff2a44ba3a20848bdcec63466 P d7a96ababc714ce9b0ff498643b04c41 [term 1 LEADER]: Signalling peer 7761b53f94904edf95c10de80d6cfd91 to start an election
I20260630 12:35:03.464663  3618 tablet_service.cc:1917] Received RequestConsensusVote() RPC: tablet_id: "3725508221964413b8991e781534790f" candidate_uuid: "817026135c264517a215502e57ab8c47" candidate_term: 2 candidate_status { last_received { term: 1 index: 1 } } ignore_live_leader: true dest_uuid: "d7a96ababc714ce9b0ff498643b04c41"
I20260630 12:35:03.465270  3618 raft_consensus.cc:3060] T 3725508221964413b8991e781534790f P d7a96ababc714ce9b0ff498643b04c41 [term 1 FOLLOWER]: Advancing to term 2
I20260630 12:35:03.467079  3884 leader_election.cc:304] T 3725508221964413b8991e781534790f P 817026135c264517a215502e57ab8c47 [CANDIDATE]: Term 2 election: Election decided. Result: candidate won. Election summary: received 2 responses out of 3 voters: 2 yes votes; 0 no votes. yes voters: 817026135c264517a215502e57ab8c47, b057ba3b530e497ebdbf7cf03277bc71; no voters: 
I20260630 12:35:03.467912  3990 raft_consensus.cc:2804] T 3725508221964413b8991e781534790f P 817026135c264517a215502e57ab8c47 [term 2 FOLLOWER]: Leader election won for term 2
I20260630 12:35:03.468367  3990 raft_consensus.cc:697] T 3725508221964413b8991e781534790f P 817026135c264517a215502e57ab8c47 [term 2 LEADER]: Becoming Leader. State: Replica: 817026135c264517a215502e57ab8c47, State: Running, Role: LEADER
I20260630 12:35:03.469120  3990 consensus_queue.cc:237] T 3725508221964413b8991e781534790f P 817026135c264517a215502e57ab8c47 [LEADER]: Queue going to LEADER mode. State: All replicated index: 0, Majority replicated index: 1, Committed index: 1, Last appended: 1.1, Last appended by leader: 1, Current term: 2, Majority size: 2, State: 0, Mode: LEADER, active raft config: opid_index: -1 OBSOLETE_local: false peers { permanent_uuid: "b057ba3b530e497ebdbf7cf03277bc71" member_type: VOTER last_known_addr { host: "127.0.163.130" port: 45923 } } peers { permanent_uuid: "817026135c264517a215502e57ab8c47" member_type: VOTER last_known_addr { host: "127.0.163.132" port: 36981 } } peers { permanent_uuid: "d7a96ababc714ce9b0ff498643b04c41" member_type: VOTER last_known_addr { host: "127.0.163.129" port: 39929 } }
I20260630 12:35:03.473089  3767 tablet_service.cc:2044] Received Run Leader Election RPC: tablet_id: "642c26dff2a44ba3a20848bdcec63466"
dest_uuid: "7761b53f94904edf95c10de80d6cfd91"
 from {username='slave'} at 127.0.0.1:34964
I20260630 12:35:03.473628  3767 raft_consensus.cc:493] T 642c26dff2a44ba3a20848bdcec63466 P 7761b53f94904edf95c10de80d6cfd91 [term 1 FOLLOWER]: Starting forced leader election (received explicit request)
I20260630 12:35:03.473973  3767 raft_consensus.cc:3060] T 642c26dff2a44ba3a20848bdcec63466 P 7761b53f94904edf95c10de80d6cfd91 [term 1 FOLLOWER]: Advancing to term 2
I20260630 12:35:03.477589  3618 raft_consensus.cc:2468] T 3725508221964413b8991e781534790f P d7a96ababc714ce9b0ff498643b04c41 [term 2 FOLLOWER]: Leader election vote request: Granting yes vote for candidate 817026135c264517a215502e57ab8c47 in term 2.
I20260630 12:35:03.480924  3515 catalog_manager.cc:5697] T 3725508221964413b8991e781534790f P 817026135c264517a215502e57ab8c47 reported cstate change: term changed from 1 to 2, leader changed from b057ba3b530e497ebdbf7cf03277bc71 (127.0.163.130) to 817026135c264517a215502e57ab8c47 (127.0.163.132). New cstate: current_term: 2 leader_uuid: "817026135c264517a215502e57ab8c47" committed_config { opid_index: -1 OBSOLETE_local: false peers { permanent_uuid: "b057ba3b530e497ebdbf7cf03277bc71" member_type: VOTER last_known_addr { host: "127.0.163.130" port: 45923 } health_report { overall_health: UNKNOWN } } peers { permanent_uuid: "817026135c264517a215502e57ab8c47" member_type: VOTER last_known_addr { host: "127.0.163.132" port: 36981 } health_report { overall_health: HEALTHY } } peers { permanent_uuid: "d7a96ababc714ce9b0ff498643b04c41" member_type: VOTER last_known_addr { host: "127.0.163.129" port: 39929 } health_report { overall_health: UNKNOWN } } }
I20260630 12:35:03.484212  3617 raft_consensus.cc:1275] T f9349b3ccddd4877912b6eac1b7ac57e P d7a96ababc714ce9b0ff498643b04c41 [term 1 FOLLOWER]: Refusing update from remote peer 7761b53f94904edf95c10de80d6cfd91: Log matching property violated. Preceding OpId in replica: term: 1 index: 1. Preceding OpId from leader: term: 1 index: 2. (index mismatch)
I20260630 12:35:03.483915  3767 raft_consensus.cc:515] T 642c26dff2a44ba3a20848bdcec63466 P 7761b53f94904edf95c10de80d6cfd91 [term 2 FOLLOWER]: Starting forced leader election with config: opid_index: -1 OBSOLETE_local: false peers { permanent_uuid: "b057ba3b530e497ebdbf7cf03277bc71" member_type: VOTER last_known_addr { host: "127.0.163.130" port: 45923 } } peers { permanent_uuid: "d7a96ababc714ce9b0ff498643b04c41" member_type: VOTER last_known_addr { host: "127.0.163.129" port: 39929 } } peers { permanent_uuid: "7761b53f94904edf95c10de80d6cfd91" member_type: VOTER last_known_addr { host: "127.0.163.131" port: 36295 } }
I20260630 12:35:03.486157  3837 consensus_queue.cc:1048] T f9349b3ccddd4877912b6eac1b7ac57e P 7761b53f94904edf95c10de80d6cfd91 [LEADER]: Connected to new peer: Peer: permanent_uuid: "d7a96ababc714ce9b0ff498643b04c41" member_type: VOTER last_known_addr { host: "127.0.163.129" port: 39929 } attrs { replace: true }, Status: LMP_MISMATCH, Last received: 0.0, Next index: 2, Last known committed idx: 1, Time since last communication: 0.000s
I20260630 12:35:03.492431  4036 raft_consensus.cc:2955] T f9349b3ccddd4877912b6eac1b7ac57e P 7761b53f94904edf95c10de80d6cfd91 [term 1 LEADER]: Committing config change with OpId 1.2: config changed from index -1 to 2, NON_VOTER 817026135c264517a215502e57ab8c47 (127.0.163.132) added. New config: { opid_index: 2 OBSOLETE_local: false peers { permanent_uuid: "d7a96ababc714ce9b0ff498643b04c41" member_type: VOTER last_known_addr { host: "127.0.163.129" port: 39929 } attrs { replace: true } } peers { permanent_uuid: "b057ba3b530e497ebdbf7cf03277bc71" member_type: VOTER last_known_addr { host: "127.0.163.130" port: 45923 } } peers { permanent_uuid: "7761b53f94904edf95c10de80d6cfd91" member_type: VOTER last_known_addr { host: "127.0.163.131" port: 36295 } } peers { permanent_uuid: "817026135c264517a215502e57ab8c47" member_type: NON_VOTER last_known_addr { host: "127.0.163.132" port: 36981 } attrs { promote: true } } }
I20260630 12:35:03.493813  3618 tablet_service.cc:1917] Received RequestConsensusVote() RPC: tablet_id: "642c26dff2a44ba3a20848bdcec63466" candidate_uuid: "7761b53f94904edf95c10de80d6cfd91" candidate_term: 2 candidate_status { last_received { term: 1 index: 1 } } ignore_live_leader: true dest_uuid: "d7a96ababc714ce9b0ff498643b04c41"
I20260630 12:35:03.494406  3618 raft_consensus.cc:3055] T 642c26dff2a44ba3a20848bdcec63466 P d7a96ababc714ce9b0ff498643b04c41 [term 1 LEADER]: Stepping down as leader of term 1
I20260630 12:35:03.494763  3618 raft_consensus.cc:740] T 642c26dff2a44ba3a20848bdcec63466 P d7a96ababc714ce9b0ff498643b04c41 [term 1 LEADER]: Becoming Follower/Learner. State: Replica: d7a96ababc714ce9b0ff498643b04c41, State: Running, Role: LEADER
I20260630 12:35:03.494174  3692 raft_consensus.cc:2955] T f9349b3ccddd4877912b6eac1b7ac57e P b057ba3b530e497ebdbf7cf03277bc71 [term 1 FOLLOWER]: Committing config change with OpId 1.2: config changed from index -1 to 2, NON_VOTER 817026135c264517a215502e57ab8c47 (127.0.163.132) added. New config: { opid_index: 2 OBSOLETE_local: false peers { permanent_uuid: "d7a96ababc714ce9b0ff498643b04c41" member_type: VOTER last_known_addr { host: "127.0.163.129" port: 39929 } attrs { replace: true } } peers { permanent_uuid: "b057ba3b530e497ebdbf7cf03277bc71" member_type: VOTER last_known_addr { host: "127.0.163.130" port: 45923 } } peers { permanent_uuid: "7761b53f94904edf95c10de80d6cfd91" member_type: VOTER last_known_addr { host: "127.0.163.131" port: 36295 } } peers { permanent_uuid: "817026135c264517a215502e57ab8c47" member_type: NON_VOTER last_known_addr { host: "127.0.163.132" port: 36981 } attrs { promote: true } } }
I20260630 12:35:03.495687  3767 leader_election.cc:290] T 642c26dff2a44ba3a20848bdcec63466 P 7761b53f94904edf95c10de80d6cfd91 [CANDIDATE]: Term 2 election: Requested vote from peers b057ba3b530e497ebdbf7cf03277bc71 (127.0.163.130:45923), d7a96ababc714ce9b0ff498643b04c41 (127.0.163.129:39929)
I20260630 12:35:03.495731  3618 consensus_queue.cc:260] T 642c26dff2a44ba3a20848bdcec63466 P d7a96ababc714ce9b0ff498643b04c41 [NON_LEADER]: Queue going to NON_LEADER mode. State: All replicated index: 0, Majority replicated index: 1, Committed index: 1, Last appended: 1.1, Last appended by leader: 1, Current term: 1, Majority size: -1, State: 0, Mode: NON_LEADER, active raft config: opid_index: -1 OBSOLETE_local: false peers { permanent_uuid: "b057ba3b530e497ebdbf7cf03277bc71" member_type: VOTER last_known_addr { host: "127.0.163.130" port: 45923 } } peers { permanent_uuid: "d7a96ababc714ce9b0ff498643b04c41" member_type: VOTER last_known_addr { host: "127.0.163.129" port: 39929 } } peers { permanent_uuid: "7761b53f94904edf95c10de80d6cfd91" member_type: VOTER last_known_addr { host: "127.0.163.131" port: 36295 } }
I20260630 12:35:03.499248  3618 raft_consensus.cc:3060] T 642c26dff2a44ba3a20848bdcec63466 P d7a96ababc714ce9b0ff498643b04c41 [term 1 FOLLOWER]: Advancing to term 2
I20260630 12:35:03.497012  3693 tablet_service.cc:1917] Received RequestConsensusVote() RPC: tablet_id: "642c26dff2a44ba3a20848bdcec63466" candidate_uuid: "7761b53f94904edf95c10de80d6cfd91" candidate_term: 2 candidate_status { last_received { term: 1 index: 1 } } ignore_live_leader: true dest_uuid: "b057ba3b530e497ebdbf7cf03277bc71"
I20260630 12:35:03.504491  3693 raft_consensus.cc:3060] T 642c26dff2a44ba3a20848bdcec63466 P b057ba3b530e497ebdbf7cf03277bc71 [term 1 FOLLOWER]: Advancing to term 2
I20260630 12:35:03.513046  3516 catalog_manager.cc:5697] T f9349b3ccddd4877912b6eac1b7ac57e P 7761b53f94904edf95c10de80d6cfd91 reported cstate change: config changed from index -1 to 2, NON_VOTER 817026135c264517a215502e57ab8c47 (127.0.163.132) added. New cstate: current_term: 1 leader_uuid: "7761b53f94904edf95c10de80d6cfd91" committed_config { opid_index: 2 OBSOLETE_local: false peers { permanent_uuid: "d7a96ababc714ce9b0ff498643b04c41" member_type: VOTER last_known_addr { host: "127.0.163.129" port: 39929 } attrs { replace: true } health_report { overall_health: UNKNOWN } } peers { permanent_uuid: "b057ba3b530e497ebdbf7cf03277bc71" member_type: VOTER last_known_addr { host: "127.0.163.130" port: 45923 } health_report { overall_health: HEALTHY } } peers { permanent_uuid: "7761b53f94904edf95c10de80d6cfd91" member_type: VOTER last_known_addr { host: "127.0.163.131" port: 36295 } health_report { overall_health: HEALTHY } } peers { permanent_uuid: "817026135c264517a215502e57ab8c47" member_type: NON_VOTER last_known_addr { host: "127.0.163.132" port: 36981 } attrs { promote: true } health_report { overall_health: UNKNOWN } } }
I20260630 12:35:03.514748  3618 raft_consensus.cc:2468] T 642c26dff2a44ba3a20848bdcec63466 P d7a96ababc714ce9b0ff498643b04c41 [term 2 FOLLOWER]: Leader election vote request: Granting yes vote for candidate 7761b53f94904edf95c10de80d6cfd91 in term 2.
I20260630 12:35:03.515944  3732 leader_election.cc:304] T 642c26dff2a44ba3a20848bdcec63466 P 7761b53f94904edf95c10de80d6cfd91 [CANDIDATE]: Term 2 election: Election decided. Result: candidate won. Election summary: received 2 responses out of 3 voters: 2 yes votes; 0 no votes. yes voters: 7761b53f94904edf95c10de80d6cfd91, d7a96ababc714ce9b0ff498643b04c41; no voters: 
I20260630 12:35:03.517627  3693 raft_consensus.cc:2468] T 642c26dff2a44ba3a20848bdcec63466 P b057ba3b530e497ebdbf7cf03277bc71 [term 2 FOLLOWER]: Leader election vote request: Granting yes vote for candidate 7761b53f94904edf95c10de80d6cfd91 in term 2.
I20260630 12:35:03.519832  4036 raft_consensus.cc:2804] T 642c26dff2a44ba3a20848bdcec63466 P 7761b53f94904edf95c10de80d6cfd91 [term 2 FOLLOWER]: Leader election won for term 2
I20260630 12:35:03.520583  4036 raft_consensus.cc:697] T 642c26dff2a44ba3a20848bdcec63466 P 7761b53f94904edf95c10de80d6cfd91 [term 2 LEADER]: Becoming Leader. State: Replica: 7761b53f94904edf95c10de80d6cfd91, State: Running, Role: LEADER
I20260630 12:35:03.521904  4036 consensus_queue.cc:237] T 642c26dff2a44ba3a20848bdcec63466 P 7761b53f94904edf95c10de80d6cfd91 [LEADER]: Queue going to LEADER mode. State: All replicated index: 0, Majority replicated index: 1, Committed index: 1, Last appended: 1.1, Last appended by leader: 1, Current term: 2, Majority size: 2, State: 0, Mode: LEADER, active raft config: opid_index: -1 OBSOLETE_local: false peers { permanent_uuid: "b057ba3b530e497ebdbf7cf03277bc71" member_type: VOTER last_known_addr { host: "127.0.163.130" port: 45923 } } peers { permanent_uuid: "d7a96ababc714ce9b0ff498643b04c41" member_type: VOTER last_known_addr { host: "127.0.163.129" port: 39929 } } peers { permanent_uuid: "7761b53f94904edf95c10de80d6cfd91" member_type: VOTER last_known_addr { host: "127.0.163.131" port: 36295 } }
I20260630 12:35:03.525820  3617 raft_consensus.cc:2955] T f9349b3ccddd4877912b6eac1b7ac57e P d7a96ababc714ce9b0ff498643b04c41 [term 1 FOLLOWER]: Committing config change with OpId 1.2: config changed from index -1 to 2, NON_VOTER 817026135c264517a215502e57ab8c47 (127.0.163.132) added. New config: { opid_index: 2 OBSOLETE_local: false peers { permanent_uuid: "d7a96ababc714ce9b0ff498643b04c41" member_type: VOTER last_known_addr { host: "127.0.163.129" port: 39929 } attrs { replace: true } } peers { permanent_uuid: "b057ba3b530e497ebdbf7cf03277bc71" member_type: VOTER last_known_addr { host: "127.0.163.130" port: 45923 } } peers { permanent_uuid: "7761b53f94904edf95c10de80d6cfd91" member_type: VOTER last_known_addr { host: "127.0.163.131" port: 36295 } } peers { permanent_uuid: "817026135c264517a215502e57ab8c47" member_type: NON_VOTER last_known_addr { host: "127.0.163.132" port: 36981 } attrs { promote: true } } }
W20260630 12:35:03.532644  3565 auto_rebalancer.cc:639] Failed to schedule move for tablet 642c26dff2a44ba3a20848bdcec63466: Illegal state: Replica d7a96ababc714ce9b0ff498643b04c41 is not leader of this config. Role: FOLLOWER. Consensus state: current_term: 2 committed_config { opid_index: -1 OBSOLETE_local: false peers { permanent_uuid: "b057ba3b530e497ebdbf7cf03277bc71" member_type: VOTER last_known_addr { host: "127.0.163.130" port: 45923 } } peers { permanent_uuid: "d7a96ababc714ce9b0ff498643b04c41" member_type: VOTER last_known_addr { host: "127.0.163.129" port: 39929 } } peers { permanent_uuid: "7761b53f94904edf95c10de80d6cfd91" member_type: VOTER last_known_addr { host: "127.0.163.131" port: 36295 } } }
I20260630 12:35:03.536820  3516 catalog_manager.cc:5697] T 642c26dff2a44ba3a20848bdcec63466 P 7761b53f94904edf95c10de80d6cfd91 reported cstate change: term changed from 1 to 2, leader changed from d7a96ababc714ce9b0ff498643b04c41 (127.0.163.129) to 7761b53f94904edf95c10de80d6cfd91 (127.0.163.131). New cstate: current_term: 2 leader_uuid: "7761b53f94904edf95c10de80d6cfd91" committed_config { opid_index: -1 OBSOLETE_local: false peers { permanent_uuid: "b057ba3b530e497ebdbf7cf03277bc71" member_type: VOTER last_known_addr { host: "127.0.163.130" port: 45923 } health_report { overall_health: UNKNOWN } } peers { permanent_uuid: "d7a96ababc714ce9b0ff498643b04c41" member_type: VOTER last_known_addr { host: "127.0.163.129" port: 39929 } health_report { overall_health: UNKNOWN } } peers { permanent_uuid: "7761b53f94904edf95c10de80d6cfd91" member_type: VOTER last_known_addr { host: "127.0.163.131" port: 36295 } health_report { overall_health: HEALTHY } } }
W20260630 12:35:03.549065  3565 auto_rebalancer.cc:639] Failed to schedule move for tablet 5fc6fa0a912c49549183e603c8aec07c: Remote error: Service unavailable: leader transfer in progress
I20260630 12:35:03.553045  3692 consensus_queue.cc:237] T 87d3794af7a4468cbba108ea8587e986 P b057ba3b530e497ebdbf7cf03277bc71 [LEADER]: Queue going to LEADER mode. State: All replicated index: 0, Majority replicated index: 1, Committed index: 1, Last appended: 1.1, Last appended by leader: 0, Current term: 1, Majority size: 2, State: 0, Mode: LEADER, active raft config: opid_index: 2 OBSOLETE_local: false peers { permanent_uuid: "d7a96ababc714ce9b0ff498643b04c41" member_type: VOTER last_known_addr { host: "127.0.163.129" port: 39929 } attrs { replace: true } } peers { permanent_uuid: "b057ba3b530e497ebdbf7cf03277bc71" member_type: VOTER last_known_addr { host: "127.0.163.130" port: 45923 } } peers { permanent_uuid: "7761b53f94904edf95c10de80d6cfd91" member_type: VOTER last_known_addr { host: "127.0.163.131" port: 36295 } } peers { permanent_uuid: "817026135c264517a215502e57ab8c47" member_type: NON_VOTER last_known_addr { host: "127.0.163.132" port: 36981 } attrs { promote: true } }
I20260630 12:35:03.554216  3954 consensus_queue.cc:1048] T 2f00cdb678f74b46a817524a6bbb5e14 P d7a96ababc714ce9b0ff498643b04c41 [LEADER]: Connected to new peer: Peer: permanent_uuid: "817026135c264517a215502e57ab8c47" member_type: VOTER last_known_addr { host: "127.0.163.132" port: 36981 }, Status: LMP_MISMATCH, Last received: 0.0, Next index: 1, Last known committed idx: 0, Time since last communication: 0.000s
I20260630 12:35:03.560039  3767 raft_consensus.cc:1275] T 87d3794af7a4468cbba108ea8587e986 P 7761b53f94904edf95c10de80d6cfd91 [term 1 FOLLOWER]: Refusing update from remote peer b057ba3b530e497ebdbf7cf03277bc71: Log matching property violated. Preceding OpId in replica: term: 1 index: 1. Preceding OpId from leader: term: 1 index: 2. (index mismatch)
W20260630 12:35:03.561841  3659 consensus_peers.cc:597] T 87d3794af7a4468cbba108ea8587e986 P b057ba3b530e497ebdbf7cf03277bc71 -> Peer 817026135c264517a215502e57ab8c47 (127.0.163.132:36981): Couldn't send request to peer 817026135c264517a215502e57ab8c47. Error code: TABLET_NOT_FOUND (6). Status: Not found: Tablet not found: 87d3794af7a4468cbba108ea8587e986. This is attempt 1: this message will repeat every 5th retry.
I20260630 12:35:03.562639  3969 consensus_queue.cc:1048] T 87d3794af7a4468cbba108ea8587e986 P b057ba3b530e497ebdbf7cf03277bc71 [LEADER]: Connected to new peer: Peer: permanent_uuid: "7761b53f94904edf95c10de80d6cfd91" member_type: VOTER last_known_addr { host: "127.0.163.131" port: 36295 }, Status: LMP_MISMATCH, Last received: 0.0, Next index: 2, Last known committed idx: 1, Time since last communication: 0.001s
I20260630 12:35:03.567976  3954 consensus_queue.cc:1048] T fcfe97a7267b4024b3c14c1b79242131 P d7a96ababc714ce9b0ff498643b04c41 [LEADER]: Connected to new peer: Peer: permanent_uuid: "7761b53f94904edf95c10de80d6cfd91" member_type: VOTER last_known_addr { host: "127.0.163.131" port: 36295 }, Status: LMP_MISMATCH, Last received: 0.0, Next index: 1, Last known committed idx: 0, Time since last communication: 0.000s
I20260630 12:35:03.570416  3618 raft_consensus.cc:1275] T 87d3794af7a4468cbba108ea8587e986 P d7a96ababc714ce9b0ff498643b04c41 [term 1 FOLLOWER]: Refusing update from remote peer b057ba3b530e497ebdbf7cf03277bc71: Log matching property violated. Preceding OpId in replica: term: 1 index: 1. Preceding OpId from leader: term: 1 index: 2. (index mismatch)
I20260630 12:35:03.574537  3969 consensus_queue.cc:1048] T 87d3794af7a4468cbba108ea8587e986 P b057ba3b530e497ebdbf7cf03277bc71 [LEADER]: Connected to new peer: Peer: permanent_uuid: "d7a96ababc714ce9b0ff498643b04c41" member_type: VOTER last_known_addr { host: "127.0.163.129" port: 39929 } attrs { replace: true }, Status: LMP_MISMATCH, Last received: 0.0, Next index: 2, Last known committed idx: 1, Time since last communication: 0.000s
I20260630 12:35:03.577152  4017 consensus_queue.cc:1048] T 2f00cdb678f74b46a817524a6bbb5e14 P d7a96ababc714ce9b0ff498643b04c41 [LEADER]: Connected to new peer: Peer: permanent_uuid: "b057ba3b530e497ebdbf7cf03277bc71" member_type: VOTER last_known_addr { host: "127.0.163.130" port: 45923 }, Status: LMP_MISMATCH, Last received: 0.0, Next index: 1, Last known committed idx: 0, Time since last communication: 0.000s
I20260630 12:35:03.588187  3969 raft_consensus.cc:2955] T 87d3794af7a4468cbba108ea8587e986 P b057ba3b530e497ebdbf7cf03277bc71 [term 1 LEADER]: Committing config change with OpId 1.2: config changed from index -1 to 2, NON_VOTER 817026135c264517a215502e57ab8c47 (127.0.163.132) added. New config: { opid_index: 2 OBSOLETE_local: false peers { permanent_uuid: "d7a96ababc714ce9b0ff498643b04c41" member_type: VOTER last_known_addr { host: "127.0.163.129" port: 39929 } attrs { replace: true } } peers { permanent_uuid: "b057ba3b530e497ebdbf7cf03277bc71" member_type: VOTER last_known_addr { host: "127.0.163.130" port: 45923 } } peers { permanent_uuid: "7761b53f94904edf95c10de80d6cfd91" member_type: VOTER last_known_addr { host: "127.0.163.131" port: 36295 } } peers { permanent_uuid: "817026135c264517a215502e57ab8c47" member_type: NON_VOTER last_known_addr { host: "127.0.163.132" port: 36981 } attrs { promote: true } } }
I20260630 12:35:03.594069  3766 raft_consensus.cc:2955] T 87d3794af7a4468cbba108ea8587e986 P 7761b53f94904edf95c10de80d6cfd91 [term 1 FOLLOWER]: Committing config change with OpId 1.2: config changed from index -1 to 2, NON_VOTER 817026135c264517a215502e57ab8c47 (127.0.163.132) added. New config: { opid_index: 2 OBSOLETE_local: false peers { permanent_uuid: "d7a96ababc714ce9b0ff498643b04c41" member_type: VOTER last_known_addr { host: "127.0.163.129" port: 39929 } attrs { replace: true } } peers { permanent_uuid: "b057ba3b530e497ebdbf7cf03277bc71" member_type: VOTER last_known_addr { host: "127.0.163.130" port: 45923 } } peers { permanent_uuid: "7761b53f94904edf95c10de80d6cfd91" member_type: VOTER last_known_addr { host: "127.0.163.131" port: 36295 } } peers { permanent_uuid: "817026135c264517a215502e57ab8c47" member_type: NON_VOTER last_known_addr { host: "127.0.163.132" port: 36981 } attrs { promote: true } } }
I20260630 12:35:03.601825  4017 raft_consensus.cc:993] T fcfe97a7267b4024b3c14c1b79242131 P d7a96ababc714ce9b0ff498643b04c41: : Instructing follower 7761b53f94904edf95c10de80d6cfd91 to start an election
I20260630 12:35:03.602340  3823 raft_consensus.cc:1081] T fcfe97a7267b4024b3c14c1b79242131 P d7a96ababc714ce9b0ff498643b04c41 [term 1 LEADER]: Signalling peer 7761b53f94904edf95c10de80d6cfd91 to start an election
I20260630 12:35:03.604367  3991 consensus_queue.cc:1048] T 8389360f4ddf4d71813afb0a20f6f9ca P 817026135c264517a215502e57ab8c47 [LEADER]: Connected to new peer: Peer: permanent_uuid: "d7a96ababc714ce9b0ff498643b04c41" member_type: VOTER last_known_addr { host: "127.0.163.129" port: 39929 }, Status: LMP_MISMATCH, Last received: 0.0, Next index: 1, Last known committed idx: 0, Time since last communication: 0.000s
I20260630 12:35:03.614280  3515 catalog_manager.cc:5697] T 87d3794af7a4468cbba108ea8587e986 P 7761b53f94904edf95c10de80d6cfd91 reported cstate change: config changed from index -1 to 2, NON_VOTER 817026135c264517a215502e57ab8c47 (127.0.163.132) added. New cstate: current_term: 1 leader_uuid: "b057ba3b530e497ebdbf7cf03277bc71" committed_config { opid_index: 2 OBSOLETE_local: false peers { permanent_uuid: "d7a96ababc714ce9b0ff498643b04c41" member_type: VOTER last_known_addr { host: "127.0.163.129" port: 39929 } attrs { replace: true } } peers { permanent_uuid: "b057ba3b530e497ebdbf7cf03277bc71" member_type: VOTER last_known_addr { host: "127.0.163.130" port: 45923 } } peers { permanent_uuid: "7761b53f94904edf95c10de80d6cfd91" member_type: VOTER last_known_addr { host: "127.0.163.131" port: 36295 } } peers { permanent_uuid: "817026135c264517a215502e57ab8c47" member_type: NON_VOTER last_known_addr { host: "127.0.163.132" port: 36981 } attrs { promote: true } } }
I20260630 12:35:03.616824  3617 raft_consensus.cc:2955] T 87d3794af7a4468cbba108ea8587e986 P d7a96ababc714ce9b0ff498643b04c41 [term 1 FOLLOWER]: Committing config change with OpId 1.2: config changed from index -1 to 2, NON_VOTER 817026135c264517a215502e57ab8c47 (127.0.163.132) added. New config: { opid_index: 2 OBSOLETE_local: false peers { permanent_uuid: "d7a96ababc714ce9b0ff498643b04c41" member_type: VOTER last_known_addr { host: "127.0.163.129" port: 39929 } attrs { replace: true } } peers { permanent_uuid: "b057ba3b530e497ebdbf7cf03277bc71" member_type: VOTER last_known_addr { host: "127.0.163.130" port: 45923 } } peers { permanent_uuid: "7761b53f94904edf95c10de80d6cfd91" member_type: VOTER last_known_addr { host: "127.0.163.131" port: 36295 } } peers { permanent_uuid: "817026135c264517a215502e57ab8c47" member_type: NON_VOTER last_known_addr { host: "127.0.163.132" port: 36981 } attrs { promote: true } } }
I20260630 12:35:03.619560  3823 consensus_queue.cc:1048] T fcfe97a7267b4024b3c14c1b79242131 P d7a96ababc714ce9b0ff498643b04c41 [LEADER]: Connected to new peer: Peer: permanent_uuid: "817026135c264517a215502e57ab8c47" member_type: VOTER last_known_addr { host: "127.0.163.132" port: 36981 }, Status: LMP_MISMATCH, Last received: 0.0, Next index: 1, Last known committed idx: 0, Time since last communication: 0.000s
I20260630 12:35:03.622390  3768 tablet_service.cc:2044] Received Run Leader Election RPC: tablet_id: "fcfe97a7267b4024b3c14c1b79242131"
dest_uuid: "7761b53f94904edf95c10de80d6cfd91"
 from {username='slave'} at 127.0.0.1:34964
I20260630 12:35:03.623344  3768 raft_consensus.cc:493] T fcfe97a7267b4024b3c14c1b79242131 P 7761b53f94904edf95c10de80d6cfd91 [term 1 FOLLOWER]: Starting forced leader election (received explicit request)
I20260630 12:35:03.630709  4036 consensus_queue.cc:1048] T abd8029fde414363b0b4c02bce0f2df7 P 7761b53f94904edf95c10de80d6cfd91 [LEADER]: Connected to new peer: Peer: permanent_uuid: "b057ba3b530e497ebdbf7cf03277bc71" member_type: VOTER last_known_addr { host: "127.0.163.130" port: 45923 }, Status: LMP_MISMATCH, Last received: 0.0, Next index: 1, Last known committed idx: 0, Time since last communication: 0.000s
I20260630 12:35:03.642431  3768 raft_consensus.cc:3060] T fcfe97a7267b4024b3c14c1b79242131 P 7761b53f94904edf95c10de80d6cfd91 [term 1 FOLLOWER]: Advancing to term 2
I20260630 12:35:03.638844  3992 consensus_queue.cc:1048] T 8389360f4ddf4d71813afb0a20f6f9ca P 817026135c264517a215502e57ab8c47 [LEADER]: Connected to new peer: Peer: permanent_uuid: "7761b53f94904edf95c10de80d6cfd91" member_type: VOTER last_known_addr { host: "127.0.163.131" port: 36295 }, Status: LMP_MISMATCH, Last received: 0.0, Next index: 1, Last known committed idx: 0, Time since last communication: 0.001s
I20260630 12:35:03.679510  3768 raft_consensus.cc:515] T fcfe97a7267b4024b3c14c1b79242131 P 7761b53f94904edf95c10de80d6cfd91 [term 2 FOLLOWER]: Starting forced leader election with config: opid_index: -1 OBSOLETE_local: false peers { permanent_uuid: "817026135c264517a215502e57ab8c47" member_type: VOTER last_known_addr { host: "127.0.163.132" port: 36981 } } peers { permanent_uuid: "7761b53f94904edf95c10de80d6cfd91" member_type: VOTER last_known_addr { host: "127.0.163.131" port: 36295 } } peers { permanent_uuid: "d7a96ababc714ce9b0ff498643b04c41" member_type: VOTER last_known_addr { host: "127.0.163.129" port: 39929 } }
I20260630 12:35:03.692541  3917 tablet_service.cc:1917] Received RequestConsensusVote() RPC: tablet_id: "fcfe97a7267b4024b3c14c1b79242131" candidate_uuid: "7761b53f94904edf95c10de80d6cfd91" candidate_term: 2 candidate_status { last_received { term: 1 index: 1 } } ignore_live_leader: true dest_uuid: "817026135c264517a215502e57ab8c47"
I20260630 12:35:03.693140  3917 raft_consensus.cc:3060] T fcfe97a7267b4024b3c14c1b79242131 P 817026135c264517a215502e57ab8c47 [term 1 FOLLOWER]: Advancing to term 2
I20260630 12:35:03.694144  3617 tablet_service.cc:1917] Received RequestConsensusVote() RPC: tablet_id: "fcfe97a7267b4024b3c14c1b79242131" candidate_uuid: "7761b53f94904edf95c10de80d6cfd91" candidate_term: 2 candidate_status { last_received { term: 1 index: 1 } } ignore_live_leader: true dest_uuid: "d7a96ababc714ce9b0ff498643b04c41"
I20260630 12:35:03.694756  3617 raft_consensus.cc:3055] T fcfe97a7267b4024b3c14c1b79242131 P d7a96ababc714ce9b0ff498643b04c41 [term 1 LEADER]: Stepping down as leader of term 1
I20260630 12:35:03.695061  3617 raft_consensus.cc:740] T fcfe97a7267b4024b3c14c1b79242131 P d7a96ababc714ce9b0ff498643b04c41 [term 1 LEADER]: Becoming Follower/Learner. State: Replica: d7a96ababc714ce9b0ff498643b04c41, State: Running, Role: LEADER
I20260630 12:35:03.695837  3617 consensus_queue.cc:260] T fcfe97a7267b4024b3c14c1b79242131 P d7a96ababc714ce9b0ff498643b04c41 [NON_LEADER]: Queue going to NON_LEADER mode. State: All replicated index: 0, Majority replicated index: 1, Committed index: 1, Last appended: 1.1, Last appended by leader: 1, Current term: 1, Majority size: -1, State: 0, Mode: NON_LEADER, active raft config: opid_index: -1 OBSOLETE_local: false peers { permanent_uuid: "817026135c264517a215502e57ab8c47" member_type: VOTER last_known_addr { host: "127.0.163.132" port: 36981 } } peers { permanent_uuid: "7761b53f94904edf95c10de80d6cfd91" member_type: VOTER last_known_addr { host: "127.0.163.131" port: 36295 } } peers { permanent_uuid: "d7a96ababc714ce9b0ff498643b04c41" member_type: VOTER last_known_addr { host: "127.0.163.129" port: 39929 } }
I20260630 12:35:03.696982  3617 raft_consensus.cc:3060] T fcfe97a7267b4024b3c14c1b79242131 P d7a96ababc714ce9b0ff498643b04c41 [term 1 FOLLOWER]: Advancing to term 2
I20260630 12:35:03.695837  3768 leader_election.cc:290] T fcfe97a7267b4024b3c14c1b79242131 P 7761b53f94904edf95c10de80d6cfd91 [CANDIDATE]: Term 2 election: Requested vote from peers 817026135c264517a215502e57ab8c47 (127.0.163.132:36981), d7a96ababc714ce9b0ff498643b04c41 (127.0.163.129:39929)
I20260630 12:35:03.700642  3917 raft_consensus.cc:2468] T fcfe97a7267b4024b3c14c1b79242131 P 817026135c264517a215502e57ab8c47 [term 2 FOLLOWER]: Leader election vote request: Granting yes vote for candidate 7761b53f94904edf95c10de80d6cfd91 in term 2.
I20260630 12:35:03.701807  3733 leader_election.cc:304] T fcfe97a7267b4024b3c14c1b79242131 P 7761b53f94904edf95c10de80d6cfd91 [CANDIDATE]: Term 2 election: Election decided. Result: candidate won. Election summary: received 2 responses out of 3 voters: 2 yes votes; 0 no votes. yes voters: 7761b53f94904edf95c10de80d6cfd91, 817026135c264517a215502e57ab8c47; no voters: 
I20260630 12:35:03.703421  4007 raft_consensus.cc:2804] T fcfe97a7267b4024b3c14c1b79242131 P 7761b53f94904edf95c10de80d6cfd91 [term 2 FOLLOWER]: Leader election won for term 2
I20260630 12:35:03.703915  4007 raft_consensus.cc:697] T fcfe97a7267b4024b3c14c1b79242131 P 7761b53f94904edf95c10de80d6cfd91 [term 2 LEADER]: Becoming Leader. State: Replica: 7761b53f94904edf95c10de80d6cfd91, State: Running, Role: LEADER
I20260630 12:35:03.706252  4036 consensus_queue.cc:1048] T abd8029fde414363b0b4c02bce0f2df7 P 7761b53f94904edf95c10de80d6cfd91 [LEADER]: Connected to new peer: Peer: permanent_uuid: "817026135c264517a215502e57ab8c47" member_type: VOTER last_known_addr { host: "127.0.163.132" port: 36981 }, Status: LMP_MISMATCH, Last received: 0.0, Next index: 1, Last known committed idx: 0, Time since last communication: 0.000s
I20260630 12:35:03.708338  4007 consensus_queue.cc:237] T fcfe97a7267b4024b3c14c1b79242131 P 7761b53f94904edf95c10de80d6cfd91 [LEADER]: Queue going to LEADER mode. State: All replicated index: 0, Majority replicated index: 1, Committed index: 1, Last appended: 1.1, Last appended by leader: 1, Current term: 2, Majority size: 2, State: 0, Mode: LEADER, active raft config: opid_index: -1 OBSOLETE_local: false peers { permanent_uuid: "817026135c264517a215502e57ab8c47" member_type: VOTER last_known_addr { host: "127.0.163.132" port: 36981 } } peers { permanent_uuid: "7761b53f94904edf95c10de80d6cfd91" member_type: VOTER last_known_addr { host: "127.0.163.131" port: 36295 } } peers { permanent_uuid: "d7a96ababc714ce9b0ff498643b04c41" member_type: VOTER last_known_addr { host: "127.0.163.129" port: 39929 } }
I20260630 12:35:03.716998  3617 raft_consensus.cc:2468] T fcfe97a7267b4024b3c14c1b79242131 P d7a96ababc714ce9b0ff498643b04c41 [term 2 FOLLOWER]: Leader election vote request: Granting yes vote for candidate 7761b53f94904edf95c10de80d6cfd91 in term 2.
I20260630 12:35:03.720779  3516 catalog_manager.cc:5697] T fcfe97a7267b4024b3c14c1b79242131 P 7761b53f94904edf95c10de80d6cfd91 reported cstate change: term changed from 1 to 2, leader changed from d7a96ababc714ce9b0ff498643b04c41 (127.0.163.129) to 7761b53f94904edf95c10de80d6cfd91 (127.0.163.131). New cstate: current_term: 2 leader_uuid: "7761b53f94904edf95c10de80d6cfd91" committed_config { opid_index: -1 OBSOLETE_local: false peers { permanent_uuid: "817026135c264517a215502e57ab8c47" member_type: VOTER last_known_addr { host: "127.0.163.132" port: 36981 } health_report { overall_health: UNKNOWN } } peers { permanent_uuid: "7761b53f94904edf95c10de80d6cfd91" member_type: VOTER last_known_addr { host: "127.0.163.131" port: 36295 } health_report { overall_health: HEALTHY } } peers { permanent_uuid: "d7a96ababc714ce9b0ff498643b04c41" member_type: VOTER last_known_addr { host: "127.0.163.129" port: 39929 } health_report { overall_health: UNKNOWN } } }
I20260630 12:35:03.895974  3870 raft_consensus.cc:993] T 5fc6fa0a912c49549183e603c8aec07c P b057ba3b530e497ebdbf7cf03277bc71: : Instructing follower 7761b53f94904edf95c10de80d6cfd91 to start an election
I20260630 12:35:03.896485  3969 raft_consensus.cc:1081] T 5fc6fa0a912c49549183e603c8aec07c P b057ba3b530e497ebdbf7cf03277bc71 [term 1 LEADER]: Signalling peer 7761b53f94904edf95c10de80d6cfd91 to start an election
I20260630 12:35:03.898203  3768 tablet_service.cc:2044] Received Run Leader Election RPC: tablet_id: "5fc6fa0a912c49549183e603c8aec07c"
dest_uuid: "7761b53f94904edf95c10de80d6cfd91"
 from {username='slave'} at 127.0.0.1:34958
I20260630 12:35:03.898759  3768 raft_consensus.cc:493] T 5fc6fa0a912c49549183e603c8aec07c P 7761b53f94904edf95c10de80d6cfd91 [term 1 FOLLOWER]: Starting forced leader election (received explicit request)
I20260630 12:35:03.899125  3768 raft_consensus.cc:3060] T 5fc6fa0a912c49549183e603c8aec07c P 7761b53f94904edf95c10de80d6cfd91 [term 1 FOLLOWER]: Advancing to term 2
I20260630 12:35:03.903833  3768 raft_consensus.cc:515] T 5fc6fa0a912c49549183e603c8aec07c P 7761b53f94904edf95c10de80d6cfd91 [term 2 FOLLOWER]: Starting forced leader election with config: opid_index: -1 OBSOLETE_local: false peers { permanent_uuid: "7761b53f94904edf95c10de80d6cfd91" member_type: VOTER last_known_addr { host: "127.0.163.131" port: 36295 } } peers { permanent_uuid: "b057ba3b530e497ebdbf7cf03277bc71" member_type: VOTER last_known_addr { host: "127.0.163.130" port: 45923 } } peers { permanent_uuid: "d7a96ababc714ce9b0ff498643b04c41" member_type: VOTER last_known_addr { host: "127.0.163.129" port: 39929 } }
I20260630 12:35:03.905570  3768 leader_election.cc:290] T 5fc6fa0a912c49549183e603c8aec07c P 7761b53f94904edf95c10de80d6cfd91 [CANDIDATE]: Term 2 election: Requested vote from peers b057ba3b530e497ebdbf7cf03277bc71 (127.0.163.130:45923), d7a96ababc714ce9b0ff498643b04c41 (127.0.163.129:39929)
I20260630 12:35:03.906627  3617 tablet_service.cc:1917] Received RequestConsensusVote() RPC: tablet_id: "5fc6fa0a912c49549183e603c8aec07c" candidate_uuid: "7761b53f94904edf95c10de80d6cfd91" candidate_term: 2 candidate_status { last_received { term: 1 index: 1 } } ignore_live_leader: true dest_uuid: "d7a96ababc714ce9b0ff498643b04c41"
I20260630 12:35:03.906572  3693 tablet_service.cc:1917] Received RequestConsensusVote() RPC: tablet_id: "5fc6fa0a912c49549183e603c8aec07c" candidate_uuid: "7761b53f94904edf95c10de80d6cfd91" candidate_term: 2 candidate_status { last_received { term: 1 index: 1 } } ignore_live_leader: true dest_uuid: "b057ba3b530e497ebdbf7cf03277bc71"
I20260630 12:35:03.907333  3617 raft_consensus.cc:3060] T 5fc6fa0a912c49549183e603c8aec07c P d7a96ababc714ce9b0ff498643b04c41 [term 1 FOLLOWER]: Advancing to term 2
I20260630 12:35:03.907398  3693 raft_consensus.cc:3055] T 5fc6fa0a912c49549183e603c8aec07c P b057ba3b530e497ebdbf7cf03277bc71 [term 1 LEADER]: Stepping down as leader of term 1
I20260630 12:35:03.907908  3693 raft_consensus.cc:740] T 5fc6fa0a912c49549183e603c8aec07c P b057ba3b530e497ebdbf7cf03277bc71 [term 1 LEADER]: Becoming Follower/Learner. State: Replica: b057ba3b530e497ebdbf7cf03277bc71, State: Running, Role: LEADER
I20260630 12:35:03.908823  3693 consensus_queue.cc:260] T 5fc6fa0a912c49549183e603c8aec07c P b057ba3b530e497ebdbf7cf03277bc71 [NON_LEADER]: Queue going to NON_LEADER mode. State: All replicated index: 0, Majority replicated index: 1, Committed index: 1, Last appended: 1.1, Last appended by leader: 1, Current term: 1, Majority size: -1, State: 0, Mode: NON_LEADER, active raft config: opid_index: -1 OBSOLETE_local: false peers { permanent_uuid: "7761b53f94904edf95c10de80d6cfd91" member_type: VOTER last_known_addr { host: "127.0.163.131" port: 36295 } } peers { permanent_uuid: "b057ba3b530e497ebdbf7cf03277bc71" member_type: VOTER last_known_addr { host: "127.0.163.130" port: 45923 } } peers { permanent_uuid: "d7a96ababc714ce9b0ff498643b04c41" member_type: VOTER last_known_addr { host: "127.0.163.129" port: 39929 } }
I20260630 12:35:03.910145  3693 raft_consensus.cc:3060] T 5fc6fa0a912c49549183e603c8aec07c P b057ba3b530e497ebdbf7cf03277bc71 [term 1 FOLLOWER]: Advancing to term 2
I20260630 12:35:03.913802  3617 raft_consensus.cc:2468] T 5fc6fa0a912c49549183e603c8aec07c P d7a96ababc714ce9b0ff498643b04c41 [term 2 FOLLOWER]: Leader election vote request: Granting yes vote for candidate 7761b53f94904edf95c10de80d6cfd91 in term 2.
I20260630 12:35:03.914949  3732 leader_election.cc:304] T 5fc6fa0a912c49549183e603c8aec07c P 7761b53f94904edf95c10de80d6cfd91 [CANDIDATE]: Term 2 election: Election decided. Result: candidate won. Election summary: received 2 responses out of 3 voters: 2 yes votes; 0 no votes. yes voters: 7761b53f94904edf95c10de80d6cfd91, d7a96ababc714ce9b0ff498643b04c41; no voters: 
I20260630 12:35:03.915635  4007 raft_consensus.cc:2804] T 5fc6fa0a912c49549183e603c8aec07c P 7761b53f94904edf95c10de80d6cfd91 [term 2 FOLLOWER]: Leader election won for term 2
I20260630 12:35:03.916113  4007 raft_consensus.cc:697] T 5fc6fa0a912c49549183e603c8aec07c P 7761b53f94904edf95c10de80d6cfd91 [term 2 LEADER]: Becoming Leader. State: Replica: 7761b53f94904edf95c10de80d6cfd91, State: Running, Role: LEADER
I20260630 12:35:03.916829  4007 consensus_queue.cc:237] T 5fc6fa0a912c49549183e603c8aec07c P 7761b53f94904edf95c10de80d6cfd91 [LEADER]: Queue going to LEADER mode. State: All replicated index: 0, Majority replicated index: 1, Committed index: 1, Last appended: 1.1, Last appended by leader: 1, Current term: 2, Majority size: 2, State: 0, Mode: LEADER, active raft config: opid_index: -1 OBSOLETE_local: false peers { permanent_uuid: "7761b53f94904edf95c10de80d6cfd91" member_type: VOTER last_known_addr { host: "127.0.163.131" port: 36295 } } peers { permanent_uuid: "b057ba3b530e497ebdbf7cf03277bc71" member_type: VOTER last_known_addr { host: "127.0.163.130" port: 45923 } } peers { permanent_uuid: "d7a96ababc714ce9b0ff498643b04c41" member_type: VOTER last_known_addr { host: "127.0.163.129" port: 39929 } }
I20260630 12:35:03.917814  3693 raft_consensus.cc:2468] T 5fc6fa0a912c49549183e603c8aec07c P b057ba3b530e497ebdbf7cf03277bc71 [term 2 FOLLOWER]: Leader election vote request: Granting yes vote for candidate 7761b53f94904edf95c10de80d6cfd91 in term 2.
I20260630 12:35:03.924404  3516 catalog_manager.cc:5697] T 5fc6fa0a912c49549183e603c8aec07c P 7761b53f94904edf95c10de80d6cfd91 reported cstate change: term changed from 1 to 2, leader changed from b057ba3b530e497ebdbf7cf03277bc71 (127.0.163.130) to 7761b53f94904edf95c10de80d6cfd91 (127.0.163.131). New cstate: current_term: 2 leader_uuid: "7761b53f94904edf95c10de80d6cfd91" committed_config { opid_index: -1 OBSOLETE_local: false peers { permanent_uuid: "7761b53f94904edf95c10de80d6cfd91" member_type: VOTER last_known_addr { host: "127.0.163.131" port: 36295 } health_report { overall_health: HEALTHY } } peers { permanent_uuid: "b057ba3b530e497ebdbf7cf03277bc71" member_type: VOTER last_known_addr { host: "127.0.163.130" port: 45923 } health_report { overall_health: UNKNOWN } } peers { permanent_uuid: "d7a96ababc714ce9b0ff498643b04c41" member_type: VOTER last_known_addr { host: "127.0.163.129" port: 39929 } health_report { overall_health: UNKNOWN } } }
I20260630 12:35:04.006718  4053 ts_tablet_manager.cc:933] T f9349b3ccddd4877912b6eac1b7ac57e P 817026135c264517a215502e57ab8c47: Initiating tablet copy from peer 7761b53f94904edf95c10de80d6cfd91 (127.0.163.131:36295)
I20260630 12:35:04.010589  4053 tablet_copy_client.cc:323] T f9349b3ccddd4877912b6eac1b7ac57e P 817026135c264517a215502e57ab8c47: tablet copy: Beginning tablet copy session from remote peer at address 127.0.163.131:36295
I20260630 12:35:04.012560  3778 tablet_copy_service.cc:140] P 7761b53f94904edf95c10de80d6cfd91: Received BeginTabletCopySession request for tablet f9349b3ccddd4877912b6eac1b7ac57e from peer 817026135c264517a215502e57ab8c47 ({username='slave'} at 127.0.0.1:34978)
I20260630 12:35:04.013146  3778 tablet_copy_service.cc:161] P 7761b53f94904edf95c10de80d6cfd91: Beginning new tablet copy session on tablet f9349b3ccddd4877912b6eac1b7ac57e from peer 817026135c264517a215502e57ab8c47 at {username='slave'} at 127.0.0.1:34978: session id = 817026135c264517a215502e57ab8c47-f9349b3ccddd4877912b6eac1b7ac57e
I20260630 12:35:04.017115  4055 ts_tablet_manager.cc:933] T 87d3794af7a4468cbba108ea8587e986 P 817026135c264517a215502e57ab8c47: Initiating tablet copy from peer b057ba3b530e497ebdbf7cf03277bc71 (127.0.163.130:45923)
I20260630 12:35:04.019126  4055 tablet_copy_client.cc:323] T 87d3794af7a4468cbba108ea8587e986 P 817026135c264517a215502e57ab8c47: tablet copy: Beginning tablet copy session from remote peer at address 127.0.163.130:45923
I20260630 12:35:04.021461  3778 tablet_copy_source_session.cc:215] T f9349b3ccddd4877912b6eac1b7ac57e P 7761b53f94904edf95c10de80d6cfd91: Tablet Copy: opened 0 blocks and 1 log segments
I20260630 12:35:04.022001  3704 tablet_copy_service.cc:140] P b057ba3b530e497ebdbf7cf03277bc71: Received BeginTabletCopySession request for tablet 87d3794af7a4468cbba108ea8587e986 from peer 817026135c264517a215502e57ab8c47 ({username='slave'} at 127.0.0.1:52416)
I20260630 12:35:04.022567  3704 tablet_copy_service.cc:161] P b057ba3b530e497ebdbf7cf03277bc71: Beginning new tablet copy session on tablet 87d3794af7a4468cbba108ea8587e986 from peer 817026135c264517a215502e57ab8c47 at {username='slave'} at 127.0.0.1:52416: session id = 817026135c264517a215502e57ab8c47-87d3794af7a4468cbba108ea8587e986
I20260630 12:35:04.024744  4053 data_dirs.cc:400] Could only allocate 1 dirs of requested 3 for tablet f9349b3ccddd4877912b6eac1b7ac57e. 1 dirs total, 0 dirs full, 0 dirs failed
I20260630 12:35:04.026306  3617 raft_consensus.cc:1275] T 642c26dff2a44ba3a20848bdcec63466 P d7a96ababc714ce9b0ff498643b04c41 [term 2 FOLLOWER]: Refusing update from remote peer 7761b53f94904edf95c10de80d6cfd91: Log matching property violated. Preceding OpId in replica: term: 1 index: 1. Preceding OpId from leader: term: 2 index: 2. (index mismatch)
I20260630 12:35:04.029157  4007 consensus_queue.cc:1048] T 642c26dff2a44ba3a20848bdcec63466 P 7761b53f94904edf95c10de80d6cfd91 [LEADER]: Connected to new peer: Peer: permanent_uuid: "d7a96ababc714ce9b0ff498643b04c41" member_type: VOTER last_known_addr { host: "127.0.163.129" port: 39929 }, Status: LMP_MISMATCH, Last received: 0.0, Next index: 2, Last known committed idx: 1, Time since last communication: 0.000s
I20260630 12:35:04.032377  3704 tablet_copy_source_session.cc:215] T 87d3794af7a4468cbba108ea8587e986 P b057ba3b530e497ebdbf7cf03277bc71: Tablet Copy: opened 0 blocks and 1 log segments
I20260630 12:35:04.036055  3693 raft_consensus.cc:1275] T 3725508221964413b8991e781534790f P b057ba3b530e497ebdbf7cf03277bc71 [term 2 FOLLOWER]: Refusing update from remote peer 817026135c264517a215502e57ab8c47: Log matching property violated. Preceding OpId in replica: term: 1 index: 1. Preceding OpId from leader: term: 2 index: 2. (index mismatch)
I20260630 12:35:04.037730  3990 consensus_queue.cc:1048] T 3725508221964413b8991e781534790f P 817026135c264517a215502e57ab8c47 [LEADER]: Connected to new peer: Peer: permanent_uuid: "b057ba3b530e497ebdbf7cf03277bc71" member_type: VOTER last_known_addr { host: "127.0.163.130" port: 45923 }, Status: LMP_MISMATCH, Last received: 0.0, Next index: 2, Last known committed idx: 1, Time since last communication: 0.000s
I20260630 12:35:04.040462  4053 tablet_copy_client.cc:806] T f9349b3ccddd4877912b6eac1b7ac57e P 817026135c264517a215502e57ab8c47: tablet copy: Starting download of 0 data blocks...
I20260630 12:35:04.041039  4053 tablet_copy_client.cc:670] T f9349b3ccddd4877912b6eac1b7ac57e P 817026135c264517a215502e57ab8c47: tablet copy: Starting download of 1 WAL segments...
I20260630 12:35:04.049837  4055 data_dirs.cc:400] Could only allocate 1 dirs of requested 3 for tablet 87d3794af7a4468cbba108ea8587e986. 1 dirs total, 0 dirs full, 0 dirs failed
