I20260630 12:35:10.107348  3817 ts_tablet_manager.cc:1916] T 75eea16f0f09420c9c4439ef03339c4a P 6f52683829be4cb5a8f4369a943cdf21: Deleting tablet data with delete state TABLET_DATA_TOMBSTONED
I20260630 12:35:10.109906  3169 catalog_manager.cc:5210] ChangeConfig:REMOVE_PEER RPC for tablet 351693f0871d42ecb87bdeb07151e8ae with cas_config_opid_index 4: ChangeConfig:REMOVE_PEER succeeded (attempt 1)
I20260630 12:35:10.115309  3181 catalog_manager.cc:5697] T 351693f0871d42ecb87bdeb07151e8ae P ec907f3a896640488e7342aeb330cae5 reported cstate change: config changed from index 4 to 5, VOTER 079ff9f40eec4883a681e4b54dace31a (127.31.252.2) evicted. New cstate: current_term: 2 leader_uuid: "ec907f3a896640488e7342aeb330cae5" committed_config { opid_index: 5 OBSOLETE_local: false peers { permanent_uuid: "6f52683829be4cb5a8f4369a943cdf21" member_type: VOTER last_known_addr { host: "127.31.252.1" port: 39331 } health_report { overall_health: HEALTHY } } peers { permanent_uuid: "ec907f3a896640488e7342aeb330cae5" member_type: VOTER last_known_addr { host: "127.31.252.3" port: 39491 } health_report { overall_health: HEALTHY } } peers { permanent_uuid: "2e4ef06b99d040399b9c695a9038961c" member_type: VOTER last_known_addr { host: "127.31.252.4" port: 45697 } attrs { promote: false } health_report { overall_health: HEALTHY } } }
I20260630 12:35:10.126670  3183 catalog_manager.cc:5697] T c566e1bdee4348d3ad7636528fc7100f P 6f52683829be4cb5a8f4369a943cdf21 reported cstate change: config changed from index 2 to 3, 2e4ef06b99d040399b9c695a9038961c (127.31.252.4) changed from NON_VOTER to VOTER. New cstate: current_term: 1 leader_uuid: "6f52683829be4cb5a8f4369a943cdf21" committed_config { opid_index: 3 OBSOLETE_local: false peers { permanent_uuid: "6f52683829be4cb5a8f4369a943cdf21" member_type: VOTER last_known_addr { host: "127.31.252.1" port: 39331 } health_report { overall_health: HEALTHY } } peers { permanent_uuid: "079ff9f40eec4883a681e4b54dace31a" member_type: VOTER last_known_addr { host: "127.31.252.2" port: 41993 } health_report { overall_health: HEALTHY } } peers { permanent_uuid: "ec907f3a896640488e7342aeb330cae5" member_type: VOTER last_known_addr { host: "127.31.252.3" port: 39491 } attrs { replace: true } health_report { overall_health: HEALTHY } } peers { permanent_uuid: "2e4ef06b99d040399b9c695a9038961c" member_type: VOTER last_known_addr { host: "127.31.252.4" port: 45697 } attrs { promote: false } health_report { overall_health: HEALTHY } } }
I20260630 12:35:10.132943  3352 tablet_service.cc:1558] Processing DeleteTablet for tablet 351693f0871d42ecb87bdeb07151e8ae with delete_type TABLET_DATA_TOMBSTONED (TS 079ff9f40eec4883a681e4b54dace31a not found in new config with opid_index 5) from {username='slave'} at 127.0.0.1:59792
I20260630 12:35:10.139417  3605 raft_consensus.cc:2955] T c566e1bdee4348d3ad7636528fc7100f P 2e4ef06b99d040399b9c695a9038961c [term 1 FOLLOWER]: Committing config change with OpId 1.3: config changed from index 2 to 3, 2e4ef06b99d040399b9c695a9038961c (127.31.252.4) changed from NON_VOTER to VOTER. New config: { opid_index: 3 OBSOLETE_local: false peers { permanent_uuid: "6f52683829be4cb5a8f4369a943cdf21" member_type: VOTER last_known_addr { host: "127.31.252.1" port: 39331 } } peers { permanent_uuid: "079ff9f40eec4883a681e4b54dace31a" member_type: VOTER last_known_addr { host: "127.31.252.2" port: 41993 } } peers { permanent_uuid: "ec907f3a896640488e7342aeb330cae5" member_type: VOTER last_known_addr { host: "127.31.252.3" port: 39491 } attrs { replace: true } } peers { permanent_uuid: "2e4ef06b99d040399b9c695a9038961c" member_type: VOTER last_known_addr { host: "127.31.252.4" port: 45697 } attrs { promote: false } } }
I20260630 12:35:10.143855  3821 tablet_replica.cc:333] T 351693f0871d42ecb87bdeb07151e8ae P 079ff9f40eec4883a681e4b54dace31a: stopping tablet replica
I20260630 12:35:10.144901  3821 raft_consensus.cc:2243] T 351693f0871d42ecb87bdeb07151e8ae P 079ff9f40eec4883a681e4b54dace31a [term 2 FOLLOWER]: Raft consensus shutting down.
I20260630 12:35:10.145815  3821 raft_consensus.cc:2272] T 351693f0871d42ecb87bdeb07151e8ae P 079ff9f40eec4883a681e4b54dace31a [term 2 FOLLOWER]: Raft consensus is shut down!
I20260630 12:35:10.145852  3817 ts_tablet_manager.cc:1929] T 75eea16f0f09420c9c4439ef03339c4a P 6f52683829be4cb5a8f4369a943cdf21: tablet deleted with delete type TABLET_DATA_TOMBSTONED: last-logged OpId 1.3
I20260630 12:35:10.146885  3817 log.cc:1199] T 75eea16f0f09420c9c4439ef03339c4a P 6f52683829be4cb5a8f4369a943cdf21: Deleting WAL directory at /tmp/dist-test-tasktamR0f/test-tmp/auto_rebalancer-test.0.AutoRebalancerTest.RangeAwareRebalancesNewRangeReplicas.1782822820627104-32752-0/minicluster-data/ts-0-root/wals/75eea16f0f09420c9c4439ef03339c4a
I20260630 12:35:10.148808  3170 catalog_manager.cc:5028] TS 6f52683829be4cb5a8f4369a943cdf21 (127.31.252.1:39331): tablet 75eea16f0f09420c9c4439ef03339c4a (table range_aware_rebalance_new_range [id=5c3cfd9e7f7c4d1fbc9494f059071357]) successfully deleted
I20260630 12:35:10.152417  3821 ts_tablet_manager.cc:1916] T 351693f0871d42ecb87bdeb07151e8ae P 079ff9f40eec4883a681e4b54dace31a: Deleting tablet data with delete state TABLET_DATA_TOMBSTONED
I20260630 12:35:10.154419  3287 consensus_queue.cc:237] T c566e1bdee4348d3ad7636528fc7100f P 6f52683829be4cb5a8f4369a943cdf21 [LEADER]: Queue going to LEADER mode. State: All replicated index: 0, Majority replicated index: 3, Committed index: 3, Last appended: 1.3, Last appended by leader: 0, Current term: 1, Majority size: 2, State: 0, Mode: LEADER, active raft config: opid_index: 4 OBSOLETE_local: false peers { permanent_uuid: "6f52683829be4cb5a8f4369a943cdf21" member_type: VOTER last_known_addr { host: "127.31.252.1" port: 39331 } } peers { permanent_uuid: "079ff9f40eec4883a681e4b54dace31a" member_type: VOTER last_known_addr { host: "127.31.252.2" port: 41993 } } peers { permanent_uuid: "2e4ef06b99d040399b9c695a9038961c" member_type: VOTER last_known_addr { host: "127.31.252.4" port: 45697 } attrs { promote: false } }
I20260630 12:35:10.162642  3605 raft_consensus.cc:1275] T c566e1bdee4348d3ad7636528fc7100f P 2e4ef06b99d040399b9c695a9038961c [term 1 FOLLOWER]: Refusing update from remote peer 6f52683829be4cb5a8f4369a943cdf21: Log matching property violated. Preceding OpId in replica: term: 1 index: 3. Preceding OpId from leader: term: 1 index: 4. (index mismatch)
I20260630 12:35:10.164788  3359 raft_consensus.cc:1275] T c566e1bdee4348d3ad7636528fc7100f P 079ff9f40eec4883a681e4b54dace31a [term 1 FOLLOWER]: Refusing update from remote peer 6f52683829be4cb5a8f4369a943cdf21: Log matching property violated. Preceding OpId in replica: term: 1 index: 3. Preceding OpId from leader: term: 1 index: 4. (index mismatch)
I20260630 12:35:10.165452  3813 consensus_queue.cc:1048] T c566e1bdee4348d3ad7636528fc7100f P 6f52683829be4cb5a8f4369a943cdf21 [LEADER]: Connected to new peer: Peer: permanent_uuid: "2e4ef06b99d040399b9c695a9038961c" member_type: VOTER last_known_addr { host: "127.31.252.4" port: 45697 } attrs { promote: false }, Status: LMP_MISMATCH, Last received: 0.0, Next index: 4, Last known committed idx: 3, Time since last communication: 0.000s
I20260630 12:35:10.166558  3791 consensus_queue.cc:1048] T c566e1bdee4348d3ad7636528fc7100f P 6f52683829be4cb5a8f4369a943cdf21 [LEADER]: Connected to new peer: Peer: permanent_uuid: "079ff9f40eec4883a681e4b54dace31a" member_type: VOTER last_known_addr { host: "127.31.252.2" port: 41993 }, Status: LMP_MISMATCH, Last received: 0.0, Next index: 4, Last known committed idx: 3, Time since last communication: 0.001s
I20260630 12:35:10.168283  3821 ts_tablet_manager.cc:1929] T 351693f0871d42ecb87bdeb07151e8ae P 079ff9f40eec4883a681e4b54dace31a: tablet deleted with delete type TABLET_DATA_TOMBSTONED: last-logged OpId 2.4
I20260630 12:35:10.168696  3821 log.cc:1199] T 351693f0871d42ecb87bdeb07151e8ae P 079ff9f40eec4883a681e4b54dace31a: Deleting WAL directory at /tmp/dist-test-tasktamR0f/test-tmp/auto_rebalancer-test.0.AutoRebalancerTest.RangeAwareRebalancesNewRangeReplicas.1782822820627104-32752-0/minicluster-data/ts-1-root/wals/351693f0871d42ecb87bdeb07151e8ae
I20260630 12:35:10.170518  3169 catalog_manager.cc:5028] TS 079ff9f40eec4883a681e4b54dace31a (127.31.252.2:41993): tablet 351693f0871d42ecb87bdeb07151e8ae (table range_aware_rebalance_new_range [id=5c3cfd9e7f7c4d1fbc9494f059071357]) successfully deleted
I20260630 12:35:10.174126  3791 raft_consensus.cc:2955] T c566e1bdee4348d3ad7636528fc7100f P 6f52683829be4cb5a8f4369a943cdf21 [term 1 LEADER]: Committing config change with OpId 1.4: config changed from index 3 to 4, VOTER ec907f3a896640488e7342aeb330cae5 (127.31.252.3) evicted. New config: { opid_index: 4 OBSOLETE_local: false peers { permanent_uuid: "6f52683829be4cb5a8f4369a943cdf21" member_type: VOTER last_known_addr { host: "127.31.252.1" port: 39331 } } peers { permanent_uuid: "079ff9f40eec4883a681e4b54dace31a" member_type: VOTER last_known_addr { host: "127.31.252.2" port: 41993 } } peers { permanent_uuid: "2e4ef06b99d040399b9c695a9038961c" member_type: VOTER last_known_addr { host: "127.31.252.4" port: 45697 } attrs { promote: false } } }
I20260630 12:35:10.176996  3359 raft_consensus.cc:2955] T c566e1bdee4348d3ad7636528fc7100f P 079ff9f40eec4883a681e4b54dace31a [term 1 FOLLOWER]: Committing config change with OpId 1.4: config changed from index 3 to 4, VOTER ec907f3a896640488e7342aeb330cae5 (127.31.252.3) evicted. New config: { opid_index: 4 OBSOLETE_local: false peers { permanent_uuid: "6f52683829be4cb5a8f4369a943cdf21" member_type: VOTER last_known_addr { host: "127.31.252.1" port: 39331 } } peers { permanent_uuid: "079ff9f40eec4883a681e4b54dace31a" member_type: VOTER last_known_addr { host: "127.31.252.2" port: 41993 } } peers { permanent_uuid: "2e4ef06b99d040399b9c695a9038961c" member_type: VOTER last_known_addr { host: "127.31.252.4" port: 45697 } attrs { promote: false } } }
I20260630 12:35:10.179114  3605 raft_consensus.cc:2955] T c566e1bdee4348d3ad7636528fc7100f P 2e4ef06b99d040399b9c695a9038961c [term 1 FOLLOWER]: Committing config change with OpId 1.4: config changed from index 3 to 4, VOTER ec907f3a896640488e7342aeb330cae5 (127.31.252.3) evicted. New config: { opid_index: 4 OBSOLETE_local: false peers { permanent_uuid: "6f52683829be4cb5a8f4369a943cdf21" member_type: VOTER last_known_addr { host: "127.31.252.1" port: 39331 } } peers { permanent_uuid: "079ff9f40eec4883a681e4b54dace31a" member_type: VOTER last_known_addr { host: "127.31.252.2" port: 41993 } } peers { permanent_uuid: "2e4ef06b99d040399b9c695a9038961c" member_type: VOTER last_known_addr { host: "127.31.252.4" port: 45697 } attrs { promote: false } } }
I20260630 12:35:10.184760  3170 catalog_manager.cc:5210] ChangeConfig:REMOVE_PEER RPC for tablet c566e1bdee4348d3ad7636528fc7100f with cas_config_opid_index 3: ChangeConfig:REMOVE_PEER succeeded (attempt 1)
I20260630 12:35:10.189939  3182 catalog_manager.cc:5697] T c566e1bdee4348d3ad7636528fc7100f P 6f52683829be4cb5a8f4369a943cdf21 reported cstate change: config changed from index 3 to 4, VOTER ec907f3a896640488e7342aeb330cae5 (127.31.252.3) evicted. New cstate: current_term: 1 leader_uuid: "6f52683829be4cb5a8f4369a943cdf21" committed_config { opid_index: 4 OBSOLETE_local: false peers { permanent_uuid: "6f52683829be4cb5a8f4369a943cdf21" member_type: VOTER last_known_addr { host: "127.31.252.1" port: 39331 } health_report { overall_health: HEALTHY } } peers { permanent_uuid: "079ff9f40eec4883a681e4b54dace31a" member_type: VOTER last_known_addr { host: "127.31.252.2" port: 41993 } health_report { overall_health: HEALTHY } } peers { permanent_uuid: "2e4ef06b99d040399b9c695a9038961c" member_type: VOTER last_known_addr { host: "127.31.252.4" port: 45697 } attrs { promote: false } health_report { overall_health: HEALTHY } } }
I20260630 12:35:10.198825  3426 tablet_service.cc:1558] Processing DeleteTablet for tablet c566e1bdee4348d3ad7636528fc7100f with delete_type TABLET_DATA_TOMBSTONED (TS ec907f3a896640488e7342aeb330cae5 not found in new config with opid_index 4) from {username='slave'} at 127.0.0.1:52980
I20260630 12:35:10.201013  3822 tablet_replica.cc:333] T c566e1bdee4348d3ad7636528fc7100f P ec907f3a896640488e7342aeb330cae5: stopping tablet replica
I20260630 12:35:10.201934  3822 raft_consensus.cc:2243] T c566e1bdee4348d3ad7636528fc7100f P ec907f3a896640488e7342aeb330cae5 [term 1 FOLLOWER]: Raft consensus shutting down.
I20260630 12:35:10.202984  3822 raft_consensus.cc:2272] T c566e1bdee4348d3ad7636528fc7100f P ec907f3a896640488e7342aeb330cae5 [term 1 FOLLOWER]: Raft consensus is shut down!
I20260630 12:35:10.206264  3822 ts_tablet_manager.cc:1916] T c566e1bdee4348d3ad7636528fc7100f P ec907f3a896640488e7342aeb330cae5: Deleting tablet data with delete state TABLET_DATA_TOMBSTONED
I20260630 12:35:10.216018  3822 ts_tablet_manager.cc:1929] T c566e1bdee4348d3ad7636528fc7100f P ec907f3a896640488e7342aeb330cae5: tablet deleted with delete type TABLET_DATA_TOMBSTONED: last-logged OpId 1.3
I20260630 12:35:10.216387  3822 log.cc:1199] T c566e1bdee4348d3ad7636528fc7100f P ec907f3a896640488e7342aeb330cae5: Deleting WAL directory at /tmp/dist-test-tasktamR0f/test-tmp/auto_rebalancer-test.0.AutoRebalancerTest.RangeAwareRebalancesNewRangeReplicas.1782822820627104-32752-0/minicluster-data/ts-2-root/wals/c566e1bdee4348d3ad7636528fc7100f
I20260630 12:35:10.218137  3169 catalog_manager.cc:5028] TS ec907f3a896640488e7342aeb330cae5 (127.31.252.3:39491): tablet c566e1bdee4348d3ad7636528fc7100f (table range_aware_rebalance_new_range [id=5c3cfd9e7f7c4d1fbc9494f059071357]) successfully deleted
I20260630 12:35:10.254746  3238 auto_leader_rebalancer.cc:141] leader rebalance for table range_aware_rebalance_new_range
I20260630 12:35:10.267501  3359 tablet_service.cc:2072] Received LeaderStepDown RPC: tablet_id: "75eea16f0f09420c9c4439ef03339c4a"
dest_uuid: "079ff9f40eec4883a681e4b54dace31a"
mode: GRACEFUL
new_leader_uuid: "2e4ef06b99d040399b9c695a9038961c"
 from {username='slave'} at 127.0.0.1:59812
I20260630 12:35:10.268047  3359 raft_consensus.cc:606] T 75eea16f0f09420c9c4439ef03339c4a P 079ff9f40eec4883a681e4b54dace31a [term 1 LEADER]: Received request to transfer leadership to TS 2e4ef06b99d040399b9c695a9038961c
I20260630 12:35:10.283365  3434 tablet_service.cc:2072] Received LeaderStepDown RPC: tablet_id: "d2b0f4f4478b440996eca769af58eff7"
dest_uuid: "ec907f3a896640488e7342aeb330cae5"
mode: GRACEFUL
new_leader_uuid: "2e4ef06b99d040399b9c695a9038961c"
 from {username='slave'} at 127.0.0.1:47386
I20260630 12:35:10.283854  3434 raft_consensus.cc:606] T d2b0f4f4478b440996eca769af58eff7 P ec907f3a896640488e7342aeb330cae5 [term 1 LEADER]: Received request to transfer leadership to TS 2e4ef06b99d040399b9c695a9038961c
I20260630 12:35:10.285050  3238 auto_leader_rebalancer.cc:440] table: range_aware_rebalance_new_range, leader rebalance finish, leader transfer count: 2
I20260630 12:35:10.285665  3238 auto_leader_rebalancer.cc:515] All tables' leader rebalancing finished this round
I20260630 12:35:10.295938  3806 raft_consensus.cc:993] T d2b0f4f4478b440996eca769af58eff7 P ec907f3a896640488e7342aeb330cae5: : Instructing follower 2e4ef06b99d040399b9c695a9038961c to start an election
I20260630 12:35:10.296422  3697 raft_consensus.cc:1081] T d2b0f4f4478b440996eca769af58eff7 P ec907f3a896640488e7342aeb330cae5 [term 1 LEADER]: Signalling peer 2e4ef06b99d040399b9c695a9038961c to start an election
I20260630 12:35:10.297914  3605 tablet_service.cc:2044] Received Run Leader Election RPC: tablet_id: "d2b0f4f4478b440996eca769af58eff7"
dest_uuid: "2e4ef06b99d040399b9c695a9038961c"
 from {username='slave'} at 127.0.0.1:44034
I20260630 12:35:10.298383  3605 raft_consensus.cc:493] T d2b0f4f4478b440996eca769af58eff7 P 2e4ef06b99d040399b9c695a9038961c [term 1 FOLLOWER]: Starting forced leader election (received explicit request)
I20260630 12:35:10.298662  3605 raft_consensus.cc:3060] T d2b0f4f4478b440996eca769af58eff7 P 2e4ef06b99d040399b9c695a9038961c [term 1 FOLLOWER]: Advancing to term 2
I20260630 12:35:10.303975  3605 raft_consensus.cc:515] T d2b0f4f4478b440996eca769af58eff7 P 2e4ef06b99d040399b9c695a9038961c [term 2 FOLLOWER]: Starting forced leader election with config: opid_index: -1 OBSOLETE_local: false peers { permanent_uuid: "ec907f3a896640488e7342aeb330cae5" member_type: VOTER last_known_addr { host: "127.31.252.3" port: 39491 } } peers { permanent_uuid: "2e4ef06b99d040399b9c695a9038961c" member_type: VOTER last_known_addr { host: "127.31.252.4" port: 45697 } } peers { permanent_uuid: "6f52683829be4cb5a8f4369a943cdf21" member_type: VOTER last_known_addr { host: "127.31.252.1" port: 39331 } }
I20260630 12:35:10.305553  3605 leader_election.cc:290] T d2b0f4f4478b440996eca769af58eff7 P 2e4ef06b99d040399b9c695a9038961c [CANDIDATE]: Term 2 election: Requested vote from peers ec907f3a896640488e7342aeb330cae5 (127.31.252.3:39491), 6f52683829be4cb5a8f4369a943cdf21 (127.31.252.1:39331)
I20260630 12:35:10.306368  3434 tablet_service.cc:1917] Received RequestConsensusVote() RPC: tablet_id: "d2b0f4f4478b440996eca769af58eff7" candidate_uuid: "2e4ef06b99d040399b9c695a9038961c" candidate_term: 2 candidate_status { last_received { term: 1 index: 1 } } ignore_live_leader: true dest_uuid: "ec907f3a896640488e7342aeb330cae5"
I20260630 12:35:10.306638  3287 tablet_service.cc:1917] Received RequestConsensusVote() RPC: tablet_id: "d2b0f4f4478b440996eca769af58eff7" candidate_uuid: "2e4ef06b99d040399b9c695a9038961c" candidate_term: 2 candidate_status { last_received { term: 1 index: 1 } } ignore_live_leader: true dest_uuid: "6f52683829be4cb5a8f4369a943cdf21"
I20260630 12:35:10.306937  3434 raft_consensus.cc:3055] T d2b0f4f4478b440996eca769af58eff7 P ec907f3a896640488e7342aeb330cae5 [term 1 LEADER]: Stepping down as leader of term 1
I20260630 12:35:10.307202  3287 raft_consensus.cc:3060] T d2b0f4f4478b440996eca769af58eff7 P 6f52683829be4cb5a8f4369a943cdf21 [term 1 FOLLOWER]: Advancing to term 2
I20260630 12:35:10.307317  3434 raft_consensus.cc:740] T d2b0f4f4478b440996eca769af58eff7 P ec907f3a896640488e7342aeb330cae5 [term 1 LEADER]: Becoming Follower/Learner. State: Replica: ec907f3a896640488e7342aeb330cae5, State: Running, Role: LEADER
I20260630 12:35:10.308089  3434 consensus_queue.cc:260] T d2b0f4f4478b440996eca769af58eff7 P ec907f3a896640488e7342aeb330cae5 [NON_LEADER]: Queue going to NON_LEADER mode. State: All replicated index: 0, Majority replicated index: 1, Committed index: 1, Last appended: 1.1, Last appended by leader: 1, Current term: 1, Majority size: -1, State: 0, Mode: NON_LEADER, active raft config: opid_index: -1 OBSOLETE_local: false peers { permanent_uuid: "ec907f3a896640488e7342aeb330cae5" member_type: VOTER last_known_addr { host: "127.31.252.3" port: 39491 } } peers { permanent_uuid: "2e4ef06b99d040399b9c695a9038961c" member_type: VOTER last_known_addr { host: "127.31.252.4" port: 45697 } } peers { permanent_uuid: "6f52683829be4cb5a8f4369a943cdf21" member_type: VOTER last_known_addr { host: "127.31.252.1" port: 39331 } }
I20260630 12:35:10.308961  3434 raft_consensus.cc:3060] T d2b0f4f4478b440996eca769af58eff7 P ec907f3a896640488e7342aeb330cae5 [term 1 FOLLOWER]: Advancing to term 2
I20260630 12:35:10.312500  3287 raft_consensus.cc:2468] T d2b0f4f4478b440996eca769af58eff7 P 6f52683829be4cb5a8f4369a943cdf21 [term 2 FOLLOWER]: Leader election vote request: Granting yes vote for candidate 2e4ef06b99d040399b9c695a9038961c in term 2.
I20260630 12:35:10.313823  3571 leader_election.cc:304] T d2b0f4f4478b440996eca769af58eff7 P 2e4ef06b99d040399b9c695a9038961c [CANDIDATE]: Term 2 election: Election decided. Result: candidate won. Election summary: received 2 responses out of 3 voters: 2 yes votes; 0 no votes. yes voters: 2e4ef06b99d040399b9c695a9038961c, 6f52683829be4cb5a8f4369a943cdf21; no voters: 
I20260630 12:35:10.314291  3434 raft_consensus.cc:2468] T d2b0f4f4478b440996eca769af58eff7 P ec907f3a896640488e7342aeb330cae5 [term 2 FOLLOWER]: Leader election vote request: Granting yes vote for candidate 2e4ef06b99d040399b9c695a9038961c in term 2.
I20260630 12:35:10.314651  3762 raft_consensus.cc:2804] T d2b0f4f4478b440996eca769af58eff7 P 2e4ef06b99d040399b9c695a9038961c [term 2 FOLLOWER]: Leader election won for term 2
I20260630 12:35:10.315150  3762 raft_consensus.cc:697] T d2b0f4f4478b440996eca769af58eff7 P 2e4ef06b99d040399b9c695a9038961c [term 2 LEADER]: Becoming Leader. State: Replica: 2e4ef06b99d040399b9c695a9038961c, State: Running, Role: LEADER
I20260630 12:35:10.315982  3762 consensus_queue.cc:237] T d2b0f4f4478b440996eca769af58eff7 P 2e4ef06b99d040399b9c695a9038961c [LEADER]: Queue going to LEADER mode. State: All replicated index: 0, Majority replicated index: 1, Committed index: 1, Last appended: 1.1, Last appended by leader: 1, Current term: 2, Majority size: 2, State: 0, Mode: LEADER, active raft config: opid_index: -1 OBSOLETE_local: false peers { permanent_uuid: "ec907f3a896640488e7342aeb330cae5" member_type: VOTER last_known_addr { host: "127.31.252.3" port: 39491 } } peers { permanent_uuid: "2e4ef06b99d040399b9c695a9038961c" member_type: VOTER last_known_addr { host: "127.31.252.4" port: 45697 } } peers { permanent_uuid: "6f52683829be4cb5a8f4369a943cdf21" member_type: VOTER last_known_addr { host: "127.31.252.1" port: 39331 } }
I20260630 12:35:10.322566  3182 catalog_manager.cc:5697] T d2b0f4f4478b440996eca769af58eff7 P 2e4ef06b99d040399b9c695a9038961c reported cstate change: term changed from 1 to 2, leader changed from ec907f3a896640488e7342aeb330cae5 (127.31.252.3) to 2e4ef06b99d040399b9c695a9038961c (127.31.252.4). New cstate: current_term: 2 leader_uuid: "2e4ef06b99d040399b9c695a9038961c" committed_config { opid_index: -1 OBSOLETE_local: false peers { permanent_uuid: "ec907f3a896640488e7342aeb330cae5" member_type: VOTER last_known_addr { host: "127.31.252.3" port: 39491 } health_report { overall_health: UNKNOWN } } peers { permanent_uuid: "2e4ef06b99d040399b9c695a9038961c" member_type: VOTER last_known_addr { host: "127.31.252.4" port: 45697 } health_report { overall_health: HEALTHY } } peers { permanent_uuid: "6f52683829be4cb5a8f4369a943cdf21" member_type: VOTER last_known_addr { host: "127.31.252.1" port: 39331 } health_report { overall_health: UNKNOWN } } }
I20260630 12:35:10.551656  3794 raft_consensus.cc:993] T 75eea16f0f09420c9c4439ef03339c4a P 079ff9f40eec4883a681e4b54dace31a: : Instructing follower 2e4ef06b99d040399b9c695a9038961c to start an election
I20260630 12:35:10.552150  3800 raft_consensus.cc:1081] T 75eea16f0f09420c9c4439ef03339c4a P 079ff9f40eec4883a681e4b54dace31a [term 1 LEADER]: Signalling peer 2e4ef06b99d040399b9c695a9038961c to start an election
I20260630 12:35:10.553681  3605 tablet_service.cc:2044] Received Run Leader Election RPC: tablet_id: "75eea16f0f09420c9c4439ef03339c4a"
dest_uuid: "2e4ef06b99d040399b9c695a9038961c"
 from {username='slave'} at 127.0.0.1:44018
I20260630 12:35:10.554241  3605 raft_consensus.cc:493] T 75eea16f0f09420c9c4439ef03339c4a P 2e4ef06b99d040399b9c695a9038961c [term 1 FOLLOWER]: Starting forced leader election (received explicit request)
I20260630 12:35:10.554601  3605 raft_consensus.cc:3060] T 75eea16f0f09420c9c4439ef03339c4a P 2e4ef06b99d040399b9c695a9038961c [term 1 FOLLOWER]: Advancing to term 2
I20260630 12:35:10.559460  3605 raft_consensus.cc:515] T 75eea16f0f09420c9c4439ef03339c4a P 2e4ef06b99d040399b9c695a9038961c [term 2 FOLLOWER]: Starting forced leader election with config: opid_index: 4 OBSOLETE_local: false peers { permanent_uuid: "079ff9f40eec4883a681e4b54dace31a" member_type: VOTER last_known_addr { host: "127.31.252.2" port: 41993 } } peers { permanent_uuid: "ec907f3a896640488e7342aeb330cae5" member_type: VOTER last_known_addr { host: "127.31.252.3" port: 39491 } } peers { permanent_uuid: "2e4ef06b99d040399b9c695a9038961c" member_type: VOTER last_known_addr { host: "127.31.252.4" port: 45697 } attrs { promote: false } }
I20260630 12:35:10.561223  3605 leader_election.cc:290] T 75eea16f0f09420c9c4439ef03339c4a P 2e4ef06b99d040399b9c695a9038961c [CANDIDATE]: Term 2 election: Requested vote from peers 079ff9f40eec4883a681e4b54dace31a (127.31.252.2:41993), ec907f3a896640488e7342aeb330cae5 (127.31.252.3:39491)
I20260630 12:35:10.561820  3359 tablet_service.cc:1917] Received RequestConsensusVote() RPC: tablet_id: "75eea16f0f09420c9c4439ef03339c4a" candidate_uuid: "2e4ef06b99d040399b9c695a9038961c" candidate_term: 2 candidate_status { last_received { term: 1 index: 4 } } ignore_live_leader: true dest_uuid: "079ff9f40eec4883a681e4b54dace31a"
I20260630 12:35:10.562391  3359 raft_consensus.cc:3055] T 75eea16f0f09420c9c4439ef03339c4a P 079ff9f40eec4883a681e4b54dace31a [term 1 LEADER]: Stepping down as leader of term 1
I20260630 12:35:10.562361  3434 tablet_service.cc:1917] Received RequestConsensusVote() RPC: tablet_id: "75eea16f0f09420c9c4439ef03339c4a" candidate_uuid: "2e4ef06b99d040399b9c695a9038961c" candidate_term: 2 candidate_status { last_received { term: 1 index: 4 } } ignore_live_leader: true dest_uuid: "ec907f3a896640488e7342aeb330cae5"
I20260630 12:35:10.562778  3359 raft_consensus.cc:740] T 75eea16f0f09420c9c4439ef03339c4a P 079ff9f40eec4883a681e4b54dace31a [term 1 LEADER]: Becoming Follower/Learner. State: Replica: 079ff9f40eec4883a681e4b54dace31a, State: Running, Role: LEADER
I20260630 12:35:10.562928  3434 raft_consensus.cc:3060] T 75eea16f0f09420c9c4439ef03339c4a P ec907f3a896640488e7342aeb330cae5 [term 1 FOLLOWER]: Advancing to term 2
I20260630 12:35:10.563459  3359 consensus_queue.cc:260] T 75eea16f0f09420c9c4439ef03339c4a P 079ff9f40eec4883a681e4b54dace31a [NON_LEADER]: Queue going to NON_LEADER mode. State: All replicated index: 0, Majority replicated index: 4, Committed index: 4, Last appended: 1.4, Last appended by leader: 4, Current term: 1, Majority size: -1, State: 0, Mode: NON_LEADER, active raft config: opid_index: 4 OBSOLETE_local: false peers { permanent_uuid: "079ff9f40eec4883a681e4b54dace31a" member_type: VOTER last_known_addr { host: "127.31.252.2" port: 41993 } } peers { permanent_uuid: "ec907f3a896640488e7342aeb330cae5" member_type: VOTER last_known_addr { host: "127.31.252.3" port: 39491 } } peers { permanent_uuid: "2e4ef06b99d040399b9c695a9038961c" member_type: VOTER last_known_addr { host: "127.31.252.4" port: 45697 } attrs { promote: false } }
I20260630 12:35:10.564427  3359 raft_consensus.cc:3060] T 75eea16f0f09420c9c4439ef03339c4a P 079ff9f40eec4883a681e4b54dace31a [term 1 FOLLOWER]: Advancing to term 2
I20260630 12:35:10.567185  3434 raft_consensus.cc:2468] T 75eea16f0f09420c9c4439ef03339c4a P ec907f3a896640488e7342aeb330cae5 [term 2 FOLLOWER]: Leader election vote request: Granting yes vote for candidate 2e4ef06b99d040399b9c695a9038961c in term 2.
I20260630 12:35:10.568104  3570 leader_election.cc:304] T 75eea16f0f09420c9c4439ef03339c4a P 2e4ef06b99d040399b9c695a9038961c [CANDIDATE]: Term 2 election: Election decided. Result: candidate won. Election summary: received 2 responses out of 3 voters: 2 yes votes; 0 no votes. yes voters: 2e4ef06b99d040399b9c695a9038961c, ec907f3a896640488e7342aeb330cae5; no voters: 
I20260630 12:35:10.568563  3359 raft_consensus.cc:2468] T 75eea16f0f09420c9c4439ef03339c4a P 079ff9f40eec4883a681e4b54dace31a [term 2 FOLLOWER]: Leader election vote request: Granting yes vote for candidate 2e4ef06b99d040399b9c695a9038961c in term 2.
I20260630 12:35:10.569049  3762 raft_consensus.cc:2804] T 75eea16f0f09420c9c4439ef03339c4a P 2e4ef06b99d040399b9c695a9038961c [term 2 FOLLOWER]: Leader election won for term 2
I20260630 12:35:10.570500  3762 raft_consensus.cc:697] T 75eea16f0f09420c9c4439ef03339c4a P 2e4ef06b99d040399b9c695a9038961c [term 2 LEADER]: Becoming Leader. State: Replica: 2e4ef06b99d040399b9c695a9038961c, State: Running, Role: LEADER
I20260630 12:35:10.571126  3762 consensus_queue.cc:237] T 75eea16f0f09420c9c4439ef03339c4a P 2e4ef06b99d040399b9c695a9038961c [LEADER]: Queue going to LEADER mode. State: All replicated index: 0, Majority replicated index: 4, Committed index: 4, Last appended: 1.4, Last appended by leader: 4, Current term: 2, Majority size: 2, State: 0, Mode: LEADER, active raft config: opid_index: 4 OBSOLETE_local: false peers { permanent_uuid: "079ff9f40eec4883a681e4b54dace31a" member_type: VOTER last_known_addr { host: "127.31.252.2" port: 41993 } } peers { permanent_uuid: "ec907f3a896640488e7342aeb330cae5" member_type: VOTER last_known_addr { host: "127.31.252.3" port: 39491 } } peers { permanent_uuid: "2e4ef06b99d040399b9c695a9038961c" member_type: VOTER last_known_addr { host: "127.31.252.4" port: 45697 } attrs { promote: false } }
I20260630 12:35:10.577100  3182 catalog_manager.cc:5697] T 75eea16f0f09420c9c4439ef03339c4a P 2e4ef06b99d040399b9c695a9038961c reported cstate change: term changed from 1 to 2, leader changed from 079ff9f40eec4883a681e4b54dace31a (127.31.252.2) to 2e4ef06b99d040399b9c695a9038961c (127.31.252.4). New cstate: current_term: 2 leader_uuid: "2e4ef06b99d040399b9c695a9038961c" committed_config { opid_index: 4 OBSOLETE_local: false peers { permanent_uuid: "079ff9f40eec4883a681e4b54dace31a" member_type: VOTER last_known_addr { host: "127.31.252.2" port: 41993 } health_report { overall_health: UNKNOWN } } peers { permanent_uuid: "ec907f3a896640488e7342aeb330cae5" member_type: VOTER last_known_addr { host: "127.31.252.3" port: 39491 } health_report { overall_health: UNKNOWN } } peers { permanent_uuid: "2e4ef06b99d040399b9c695a9038961c" member_type: VOTER last_known_addr { host: "127.31.252.4" port: 45697 } attrs { promote: false } health_report { overall_health: HEALTHY } } }
I20260630 12:35:10.882326  3434 raft_consensus.cc:1275] T d2b0f4f4478b440996eca769af58eff7 P ec907f3a896640488e7342aeb330cae5 [term 2 FOLLOWER]: Refusing update from remote peer 2e4ef06b99d040399b9c695a9038961c: Log matching property violated. Preceding OpId in replica: term: 1 index: 1. Preceding OpId from leader: term: 2 index: 2. (index mismatch)
I20260630 12:35:10.883683  3762 consensus_queue.cc:1048] T d2b0f4f4478b440996eca769af58eff7 P 2e4ef06b99d040399b9c695a9038961c [LEADER]: Connected to new peer: Peer: permanent_uuid: "ec907f3a896640488e7342aeb330cae5" member_type: VOTER last_known_addr { host: "127.31.252.3" port: 39491 }, Status: LMP_MISMATCH, Last received: 0.0, Next index: 2, Last known committed idx: 1, Time since last communication: 0.000s
I20260630 12:35:10.894963  3287 raft_consensus.cc:1275] T d2b0f4f4478b440996eca769af58eff7 P 6f52683829be4cb5a8f4369a943cdf21 [term 2 FOLLOWER]: Refusing update from remote peer 2e4ef06b99d040399b9c695a9038961c: Log matching property violated. Preceding OpId in replica: term: 1 index: 1. Preceding OpId from leader: term: 2 index: 2. (index mismatch)
I20260630 12:35:10.896212  3826 consensus_queue.cc:1048] T d2b0f4f4478b440996eca769af58eff7 P 2e4ef06b99d040399b9c695a9038961c [LEADER]: Connected to new peer: Peer: permanent_uuid: "6f52683829be4cb5a8f4369a943cdf21" member_type: VOTER last_known_addr { host: "127.31.252.1" port: 39331 }, Status: LMP_MISMATCH, Last received: 0.0, Next index: 2, Last known committed idx: 1, Time since last communication: 0.000s
I20260630 12:35:11.226961  3359 raft_consensus.cc:1275] T 75eea16f0f09420c9c4439ef03339c4a P 079ff9f40eec4883a681e4b54dace31a [term 2 FOLLOWER]: Refusing update from remote peer 2e4ef06b99d040399b9c695a9038961c: Log matching property violated. Preceding OpId in replica: term: 1 index: 4. Preceding OpId from leader: term: 2 index: 5. (index mismatch)
I20260630 12:35:11.236085  3434 raft_consensus.cc:1275] T 75eea16f0f09420c9c4439ef03339c4a P ec907f3a896640488e7342aeb330cae5 [term 2 FOLLOWER]: Refusing update from remote peer 2e4ef06b99d040399b9c695a9038961c: Log matching property violated. Preceding OpId in replica: term: 1 index: 4. Preceding OpId from leader: term: 2 index: 5. (index mismatch)
I20260630 12:35:11.239394  3762 consensus_queue.cc:1048] T 75eea16f0f09420c9c4439ef03339c4a P 2e4ef06b99d040399b9c695a9038961c [LEADER]: Connected to new peer: Peer: permanent_uuid: "ec907f3a896640488e7342aeb330cae5" member_type: VOTER last_known_addr { host: "127.31.252.3" port: 39491 }, Status: LMP_MISMATCH, Last received: 0.0, Next index: 5, Last known committed idx: 4, Time since last communication: 0.001s
I20260630 12:35:11.240847  3826 consensus_queue.cc:1048] T 75eea16f0f09420c9c4439ef03339c4a P 2e4ef06b99d040399b9c695a9038961c [LEADER]: Connected to new peer: Peer: permanent_uuid: "079ff9f40eec4883a681e4b54dace31a" member_type: VOTER last_known_addr { host: "127.31.252.2" port: 41993 }, Status: LMP_MISMATCH, Last received: 0.0, Next index: 5, Last known committed idx: 4, Time since last communication: 0.001s
I20260630 12:35:11.288090  3287 consensus_queue.cc:237] T ae8cb69aa25543c1b0920c1dae778ebc P 6f52683829be4cb5a8f4369a943cdf21 [LEADER]: Queue going to LEADER mode. State: All replicated index: 0, Majority replicated index: 1, Committed index: 1, Last appended: 1.1, Last appended by leader: 0, Current term: 1, Majority size: 2, State: 0, Mode: LEADER, active raft config: opid_index: 2 OBSOLETE_local: false peers { permanent_uuid: "2e4ef06b99d040399b9c695a9038961c" member_type: VOTER last_known_addr { host: "127.31.252.4" port: 45697 } attrs { replace: true } } peers { permanent_uuid: "ec907f3a896640488e7342aeb330cae5" member_type: VOTER last_known_addr { host: "127.31.252.3" port: 39491 } } peers { permanent_uuid: "6f52683829be4cb5a8f4369a943cdf21" member_type: VOTER last_known_addr { host: "127.31.252.1" port: 39331 } } peers { permanent_uuid: "079ff9f40eec4883a681e4b54dace31a" member_type: NON_VOTER last_known_addr { host: "127.31.252.2" port: 41993 } attrs { promote: true } }
W20260630 12:35:11.296703  3250 consensus_peers.cc:597] T ae8cb69aa25543c1b0920c1dae778ebc P 6f52683829be4cb5a8f4369a943cdf21 -> Peer 079ff9f40eec4883a681e4b54dace31a (127.31.252.2:41993): Couldn't send request to peer 079ff9f40eec4883a681e4b54dace31a. Error code: TABLET_NOT_FOUND (6). Status: Not found: Tablet not found: ae8cb69aa25543c1b0920c1dae778ebc. This is attempt 1: this message will repeat every 5th retry.
I20260630 12:35:11.297428  3434 raft_consensus.cc:1275] T ae8cb69aa25543c1b0920c1dae778ebc P ec907f3a896640488e7342aeb330cae5 [term 1 FOLLOWER]: Refusing update from remote peer 6f52683829be4cb5a8f4369a943cdf21: Log matching property violated. Preceding OpId in replica: term: 1 index: 1. Preceding OpId from leader: term: 1 index: 2. (index mismatch)
I20260630 12:35:11.297588  3605 raft_consensus.cc:1275] T ae8cb69aa25543c1b0920c1dae778ebc P 2e4ef06b99d040399b9c695a9038961c [term 1 FOLLOWER]: Refusing update from remote peer 6f52683829be4cb5a8f4369a943cdf21: Log matching property violated. Preceding OpId in replica: term: 1 index: 1. Preceding OpId from leader: term: 1 index: 2. (index mismatch)
I20260630 12:35:11.299032  3791 consensus_queue.cc:1048] T ae8cb69aa25543c1b0920c1dae778ebc P 6f52683829be4cb5a8f4369a943cdf21 [LEADER]: Connected to new peer: Peer: permanent_uuid: "ec907f3a896640488e7342aeb330cae5" member_type: VOTER last_known_addr { host: "127.31.252.3" port: 39491 }, Status: LMP_MISMATCH, Last received: 0.0, Next index: 2, Last known committed idx: 1, Time since last communication: 0.001s
I20260630 12:35:11.300309  3837 consensus_queue.cc:1048] T ae8cb69aa25543c1b0920c1dae778ebc P 6f52683829be4cb5a8f4369a943cdf21 [LEADER]: Connected to new peer: Peer: permanent_uuid: "2e4ef06b99d040399b9c695a9038961c" member_type: VOTER last_known_addr { host: "127.31.252.4" port: 45697 } attrs { replace: true }, Status: LMP_MISMATCH, Last received: 0.0, Next index: 2, Last known committed idx: 1, Time since last communication: 0.001s
I20260630 12:35:11.312055  3791 raft_consensus.cc:2955] T ae8cb69aa25543c1b0920c1dae778ebc P 6f52683829be4cb5a8f4369a943cdf21 [term 1 LEADER]: Committing config change with OpId 1.2: config changed from index -1 to 2, NON_VOTER 079ff9f40eec4883a681e4b54dace31a (127.31.252.2) added. New config: { opid_index: 2 OBSOLETE_local: false peers { permanent_uuid: "2e4ef06b99d040399b9c695a9038961c" member_type: VOTER last_known_addr { host: "127.31.252.4" port: 45697 } attrs { replace: true } } peers { permanent_uuid: "ec907f3a896640488e7342aeb330cae5" member_type: VOTER last_known_addr { host: "127.31.252.3" port: 39491 } } peers { permanent_uuid: "6f52683829be4cb5a8f4369a943cdf21" member_type: VOTER last_known_addr { host: "127.31.252.1" port: 39331 } } peers { permanent_uuid: "079ff9f40eec4883a681e4b54dace31a" member_type: NON_VOTER last_known_addr { host: "127.31.252.2" port: 41993 } attrs { promote: true } } }
I20260630 12:35:11.313846  3436 raft_consensus.cc:2955] T ae8cb69aa25543c1b0920c1dae778ebc P ec907f3a896640488e7342aeb330cae5 [term 1 FOLLOWER]: Committing config change with OpId 1.2: config changed from index -1 to 2, NON_VOTER 079ff9f40eec4883a681e4b54dace31a (127.31.252.2) added. New config: { opid_index: 2 OBSOLETE_local: false peers { permanent_uuid: "2e4ef06b99d040399b9c695a9038961c" member_type: VOTER last_known_addr { host: "127.31.252.4" port: 45697 } attrs { replace: true } } peers { permanent_uuid: "ec907f3a896640488e7342aeb330cae5" member_type: VOTER last_known_addr { host: "127.31.252.3" port: 39491 } } peers { permanent_uuid: "6f52683829be4cb5a8f4369a943cdf21" member_type: VOTER last_known_addr { host: "127.31.252.1" port: 39331 } } peers { permanent_uuid: "079ff9f40eec4883a681e4b54dace31a" member_type: NON_VOTER last_known_addr { host: "127.31.252.2" port: 41993 } attrs { promote: true } } }
I20260630 12:35:11.315631  3605 raft_consensus.cc:2955] T ae8cb69aa25543c1b0920c1dae778ebc P 2e4ef06b99d040399b9c695a9038961c [term 1 FOLLOWER]: Committing config change with OpId 1.2: config changed from index -1 to 2, NON_VOTER 079ff9f40eec4883a681e4b54dace31a (127.31.252.2) added. New config: { opid_index: 2 OBSOLETE_local: false peers { permanent_uuid: "2e4ef06b99d040399b9c695a9038961c" member_type: VOTER last_known_addr { host: "127.31.252.4" port: 45697 } attrs { replace: true } } peers { permanent_uuid: "ec907f3a896640488e7342aeb330cae5" member_type: VOTER last_known_addr { host: "127.31.252.3" port: 39491 } } peers { permanent_uuid: "6f52683829be4cb5a8f4369a943cdf21" member_type: VOTER last_known_addr { host: "127.31.252.1" port: 39331 } } peers { permanent_uuid: "079ff9f40eec4883a681e4b54dace31a" member_type: NON_VOTER last_known_addr { host: "127.31.252.2" port: 41993 } attrs { promote: true } } }
I20260630 12:35:11.331720  3183 catalog_manager.cc:5697] T ae8cb69aa25543c1b0920c1dae778ebc P ec907f3a896640488e7342aeb330cae5 reported cstate change: config changed from index -1 to 2, NON_VOTER 079ff9f40eec4883a681e4b54dace31a (127.31.252.2) added. New cstate: current_term: 1 leader_uuid: "6f52683829be4cb5a8f4369a943cdf21" committed_config { opid_index: 2 OBSOLETE_local: false peers { permanent_uuid: "2e4ef06b99d040399b9c695a9038961c" member_type: VOTER last_known_addr { host: "127.31.252.4" port: 45697 } attrs { replace: true } } peers { permanent_uuid: "ec907f3a896640488e7342aeb330cae5" member_type: VOTER last_known_addr { host: "127.31.252.3" port: 39491 } } peers { permanent_uuid: "6f52683829be4cb5a8f4369a943cdf21" member_type: VOTER last_known_addr { host: "127.31.252.1" port: 39331 } } peers { permanent_uuid: "079ff9f40eec4883a681e4b54dace31a" member_type: NON_VOTER last_known_addr { host: "127.31.252.2" port: 41993 } attrs { promote: true } } }
I20260630 12:35:11.340955  3287 consensus_queue.cc:237] T 1795c56d40294d008f2bde18df1e3cbf P 6f52683829be4cb5a8f4369a943cdf21 [LEADER]: Queue going to LEADER mode. State: All replicated index: 0, Majority replicated index: 1, Committed index: 1, Last appended: 1.1, Last appended by leader: 0, Current term: 1, Majority size: 2, State: 0, Mode: LEADER, active raft config: opid_index: 2 OBSOLETE_local: false peers { permanent_uuid: "079ff9f40eec4883a681e4b54dace31a" member_type: VOTER last_known_addr { host: "127.31.252.2" port: 41993 } attrs { replace: true } } peers { permanent_uuid: "6f52683829be4cb5a8f4369a943cdf21" member_type: VOTER last_known_addr { host: "127.31.252.1" port: 39331 } } peers { permanent_uuid: "ec907f3a896640488e7342aeb330cae5" member_type: VOTER last_known_addr { host: "127.31.252.3" port: 39491 } } peers { permanent_uuid: "2e4ef06b99d040399b9c695a9038961c" member_type: NON_VOTER last_known_addr { host: "127.31.252.4" port: 45697 } attrs { promote: true } }
I20260630 12:35:11.349244  3359 raft_consensus.cc:1275] T 1795c56d40294d008f2bde18df1e3cbf P 079ff9f40eec4883a681e4b54dace31a [term 1 FOLLOWER]: Refusing update from remote peer 6f52683829be4cb5a8f4369a943cdf21: Log matching property violated. Preceding OpId in replica: term: 1 index: 1. Preceding OpId from leader: term: 1 index: 2. (index mismatch)
W20260630 12:35:11.349433  3252 consensus_peers.cc:597] T 1795c56d40294d008f2bde18df1e3cbf P 6f52683829be4cb5a8f4369a943cdf21 -> Peer 2e4ef06b99d040399b9c695a9038961c (127.31.252.4:45697): Couldn't send request to peer 2e4ef06b99d040399b9c695a9038961c. Error code: TABLET_NOT_FOUND (6). Status: Not found: Tablet not found: 1795c56d40294d008f2bde18df1e3cbf. This is attempt 1: this message will repeat every 5th retry.
I20260630 12:35:11.350709  3837 consensus_queue.cc:1048] T 1795c56d40294d008f2bde18df1e3cbf P 6f52683829be4cb5a8f4369a943cdf21 [LEADER]: Connected to new peer: Peer: permanent_uuid: "079ff9f40eec4883a681e4b54dace31a" member_type: VOTER last_known_addr { host: "127.31.252.2" port: 41993 } attrs { replace: true }, Status: LMP_MISMATCH, Last received: 0.0, Next index: 2, Last known committed idx: 1, Time since last communication: 0.000s
I20260630 12:35:11.349244  3436 raft_consensus.cc:1275] T 1795c56d40294d008f2bde18df1e3cbf P ec907f3a896640488e7342aeb330cae5 [term 1 FOLLOWER]: Refusing update from remote peer 6f52683829be4cb5a8f4369a943cdf21: Log matching property violated. Preceding OpId in replica: term: 1 index: 1. Preceding OpId from leader: term: 1 index: 2. (index mismatch)
I20260630 12:35:11.352365  3791 consensus_queue.cc:1048] T 1795c56d40294d008f2bde18df1e3cbf P 6f52683829be4cb5a8f4369a943cdf21 [LEADER]: Connected to new peer: Peer: permanent_uuid: "ec907f3a896640488e7342aeb330cae5" member_type: VOTER last_known_addr { host: "127.31.252.3" port: 39491 }, Status: LMP_MISMATCH, Last received: 0.0, Next index: 2, Last known committed idx: 1, Time since last communication: 0.000s
I20260630 12:35:11.361850  3791 raft_consensus.cc:2955] T 1795c56d40294d008f2bde18df1e3cbf P 6f52683829be4cb5a8f4369a943cdf21 [term 1 LEADER]: Committing config change with OpId 1.2: config changed from index -1 to 2, NON_VOTER 2e4ef06b99d040399b9c695a9038961c (127.31.252.4) added. New config: { opid_index: 2 OBSOLETE_local: false peers { permanent_uuid: "079ff9f40eec4883a681e4b54dace31a" member_type: VOTER last_known_addr { host: "127.31.252.2" port: 41993 } attrs { replace: true } } peers { permanent_uuid: "6f52683829be4cb5a8f4369a943cdf21" member_type: VOTER last_known_addr { host: "127.31.252.1" port: 39331 } } peers { permanent_uuid: "ec907f3a896640488e7342aeb330cae5" member_type: VOTER last_known_addr { host: "127.31.252.3" port: 39491 } } peers { permanent_uuid: "2e4ef06b99d040399b9c695a9038961c" member_type: NON_VOTER last_known_addr { host: "127.31.252.4" port: 45697 } attrs { promote: true } } }
I20260630 12:35:11.364822  3436 raft_consensus.cc:2955] T 1795c56d40294d008f2bde18df1e3cbf P ec907f3a896640488e7342aeb330cae5 [term 1 FOLLOWER]: Committing config change with OpId 1.2: config changed from index -1 to 2, NON_VOTER 2e4ef06b99d040399b9c695a9038961c (127.31.252.4) added. New config: { opid_index: 2 OBSOLETE_local: false peers { permanent_uuid: "079ff9f40eec4883a681e4b54dace31a" member_type: VOTER last_known_addr { host: "127.31.252.2" port: 41993 } attrs { replace: true } } peers { permanent_uuid: "6f52683829be4cb5a8f4369a943cdf21" member_type: VOTER last_known_addr { host: "127.31.252.1" port: 39331 } } peers { permanent_uuid: "ec907f3a896640488e7342aeb330cae5" member_type: VOTER last_known_addr { host: "127.31.252.3" port: 39491 } } peers { permanent_uuid: "2e4ef06b99d040399b9c695a9038961c" member_type: NON_VOTER last_known_addr { host: "127.31.252.4" port: 45697 } attrs { promote: true } } }
I20260630 12:35:11.369660  3359 raft_consensus.cc:2955] T 1795c56d40294d008f2bde18df1e3cbf P 079ff9f40eec4883a681e4b54dace31a [term 1 FOLLOWER]: Committing config change with OpId 1.2: config changed from index -1 to 2, NON_VOTER 2e4ef06b99d040399b9c695a9038961c (127.31.252.4) added. New config: { opid_index: 2 OBSOLETE_local: false peers { permanent_uuid: "079ff9f40eec4883a681e4b54dace31a" member_type: VOTER last_known_addr { host: "127.31.252.2" port: 41993 } attrs { replace: true } } peers { permanent_uuid: "6f52683829be4cb5a8f4369a943cdf21" member_type: VOTER last_known_addr { host: "127.31.252.1" port: 39331 } } peers { permanent_uuid: "ec907f3a896640488e7342aeb330cae5" member_type: VOTER last_known_addr { host: "127.31.252.3" port: 39491 } } peers { permanent_uuid: "2e4ef06b99d040399b9c695a9038961c" member_type: NON_VOTER last_known_addr { host: "127.31.252.4" port: 45697 } attrs { promote: true } } }
I20260630 12:35:11.379745  3287 consensus_queue.cc:237] T 745679a56ccc42a6a96c8210e434228f P 6f52683829be4cb5a8f4369a943cdf21 [LEADER]: Queue going to LEADER mode. State: All replicated index: 0, Majority replicated index: 1, Committed index: 1, Last appended: 1.1, Last appended by leader: 0, Current term: 1, Majority size: 2, State: 0, Mode: LEADER, active raft config: opid_index: 2 OBSOLETE_local: false peers { permanent_uuid: "2e4ef06b99d040399b9c695a9038961c" member_type: VOTER last_known_addr { host: "127.31.252.4" port: 45697 } attrs { replace: true } } peers { permanent_uuid: "6f52683829be4cb5a8f4369a943cdf21" member_type: VOTER last_known_addr { host: "127.31.252.1" port: 39331 } } peers { permanent_uuid: "079ff9f40eec4883a681e4b54dace31a" member_type: VOTER last_known_addr { host: "127.31.252.2" port: 41993 } } peers { permanent_uuid: "ec907f3a896640488e7342aeb330cae5" member_type: NON_VOTER last_known_addr { host: "127.31.252.3" port: 39491 } attrs { promote: true } }
I20260630 12:35:11.379580  3181 catalog_manager.cc:5697] T 1795c56d40294d008f2bde18df1e3cbf P ec907f3a896640488e7342aeb330cae5 reported cstate change: config changed from index -1 to 2, NON_VOTER 2e4ef06b99d040399b9c695a9038961c (127.31.252.4) added. New cstate: current_term: 1 leader_uuid: "6f52683829be4cb5a8f4369a943cdf21" committed_config { opid_index: 2 OBSOLETE_local: false peers { permanent_uuid: "079ff9f40eec4883a681e4b54dace31a" member_type: VOTER last_known_addr { host: "127.31.252.2" port: 41993 } attrs { replace: true } } peers { permanent_uuid: "6f52683829be4cb5a8f4369a943cdf21" member_type: VOTER last_known_addr { host: "127.31.252.1" port: 39331 } } peers { permanent_uuid: "ec907f3a896640488e7342aeb330cae5" member_type: VOTER last_known_addr { host: "127.31.252.3" port: 39491 } } peers { permanent_uuid: "2e4ef06b99d040399b9c695a9038961c" member_type: NON_VOTER last_known_addr { host: "127.31.252.4" port: 45697 } attrs { promote: true } } }
I20260630 12:35:11.389415  3605 raft_consensus.cc:1275] T 745679a56ccc42a6a96c8210e434228f P 2e4ef06b99d040399b9c695a9038961c [term 1 FOLLOWER]: Refusing update from remote peer 6f52683829be4cb5a8f4369a943cdf21: Log matching property violated. Preceding OpId in replica: term: 1 index: 1. Preceding OpId from leader: term: 1 index: 2. (index mismatch)
W20260630 12:35:11.389468  3250 consensus_peers.cc:597] T 745679a56ccc42a6a96c8210e434228f P 6f52683829be4cb5a8f4369a943cdf21 -> Peer ec907f3a896640488e7342aeb330cae5 (127.31.252.3:39491): Couldn't send request to peer ec907f3a896640488e7342aeb330cae5. Error code: TABLET_NOT_FOUND (6). Status: Not found: Tablet not found: 745679a56ccc42a6a96c8210e434228f. This is attempt 1: this message will repeat every 5th retry.
I20260630 12:35:11.391126  3791 consensus_queue.cc:1048] T 745679a56ccc42a6a96c8210e434228f P 6f52683829be4cb5a8f4369a943cdf21 [LEADER]: Connected to new peer: Peer: permanent_uuid: "2e4ef06b99d040399b9c695a9038961c" member_type: VOTER last_known_addr { host: "127.31.252.4" port: 45697 } attrs { replace: true }, Status: LMP_MISMATCH, Last received: 0.0, Next index: 2, Last known committed idx: 1, Time since last communication: 0.000s
I20260630 12:35:11.393412  3359 raft_consensus.cc:1275] T 745679a56ccc42a6a96c8210e434228f P 079ff9f40eec4883a681e4b54dace31a [term 1 FOLLOWER]: Refusing update from remote peer 6f52683829be4cb5a8f4369a943cdf21: Log matching property violated. Preceding OpId in replica: term: 1 index: 1. Preceding OpId from leader: term: 1 index: 2. (index mismatch)
I20260630 12:35:11.397591  3791 consensus_queue.cc:1048] T 745679a56ccc42a6a96c8210e434228f P 6f52683829be4cb5a8f4369a943cdf21 [LEADER]: Connected to new peer: Peer: permanent_uuid: "079ff9f40eec4883a681e4b54dace31a" member_type: VOTER last_known_addr { host: "127.31.252.2" port: 41993 }, Status: LMP_MISMATCH, Last received: 0.0, Next index: 2, Last known committed idx: 1, Time since last communication: 0.000s
I20260630 12:35:11.407047  3837 raft_consensus.cc:2955] T 745679a56ccc42a6a96c8210e434228f P 6f52683829be4cb5a8f4369a943cdf21 [term 1 LEADER]: Committing config change with OpId 1.2: config changed from index -1 to 2, NON_VOTER ec907f3a896640488e7342aeb330cae5 (127.31.252.3) added. New config: { opid_index: 2 OBSOLETE_local: false peers { permanent_uuid: "2e4ef06b99d040399b9c695a9038961c" member_type: VOTER last_known_addr { host: "127.31.252.4" port: 45697 } attrs { replace: true } } peers { permanent_uuid: "6f52683829be4cb5a8f4369a943cdf21" member_type: VOTER last_known_addr { host: "127.31.252.1" port: 39331 } } peers { permanent_uuid: "079ff9f40eec4883a681e4b54dace31a" member_type: VOTER last_known_addr { host: "127.31.252.2" port: 41993 } } peers { permanent_uuid: "ec907f3a896640488e7342aeb330cae5" member_type: NON_VOTER last_known_addr { host: "127.31.252.3" port: 39491 } attrs { promote: true } } }
