I20260630 12:35:14.365684  4284 raft_consensus.cc:2243] T c8dc429dacd543e7984e692d26302a39 P d0df1077c2394703957290f821a8720b [term 2 FOLLOWER]: Raft consensus shutting down.
I20260630 12:35:14.365325  3571 catalog_manager.cc:5697] T 575a8e0d8de14ea28bcddae13c4617b2 P d0df1077c2394703957290f821a8720b reported cstate change: config changed from index 3 to 4, VOTER be5d5356cc554a8f9a1b8ea0b2a4071a (127.0.169.196) evicted. New cstate: current_term: 1 leader_uuid: "f3ab4aaa719b40faac039c6b6b2d1269" committed_config { opid_index: 4 OBSOLETE_local: false peers { permanent_uuid: "d0df1077c2394703957290f821a8720b" member_type: VOTER last_known_addr { host: "127.0.169.194" port: 42709 } } peers { permanent_uuid: "f3ab4aaa719b40faac039c6b6b2d1269" member_type: VOTER last_known_addr { host: "127.0.169.193" port: 38999 } } peers { permanent_uuid: "5005721afd1648ebbcedee4feaf7fdad" member_type: VOTER last_known_addr { host: "127.0.169.195" port: 44665 } attrs { promote: false } } }
I20260630 12:35:14.366575  4284 raft_consensus.cc:2272] T c8dc429dacd543e7984e692d26302a39 P d0df1077c2394703957290f821a8720b [term 2 FOLLOWER]: Raft consensus is shut down!
I20260630 12:35:14.371157  4284 ts_tablet_manager.cc:1916] T c8dc429dacd543e7984e692d26302a39 P d0df1077c2394703957290f821a8720b: Deleting tablet data with delete state TABLET_DATA_TOMBSTONED
I20260630 12:35:14.379635  3970 tablet_service.cc:1558] Processing DeleteTablet for tablet 575a8e0d8de14ea28bcddae13c4617b2 with delete_type TABLET_DATA_TOMBSTONED (TS be5d5356cc554a8f9a1b8ea0b2a4071a not found in new config with opid_index 4) from {username='slave'} at 127.0.0.1:58616
I20260630 12:35:14.395256  4284 ts_tablet_manager.cc:1929] T c8dc429dacd543e7984e692d26302a39 P d0df1077c2394703957290f821a8720b: tablet deleted with delete type TABLET_DATA_TOMBSTONED: last-logged OpId 2.4
I20260630 12:35:14.395484  4260 raft_consensus.cc:1064] T 35e214af23694dd0b284e233e71d9b40 P d0df1077c2394703957290f821a8720b: attempting to promote NON_VOTER be5d5356cc554a8f9a1b8ea0b2a4071a to VOTER
I20260630 12:35:14.396162  4284 log.cc:1199] T c8dc429dacd543e7984e692d26302a39 P d0df1077c2394703957290f821a8720b: Deleting WAL directory at /tmp/dist-test-taskRd2Ek_/test-tmp/auto_rebalancer-test.0.AutoRebalancerTest.RangeAwareRebalancesNewRangeReplicas.1782822818454259-679-0/minicluster-data/ts-1-root/wals/c8dc429dacd543e7984e692d26302a39
I20260630 12:35:14.397418  4285 tablet_replica.cc:333] T 575a8e0d8de14ea28bcddae13c4617b2 P be5d5356cc554a8f9a1b8ea0b2a4071a: stopping tablet replica
I20260630 12:35:14.398000  3558 catalog_manager.cc:5028] TS d0df1077c2394703957290f821a8720b (127.0.169.194:42709): tablet c8dc429dacd543e7984e692d26302a39 (table range_aware_rebalance_new_range [id=9b7337ff9a6e44498361b195783a8b05]) successfully deleted
I20260630 12:35:14.398736  4285 raft_consensus.cc:2243] T 575a8e0d8de14ea28bcddae13c4617b2 P be5d5356cc554a8f9a1b8ea0b2a4071a [term 1 FOLLOWER]: Raft consensus shutting down.
I20260630 12:35:14.398523  4260 consensus_queue.cc:237] T 35e214af23694dd0b284e233e71d9b40 P d0df1077c2394703957290f821a8720b [LEADER]: Queue going to LEADER mode. State: All replicated index: 0, Majority replicated index: 3, Committed index: 3, Last appended: 2.3, Last appended by leader: 1, Current term: 2, Majority size: 3, State: 0, Mode: LEADER, active raft config: opid_index: 4 OBSOLETE_local: false peers { permanent_uuid: "f3ab4aaa719b40faac039c6b6b2d1269" member_type: VOTER last_known_addr { host: "127.0.169.193" port: 38999 } } peers { permanent_uuid: "d0df1077c2394703957290f821a8720b" member_type: VOTER last_known_addr { host: "127.0.169.194" port: 42709 } } peers { permanent_uuid: "5005721afd1648ebbcedee4feaf7fdad" member_type: VOTER last_known_addr { host: "127.0.169.195" port: 44665 } attrs { replace: true } } peers { permanent_uuid: "be5d5356cc554a8f9a1b8ea0b2a4071a" member_type: VOTER last_known_addr { host: "127.0.169.196" port: 41073 } attrs { promote: false } }
I20260630 12:35:14.399552  4285 raft_consensus.cc:2272] T 575a8e0d8de14ea28bcddae13c4617b2 P be5d5356cc554a8f9a1b8ea0b2a4071a [term 1 FOLLOWER]: Raft consensus is shut down!
I20260630 12:35:14.403434  4285 ts_tablet_manager.cc:1916] T 575a8e0d8de14ea28bcddae13c4617b2 P be5d5356cc554a8f9a1b8ea0b2a4071a: Deleting tablet data with delete state TABLET_DATA_TOMBSTONED
I20260630 12:35:14.424178  3822 raft_consensus.cc:1275] T 35e214af23694dd0b284e233e71d9b40 P 5005721afd1648ebbcedee4feaf7fdad [term 2 FOLLOWER]: Refusing update from remote peer d0df1077c2394703957290f821a8720b: Log matching property violated. Preceding OpId in replica: term: 2 index: 3. Preceding OpId from leader: term: 2 index: 4. (index mismatch)
I20260630 12:35:14.424746  3980 raft_consensus.cc:1275] T 35e214af23694dd0b284e233e71d9b40 P be5d5356cc554a8f9a1b8ea0b2a4071a [term 2 LEARNER]: Refusing update from remote peer d0df1077c2394703957290f821a8720b: Log matching property violated. Preceding OpId in replica: term: 2 index: 3. Preceding OpId from leader: term: 2 index: 4. (index mismatch)
I20260630 12:35:14.425792  4175 consensus_queue.cc:1048] T 35e214af23694dd0b284e233e71d9b40 P d0df1077c2394703957290f821a8720b [LEADER]: Connected to new peer: Peer: permanent_uuid: "5005721afd1648ebbcedee4feaf7fdad" member_type: VOTER last_known_addr { host: "127.0.169.195" port: 44665 } attrs { replace: true }, Status: LMP_MISMATCH, Last received: 0.0, Next index: 4, Last known committed idx: 3, Time since last communication: 0.000s
I20260630 12:35:14.434465  4175 consensus_queue.cc:1048] T 35e214af23694dd0b284e233e71d9b40 P d0df1077c2394703957290f821a8720b [LEADER]: Connected to new peer: Peer: permanent_uuid: "be5d5356cc554a8f9a1b8ea0b2a4071a" member_type: VOTER last_known_addr { host: "127.0.169.196" port: 41073 } attrs { promote: false }, Status: LMP_MISMATCH, Last received: 0.0, Next index: 4, Last known committed idx: 3, Time since last communication: 0.000s
I20260630 12:35:14.441187  3671 raft_consensus.cc:1275] T 35e214af23694dd0b284e233e71d9b40 P f3ab4aaa719b40faac039c6b6b2d1269 [term 2 FOLLOWER]: Refusing update from remote peer d0df1077c2394703957290f821a8720b: Log matching property violated. Preceding OpId in replica: term: 2 index: 3. Preceding OpId from leader: term: 2 index: 4. (index mismatch)
I20260630 12:35:14.444857  4175 consensus_queue.cc:1048] T 35e214af23694dd0b284e233e71d9b40 P d0df1077c2394703957290f821a8720b [LEADER]: Connected to new peer: Peer: permanent_uuid: "f3ab4aaa719b40faac039c6b6b2d1269" member_type: VOTER last_known_addr { host: "127.0.169.193" port: 38999 }, Status: LMP_MISMATCH, Last received: 0.0, Next index: 4, Last known committed idx: 3, Time since last communication: 0.000s
I20260630 12:35:14.434248  4285 ts_tablet_manager.cc:1929] T 575a8e0d8de14ea28bcddae13c4617b2 P be5d5356cc554a8f9a1b8ea0b2a4071a: tablet deleted with delete type TABLET_DATA_TOMBSTONED: last-logged OpId 1.3
I20260630 12:35:14.448622  4285 log.cc:1199] T 575a8e0d8de14ea28bcddae13c4617b2 P be5d5356cc554a8f9a1b8ea0b2a4071a: Deleting WAL directory at /tmp/dist-test-taskRd2Ek_/test-tmp/auto_rebalancer-test.0.AutoRebalancerTest.RangeAwareRebalancesNewRangeReplicas.1782822818454259-679-0/minicluster-data/ts-3-root/wals/575a8e0d8de14ea28bcddae13c4617b2
I20260630 12:35:14.451750  3558 catalog_manager.cc:5028] TS be5d5356cc554a8f9a1b8ea0b2a4071a (127.0.169.196:41073): tablet 575a8e0d8de14ea28bcddae13c4617b2 (table range_aware_rebalance_new_range [id=9b7337ff9a6e44498361b195783a8b05]) successfully deleted
W20260630 12:35:14.468111  4286 log.cc:927] Time spent T 35e214af23694dd0b284e233e71d9b40 P d0df1077c2394703957290f821a8720b: Append to log took a long time: real 0.051s	user 0.001s	sys 0.000s
I20260630 12:35:14.471159  4175 raft_consensus.cc:2955] T 35e214af23694dd0b284e233e71d9b40 P d0df1077c2394703957290f821a8720b [term 2 LEADER]: Committing config change with OpId 2.4: config changed from index 3 to 4, be5d5356cc554a8f9a1b8ea0b2a4071a (127.0.169.196) changed from NON_VOTER to VOTER. New config: { opid_index: 4 OBSOLETE_local: false peers { permanent_uuid: "f3ab4aaa719b40faac039c6b6b2d1269" member_type: VOTER last_known_addr { host: "127.0.169.193" port: 38999 } } peers { permanent_uuid: "d0df1077c2394703957290f821a8720b" member_type: VOTER last_known_addr { host: "127.0.169.194" port: 42709 } } peers { permanent_uuid: "5005721afd1648ebbcedee4feaf7fdad" member_type: VOTER last_known_addr { host: "127.0.169.195" port: 44665 } attrs { replace: true } } peers { permanent_uuid: "be5d5356cc554a8f9a1b8ea0b2a4071a" member_type: VOTER last_known_addr { host: "127.0.169.196" port: 41073 } attrs { promote: false } } }
I20260630 12:35:14.478408  3671 raft_consensus.cc:2955] T 35e214af23694dd0b284e233e71d9b40 P f3ab4aaa719b40faac039c6b6b2d1269 [term 2 FOLLOWER]: Committing config change with OpId 2.4: config changed from index 3 to 4, be5d5356cc554a8f9a1b8ea0b2a4071a (127.0.169.196) changed from NON_VOTER to VOTER. New config: { opid_index: 4 OBSOLETE_local: false peers { permanent_uuid: "f3ab4aaa719b40faac039c6b6b2d1269" member_type: VOTER last_known_addr { host: "127.0.169.193" port: 38999 } } peers { permanent_uuid: "d0df1077c2394703957290f821a8720b" member_type: VOTER last_known_addr { host: "127.0.169.194" port: 42709 } } peers { permanent_uuid: "5005721afd1648ebbcedee4feaf7fdad" member_type: VOTER last_known_addr { host: "127.0.169.195" port: 44665 } attrs { replace: true } } peers { permanent_uuid: "be5d5356cc554a8f9a1b8ea0b2a4071a" member_type: VOTER last_known_addr { host: "127.0.169.196" port: 41073 } attrs { promote: false } } }
I20260630 12:35:14.486173  3980 raft_consensus.cc:2955] T 35e214af23694dd0b284e233e71d9b40 P be5d5356cc554a8f9a1b8ea0b2a4071a [term 2 FOLLOWER]: Committing config change with OpId 2.4: config changed from index 3 to 4, be5d5356cc554a8f9a1b8ea0b2a4071a (127.0.169.196) changed from NON_VOTER to VOTER. New config: { opid_index: 4 OBSOLETE_local: false peers { permanent_uuid: "f3ab4aaa719b40faac039c6b6b2d1269" member_type: VOTER last_known_addr { host: "127.0.169.193" port: 38999 } } peers { permanent_uuid: "d0df1077c2394703957290f821a8720b" member_type: VOTER last_known_addr { host: "127.0.169.194" port: 42709 } } peers { permanent_uuid: "5005721afd1648ebbcedee4feaf7fdad" member_type: VOTER last_known_addr { host: "127.0.169.195" port: 44665 } attrs { replace: true } } peers { permanent_uuid: "be5d5356cc554a8f9a1b8ea0b2a4071a" member_type: VOTER last_known_addr { host: "127.0.169.196" port: 41073 } attrs { promote: false } } }
I20260630 12:35:14.487232  3822 raft_consensus.cc:2955] T 35e214af23694dd0b284e233e71d9b40 P 5005721afd1648ebbcedee4feaf7fdad [term 2 FOLLOWER]: Committing config change with OpId 2.4: config changed from index 3 to 4, be5d5356cc554a8f9a1b8ea0b2a4071a (127.0.169.196) changed from NON_VOTER to VOTER. New config: { opid_index: 4 OBSOLETE_local: false peers { permanent_uuid: "f3ab4aaa719b40faac039c6b6b2d1269" member_type: VOTER last_known_addr { host: "127.0.169.193" port: 38999 } } peers { permanent_uuid: "d0df1077c2394703957290f821a8720b" member_type: VOTER last_known_addr { host: "127.0.169.194" port: 42709 } } peers { permanent_uuid: "5005721afd1648ebbcedee4feaf7fdad" member_type: VOTER last_known_addr { host: "127.0.169.195" port: 44665 } attrs { replace: true } } peers { permanent_uuid: "be5d5356cc554a8f9a1b8ea0b2a4071a" member_type: VOTER last_known_addr { host: "127.0.169.196" port: 41073 } attrs { promote: false } } }
I20260630 12:35:14.494607  3568 catalog_manager.cc:5697] T 35e214af23694dd0b284e233e71d9b40 P f3ab4aaa719b40faac039c6b6b2d1269 reported cstate change: config changed from index 3 to 4, be5d5356cc554a8f9a1b8ea0b2a4071a (127.0.169.196) changed from NON_VOTER to VOTER. New cstate: current_term: 2 leader_uuid: "d0df1077c2394703957290f821a8720b" committed_config { opid_index: 4 OBSOLETE_local: false peers { permanent_uuid: "f3ab4aaa719b40faac039c6b6b2d1269" member_type: VOTER last_known_addr { host: "127.0.169.193" port: 38999 } } peers { permanent_uuid: "d0df1077c2394703957290f821a8720b" member_type: VOTER last_known_addr { host: "127.0.169.194" port: 42709 } } peers { permanent_uuid: "5005721afd1648ebbcedee4feaf7fdad" member_type: VOTER last_known_addr { host: "127.0.169.195" port: 44665 } attrs { replace: true } } peers { permanent_uuid: "be5d5356cc554a8f9a1b8ea0b2a4071a" member_type: VOTER last_known_addr { host: "127.0.169.196" port: 41073 } attrs { promote: false } } }
I20260630 12:35:14.511320  3748 consensus_queue.cc:237] T 35e214af23694dd0b284e233e71d9b40 P d0df1077c2394703957290f821a8720b [LEADER]: Queue going to LEADER mode. State: All replicated index: 0, Majority replicated index: 4, Committed index: 4, Last appended: 2.4, Last appended by leader: 1, Current term: 2, Majority size: 2, State: 0, Mode: LEADER, active raft config: opid_index: 5 OBSOLETE_local: false peers { permanent_uuid: "f3ab4aaa719b40faac039c6b6b2d1269" member_type: VOTER last_known_addr { host: "127.0.169.193" port: 38999 } } peers { permanent_uuid: "d0df1077c2394703957290f821a8720b" member_type: VOTER last_known_addr { host: "127.0.169.194" port: 42709 } } peers { permanent_uuid: "be5d5356cc554a8f9a1b8ea0b2a4071a" member_type: VOTER last_known_addr { host: "127.0.169.196" port: 41073 } attrs { promote: false } }
I20260630 12:35:14.520215  3980 raft_consensus.cc:1275] T 35e214af23694dd0b284e233e71d9b40 P be5d5356cc554a8f9a1b8ea0b2a4071a [term 2 FOLLOWER]: Refusing update from remote peer d0df1077c2394703957290f821a8720b: Log matching property violated. Preceding OpId in replica: term: 2 index: 4. Preceding OpId from leader: term: 2 index: 5. (index mismatch)
I20260630 12:35:14.521768  4260 consensus_queue.cc:1048] T 35e214af23694dd0b284e233e71d9b40 P d0df1077c2394703957290f821a8720b [LEADER]: Connected to new peer: Peer: permanent_uuid: "be5d5356cc554a8f9a1b8ea0b2a4071a" member_type: VOTER last_known_addr { host: "127.0.169.196" port: 41073 } attrs { promote: false }, Status: LMP_MISMATCH, Last received: 0.0, Next index: 5, Last known committed idx: 4, Time since last communication: 0.000s
I20260630 12:35:14.524559  3671 raft_consensus.cc:1275] T 35e214af23694dd0b284e233e71d9b40 P f3ab4aaa719b40faac039c6b6b2d1269 [term 2 FOLLOWER]: Refusing update from remote peer d0df1077c2394703957290f821a8720b: Log matching property violated. Preceding OpId in replica: term: 2 index: 4. Preceding OpId from leader: term: 2 index: 5. (index mismatch)
I20260630 12:35:14.525986  4289 consensus_queue.cc:1048] T 35e214af23694dd0b284e233e71d9b40 P d0df1077c2394703957290f821a8720b [LEADER]: Connected to new peer: Peer: permanent_uuid: "f3ab4aaa719b40faac039c6b6b2d1269" member_type: VOTER last_known_addr { host: "127.0.169.193" port: 38999 }, Status: LMP_MISMATCH, Last received: 0.0, Next index: 5, Last known committed idx: 4, Time since last communication: 0.000s
I20260630 12:35:14.532184  4260 raft_consensus.cc:2955] T 35e214af23694dd0b284e233e71d9b40 P d0df1077c2394703957290f821a8720b [term 2 LEADER]: Committing config change with OpId 2.5: config changed from index 4 to 5, VOTER 5005721afd1648ebbcedee4feaf7fdad (127.0.169.195) evicted. New config: { opid_index: 5 OBSOLETE_local: false peers { permanent_uuid: "f3ab4aaa719b40faac039c6b6b2d1269" member_type: VOTER last_known_addr { host: "127.0.169.193" port: 38999 } } peers { permanent_uuid: "d0df1077c2394703957290f821a8720b" member_type: VOTER last_known_addr { host: "127.0.169.194" port: 42709 } } peers { permanent_uuid: "be5d5356cc554a8f9a1b8ea0b2a4071a" member_type: VOTER last_known_addr { host: "127.0.169.196" port: 41073 } attrs { promote: false } } }
I20260630 12:35:14.537047  3979 raft_consensus.cc:2955] T 35e214af23694dd0b284e233e71d9b40 P be5d5356cc554a8f9a1b8ea0b2a4071a [term 2 FOLLOWER]: Committing config change with OpId 2.5: config changed from index 4 to 5, VOTER 5005721afd1648ebbcedee4feaf7fdad (127.0.169.195) evicted. New config: { opid_index: 5 OBSOLETE_local: false peers { permanent_uuid: "f3ab4aaa719b40faac039c6b6b2d1269" member_type: VOTER last_known_addr { host: "127.0.169.193" port: 38999 } } peers { permanent_uuid: "d0df1077c2394703957290f821a8720b" member_type: VOTER last_known_addr { host: "127.0.169.194" port: 42709 } } peers { permanent_uuid: "be5d5356cc554a8f9a1b8ea0b2a4071a" member_type: VOTER last_known_addr { host: "127.0.169.196" port: 41073 } attrs { promote: false } } }
I20260630 12:35:14.545617  3558 catalog_manager.cc:5210] ChangeConfig:REMOVE_PEER RPC for tablet 35e214af23694dd0b284e233e71d9b40 with cas_config_opid_index 4: ChangeConfig:REMOVE_PEER succeeded (attempt 1)
I20260630 12:35:14.551236  3566 catalog_manager.cc:5697] T 35e214af23694dd0b284e233e71d9b40 P be5d5356cc554a8f9a1b8ea0b2a4071a reported cstate change: config changed from index 4 to 5, VOTER 5005721afd1648ebbcedee4feaf7fdad (127.0.169.195) evicted. New cstate: current_term: 2 leader_uuid: "d0df1077c2394703957290f821a8720b" committed_config { opid_index: 5 OBSOLETE_local: false peers { permanent_uuid: "f3ab4aaa719b40faac039c6b6b2d1269" member_type: VOTER last_known_addr { host: "127.0.169.193" port: 38999 } } peers { permanent_uuid: "d0df1077c2394703957290f821a8720b" member_type: VOTER last_known_addr { host: "127.0.169.194" port: 42709 } } peers { permanent_uuid: "be5d5356cc554a8f9a1b8ea0b2a4071a" member_type: VOTER last_known_addr { host: "127.0.169.196" port: 41073 } attrs { promote: false } } }
I20260630 12:35:14.551324  3671 raft_consensus.cc:2955] T 35e214af23694dd0b284e233e71d9b40 P f3ab4aaa719b40faac039c6b6b2d1269 [term 2 FOLLOWER]: Committing config change with OpId 2.5: config changed from index 4 to 5, VOTER 5005721afd1648ebbcedee4feaf7fdad (127.0.169.195) evicted. New config: { opid_index: 5 OBSOLETE_local: false peers { permanent_uuid: "f3ab4aaa719b40faac039c6b6b2d1269" member_type: VOTER last_known_addr { host: "127.0.169.193" port: 38999 } } peers { permanent_uuid: "d0df1077c2394703957290f821a8720b" member_type: VOTER last_known_addr { host: "127.0.169.194" port: 42709 } } peers { permanent_uuid: "be5d5356cc554a8f9a1b8ea0b2a4071a" member_type: VOTER last_known_addr { host: "127.0.169.196" port: 41073 } attrs { promote: false } } }
I20260630 12:35:14.566843  3805 tablet_service.cc:1558] Processing DeleteTablet for tablet 35e214af23694dd0b284e233e71d9b40 with delete_type TABLET_DATA_TOMBSTONED (TS 5005721afd1648ebbcedee4feaf7fdad not found in new config with opid_index 5) from {username='slave'} at 127.0.0.1:37912
I20260630 12:35:14.569411  4291 tablet_replica.cc:333] T 35e214af23694dd0b284e233e71d9b40 P 5005721afd1648ebbcedee4feaf7fdad: stopping tablet replica
I20260630 12:35:14.570521  4291 raft_consensus.cc:2243] T 35e214af23694dd0b284e233e71d9b40 P 5005721afd1648ebbcedee4feaf7fdad [term 2 FOLLOWER]: Raft consensus shutting down.
I20260630 12:35:14.572269  4291 raft_consensus.cc:2272] T 35e214af23694dd0b284e233e71d9b40 P 5005721afd1648ebbcedee4feaf7fdad [term 2 FOLLOWER]: Raft consensus is shut down!
I20260630 12:35:14.576300  4291 ts_tablet_manager.cc:1916] T 35e214af23694dd0b284e233e71d9b40 P 5005721afd1648ebbcedee4feaf7fdad: Deleting tablet data with delete state TABLET_DATA_TOMBSTONED
I20260630 12:35:14.576746  3748 raft_consensus.cc:1275] T 2dfd8ab181e04ad69424c0f597dc1921 P d0df1077c2394703957290f821a8720b [term 2 FOLLOWER]: Refusing update from remote peer be5d5356cc554a8f9a1b8ea0b2a4071a: Log matching property violated. Preceding OpId in replica: term: 1 index: 1. Preceding OpId from leader: term: 2 index: 2. (index mismatch)
I20260630 12:35:14.578089  4226 consensus_queue.cc:1048] T 2dfd8ab181e04ad69424c0f597dc1921 P be5d5356cc554a8f9a1b8ea0b2a4071a [LEADER]: Connected to new peer: Peer: permanent_uuid: "d0df1077c2394703957290f821a8720b" member_type: VOTER last_known_addr { host: "127.0.169.194" port: 42709 }, Status: LMP_MISMATCH, Last received: 0.0, Next index: 2, Last known committed idx: 1, Time since last communication: 0.000s
I20260630 12:35:14.590109  4291 ts_tablet_manager.cc:1929] T 35e214af23694dd0b284e233e71d9b40 P 5005721afd1648ebbcedee4feaf7fdad: tablet deleted with delete type TABLET_DATA_TOMBSTONED: last-logged OpId 2.4
I20260630 12:35:14.590588  4291 log.cc:1199] T 35e214af23694dd0b284e233e71d9b40 P 5005721afd1648ebbcedee4feaf7fdad: Deleting WAL directory at /tmp/dist-test-taskRd2Ek_/test-tmp/auto_rebalancer-test.0.AutoRebalancerTest.RangeAwareRebalancesNewRangeReplicas.1782822818454259-679-0/minicluster-data/ts-2-root/wals/35e214af23694dd0b284e233e71d9b40
I20260630 12:35:14.592586  3555 catalog_manager.cc:5028] TS 5005721afd1648ebbcedee4feaf7fdad (127.0.169.195:44665): tablet 35e214af23694dd0b284e233e71d9b40 (table range_aware_rebalance_new_range [id=9b7337ff9a6e44498361b195783a8b05]) successfully deleted
I20260630 12:35:14.598673  3822 raft_consensus.cc:1275] T 2dfd8ab181e04ad69424c0f597dc1921 P 5005721afd1648ebbcedee4feaf7fdad [term 2 FOLLOWER]: Refusing update from remote peer be5d5356cc554a8f9a1b8ea0b2a4071a: Log matching property violated. Preceding OpId in replica: term: 1 index: 1. Preceding OpId from leader: term: 2 index: 2. (index mismatch)
I20260630 12:35:14.600895  4226 consensus_queue.cc:1048] T 2dfd8ab181e04ad69424c0f597dc1921 P be5d5356cc554a8f9a1b8ea0b2a4071a [LEADER]: Connected to new peer: Peer: permanent_uuid: "5005721afd1648ebbcedee4feaf7fdad" member_type: VOTER last_known_addr { host: "127.0.169.195" port: 44665 }, Status: LMP_MISMATCH, Last received: 0.0, Next index: 2, Last known committed idx: 1, Time since last communication: 0.001s
I20260630 12:35:15.288012   679 tablet_server.cc:179] TabletServer@127.0.169.193:0 shutting down...
I20260630 12:35:15.313467   679 ts_tablet_manager.cc:1507] Shutting down tablet manager...
I20260630 12:35:15.314168   679 tablet_replica.cc:333] T aabe58c9b3444fd7b2264be2a67ad1fb P f3ab4aaa719b40faac039c6b6b2d1269: stopping tablet replica
I20260630 12:35:15.314821   679 raft_consensus.cc:2243] T aabe58c9b3444fd7b2264be2a67ad1fb P f3ab4aaa719b40faac039c6b6b2d1269 [term 1 LEADER]: Raft consensus shutting down.
I20260630 12:35:15.315548   679 raft_consensus.cc:2272] T aabe58c9b3444fd7b2264be2a67ad1fb P f3ab4aaa719b40faac039c6b6b2d1269 [term 1 FOLLOWER]: Raft consensus is shut down!
I20260630 12:35:15.317391   679 tablet_replica.cc:333] T 454b5b68f7104eea8efa7ed582baf18e P f3ab4aaa719b40faac039c6b6b2d1269: stopping tablet replica
I20260630 12:35:15.318125   679 raft_consensus.cc:2243] T 454b5b68f7104eea8efa7ed582baf18e P f3ab4aaa719b40faac039c6b6b2d1269 [term 2 FOLLOWER]: Raft consensus shutting down.
I20260630 12:35:15.318626   679 raft_consensus.cc:2272] T 454b5b68f7104eea8efa7ed582baf18e P f3ab4aaa719b40faac039c6b6b2d1269 [term 2 FOLLOWER]: Raft consensus is shut down!
W20260630 12:35:15.320075  3787 proxy.cc:239] Call had error, refreshing address and retrying: Remote error: Service unavailable: service kudu.consensus.ConsensusService not registered on TabletServer [suppressed 7 similar messages]
I20260630 12:35:15.320750   679 tablet_replica.cc:333] T 35e214af23694dd0b284e233e71d9b40 P f3ab4aaa719b40faac039c6b6b2d1269: stopping tablet replica
I20260630 12:35:15.321430   679 raft_consensus.cc:2243] T 35e214af23694dd0b284e233e71d9b40 P f3ab4aaa719b40faac039c6b6b2d1269 [term 2 FOLLOWER]: Raft consensus shutting down.
I20260630 12:35:15.321887   679 raft_consensus.cc:2272] T 35e214af23694dd0b284e233e71d9b40 P f3ab4aaa719b40faac039c6b6b2d1269 [term 2 FOLLOWER]: Raft consensus is shut down!
W20260630 12:35:15.323084  3787 consensus_peers.cc:597] T c8dc429dacd543e7984e692d26302a39 P 5005721afd1648ebbcedee4feaf7fdad -> Peer f3ab4aaa719b40faac039c6b6b2d1269 (127.0.169.193:38999): Couldn't send request to peer f3ab4aaa719b40faac039c6b6b2d1269. Status: Remote error: Service unavailable: service kudu.consensus.ConsensusService not registered on TabletServer. This is attempt 1: this message will repeat every 5th retry.
I20260630 12:35:15.324553   679 tablet_replica.cc:333] T 575a8e0d8de14ea28bcddae13c4617b2 P f3ab4aaa719b40faac039c6b6b2d1269: stopping tablet replica
I20260630 12:35:15.325101   679 raft_consensus.cc:2243] T 575a8e0d8de14ea28bcddae13c4617b2 P f3ab4aaa719b40faac039c6b6b2d1269 [term 1 LEADER]: Raft consensus shutting down.
I20260630 12:35:15.325793   679 raft_consensus.cc:2272] T 575a8e0d8de14ea28bcddae13c4617b2 P f3ab4aaa719b40faac039c6b6b2d1269 [term 1 FOLLOWER]: Raft consensus is shut down!
I20260630 12:35:15.328003   679 tablet_replica.cc:333] T a8f022155ec94cbca8d0120dd5fc8379 P f3ab4aaa719b40faac039c6b6b2d1269: stopping tablet replica
I20260630 12:35:15.328552   679 raft_consensus.cc:2243] T a8f022155ec94cbca8d0120dd5fc8379 P f3ab4aaa719b40faac039c6b6b2d1269 [term 2 FOLLOWER]: Raft consensus shutting down.
I20260630 12:35:15.328955   679 raft_consensus.cc:2272] T a8f022155ec94cbca8d0120dd5fc8379 P f3ab4aaa719b40faac039c6b6b2d1269 [term 2 FOLLOWER]: Raft consensus is shut down!
I20260630 12:35:15.330508   679 tablet_replica.cc:333] T 3e3693de7dd14662b7d6314c9b121c78 P f3ab4aaa719b40faac039c6b6b2d1269: stopping tablet replica
I20260630 12:35:15.331024   679 raft_consensus.cc:2243] T 3e3693de7dd14662b7d6314c9b121c78 P f3ab4aaa719b40faac039c6b6b2d1269 [term 3 LEADER]: Raft consensus shutting down.
I20260630 12:35:15.331774   679 raft_consensus.cc:2272] T 3e3693de7dd14662b7d6314c9b121c78 P f3ab4aaa719b40faac039c6b6b2d1269 [term 3 FOLLOWER]: Raft consensus is shut down!
I20260630 12:35:15.333464   679 tablet_replica.cc:333] T c8dc429dacd543e7984e692d26302a39 P f3ab4aaa719b40faac039c6b6b2d1269: stopping tablet replica
I20260630 12:35:15.333979   679 raft_consensus.cc:2243] T c8dc429dacd543e7984e692d26302a39 P f3ab4aaa719b40faac039c6b6b2d1269 [term 2 FOLLOWER]: Raft consensus shutting down.
I20260630 12:35:15.334515   679 raft_consensus.cc:2272] T c8dc429dacd543e7984e692d26302a39 P f3ab4aaa719b40faac039c6b6b2d1269 [term 2 FOLLOWER]: Raft consensus is shut down!
I20260630 12:35:15.336274   679 tablet_replica.cc:333] T bf9fe9f96a2340f2be7ad2f07c790778 P f3ab4aaa719b40faac039c6b6b2d1269: stopping tablet replica
I20260630 12:35:15.336757   679 raft_consensus.cc:2243] T bf9fe9f96a2340f2be7ad2f07c790778 P f3ab4aaa719b40faac039c6b6b2d1269 [term 1 FOLLOWER]: Raft consensus shutting down.
I20260630 12:35:15.337193   679 raft_consensus.cc:2272] T bf9fe9f96a2340f2be7ad2f07c790778 P f3ab4aaa719b40faac039c6b6b2d1269 [term 1 FOLLOWER]: Raft consensus is shut down!
I20260630 12:35:15.338882   679 tablet_replica.cc:333] T b95315560bab47358b0ac211c555d362 P f3ab4aaa719b40faac039c6b6b2d1269: stopping tablet replica
I20260630 12:35:15.339391   679 raft_consensus.cc:2243] T b95315560bab47358b0ac211c555d362 P f3ab4aaa719b40faac039c6b6b2d1269 [term 2 FOLLOWER]: Raft consensus shutting down.
I20260630 12:35:15.339808   679 raft_consensus.cc:2272] T b95315560bab47358b0ac211c555d362 P f3ab4aaa719b40faac039c6b6b2d1269 [term 2 FOLLOWER]: Raft consensus is shut down!
I20260630 12:35:15.341536   679 tablet_replica.cc:333] T 7a620662eedf483bb42133fc788d0283 P f3ab4aaa719b40faac039c6b6b2d1269: stopping tablet replica
I20260630 12:35:15.342044   679 raft_consensus.cc:2243] T 7a620662eedf483bb42133fc788d0283 P f3ab4aaa719b40faac039c6b6b2d1269 [term 2 FOLLOWER]: Raft consensus shutting down.
I20260630 12:35:15.342495   679 raft_consensus.cc:2272] T 7a620662eedf483bb42133fc788d0283 P f3ab4aaa719b40faac039c6b6b2d1269 [term 2 FOLLOWER]: Raft consensus is shut down!
I20260630 12:35:15.344683   679 tablet_replica.cc:333] T 59636d32f73c4656902c76e95a44e8ce P f3ab4aaa719b40faac039c6b6b2d1269: stopping tablet replica
I20260630 12:35:15.345304   679 raft_consensus.cc:2243] T 59636d32f73c4656902c76e95a44e8ce P f3ab4aaa719b40faac039c6b6b2d1269 [term 2 LEADER]: Raft consensus shutting down.
I20260630 12:35:15.346674   679 raft_consensus.cc:2272] T 59636d32f73c4656902c76e95a44e8ce P f3ab4aaa719b40faac039c6b6b2d1269 [term 2 FOLLOWER]: Raft consensus is shut down!
I20260630 12:35:15.348660   679 tablet_replica.cc:333] T a5856b4b695e43fc9f83fd1fb3b322b4 P f3ab4aaa719b40faac039c6b6b2d1269: stopping tablet replica
I20260630 12:35:15.349141   679 raft_consensus.cc:2243] T a5856b4b695e43fc9f83fd1fb3b322b4 P f3ab4aaa719b40faac039c6b6b2d1269 [term 1 FOLLOWER]: Raft consensus shutting down.
I20260630 12:35:15.349570   679 raft_consensus.cc:2272] T a5856b4b695e43fc9f83fd1fb3b322b4 P f3ab4aaa719b40faac039c6b6b2d1269 [term 1 FOLLOWER]: Raft consensus is shut down!
I20260630 12:35:15.386121   679 tablet_server.cc:196] TabletServer@127.0.169.193:0 shutdown complete.
I20260630 12:35:15.420336   679 tablet_server.cc:179] TabletServer@127.0.169.194:0 shutting down...
W20260630 12:35:15.436026  3788 consensus_peers.cc:597] T bf9fe9f96a2340f2be7ad2f07c790778 P 5005721afd1648ebbcedee4feaf7fdad -> Peer d0df1077c2394703957290f821a8720b (127.0.169.194:42709): Couldn't send request to peer d0df1077c2394703957290f821a8720b. Status: Remote error: Service unavailable: service kudu.consensus.ConsensusService not registered on TabletServer. This is attempt 1: this message will repeat every 5th retry.
I20260630 12:35:15.446378   679 ts_tablet_manager.cc:1507] Shutting down tablet manager...
I20260630 12:35:15.447170   679 tablet_replica.cc:333] T bf9fe9f96a2340f2be7ad2f07c790778 P d0df1077c2394703957290f821a8720b: stopping tablet replica
I20260630 12:35:15.447841   679 raft_consensus.cc:2243] T bf9fe9f96a2340f2be7ad2f07c790778 P d0df1077c2394703957290f821a8720b [term 1 FOLLOWER]: Raft consensus shutting down.
I20260630 12:35:15.448532   679 raft_consensus.cc:2272] T bf9fe9f96a2340f2be7ad2f07c790778 P d0df1077c2394703957290f821a8720b [term 1 FOLLOWER]: Raft consensus is shut down!
I20260630 12:35:15.450314   679 tablet_replica.cc:333] T 46b0c0a8af7b48d9a559331b60b1ae43 P d0df1077c2394703957290f821a8720b: stopping tablet replica
I20260630 12:35:15.450847   679 raft_consensus.cc:2243] T 46b0c0a8af7b48d9a559331b60b1ae43 P d0df1077c2394703957290f821a8720b [term 1 FOLLOWER]: Raft consensus shutting down.
I20260630 12:35:15.451248   679 raft_consensus.cc:2272] T 46b0c0a8af7b48d9a559331b60b1ae43 P d0df1077c2394703957290f821a8720b [term 1 FOLLOWER]: Raft consensus is shut down!
I20260630 12:35:15.453389   679 tablet_replica.cc:333] T 2dfd8ab181e04ad69424c0f597dc1921 P d0df1077c2394703957290f821a8720b: stopping tablet replica
I20260630 12:35:15.453874   679 raft_consensus.cc:2243] T 2dfd8ab181e04ad69424c0f597dc1921 P d0df1077c2394703957290f821a8720b [term 2 FOLLOWER]: Raft consensus shutting down.
I20260630 12:35:15.454250   679 raft_consensus.cc:2272] T 2dfd8ab181e04ad69424c0f597dc1921 P d0df1077c2394703957290f821a8720b [term 2 FOLLOWER]: Raft consensus is shut down!
I20260630 12:35:15.457031   679 tablet_replica.cc:333] T fbacba82f1ba4915ad44ef6810173d99 P d0df1077c2394703957290f821a8720b: stopping tablet replica
I20260630 12:35:15.457568   679 raft_consensus.cc:2243] T fbacba82f1ba4915ad44ef6810173d99 P d0df1077c2394703957290f821a8720b [term 2 FOLLOWER]: Raft consensus shutting down.
I20260630 12:35:15.458039   679 raft_consensus.cc:2272] T fbacba82f1ba4915ad44ef6810173d99 P d0df1077c2394703957290f821a8720b [term 2 FOLLOWER]: Raft consensus is shut down!
I20260630 12:35:15.459887   679 tablet_replica.cc:333] T 575a8e0d8de14ea28bcddae13c4617b2 P d0df1077c2394703957290f821a8720b: stopping tablet replica
I20260630 12:35:15.460364   679 raft_consensus.cc:2243] T 575a8e0d8de14ea28bcddae13c4617b2 P d0df1077c2394703957290f821a8720b [term 1 FOLLOWER]: Raft consensus shutting down.
I20260630 12:35:15.460855   679 raft_consensus.cc:2272] T 575a8e0d8de14ea28bcddae13c4617b2 P d0df1077c2394703957290f821a8720b [term 1 FOLLOWER]: Raft consensus is shut down!
I20260630 12:35:15.462352   679 tablet_replica.cc:333] T 35e214af23694dd0b284e233e71d9b40 P d0df1077c2394703957290f821a8720b: stopping tablet replica
I20260630 12:35:15.462855   679 raft_consensus.cc:2243] T 35e214af23694dd0b284e233e71d9b40 P d0df1077c2394703957290f821a8720b [term 2 LEADER]: Raft consensus shutting down.
I20260630 12:35:15.463661   679 raft_consensus.cc:2272] T 35e214af23694dd0b284e233e71d9b40 P d0df1077c2394703957290f821a8720b [term 2 FOLLOWER]: Raft consensus is shut down!
I20260630 12:35:15.466069   679 tablet_replica.cc:333] T 7a620662eedf483bb42133fc788d0283 P d0df1077c2394703957290f821a8720b: stopping tablet replica
I20260630 12:35:15.466580   679 raft_consensus.cc:2243] T 7a620662eedf483bb42133fc788d0283 P d0df1077c2394703957290f821a8720b [term 2 LEADER]: Raft consensus shutting down.
I20260630 12:35:15.467257   679 raft_consensus.cc:2272] T 7a620662eedf483bb42133fc788d0283 P d0df1077c2394703957290f821a8720b [term 2 FOLLOWER]: Raft consensus is shut down!
I20260630 12:35:15.468935   679 tablet_replica.cc:333] T 59636d32f73c4656902c76e95a44e8ce P d0df1077c2394703957290f821a8720b: stopping tablet replica
I20260630 12:35:15.469410   679 raft_consensus.cc:2243] T 59636d32f73c4656902c76e95a44e8ce P d0df1077c2394703957290f821a8720b [term 2 FOLLOWER]: Raft consensus shutting down.
I20260630 12:35:15.469944   679 raft_consensus.cc:2272] T 59636d32f73c4656902c76e95a44e8ce P d0df1077c2394703957290f821a8720b [term 2 FOLLOWER]: Raft consensus is shut down!
I20260630 12:35:15.471566   679 tablet_replica.cc:333] T a5856b4b695e43fc9f83fd1fb3b322b4 P d0df1077c2394703957290f821a8720b: stopping tablet replica
I20260630 12:35:15.472078   679 raft_consensus.cc:2243] T a5856b4b695e43fc9f83fd1fb3b322b4 P d0df1077c2394703957290f821a8720b [term 1 LEADER]: Raft consensus shutting down.
I20260630 12:35:15.472962   679 raft_consensus.cc:2272] T a5856b4b695e43fc9f83fd1fb3b322b4 P d0df1077c2394703957290f821a8720b [term 1 FOLLOWER]: Raft consensus is shut down!
I20260630 12:35:15.475399   679 tablet_replica.cc:333] T b95315560bab47358b0ac211c555d362 P d0df1077c2394703957290f821a8720b: stopping tablet replica
I20260630 12:35:15.476071   679 raft_consensus.cc:2243] T b95315560bab47358b0ac211c555d362 P d0df1077c2394703957290f821a8720b [term 2 FOLLOWER]: Raft consensus shutting down.
I20260630 12:35:15.476550   679 raft_consensus.cc:2272] T b95315560bab47358b0ac211c555d362 P d0df1077c2394703957290f821a8720b [term 2 FOLLOWER]: Raft consensus is shut down!
I20260630 12:35:15.478516   679 tablet_replica.cc:333] T 732154b03b864e6a8ae1303c75aaa853 P d0df1077c2394703957290f821a8720b: stopping tablet replica
I20260630 12:35:15.479255   679 raft_consensus.cc:2243] T 732154b03b864e6a8ae1303c75aaa853 P d0df1077c2394703957290f821a8720b [term 3 LEADER]: Raft consensus shutting down.
I20260630 12:35:15.479995   679 raft_consensus.cc:2272] T 732154b03b864e6a8ae1303c75aaa853 P d0df1077c2394703957290f821a8720b [term 3 FOLLOWER]: Raft consensus is shut down!
I20260630 12:35:15.481837   679 tablet_replica.cc:333] T a8f022155ec94cbca8d0120dd5fc8379 P d0df1077c2394703957290f821a8720b: stopping tablet replica
I20260630 12:35:15.482296   679 raft_consensus.cc:2243] T a8f022155ec94cbca8d0120dd5fc8379 P d0df1077c2394703957290f821a8720b [term 2 FOLLOWER]: Raft consensus shutting down.
I20260630 12:35:15.482651   679 raft_consensus.cc:2272] T a8f022155ec94cbca8d0120dd5fc8379 P d0df1077c2394703957290f821a8720b [term 2 FOLLOWER]: Raft consensus is shut down!
W20260630 12:35:15.486590  3788 consensus_peers.cc:597] T fbacba82f1ba4915ad44ef6810173d99 P 5005721afd1648ebbcedee4feaf7fdad -> Peer d0df1077c2394703957290f821a8720b (127.0.169.194:42709): Couldn't send request to peer d0df1077c2394703957290f821a8720b. Status: Remote error: Service unavailable: service kudu.consensus.ConsensusService not registered on TabletServer. This is attempt 1: this message will repeat every 5th retry.
I20260630 12:35:15.508697   679 tablet_server.cc:196] TabletServer@127.0.169.194:0 shutdown complete.
W20260630 12:35:15.515916  3944 consensus_peers.cc:597] T b95315560bab47358b0ac211c555d362 P be5d5356cc554a8f9a1b8ea0b2a4071a -> Peer d0df1077c2394703957290f821a8720b (127.0.169.194:42709): Couldn't send request to peer d0df1077c2394703957290f821a8720b. Status: Network error: Client connection negotiation failed: client connection to 127.0.169.194:42709: connect: Connection refused (error 111). This is attempt 1: this message will repeat every 5th retry.
W20260630 12:35:15.516443  3944 consensus_peers.cc:597] T 2dfd8ab181e04ad69424c0f597dc1921 P be5d5356cc554a8f9a1b8ea0b2a4071a -> Peer d0df1077c2394703957290f821a8720b (127.0.169.194:42709): Couldn't send request to peer d0df1077c2394703957290f821a8720b. Status: Network error: Client connection negotiation failed: client connection to 127.0.169.194:42709: connect: Connection refused (error 111). This is attempt 1: this message will repeat every 5th retry.
I20260630 12:35:15.539330   679 tablet_server.cc:179] TabletServer@127.0.169.195:0 shutting down...
W20260630 12:35:15.567875  3788 consensus_peers.cc:597] T 46b0c0a8af7b48d9a559331b60b1ae43 P 5005721afd1648ebbcedee4feaf7fdad -> Peer d0df1077c2394703957290f821a8720b (127.0.169.194:42709): Couldn't send request to peer d0df1077c2394703957290f821a8720b. Status: Network error: Client connection negotiation failed: client connection to 127.0.169.194:42709: connect: Connection refused (error 111). This is attempt 1: this message will repeat every 5th retry.
I20260630 12:35:15.570477   679 ts_tablet_manager.cc:1507] Shutting down tablet manager...
I20260630 12:35:15.571305   679 tablet_replica.cc:333] T aabe58c9b3444fd7b2264be2a67ad1fb P 5005721afd1648ebbcedee4feaf7fdad: stopping tablet replica
I20260630 12:35:15.572190   679 raft_consensus.cc:2243] T aabe58c9b3444fd7b2264be2a67ad1fb P 5005721afd1648ebbcedee4feaf7fdad [term 1 FOLLOWER]: Raft consensus shutting down.
I20260630 12:35:15.572721   679 raft_consensus.cc:2272] T aabe58c9b3444fd7b2264be2a67ad1fb P 5005721afd1648ebbcedee4feaf7fdad [term 1 FOLLOWER]: Raft consensus is shut down!
I20260630 12:35:15.575541   679 tablet_replica.cc:333] T 454b5b68f7104eea8efa7ed582baf18e P 5005721afd1648ebbcedee4feaf7fdad: stopping tablet replica
I20260630 12:35:15.576273   679 raft_consensus.cc:2243] T 454b5b68f7104eea8efa7ed582baf18e P 5005721afd1648ebbcedee4feaf7fdad [term 2 FOLLOWER]: Raft consensus shutting down.
I20260630 12:35:15.576771   679 raft_consensus.cc:2272] T 454b5b68f7104eea8efa7ed582baf18e P 5005721afd1648ebbcedee4feaf7fdad [term 2 FOLLOWER]: Raft consensus is shut down!
I20260630 12:35:15.579106   679 tablet_replica.cc:333] T 732154b03b864e6a8ae1303c75aaa853 P 5005721afd1648ebbcedee4feaf7fdad: stopping tablet replica
I20260630 12:35:15.579854   679 raft_consensus.cc:2243] T 732154b03b864e6a8ae1303c75aaa853 P 5005721afd1648ebbcedee4feaf7fdad [term 3 FOLLOWER]: Raft consensus shutting down.
I20260630 12:35:15.580423   679 raft_consensus.cc:2272] T 732154b03b864e6a8ae1303c75aaa853 P 5005721afd1648ebbcedee4feaf7fdad [term 3 FOLLOWER]: Raft consensus is shut down!
I20260630 12:35:15.582698   679 tablet_replica.cc:333] T 575a8e0d8de14ea28bcddae13c4617b2 P 5005721afd1648ebbcedee4feaf7fdad: stopping tablet replica
I20260630 12:35:15.583359   679 raft_consensus.cc:2243] T 575a8e0d8de14ea28bcddae13c4617b2 P 5005721afd1648ebbcedee4feaf7fdad [term 1 FOLLOWER]: Raft consensus shutting down.
I20260630 12:35:15.583962   679 raft_consensus.cc:2272] T 575a8e0d8de14ea28bcddae13c4617b2 P 5005721afd1648ebbcedee4feaf7fdad [term 1 FOLLOWER]: Raft consensus is shut down!
I20260630 12:35:15.586063   679 tablet_replica.cc:333] T 3e3693de7dd14662b7d6314c9b121c78 P 5005721afd1648ebbcedee4feaf7fdad: stopping tablet replica
I20260630 12:35:15.586768   679 raft_consensus.cc:2243] T 3e3693de7dd14662b7d6314c9b121c78 P 5005721afd1648ebbcedee4feaf7fdad [term 3 FOLLOWER]: Raft consensus shutting down.
I20260630 12:35:15.587275   679 raft_consensus.cc:2272] T 3e3693de7dd14662b7d6314c9b121c78 P 5005721afd1648ebbcedee4feaf7fdad [term 3 FOLLOWER]: Raft consensus is shut down!
I20260630 12:35:15.589721   679 tablet_replica.cc:333] T c8dc429dacd543e7984e692d26302a39 P 5005721afd1648ebbcedee4feaf7fdad: stopping tablet replica
I20260630 12:35:15.590204   679 raft_consensus.cc:2243] T c8dc429dacd543e7984e692d26302a39 P 5005721afd1648ebbcedee4feaf7fdad [term 2 LEADER]: Raft consensus shutting down.
I20260630 12:35:15.590865   679 raft_consensus.cc:2272] T c8dc429dacd543e7984e692d26302a39 P 5005721afd1648ebbcedee4feaf7fdad [term 2 FOLLOWER]: Raft consensus is shut down!
I20260630 12:35:15.592620   679 tablet_replica.cc:333] T 46b0c0a8af7b48d9a559331b60b1ae43 P 5005721afd1648ebbcedee4feaf7fdad: stopping tablet replica
I20260630 12:35:15.593115   679 raft_consensus.cc:2243] T 46b0c0a8af7b48d9a559331b60b1ae43 P 5005721afd1648ebbcedee4feaf7fdad [term 1 LEADER]: Raft consensus shutting down.
I20260630 12:35:15.593863   679 raft_consensus.cc:2272] T 46b0c0a8af7b48d9a559331b60b1ae43 P 5005721afd1648ebbcedee4feaf7fdad [term 1 FOLLOWER]: Raft consensus is shut down!
I20260630 12:35:15.595474   679 tablet_replica.cc:333] T bf9fe9f96a2340f2be7ad2f07c790778 P 5005721afd1648ebbcedee4feaf7fdad: stopping tablet replica
I20260630 12:35:15.596028   679 raft_consensus.cc:2243] T bf9fe9f96a2340f2be7ad2f07c790778 P 5005721afd1648ebbcedee4feaf7fdad [term 1 LEADER]: Raft consensus shutting down.
I20260630 12:35:15.596745   679 raft_consensus.cc:2272] T bf9fe9f96a2340f2be7ad2f07c790778 P 5005721afd1648ebbcedee4feaf7fdad [term 1 FOLLOWER]: Raft consensus is shut down!
I20260630 12:35:15.598845   679 tablet_replica.cc:333] T 2dfd8ab181e04ad69424c0f597dc1921 P 5005721afd1648ebbcedee4feaf7fdad: stopping tablet replica
I20260630 12:35:15.599376   679 raft_consensus.cc:2243] T 2dfd8ab181e04ad69424c0f597dc1921 P 5005721afd1648ebbcedee4feaf7fdad [term 2 FOLLOWER]: Raft consensus shutting down.
I20260630 12:35:15.599833   679 raft_consensus.cc:2272] T 2dfd8ab181e04ad69424c0f597dc1921 P 5005721afd1648ebbcedee4feaf7fdad [term 2 FOLLOWER]: Raft consensus is shut down!
I20260630 12:35:15.602742   679 tablet_replica.cc:333] T fbacba82f1ba4915ad44ef6810173d99 P 5005721afd1648ebbcedee4feaf7fdad: stopping tablet replica
I20260630 12:35:15.603363   679 raft_consensus.cc:2243] T fbacba82f1ba4915ad44ef6810173d99 P 5005721afd1648ebbcedee4feaf7fdad [term 2 LEADER]: Raft consensus shutting down.
I20260630 12:35:15.604179   679 raft_consensus.cc:2272] T fbacba82f1ba4915ad44ef6810173d99 P 5005721afd1648ebbcedee4feaf7fdad [term 2 FOLLOWER]: Raft consensus is shut down!
W20260630 12:35:15.606071  3943 consensus_peers.cc:597] T b95315560bab47358b0ac211c555d362 P be5d5356cc554a8f9a1b8ea0b2a4071a -> Peer f3ab4aaa719b40faac039c6b6b2d1269 (127.0.169.193:38999): Couldn't send request to peer f3ab4aaa719b40faac039c6b6b2d1269. Status: Network error: Client connection negotiation failed: client connection to 127.0.169.193:38999: connect: Connection refused (error 111). This is attempt 1: this message will repeat every 5th retry.
I20260630 12:35:15.606681   679 tablet_replica.cc:333] T 7a620662eedf483bb42133fc788d0283 P 5005721afd1648ebbcedee4feaf7fdad: stopping tablet replica
I20260630 12:35:15.607242   679 raft_consensus.cc:2243] T 7a620662eedf483bb42133fc788d0283 P 5005721afd1648ebbcedee4feaf7fdad [term 2 FOLLOWER]: Raft consensus shutting down.
I20260630 12:35:15.607789   679 raft_consensus.cc:2272] T 7a620662eedf483bb42133fc788d0283 P 5005721afd1648ebbcedee4feaf7fdad [term 2 FOLLOWER]: Raft consensus is shut down!
I20260630 12:35:15.609637   679 tablet_replica.cc:333] T a5856b4b695e43fc9f83fd1fb3b322b4 P 5005721afd1648ebbcedee4feaf7fdad: stopping tablet replica
I20260630 12:35:15.610105   679 raft_consensus.cc:2243] T a5856b4b695e43fc9f83fd1fb3b322b4 P 5005721afd1648ebbcedee4feaf7fdad [term 1 FOLLOWER]: Raft consensus shutting down.
I20260630 12:35:15.610522   679 raft_consensus.cc:2272] T a5856b4b695e43fc9f83fd1fb3b322b4 P 5005721afd1648ebbcedee4feaf7fdad [term 1 FOLLOWER]: Raft consensus is shut down!
I20260630 12:35:15.644325   679 tablet_server.cc:196] TabletServer@127.0.169.195:0 shutdown complete.
I20260630 12:35:15.670337   679 tablet_server.cc:179] TabletServer@127.0.169.196:0 shutting down...
I20260630 12:35:15.694590   679 ts_tablet_manager.cc:1507] Shutting down tablet manager...
I20260630 12:35:15.695346   679 tablet_replica.cc:333] T c8dc429dacd543e7984e692d26302a39 P be5d5356cc554a8f9a1b8ea0b2a4071a: stopping tablet replica
I20260630 12:35:15.696256   679 raft_consensus.cc:2243] T c8dc429dacd543e7984e692d26302a39 P be5d5356cc554a8f9a1b8ea0b2a4071a [term 2 FOLLOWER]: Raft consensus shutting down.
I20260630 12:35:15.697073   679 raft_consensus.cc:2272] T c8dc429dacd543e7984e692d26302a39 P be5d5356cc554a8f9a1b8ea0b2a4071a [term 2 FOLLOWER]: Raft consensus is shut down!
I20260630 12:35:15.699018   679 tablet_replica.cc:333] T 732154b03b864e6a8ae1303c75aaa853 P be5d5356cc554a8f9a1b8ea0b2a4071a: stopping tablet replica
I20260630 12:35:15.699666   679 raft_consensus.cc:2243] T 732154b03b864e6a8ae1303c75aaa853 P be5d5356cc554a8f9a1b8ea0b2a4071a [term 3 FOLLOWER]: Raft consensus shutting down.
I20260630 12:35:15.700165   679 raft_consensus.cc:2272] T 732154b03b864e6a8ae1303c75aaa853 P be5d5356cc554a8f9a1b8ea0b2a4071a [term 3 FOLLOWER]: Raft consensus is shut down!
I20260630 12:35:15.702029   679 tablet_replica.cc:333] T b95315560bab47358b0ac211c555d362 P be5d5356cc554a8f9a1b8ea0b2a4071a: stopping tablet replica
I20260630 12:35:15.702651   679 raft_consensus.cc:2243] T b95315560bab47358b0ac211c555d362 P be5d5356cc554a8f9a1b8ea0b2a4071a [term 2 LEADER]: Raft consensus shutting down.
W20260630 12:35:15.703135  3944 consensus_peers.cc:597] T a8f022155ec94cbca8d0120dd5fc8379 P be5d5356cc554a8f9a1b8ea0b2a4071a -> Peer d0df1077c2394703957290f821a8720b (127.0.169.194:42709): Couldn't send request to peer d0df1077c2394703957290f821a8720b. Status: Network error: Client connection negotiation failed: client connection to 127.0.169.194:42709: connect: Connection refused (error 111). This is attempt 1: this message will repeat every 5th retry.
I20260630 12:35:15.703490   679 raft_consensus.cc:2272] T b95315560bab47358b0ac211c555d362 P be5d5356cc554a8f9a1b8ea0b2a4071a [term 2 FOLLOWER]: Raft consensus is shut down!
I20260630 12:35:15.705461   679 tablet_replica.cc:333] T aabe58c9b3444fd7b2264be2a67ad1fb P be5d5356cc554a8f9a1b8ea0b2a4071a: stopping tablet replica
I20260630 12:35:15.706025   679 raft_consensus.cc:2243] T aabe58c9b3444fd7b2264be2a67ad1fb P be5d5356cc554a8f9a1b8ea0b2a4071a [term 1 FOLLOWER]: Raft consensus shutting down.
I20260630 12:35:15.706454   679 raft_consensus.cc:2272] T aabe58c9b3444fd7b2264be2a67ad1fb P be5d5356cc554a8f9a1b8ea0b2a4071a [term 1 FOLLOWER]: Raft consensus is shut down!
I20260630 12:35:15.708367   679 tablet_replica.cc:333] T 454b5b68f7104eea8efa7ed582baf18e P be5d5356cc554a8f9a1b8ea0b2a4071a: stopping tablet replica
I20260630 12:35:15.709024   679 raft_consensus.cc:2243] T 454b5b68f7104eea8efa7ed582baf18e P be5d5356cc554a8f9a1b8ea0b2a4071a [term 2 LEADER]: Raft consensus shutting down.
I20260630 12:35:15.709817   679 raft_consensus.cc:2272] T 454b5b68f7104eea8efa7ed582baf18e P be5d5356cc554a8f9a1b8ea0b2a4071a [term 2 FOLLOWER]: Raft consensus is shut down!
I20260630 12:35:15.711392   679 tablet_replica.cc:333] T 59636d32f73c4656902c76e95a44e8ce P be5d5356cc554a8f9a1b8ea0b2a4071a: stopping tablet replica
I20260630 12:35:15.711898   679 raft_consensus.cc:2243] T 59636d32f73c4656902c76e95a44e8ce P be5d5356cc554a8f9a1b8ea0b2a4071a [term 2 FOLLOWER]: Raft consensus shutting down.
I20260630 12:35:15.712353   679 raft_consensus.cc:2272] T 59636d32f73c4656902c76e95a44e8ce P be5d5356cc554a8f9a1b8ea0b2a4071a [term 2 FOLLOWER]: Raft consensus is shut down!
I20260630 12:35:15.713878   679 tablet_replica.cc:333] T 46b0c0a8af7b48d9a559331b60b1ae43 P be5d5356cc554a8f9a1b8ea0b2a4071a: stopping tablet replica
I20260630 12:35:15.714362   679 raft_consensus.cc:2243] T 46b0c0a8af7b48d9a559331b60b1ae43 P be5d5356cc554a8f9a1b8ea0b2a4071a [term 1 FOLLOWER]: Raft consensus shutting down.
I20260630 12:35:15.714749   679 raft_consensus.cc:2272] T 46b0c0a8af7b48d9a559331b60b1ae43 P be5d5356cc554a8f9a1b8ea0b2a4071a [term 1 FOLLOWER]: Raft consensus is shut down!
I20260630 12:35:15.716346   679 tablet_replica.cc:333] T fbacba82f1ba4915ad44ef6810173d99 P be5d5356cc554a8f9a1b8ea0b2a4071a: stopping tablet replica
I20260630 12:35:15.716830   679 raft_consensus.cc:2243] T fbacba82f1ba4915ad44ef6810173d99 P be5d5356cc554a8f9a1b8ea0b2a4071a [term 2 FOLLOWER]: Raft consensus shutting down.
I20260630 12:35:15.717326   679 raft_consensus.cc:2272] T fbacba82f1ba4915ad44ef6810173d99 P be5d5356cc554a8f9a1b8ea0b2a4071a [term 2 FOLLOWER]: Raft consensus is shut down!
I20260630 12:35:15.718979   679 tablet_replica.cc:333] T 2dfd8ab181e04ad69424c0f597dc1921 P be5d5356cc554a8f9a1b8ea0b2a4071a: stopping tablet replica
I20260630 12:35:15.719481   679 raft_consensus.cc:2243] T 2dfd8ab181e04ad69424c0f597dc1921 P be5d5356cc554a8f9a1b8ea0b2a4071a [term 2 LEADER]: Raft consensus shutting down.
I20260630 12:35:15.720207   679 raft_consensus.cc:2272] T 2dfd8ab181e04ad69424c0f597dc1921 P be5d5356cc554a8f9a1b8ea0b2a4071a [term 2 FOLLOWER]: Raft consensus is shut down!
I20260630 12:35:15.721822   679 tablet_replica.cc:333] T 3e3693de7dd14662b7d6314c9b121c78 P be5d5356cc554a8f9a1b8ea0b2a4071a: stopping tablet replica
I20260630 12:35:15.722291   679 raft_consensus.cc:2243] T 3e3693de7dd14662b7d6314c9b121c78 P be5d5356cc554a8f9a1b8ea0b2a4071a [term 3 FOLLOWER]: Raft consensus shutting down.
I20260630 12:35:15.722765   679 raft_consensus.cc:2272] T 3e3693de7dd14662b7d6314c9b121c78 P be5d5356cc554a8f9a1b8ea0b2a4071a [term 3 FOLLOWER]: Raft consensus is shut down!
I20260630 12:35:15.724314   679 tablet_replica.cc:333] T a8f022155ec94cbca8d0120dd5fc8379 P be5d5356cc554a8f9a1b8ea0b2a4071a: stopping tablet replica
I20260630 12:35:15.724795   679 raft_consensus.cc:2243] T a8f022155ec94cbca8d0120dd5fc8379 P be5d5356cc554a8f9a1b8ea0b2a4071a [term 2 LEADER]: Raft consensus shutting down.
I20260630 12:35:15.725826   679 raft_consensus.cc:2272] T a8f022155ec94cbca8d0120dd5fc8379 P be5d5356cc554a8f9a1b8ea0b2a4071a [term 2 FOLLOWER]: Raft consensus is shut down!
I20260630 12:35:15.727353   679 tablet_replica.cc:333] T 35e214af23694dd0b284e233e71d9b40 P be5d5356cc554a8f9a1b8ea0b2a4071a: stopping tablet replica
