I20260630 12:33:56.293813  5878 ts_tablet_manager.cc:1434] T c797e0eb7d964240bfc6ce82e45812b0 P e120b953424c419c82a9eef76bebb729: Time spent starting tablet: real 0.031s	user 0.021s	sys 0.011s
I20260630 12:33:56.294416  5754 heartbeater.cc:499] Master 127.4.52.254:45901 was elected leader, sending a full tablet report...
I20260630 12:33:56.295616  5881 leader_election.cc:290] T 9e4c40099acc4b2fbb72654c87c6402a P 90094989ee984b60bea458f78d9f4583 [CANDIDATE]: Term 1 election: Requested vote from peers 
I20260630 12:33:56.296125  5886 raft_consensus.cc:697] T c797e0eb7d964240bfc6ce82e45812b0 P e120b953424c419c82a9eef76bebb729 [term 1 LEADER]: Becoming Leader. State: Replica: e120b953424c419c82a9eef76bebb729, State: Running, Role: LEADER
I20260630 12:33:56.296257  5889 raft_consensus.cc:2804] T 9e4c40099acc4b2fbb72654c87c6402a P 90094989ee984b60bea458f78d9f4583 [term 1 FOLLOWER]: Leader election won for term 1
I20260630 12:33:56.298077  5886 consensus_queue.cc:237] T c797e0eb7d964240bfc6ce82e45812b0 P e120b953424c419c82a9eef76bebb729 [LEADER]: Queue going to LEADER mode. State: All replicated index: 0, Majority replicated index: 0, Committed index: 0, Last appended: 0.0, Last appended by leader: 0, Current term: 1, Majority size: 1, State: 0, Mode: LEADER, active raft config: opid_index: -1 OBSOLETE_local: true peers { permanent_uuid: "e120b953424c419c82a9eef76bebb729" member_type: VOTER last_known_addr { host: "127.4.52.194" port: 40765 } }
I20260630 12:33:56.307029  5394 catalog_manager.cc:5697] T 799601f3d0644dbcb24d890e47d0ab95 P f8ed199df00240c89704cacf9cc1ecfd reported cstate change: term changed from 0 to 1, leader changed from <none> to f8ed199df00240c89704cacf9cc1ecfd (127.4.52.195). New cstate: current_term: 1 leader_uuid: "f8ed199df00240c89704cacf9cc1ecfd" committed_config { opid_index: -1 OBSOLETE_local: true peers { permanent_uuid: "f8ed199df00240c89704cacf9cc1ecfd" member_type: VOTER last_known_addr { host: "127.4.52.195" port: 44099 } health_report { overall_health: HEALTHY } } }
I20260630 12:33:56.307966  5393 catalog_manager.cc:5697] T c797e0eb7d964240bfc6ce82e45812b0 P e120b953424c419c82a9eef76bebb729 reported cstate change: term changed from 0 to 1, leader changed from <none> to e120b953424c419c82a9eef76bebb729 (127.4.52.194). New cstate: current_term: 1 leader_uuid: "e120b953424c419c82a9eef76bebb729" committed_config { opid_index: -1 OBSOLETE_local: true peers { permanent_uuid: "e120b953424c419c82a9eef76bebb729" member_type: VOTER last_known_addr { host: "127.4.52.194" port: 40765 } health_report { overall_health: HEALTHY } } }
I20260630 12:33:56.310707  5889 raft_consensus.cc:697] T 9e4c40099acc4b2fbb72654c87c6402a P 90094989ee984b60bea458f78d9f4583 [term 1 LEADER]: Becoming Leader. State: Replica: 90094989ee984b60bea458f78d9f4583, State: Running, Role: LEADER
I20260630 12:33:56.312055  5889 consensus_queue.cc:237] T 9e4c40099acc4b2fbb72654c87c6402a P 90094989ee984b60bea458f78d9f4583 [LEADER]: Queue going to LEADER mode. State: All replicated index: 0, Majority replicated index: 0, Committed index: 0, Last appended: 0.0, Last appended by leader: 0, Current term: 1, Majority size: 1, State: 0, Mode: LEADER, active raft config: opid_index: -1 OBSOLETE_local: true peers { permanent_uuid: "90094989ee984b60bea458f78d9f4583" member_type: VOTER last_known_addr { host: "127.4.52.193" port: 41775 } }
I20260630 12:33:56.392617  5881 ts_tablet_manager.cc:1434] T 9e4c40099acc4b2fbb72654c87c6402a P 90094989ee984b60bea458f78d9f4583: Time spent starting tablet: real 0.118s	user 0.040s	sys 0.064s
I20260630 12:33:56.409343  5394 catalog_manager.cc:5697] T 9e4c40099acc4b2fbb72654c87c6402a P 90094989ee984b60bea458f78d9f4583 reported cstate change: term changed from 0 to 1, leader changed from <none> to 90094989ee984b60bea458f78d9f4583 (127.4.52.193). New cstate: current_term: 1 leader_uuid: "90094989ee984b60bea458f78d9f4583" committed_config { opid_index: -1 OBSOLETE_local: true peers { permanent_uuid: "90094989ee984b60bea458f78d9f4583" member_type: VOTER last_known_addr { host: "127.4.52.193" port: 41775 } health_report { overall_health: HEALTHY } } }
I20260630 12:33:58.081025  5576 auto_leader_rebalancer.cc:141] leader rebalance for table test-workload
I20260630 12:33:58.082727  5576 auto_leader_rebalancer.cc:515] All tables' leader rebalancing finished this round
I20260630 12:33:58.435052  4307 master.cc:562] Master@127.4.52.254:45901 shutting down...
W20260630 12:33:58.440367  5676 heartbeater.cc:646] Failed to heartbeat to 127.4.52.254:45901 (0 consecutive failures): Remote error: Failed to send heartbeat to master: Service unavailable: service kudu.master.MasterService not registered on Master
I20260630 12:33:58.458480  4307 raft_consensus.cc:2243] T 00000000000000000000000000000000 P 3fe9ef1fe8af4f15a1afee58aacedf76 [term 1 LEADER]: Raft consensus shutting down.
I20260630 12:33:58.459816  4307 raft_consensus.cc:2272] T 00000000000000000000000000000000 P 3fe9ef1fe8af4f15a1afee58aacedf76 [term 1 FOLLOWER]: Raft consensus is shut down!
I20260630 12:33:58.460163  4307 tablet_replica.cc:333] T 00000000000000000000000000000000 P 3fe9ef1fe8af4f15a1afee58aacedf76: stopping tablet replica
I20260630 12:33:58.481415  4307 master.cc:584] Master@127.4.52.254:45901 shutdown complete.
I20260630 12:33:59.569352  5906 raft_consensus.cc:493] T 00000000000000000000000000000000 P 51c49d1ebe61401390b14ec6d504ea78 [term 1 FOLLOWER]: Starting pre-election (detected failure of leader 3fe9ef1fe8af4f15a1afee58aacedf76)
I20260630 12:33:59.569947  5906 raft_consensus.cc:515] T 00000000000000000000000000000000 P 51c49d1ebe61401390b14ec6d504ea78 [term 1 FOLLOWER]: Starting pre-election with config: opid_index: -1 OBSOLETE_local: false peers { permanent_uuid: "3fe9ef1fe8af4f15a1afee58aacedf76" member_type: VOTER last_known_addr { host: "127.4.52.254" port: 45901 } } peers { permanent_uuid: "51c49d1ebe61401390b14ec6d504ea78" member_type: VOTER last_known_addr { host: "127.4.52.253" port: 39855 } } peers { permanent_uuid: "f1adca654b474b88b0fbbe1c057d866b" member_type: VOTER last_known_addr { host: "127.4.52.252" port: 42259 } }
I20260630 12:33:59.572031  5906 leader_election.cc:290] T 00000000000000000000000000000000 P 51c49d1ebe61401390b14ec6d504ea78 [CANDIDATE]: Term 2 pre-election: Requested pre-vote from peers 3fe9ef1fe8af4f15a1afee58aacedf76 (127.4.52.254:45901), f1adca654b474b88b0fbbe1c057d866b (127.4.52.252:42259)
I20260630 12:33:59.573679  5534 tablet_service.cc:1917] Received RequestConsensusVote() RPC: tablet_id: "00000000000000000000000000000000" candidate_uuid: "51c49d1ebe61401390b14ec6d504ea78" candidate_term: 2 candidate_status { last_received { term: 1 index: 9 } } ignore_live_leader: false dest_uuid: "f1adca654b474b88b0fbbe1c057d866b" is_pre_election: true
W20260630 12:33:59.574579  5445 proxy.cc:239] Call had error, refreshing address and retrying: Network error: Client connection negotiation failed: client connection to 127.4.52.254:45901: connect: Connection refused (error 111) [suppressed 7 similar messages]
W20260630 12:33:59.578200  5445 leader_election.cc:336] T 00000000000000000000000000000000 P 51c49d1ebe61401390b14ec6d504ea78 [CANDIDATE]: Term 2 pre-election: RPC error from VoteRequest() call to peer 3fe9ef1fe8af4f15a1afee58aacedf76 (127.4.52.254:45901): Network error: Client connection negotiation failed: client connection to 127.4.52.254:45901: connect: Connection refused (error 111)
I20260630 12:33:59.578527  5445 leader_election.cc:304] T 00000000000000000000000000000000 P 51c49d1ebe61401390b14ec6d504ea78 [CANDIDATE]: Term 2 pre-election: Election decided. Result: candidate lost. Election summary: received 3 responses out of 3 voters: 1 yes votes; 2 no votes. yes voters: 51c49d1ebe61401390b14ec6d504ea78; no voters: 3fe9ef1fe8af4f15a1afee58aacedf76, f1adca654b474b88b0fbbe1c057d866b
I20260630 12:33:59.579123  5906 raft_consensus.cc:2749] T 00000000000000000000000000000000 P 51c49d1ebe61401390b14ec6d504ea78 [term 1 FOLLOWER]: Leader pre-election lost for term 2. Reason: could not achieve majority
I20260630 12:33:59.615733  5909 raft_consensus.cc:493] T 00000000000000000000000000000000 P f1adca654b474b88b0fbbe1c057d866b [term 1 FOLLOWER]: Starting pre-election (detected failure of leader 3fe9ef1fe8af4f15a1afee58aacedf76)
I20260630 12:33:59.616183  5909 raft_consensus.cc:515] T 00000000000000000000000000000000 P f1adca654b474b88b0fbbe1c057d866b [term 1 FOLLOWER]: Starting pre-election with config: opid_index: -1 OBSOLETE_local: false peers { permanent_uuid: "3fe9ef1fe8af4f15a1afee58aacedf76" member_type: VOTER last_known_addr { host: "127.4.52.254" port: 45901 } } peers { permanent_uuid: "51c49d1ebe61401390b14ec6d504ea78" member_type: VOTER last_known_addr { host: "127.4.52.253" port: 39855 } } peers { permanent_uuid: "f1adca654b474b88b0fbbe1c057d866b" member_type: VOTER last_known_addr { host: "127.4.52.252" port: 42259 } }
I20260630 12:33:59.617975  5909 leader_election.cc:290] T 00000000000000000000000000000000 P f1adca654b474b88b0fbbe1c057d866b [CANDIDATE]: Term 2 pre-election: Requested pre-vote from peers 3fe9ef1fe8af4f15a1afee58aacedf76 (127.4.52.254:45901), 51c49d1ebe61401390b14ec6d504ea78 (127.4.52.253:39855)
I20260630 12:33:59.619328  5468 tablet_service.cc:1917] Received RequestConsensusVote() RPC: tablet_id: "00000000000000000000000000000000" candidate_uuid: "f1adca654b474b88b0fbbe1c057d866b" candidate_term: 2 candidate_status { last_received { term: 1 index: 9 } } ignore_live_leader: false dest_uuid: "51c49d1ebe61401390b14ec6d504ea78" is_pre_election: true
I20260630 12:33:59.619900  5468 raft_consensus.cc:2468] T 00000000000000000000000000000000 P 51c49d1ebe61401390b14ec6d504ea78 [term 1 FOLLOWER]: Leader pre-election vote request: Granting yes vote for candidate f1adca654b474b88b0fbbe1c057d866b in term 1.
I20260630 12:33:59.621206  5510 leader_election.cc:304] T 00000000000000000000000000000000 P f1adca654b474b88b0fbbe1c057d866b [CANDIDATE]: Term 2 pre-election: Election decided. Result: candidate won. Election summary: received 2 responses out of 3 voters: 2 yes votes; 0 no votes. yes voters: 51c49d1ebe61401390b14ec6d504ea78, f1adca654b474b88b0fbbe1c057d866b; no voters: 
I20260630 12:33:59.621966  5909 raft_consensus.cc:2804] T 00000000000000000000000000000000 P f1adca654b474b88b0fbbe1c057d866b [term 1 FOLLOWER]: Leader pre-election won for term 2
I20260630 12:33:59.622304  5909 raft_consensus.cc:493] T 00000000000000000000000000000000 P f1adca654b474b88b0fbbe1c057d866b [term 1 FOLLOWER]: Starting leader election (detected failure of leader 3fe9ef1fe8af4f15a1afee58aacedf76)
I20260630 12:33:59.622645  5909 raft_consensus.cc:3060] T 00000000000000000000000000000000 P f1adca654b474b88b0fbbe1c057d866b [term 1 FOLLOWER]: Advancing to term 2
W20260630 12:33:59.624033  5509 leader_election.cc:336] T 00000000000000000000000000000000 P f1adca654b474b88b0fbbe1c057d866b [CANDIDATE]: Term 2 pre-election: RPC error from VoteRequest() call to peer 3fe9ef1fe8af4f15a1afee58aacedf76 (127.4.52.254:45901): Network error: Client connection negotiation failed: client connection to 127.4.52.254:45901: connect: Connection refused (error 111)
I20260630 12:33:59.628252  5909 raft_consensus.cc:515] T 00000000000000000000000000000000 P f1adca654b474b88b0fbbe1c057d866b [term 2 FOLLOWER]: Starting leader election with config: opid_index: -1 OBSOLETE_local: false peers { permanent_uuid: "3fe9ef1fe8af4f15a1afee58aacedf76" member_type: VOTER last_known_addr { host: "127.4.52.254" port: 45901 } } peers { permanent_uuid: "51c49d1ebe61401390b14ec6d504ea78" member_type: VOTER last_known_addr { host: "127.4.52.253" port: 39855 } } peers { permanent_uuid: "f1adca654b474b88b0fbbe1c057d866b" member_type: VOTER last_known_addr { host: "127.4.52.252" port: 42259 } }
I20260630 12:33:59.629655  5909 leader_election.cc:290] T 00000000000000000000000000000000 P f1adca654b474b88b0fbbe1c057d866b [CANDIDATE]: Term 2 election: Requested vote from peers 3fe9ef1fe8af4f15a1afee58aacedf76 (127.4.52.254:45901), 51c49d1ebe61401390b14ec6d504ea78 (127.4.52.253:39855)
I20260630 12:33:59.630589  5468 tablet_service.cc:1917] Received RequestConsensusVote() RPC: tablet_id: "00000000000000000000000000000000" candidate_uuid: "f1adca654b474b88b0fbbe1c057d866b" candidate_term: 2 candidate_status { last_received { term: 1 index: 9 } } ignore_live_leader: false dest_uuid: "51c49d1ebe61401390b14ec6d504ea78"
I20260630 12:33:59.631018  5468 raft_consensus.cc:3060] T 00000000000000000000000000000000 P 51c49d1ebe61401390b14ec6d504ea78 [term 1 FOLLOWER]: Advancing to term 2
W20260630 12:33:59.633111  5509 leader_election.cc:336] T 00000000000000000000000000000000 P f1adca654b474b88b0fbbe1c057d866b [CANDIDATE]: Term 2 election: RPC error from VoteRequest() call to peer 3fe9ef1fe8af4f15a1afee58aacedf76 (127.4.52.254:45901): Network error: Client connection negotiation failed: client connection to 127.4.52.254:45901: connect: Connection refused (error 111)
I20260630 12:33:59.636600  5468 raft_consensus.cc:2468] T 00000000000000000000000000000000 P 51c49d1ebe61401390b14ec6d504ea78 [term 2 FOLLOWER]: Leader election vote request: Granting yes vote for candidate f1adca654b474b88b0fbbe1c057d866b in term 2.
I20260630 12:33:59.637416  5510 leader_election.cc:304] T 00000000000000000000000000000000 P f1adca654b474b88b0fbbe1c057d866b [CANDIDATE]: Term 2 election: Election decided. Result: candidate won. Election summary: received 3 responses out of 3 voters: 2 yes votes; 1 no votes. yes voters: 51c49d1ebe61401390b14ec6d504ea78, f1adca654b474b88b0fbbe1c057d866b; no voters: 3fe9ef1fe8af4f15a1afee58aacedf76
I20260630 12:33:59.638034  5909 raft_consensus.cc:2804] T 00000000000000000000000000000000 P f1adca654b474b88b0fbbe1c057d866b [term 2 FOLLOWER]: Leader election won for term 2
I20260630 12:33:59.639202  5909 raft_consensus.cc:697] T 00000000000000000000000000000000 P f1adca654b474b88b0fbbe1c057d866b [term 2 LEADER]: Becoming Leader. State: Replica: f1adca654b474b88b0fbbe1c057d866b, State: Running, Role: LEADER
I20260630 12:33:59.639937  5909 consensus_queue.cc:237] T 00000000000000000000000000000000 P f1adca654b474b88b0fbbe1c057d866b [LEADER]: Queue going to LEADER mode. State: All replicated index: 0, Majority replicated index: 9, Committed index: 9, Last appended: 1.9, Last appended by leader: 9, Current term: 2, Majority size: 2, State: 0, Mode: LEADER, active raft config: opid_index: -1 OBSOLETE_local: false peers { permanent_uuid: "3fe9ef1fe8af4f15a1afee58aacedf76" member_type: VOTER last_known_addr { host: "127.4.52.254" port: 45901 } } peers { permanent_uuid: "51c49d1ebe61401390b14ec6d504ea78" member_type: VOTER last_known_addr { host: "127.4.52.253" port: 39855 } } peers { permanent_uuid: "f1adca654b474b88b0fbbe1c057d866b" member_type: VOTER last_known_addr { host: "127.4.52.252" port: 42259 } }
I20260630 12:33:59.643604  5912 sys_catalog.cc:455] T 00000000000000000000000000000000 P f1adca654b474b88b0fbbe1c057d866b [sys.catalog]: SysCatalogTable state changed. Reason: New leader f1adca654b474b88b0fbbe1c057d866b. Latest consensus state: current_term: 2 leader_uuid: "f1adca654b474b88b0fbbe1c057d866b" committed_config { opid_index: -1 OBSOLETE_local: false peers { permanent_uuid: "3fe9ef1fe8af4f15a1afee58aacedf76" member_type: VOTER last_known_addr { host: "127.4.52.254" port: 45901 } } peers { permanent_uuid: "51c49d1ebe61401390b14ec6d504ea78" member_type: VOTER last_known_addr { host: "127.4.52.253" port: 39855 } } peers { permanent_uuid: "f1adca654b474b88b0fbbe1c057d866b" member_type: VOTER last_known_addr { host: "127.4.52.252" port: 42259 } } }
I20260630 12:33:59.644433  5912 sys_catalog.cc:458] T 00000000000000000000000000000000 P f1adca654b474b88b0fbbe1c057d866b [sys.catalog]: This master's current role is: LEADER
I20260630 12:33:59.645754  5914 catalog_manager.cc:1511] Loading table and tablet metadata into memory...
I20260630 12:33:59.650986  5914 catalog_manager.cc:679] Loaded metadata for table test-workload [id=5dc845c463124a4e8884a72f27abb62d]
I20260630 12:33:59.655460  5914 tablet_loader.cc:96] loaded metadata for tablet 799601f3d0644dbcb24d890e47d0ab95 (table test-workload [id=5dc845c463124a4e8884a72f27abb62d])
I20260630 12:33:59.656316  5914 tablet_loader.cc:96] loaded metadata for tablet 9e4c40099acc4b2fbb72654c87c6402a (table test-workload [id=5dc845c463124a4e8884a72f27abb62d])
I20260630 12:33:59.657125  5914 tablet_loader.cc:96] loaded metadata for tablet c797e0eb7d964240bfc6ce82e45812b0 (table test-workload [id=5dc845c463124a4e8884a72f27abb62d])
I20260630 12:33:59.658002  5914 catalog_manager.cc:1520] Initializing Kudu cluster ID...
I20260630 12:33:59.660848  5914 catalog_manager.cc:1295] Loaded cluster ID: e26f85f4ccc84f978f8ef5920a3e241d
I20260630 12:33:59.661065  5914 catalog_manager.cc:1531] Initializing Kudu internal certificate authority...
I20260630 12:33:59.664439  5914 catalog_manager.cc:1540] Loading token signing keys...
I20260630 12:33:59.667150  5914 catalog_manager.cc:6081] T 00000000000000000000000000000000 P f1adca654b474b88b0fbbe1c057d866b: Loaded TSK: 0
I20260630 12:33:59.668013  5914 catalog_manager.cc:1550] Initializing in-progress tserver states...
W20260630 12:34:00.067343  5509 consensus_peers.cc:597] T 00000000000000000000000000000000 P f1adca654b474b88b0fbbe1c057d866b -> Peer 3fe9ef1fe8af4f15a1afee58aacedf76 (127.4.52.254:45901): Couldn't send request to peer 3fe9ef1fe8af4f15a1afee58aacedf76. Status: Network error: Client connection negotiation failed: client connection to 127.4.52.254:45901: connect: Connection refused (error 111). This is attempt 1: this message will repeat every 5th retry.
I20260630 12:34:00.101378  5595 auto_leader_rebalancer.cc:141] leader rebalance for table test-workload
I20260630 12:34:00.103256  5595 auto_leader_rebalancer.cc:515] All tables' leader rebalancing finished this round
I20260630 12:34:00.224453  5468 raft_consensus.cc:1275] T 00000000000000000000000000000000 P 51c49d1ebe61401390b14ec6d504ea78 [term 2 FOLLOWER]: Refusing update from remote peer f1adca654b474b88b0fbbe1c057d866b: Log matching property violated. Preceding OpId in replica: term: 1 index: 9. Preceding OpId from leader: term: 2 index: 10. (index mismatch)
I20260630 12:34:00.226100  5912 consensus_queue.cc:1048] T 00000000000000000000000000000000 P f1adca654b474b88b0fbbe1c057d866b [LEADER]: Connected to new peer: Peer: permanent_uuid: "51c49d1ebe61401390b14ec6d504ea78" member_type: VOTER last_known_addr { host: "127.4.52.253" port: 39855 }, Status: LMP_MISMATCH, Last received: 0.0, Next index: 10, Last known committed idx: 9, Time since last communication: 0.000s
I20260630 12:34:00.232956  5915 sys_catalog.cc:455] T 00000000000000000000000000000000 P 51c49d1ebe61401390b14ec6d504ea78 [sys.catalog]: SysCatalogTable state changed. Reason: New leader f1adca654b474b88b0fbbe1c057d866b. Latest consensus state: current_term: 2 leader_uuid: "f1adca654b474b88b0fbbe1c057d866b" committed_config { opid_index: -1 OBSOLETE_local: false peers { permanent_uuid: "3fe9ef1fe8af4f15a1afee58aacedf76" member_type: VOTER last_known_addr { host: "127.4.52.254" port: 45901 } } peers { permanent_uuid: "51c49d1ebe61401390b14ec6d504ea78" member_type: VOTER last_known_addr { host: "127.4.52.253" port: 39855 } } peers { permanent_uuid: "f1adca654b474b88b0fbbe1c057d866b" member_type: VOTER last_known_addr { host: "127.4.52.252" port: 42259 } } }
I20260630 12:34:00.233537  5915 sys_catalog.cc:458] T 00000000000000000000000000000000 P 51c49d1ebe61401390b14ec6d504ea78 [sys.catalog]: This master's current role is: FOLLOWER
I20260630 12:34:00.235045  4307 tablet_server.cc:179] TabletServer@127.4.52.193:0 shutting down...
I20260630 12:34:00.244601  5917 sys_catalog.cc:455] T 00000000000000000000000000000000 P f1adca654b474b88b0fbbe1c057d866b [sys.catalog]: SysCatalogTable state changed. Reason: Peer health change. Latest consensus state: current_term: 2 leader_uuid: "f1adca654b474b88b0fbbe1c057d866b" committed_config { opid_index: -1 OBSOLETE_local: false peers { permanent_uuid: "3fe9ef1fe8af4f15a1afee58aacedf76" member_type: VOTER last_known_addr { host: "127.4.52.254" port: 45901 } } peers { permanent_uuid: "51c49d1ebe61401390b14ec6d504ea78" member_type: VOTER last_known_addr { host: "127.4.52.253" port: 39855 } } peers { permanent_uuid: "f1adca654b474b88b0fbbe1c057d866b" member_type: VOTER last_known_addr { host: "127.4.52.252" port: 42259 } } }
I20260630 12:34:00.245574  5917 sys_catalog.cc:458] T 00000000000000000000000000000000 P f1adca654b474b88b0fbbe1c057d866b [sys.catalog]: This master's current role is: LEADER
I20260630 12:34:00.251583  5915 sys_catalog.cc:455] T 00000000000000000000000000000000 P 51c49d1ebe61401390b14ec6d504ea78 [sys.catalog]: SysCatalogTable state changed. Reason: Replicated consensus-only round. Latest consensus state: current_term: 2 leader_uuid: "f1adca654b474b88b0fbbe1c057d866b" committed_config { opid_index: -1 OBSOLETE_local: false peers { permanent_uuid: "3fe9ef1fe8af4f15a1afee58aacedf76" member_type: VOTER last_known_addr { host: "127.4.52.254" port: 45901 } } peers { permanent_uuid: "51c49d1ebe61401390b14ec6d504ea78" member_type: VOTER last_known_addr { host: "127.4.52.253" port: 39855 } } peers { permanent_uuid: "f1adca654b474b88b0fbbe1c057d866b" member_type: VOTER last_known_addr { host: "127.4.52.252" port: 42259 } } }
I20260630 12:34:00.252229  5915 sys_catalog.cc:458] T 00000000000000000000000000000000 P 51c49d1ebe61401390b14ec6d504ea78 [sys.catalog]: This master's current role is: FOLLOWER
I20260630 12:34:00.262108  4307 ts_tablet_manager.cc:1507] Shutting down tablet manager...
I20260630 12:34:00.262800  4307 tablet_replica.cc:333] T 9e4c40099acc4b2fbb72654c87c6402a P 90094989ee984b60bea458f78d9f4583: stopping tablet replica
I20260630 12:34:00.263319  4307 raft_consensus.cc:2243] T 9e4c40099acc4b2fbb72654c87c6402a P 90094989ee984b60bea458f78d9f4583 [term 1 LEADER]: Raft consensus shutting down.
I20260630 12:34:00.263836  4307 raft_consensus.cc:2272] T 9e4c40099acc4b2fbb72654c87c6402a P 90094989ee984b60bea458f78d9f4583 [term 1 FOLLOWER]: Raft consensus is shut down!
I20260630 12:34:00.281709  4307 tablet_server.cc:196] TabletServer@127.4.52.193:0 shutdown complete.
I20260630 12:34:00.291014  4307 tablet_server.cc:179] TabletServer@127.4.52.194:0 shutting down...
I20260630 12:34:00.309392  4307 ts_tablet_manager.cc:1507] Shutting down tablet manager...
I20260630 12:34:00.310072  4307 tablet_replica.cc:333] T c797e0eb7d964240bfc6ce82e45812b0 P e120b953424c419c82a9eef76bebb729: stopping tablet replica
I20260630 12:34:00.310582  4307 raft_consensus.cc:2243] T c797e0eb7d964240bfc6ce82e45812b0 P e120b953424c419c82a9eef76bebb729 [term 1 LEADER]: Raft consensus shutting down.
I20260630 12:34:00.311085  4307 raft_consensus.cc:2272] T c797e0eb7d964240bfc6ce82e45812b0 P e120b953424c419c82a9eef76bebb729 [term 1 FOLLOWER]: Raft consensus is shut down!
I20260630 12:34:00.328954  4307 tablet_server.cc:196] TabletServer@127.4.52.194:0 shutdown complete.
I20260630 12:34:00.338073  4307 tablet_server.cc:179] TabletServer@127.4.52.195:0 shutting down...
I20260630 12:34:00.370121  4307 ts_tablet_manager.cc:1507] Shutting down tablet manager...
I20260630 12:34:00.370744  4307 tablet_replica.cc:333] T 799601f3d0644dbcb24d890e47d0ab95 P f8ed199df00240c89704cacf9cc1ecfd: stopping tablet replica
I20260630 12:34:00.371376  4307 raft_consensus.cc:2243] T 799601f3d0644dbcb24d890e47d0ab95 P f8ed199df00240c89704cacf9cc1ecfd [term 1 LEADER]: Raft consensus shutting down.
I20260630 12:34:00.371848  4307 raft_consensus.cc:2272] T 799601f3d0644dbcb24d890e47d0ab95 P f8ed199df00240c89704cacf9cc1ecfd [term 1 FOLLOWER]: Raft consensus is shut down!
I20260630 12:34:00.389781  4307 tablet_server.cc:196] TabletServer@127.4.52.195:0 shutdown complete.
I20260630 12:34:00.398988  4307 master.cc:562] Master@127.4.52.253:39855 shutting down...
I20260630 12:34:00.419456  4307 raft_consensus.cc:2243] T 00000000000000000000000000000000 P 51c49d1ebe61401390b14ec6d504ea78 [term 2 FOLLOWER]: Raft consensus shutting down.
I20260630 12:34:00.420007  4307 raft_consensus.cc:2272] T 00000000000000000000000000000000 P 51c49d1ebe61401390b14ec6d504ea78 [term 2 FOLLOWER]: Raft consensus is shut down!
I20260630 12:34:00.420306  4307 tablet_replica.cc:333] T 00000000000000000000000000000000 P 51c49d1ebe61401390b14ec6d504ea78: stopping tablet replica
I20260630 12:34:00.429215  4307 master.cc:584] Master@127.4.52.253:39855 shutdown complete.
I20260630 12:34:00.440009  4307 master.cc:562] Master@127.4.52.252:42259 shutting down...
I20260630 12:34:00.456270  4307 raft_consensus.cc:2243] T 00000000000000000000000000000000 P f1adca654b474b88b0fbbe1c057d866b [term 2 LEADER]: Raft consensus shutting down.
I20260630 12:34:00.457049  4307 raft_consensus.cc:2272] T 00000000000000000000000000000000 P f1adca654b474b88b0fbbe1c057d866b [term 2 FOLLOWER]: Raft consensus is shut down!
I20260630 12:34:00.457403  4307 tablet_replica.cc:333] T 00000000000000000000000000000000 P f1adca654b474b88b0fbbe1c057d866b: stopping tablet replica
I20260630 12:34:00.476203  4307 master.cc:584] Master@127.4.52.252:42259 shutdown complete.
[       OK ] AutoRebalancerTest.NextLeaderResumesAutoRebalancing (6785 ms)
[ RUN      ] AutoRebalancerTest.MovesScheduledIfAddTserver
I20260630 12:34:00.505383  4307 internal_mini_cluster.cc:156] Creating distributed mini masters. Addrs: 127.4.52.254:40915
I20260630 12:34:00.506409  4307 file_cache.cc:492] Constructed file cache file cache with capacity 419430
W20260630 12:34:00.511827  5922 instance_detector.cc:116] could not retrieve AWS instance metadata: Network error: curl error: HTTP response code said error: The requested URL returned error: 404
W20260630 12:34:00.511847  5923 instance_detector.cc:116] could not retrieve Azure instance metadata: Network error: curl error: HTTP response code said error: The requested URL returned error: 404
W20260630 12:34:00.512712  5925 instance_detector.cc:116] could not retrieve OpenStack instance metadata: Network error: curl error: HTTP response code said error: The requested URL returned error: 404
I20260630 12:34:00.514346  4307 server_base.cc:1061] running on GCE node
I20260630 12:34:00.515005  4307 hybrid_clock.cc:584] initializing the hybrid clock with 'system_unsync' time source
W20260630 12:34:00.515166  4307 system_unsync_time.cc:38] NTP support is disabled. Clock error bounds will not be accurate. This configuration is not suitable for distributed clusters.
I20260630 12:34:00.515345  4307 hybrid_clock.cc:648] HybridClock initialized: now 1782822840515333 us; error 0 us; skew 500 ppm
I20260630 12:34:00.515761  4307 server_base.cc:861] Flag tcmalloc_max_total_thread_cache_bytes is not working since tcmalloc is not enabled.
I20260630 12:34:00.517802  4307 webserver.cc:533] Webserver started at http://127.4.52.254:33823/ using document root <none> and password file <none>
I20260630 12:34:00.518193  4307 fs_manager.cc:362] Metadata directory not provided
I20260630 12:34:00.518349  4307 fs_manager.cc:368] Using write-ahead log directory (fs_wal_dir) as metadata directory
I20260630 12:34:00.518558  4307 server_base.cc:909] This appears to be a new deployment of Kudu; creating new FS layout
I20260630 12:34:00.519655  4307 fs_manager.cc:1068] Generated new instance metadata in path /tmp/dist-test-taskMXjnFP/test-tmp/auto_rebalancer-test.0.AutoRebalancerTest.MovesScheduledIfAddTserver.1782822818022696-4307-0/minicluster-data/master-0-root/instance:
uuid: "84b47b38d0734264bffdd33f6bb3960b"
format_stamp: "Formatted at 2026-06-30 12:34:00 on dist-test-slave-vh33"
I20260630 12:34:00.523702  4307 fs_manager.cc:696] Time spent creating directory manager: real 0.004s	user 0.004s	sys 0.000s
I20260630 12:34:00.526623  5930 log_block_manager.cc:4031] Time spent loading block containers with low live blocks: real 0.000s	user 0.000s	sys 0.000s
I20260630 12:34:00.527347  4307 fs_manager.cc:730] Time spent opening block manager: real 0.002s	user 0.002s	sys 0.001s
I20260630 12:34:00.527608  4307 fs_manager.cc:647] Opened local filesystem: /tmp/dist-test-taskMXjnFP/test-tmp/auto_rebalancer-test.0.AutoRebalancerTest.MovesScheduledIfAddTserver.1782822818022696-4307-0/minicluster-data/master-0-root
uuid: "84b47b38d0734264bffdd33f6bb3960b"
format_stamp: "Formatted at 2026-06-30 12:34:00 on dist-test-slave-vh33"
I20260630 12:34:00.527863  4307 fs_report.cc:389] FS layout report
--------------------
wal directory: /tmp/dist-test-taskMXjnFP/test-tmp/auto_rebalancer-test.0.AutoRebalancerTest.MovesScheduledIfAddTserver.1782822818022696-4307-0/minicluster-data/master-0-root
metadata directory: /tmp/dist-test-taskMXjnFP/test-tmp/auto_rebalancer-test.0.AutoRebalancerTest.MovesScheduledIfAddTserver.1782822818022696-4307-0/minicluster-data/master-0-root
1 data directories: /tmp/dist-test-taskMXjnFP/test-tmp/auto_rebalancer-test.0.AutoRebalancerTest.MovesScheduledIfAddTserver.1782822818022696-4307-0/minicluster-data/master-0-root/data
Total live blocks: 0
Total live bytes: 0
Total live bytes (after alignment): 0
Total number of LBM containers: 0 (0 full)
Did not check for missing blocks
Did not check for orphaned blocks
Total full LBM containers with extra space: 0 (0 repaired)
Total full LBM container extra space in bytes: 0 (0 repaired)
Total incomplete LBM containers: 0 (0 repaired)
Total LBM partial records: 0 (0 repaired)
Total corrupted LBM metadata records in RocksDB: 0 (0 repaired)
I20260630 12:34:00.536664  4307 rpc_server.cc:225] running with OpenSSL 1.1.1  11 Sep 2018
I20260630 12:34:00.537766  4307 kserver.cc:163] Server-wide thread pool size limit: 3276
I20260630 12:34:00.573998  4307 rpc_server.cc:307] RPC server started. Bound to: 127.4.52.254:40915
I20260630 12:34:00.574093  5981 acceptor_pool.cc:272] collecting diagnostics on the listening RPC socket 127.4.52.254:40915 every 8 connection(s)
I20260630 12:34:00.577768  5982 data_dirs.cc:400] Could only allocate 1 dirs of requested 3 for tablet 00000000000000000000000000000000. 1 dirs total, 0 dirs full, 0 dirs failed
I20260630 12:34:00.587082  5982 tablet_bootstrap.cc:492] T 00000000000000000000000000000000 P 84b47b38d0734264bffdd33f6bb3960b: Bootstrap starting.
I20260630 12:34:00.591362  5982 tablet_bootstrap.cc:654] T 00000000000000000000000000000000 P 84b47b38d0734264bffdd33f6bb3960b: Neither blocks nor log segments found. Creating new log.
I20260630 12:34:00.595382  5982 tablet_bootstrap.cc:492] T 00000000000000000000000000000000 P 84b47b38d0734264bffdd33f6bb3960b: No bootstrap required, opened a new log
I20260630 12:34:00.597357  5982 raft_consensus.cc:359] T 00000000000000000000000000000000 P 84b47b38d0734264bffdd33f6bb3960b [term 0 FOLLOWER]: Replica starting. Triggering 0 pending ops. Active config: opid_index: -1 OBSOLETE_local: true peers { permanent_uuid: "84b47b38d0734264bffdd33f6bb3960b" member_type: VOTER }
I20260630 12:34:00.597755  5982 raft_consensus.cc:385] T 00000000000000000000000000000000 P 84b47b38d0734264bffdd33f6bb3960b [term 0 FOLLOWER]: Consensus starting up: Expiring failure detector timer to make a prompt election more likely
I20260630 12:34:00.597970  5982 raft_consensus.cc:740] T 00000000000000000000000000000000 P 84b47b38d0734264bffdd33f6bb3960b [term 0 FOLLOWER]: Becoming Follower/Learner. State: Replica: 84b47b38d0734264bffdd33f6bb3960b, State: Initialized, Role: FOLLOWER
I20260630 12:34:00.598591  5982 consensus_queue.cc:260] T 00000000000000000000000000000000 P 84b47b38d0734264bffdd33f6bb3960b [NON_LEADER]: Queue going to NON_LEADER mode. State: All replicated index: 0, Majority replicated index: 0, Committed index: 0, Last appended: 0.0, Last appended by leader: 0, Current term: 0, Majority size: -1, State: 0, Mode: NON_LEADER, active raft config: opid_index: -1 OBSOLETE_local: true peers { permanent_uuid: "84b47b38d0734264bffdd33f6bb3960b" member_type: VOTER }
I20260630 12:34:00.599056  5982 raft_consensus.cc:399] T 00000000000000000000000000000000 P 84b47b38d0734264bffdd33f6bb3960b [term 0 FOLLOWER]: Only one voter in the Raft config. Triggering election immediately
I20260630 12:34:00.599294  5982 raft_consensus.cc:493] T 00000000000000000000000000000000 P 84b47b38d0734264bffdd33f6bb3960b [term 0 FOLLOWER]: Starting leader election (initial election of a single-replica configuration)
I20260630 12:34:00.599586  5982 raft_consensus.cc:3060] T 00000000000000000000000000000000 P 84b47b38d0734264bffdd33f6bb3960b [term 0 FOLLOWER]: Advancing to term 1
I20260630 12:34:00.603416  5982 raft_consensus.cc:515] T 00000000000000000000000000000000 P 84b47b38d0734264bffdd33f6bb3960b [term 1 FOLLOWER]: Starting leader election with config: opid_index: -1 OBSOLETE_local: true peers { permanent_uuid: "84b47b38d0734264bffdd33f6bb3960b" member_type: VOTER }
I20260630 12:34:00.603910  5982 leader_election.cc:304] T 00000000000000000000000000000000 P 84b47b38d0734264bffdd33f6bb3960b [CANDIDATE]: Term 1 election: Election decided. Result: candidate won. Election summary: received 1 responses out of 1 voters: 1 yes votes; 0 no votes. yes voters: 84b47b38d0734264bffdd33f6bb3960b; no voters: 
I20260630 12:34:00.605062  5982 leader_election.cc:290] T 00000000000000000000000000000000 P 84b47b38d0734264bffdd33f6bb3960b [CANDIDATE]: Term 1 election: Requested vote from peers 
I20260630 12:34:00.605391  5985 raft_consensus.cc:2804] T 00000000000000000000000000000000 P 84b47b38d0734264bffdd33f6bb3960b [term 1 FOLLOWER]: Leader election won for term 1
I20260630 12:34:00.606612  5985 raft_consensus.cc:697] T 00000000000000000000000000000000 P 84b47b38d0734264bffdd33f6bb3960b [term 1 LEADER]: Becoming Leader. State: Replica: 84b47b38d0734264bffdd33f6bb3960b, State: Running, Role: LEADER
I20260630 12:34:00.607292  5985 consensus_queue.cc:237] T 00000000000000000000000000000000 P 84b47b38d0734264bffdd33f6bb3960b [LEADER]: Queue going to LEADER mode. State: All replicated index: 0, Majority replicated index: 0, Committed index: 0, Last appended: 0.0, Last appended by leader: 0, Current term: 1, Majority size: 1, State: 0, Mode: LEADER, active raft config: opid_index: -1 OBSOLETE_local: true peers { permanent_uuid: "84b47b38d0734264bffdd33f6bb3960b" member_type: VOTER }
I20260630 12:34:00.607890  5982 sys_catalog.cc:565] T 00000000000000000000000000000000 P 84b47b38d0734264bffdd33f6bb3960b [sys.catalog]: configured and running, proceeding with master startup.
I20260630 12:34:00.610599  5987 sys_catalog.cc:455] T 00000000000000000000000000000000 P 84b47b38d0734264bffdd33f6bb3960b [sys.catalog]: SysCatalogTable state changed. Reason: New leader 84b47b38d0734264bffdd33f6bb3960b. Latest consensus state: current_term: 1 leader_uuid: "84b47b38d0734264bffdd33f6bb3960b" committed_config { opid_index: -1 OBSOLETE_local: true peers { permanent_uuid: "84b47b38d0734264bffdd33f6bb3960b" member_type: VOTER } }
I20260630 12:34:00.611212  5987 sys_catalog.cc:458] T 00000000000000000000000000000000 P 84b47b38d0734264bffdd33f6bb3960b [sys.catalog]: This master's current role is: LEADER
I20260630 12:34:00.611443  5986 sys_catalog.cc:455] T 00000000000000000000000000000000 P 84b47b38d0734264bffdd33f6bb3960b [sys.catalog]: SysCatalogTable state changed. Reason: RaftConsensus started. Latest consensus state: current_term: 1 leader_uuid: "84b47b38d0734264bffdd33f6bb3960b" committed_config { opid_index: -1 OBSOLETE_local: true peers { permanent_uuid: "84b47b38d0734264bffdd33f6bb3960b" member_type: VOTER } }
I20260630 12:34:00.612087  5986 sys_catalog.cc:458] T 00000000000000000000000000000000 P 84b47b38d0734264bffdd33f6bb3960b [sys.catalog]: This master's current role is: LEADER
I20260630 12:34:00.614467  5991 catalog_manager.cc:1511] Loading table and tablet metadata into memory...
I20260630 12:34:00.618955  5991 catalog_manager.cc:1520] Initializing Kudu cluster ID...
I20260630 12:34:00.623711  4307 internal_mini_cluster.cc:184] Waiting to initialize catalog manager on master 0
I20260630 12:34:00.627621  5991 catalog_manager.cc:1383] Generated new cluster ID: 028f4434fe714261beba822e59db0e06
I20260630 12:34:00.627841  5991 catalog_manager.cc:1531] Initializing Kudu internal certificate authority...
I20260630 12:34:00.645656  5991 catalog_manager.cc:1406] Generated new certificate authority record
I20260630 12:34:00.646785  5991 catalog_manager.cc:1540] Loading token signing keys...
I20260630 12:34:00.660794  5991 catalog_manager.cc:6070] T 00000000000000000000000000000000 P 84b47b38d0734264bffdd33f6bb3960b: Generated new TSK 0
I20260630 12:34:00.661280  5991 catalog_manager.cc:1550] Initializing in-progress tserver states...
I20260630 12:34:00.690686  4307 file_cache.cc:492] Constructed file cache file cache with capacity 419430
W20260630 12:34:00.696219  6003 instance_detector.cc:116] could not retrieve AWS instance metadata: Network error: curl error: HTTP response code said error: The requested URL returned error: 404
W20260630 12:34:00.697160  6004 instance_detector.cc:116] could not retrieve Azure instance metadata: Network error: curl error: HTTP response code said error: The requested URL returned error: 404
W20260630 12:34:00.698674  6006 instance_detector.cc:116] could not retrieve OpenStack instance metadata: Network error: curl error: HTTP response code said error: The requested URL returned error: 404
I20260630 12:34:00.699409  4307 server_base.cc:1061] running on GCE node
I20260630 12:34:00.700102  4307 hybrid_clock.cc:584] initializing the hybrid clock with 'system_unsync' time source
W20260630 12:34:00.700307  4307 system_unsync_time.cc:38] NTP support is disabled. Clock error bounds will not be accurate. This configuration is not suitable for distributed clusters.
I20260630 12:34:00.700479  4307 hybrid_clock.cc:648] HybridClock initialized: now 1782822840700460 us; error 0 us; skew 500 ppm
I20260630 12:34:00.700976  4307 server_base.cc:861] Flag tcmalloc_max_total_thread_cache_bytes is not working since tcmalloc is not enabled.
I20260630 12:34:00.702988  4307 webserver.cc:533] Webserver started at http://127.4.52.193:43611/ using document root <none> and password file <none>
I20260630 12:34:00.703509  4307 fs_manager.cc:362] Metadata directory not provided
I20260630 12:34:00.703697  4307 fs_manager.cc:368] Using write-ahead log directory (fs_wal_dir) as metadata directory
I20260630 12:34:00.703981  4307 server_base.cc:909] This appears to be a new deployment of Kudu; creating new FS layout
I20260630 12:34:00.705049  4307 fs_manager.cc:1068] Generated new instance metadata in path /tmp/dist-test-taskMXjnFP/test-tmp/auto_rebalancer-test.0.AutoRebalancerTest.MovesScheduledIfAddTserver.1782822818022696-4307-0/minicluster-data/ts-0-root/instance:
uuid: "777ae8755f4c4fa996f60d13c6b72eee"
format_stamp: "Formatted at 2026-06-30 12:34:00 on dist-test-slave-vh33"
I20260630 12:34:00.709200  4307 fs_manager.cc:696] Time spent creating directory manager: real 0.004s	user 0.002s	sys 0.004s
I20260630 12:34:00.712260  6011 log_block_manager.cc:4031] Time spent loading block containers with low live blocks: real 0.000s	user 0.000s	sys 0.000s
I20260630 12:34:00.712960  4307 fs_manager.cc:730] Time spent opening block manager: real 0.002s	user 0.002s	sys 0.001s
I20260630 12:34:00.713228  4307 fs_manager.cc:647] Opened local filesystem: /tmp/dist-test-taskMXjnFP/test-tmp/auto_rebalancer-test.0.AutoRebalancerTest.MovesScheduledIfAddTserver.1782822818022696-4307-0/minicluster-data/ts-0-root
uuid: "777ae8755f4c4fa996f60d13c6b72eee"
format_stamp: "Formatted at 2026-06-30 12:34:00 on dist-test-slave-vh33"
I20260630 12:34:00.713477  4307 fs_report.cc:389] FS layout report
--------------------
wal directory: /tmp/dist-test-taskMXjnFP/test-tmp/auto_rebalancer-test.0.AutoRebalancerTest.MovesScheduledIfAddTserver.1782822818022696-4307-0/minicluster-data/ts-0-root
metadata directory: /tmp/dist-test-taskMXjnFP/test-tmp/auto_rebalancer-test.0.AutoRebalancerTest.MovesScheduledIfAddTserver.1782822818022696-4307-0/minicluster-data/ts-0-root
1 data directories: /tmp/dist-test-taskMXjnFP/test-tmp/auto_rebalancer-test.0.AutoRebalancerTest.MovesScheduledIfAddTserver.1782822818022696-4307-0/minicluster-data/ts-0-root/data
Total live blocks: 0
Total live bytes: 0
Total live bytes (after alignment): 0
Total number of LBM containers: 0 (0 full)
Did not check for missing blocks
Did not check for orphaned blocks
Total full LBM containers with extra space: 0 (0 repaired)
Total full LBM container extra space in bytes: 0 (0 repaired)
Total incomplete LBM containers: 0 (0 repaired)
Total LBM partial records: 0 (0 repaired)
Total corrupted LBM metadata records in RocksDB: 0 (0 repaired)
I20260630 12:34:00.722810  4307 rpc_server.cc:225] running with OpenSSL 1.1.1  11 Sep 2018
I20260630 12:34:00.723958  4307 kserver.cc:163] Server-wide thread pool size limit: 3276
I20260630 12:34:00.725262  4307 txn_system_client.cc:432] TxnSystemClient initialization is disabled...
I20260630 12:34:00.727339  4307 ts_tablet_manager.cc:585] Loaded tablet metadata (0 total tablets, 0 live tablets)
I20260630 12:34:00.727519  4307 ts_tablet_manager.cc:531] Time spent load tablet metadata: real 0.000s	user 0.000s	sys 0.000s
I20260630 12:34:00.727792  4307 ts_tablet_manager.cc:616] Registered 0 tablets
I20260630 12:34:00.727972  4307 ts_tablet_manager.cc:595] Time spent register tablets: real 0.000s	user 0.000s	sys 0.000s
I20260630 12:34:00.765663  4307 rpc_server.cc:307] RPC server started. Bound to: 127.4.52.193:37471
I20260630 12:34:00.765749  6073 acceptor_pool.cc:272] collecting diagnostics on the listening RPC socket 127.4.52.193:37471 every 8 connection(s)
I20260630 12:34:00.770372  4307 file_cache.cc:492] Constructed file cache file cache with capacity 419430
W20260630 12:34:00.777331  6078 instance_detector.cc:116] could not retrieve AWS instance metadata: Network error: curl error: HTTP response code said error: The requested URL returned error: 404
W20260630 12:34:00.777820  6079 instance_detector.cc:116] could not retrieve Azure instance metadata: Network error: curl error: HTTP response code said error: The requested URL returned error: 404
W20260630 12:34:00.780633  6081 instance_detector.cc:116] could not retrieve OpenStack instance metadata: Network error: curl error: HTTP response code said error: The requested URL returned error: 404
I20260630 12:34:00.780709  4307 server_base.cc:1061] running on GCE node
I20260630 12:34:00.782073  4307 hybrid_clock.cc:584] initializing the hybrid clock with 'system_unsync' time source
W20260630 12:34:00.782397  4307 system_unsync_time.cc:38] NTP support is disabled. Clock error bounds will not be accurate. This configuration is not suitable for distributed clusters.
I20260630 12:34:00.782598  4307 hybrid_clock.cc:648] HybridClock initialized: now 1782822840782579 us; error 0 us; skew 500 ppm
I20260630 12:34:00.782605  6074 heartbeater.cc:344] Connected to a master server at 127.4.52.254:40915
I20260630 12:34:00.783079  6074 heartbeater.cc:461] Registering TS with master...
I20260630 12:34:00.783206  4307 server_base.cc:861] Flag tcmalloc_max_total_thread_cache_bytes is not working since tcmalloc is not enabled.
I20260630 12:34:00.783779  6074 heartbeater.cc:507] Master 127.4.52.254:40915 requested a full tablet report, sending...
I20260630 12:34:00.785760  4307 webserver.cc:533] Webserver started at http://127.4.52.194:46537/ using document root <none> and password file <none>
I20260630 12:34:00.786065  5947 ts_manager.cc:194] Registered new tserver with Master: 777ae8755f4c4fa996f60d13c6b72eee (127.4.52.193:37471)
I20260630 12:34:00.786382  4307 fs_manager.cc:362] Metadata directory not provided
I20260630 12:34:00.786657  4307 fs_manager.cc:368] Using write-ahead log directory (fs_wal_dir) as metadata directory
I20260630 12:34:00.786996  4307 server_base.cc:909] This appears to be a new deployment of Kudu; creating new FS layout
I20260630 12:34:00.788363  4307 fs_manager.cc:1068] Generated new instance metadata in path /tmp/dist-test-taskMXjnFP/test-tmp/auto_rebalancer-test.0.AutoRebalancerTest.MovesScheduledIfAddTserver.1782822818022696-4307-0/minicluster-data/ts-1-root/instance:
uuid: "268568cc41714b2798cdf72fdd206a8b"
format_stamp: "Formatted at 2026-06-30 12:34:00 on dist-test-slave-vh33"
I20260630 12:34:00.788446  5947 master_service.cc:502] Signed X509 certificate for tserver {username='slave'} at 127.0.0.1:56178
I20260630 12:34:00.793177  4307 fs_manager.cc:696] Time spent creating directory manager: real 0.004s	user 0.005s	sys 0.000s
I20260630 12:34:00.796030  6086 log_block_manager.cc:4031] Time spent loading block containers with low live blocks: real 0.000s	user 0.000s	sys 0.000s
I20260630 12:34:00.796710  4307 fs_manager.cc:730] Time spent opening block manager: real 0.002s	user 0.003s	sys 0.000s
I20260630 12:34:00.796983  4307 fs_manager.cc:647] Opened local filesystem: /tmp/dist-test-taskMXjnFP/test-tmp/auto_rebalancer-test.0.AutoRebalancerTest.MovesScheduledIfAddTserver.1782822818022696-4307-0/minicluster-data/ts-1-root
uuid: "268568cc41714b2798cdf72fdd206a8b"
format_stamp: "Formatted at 2026-06-30 12:34:00 on dist-test-slave-vh33"
I20260630 12:34:00.797245  4307 fs_report.cc:389] FS layout report
--------------------
wal directory: /tmp/dist-test-taskMXjnFP/test-tmp/auto_rebalancer-test.0.AutoRebalancerTest.MovesScheduledIfAddTserver.1782822818022696-4307-0/minicluster-data/ts-1-root
metadata directory: /tmp/dist-test-taskMXjnFP/test-tmp/auto_rebalancer-test.0.AutoRebalancerTest.MovesScheduledIfAddTserver.1782822818022696-4307-0/minicluster-data/ts-1-root
1 data directories: /tmp/dist-test-taskMXjnFP/test-tmp/auto_rebalancer-test.0.AutoRebalancerTest.MovesScheduledIfAddTserver.1782822818022696-4307-0/minicluster-data/ts-1-root/data
Total live blocks: 0
Total live bytes: 0
Total live bytes (after alignment): 0
Total number of LBM containers: 0 (0 full)
Did not check for missing blocks
Did not check for orphaned blocks
Total full LBM containers with extra space: 0 (0 repaired)
Total full LBM container extra space in bytes: 0 (0 repaired)
Total incomplete LBM containers: 0 (0 repaired)
Total LBM partial records: 0 (0 repaired)
Total corrupted LBM metadata records in RocksDB: 0 (0 repaired)
I20260630 12:34:00.821588  4307 rpc_server.cc:225] running with OpenSSL 1.1.1  11 Sep 2018
I20260630 12:34:00.822676  4307 kserver.cc:163] Server-wide thread pool size limit: 3276
I20260630 12:34:00.824044  4307 txn_system_client.cc:432] TxnSystemClient initialization is disabled...
I20260630 12:34:00.826108  4307 ts_tablet_manager.cc:585] Loaded tablet metadata (0 total tablets, 0 live tablets)
I20260630 12:34:00.826318  4307 ts_tablet_manager.cc:531] Time spent load tablet metadata: real 0.000s	user 0.000s	sys 0.000s
I20260630 12:34:00.826545  4307 ts_tablet_manager.cc:616] Registered 0 tablets
I20260630 12:34:00.826709  4307 ts_tablet_manager.cc:595] Time spent register tablets: real 0.000s	user 0.000s	sys 0.000s
I20260630 12:34:00.863471  4307 rpc_server.cc:307] RPC server started. Bound to: 127.4.52.194:35631
I20260630 12:34:00.863601  6148 acceptor_pool.cc:272] collecting diagnostics on the listening RPC socket 127.4.52.194:35631 every 8 connection(s)
I20260630 12:34:00.868090  4307 file_cache.cc:492] Constructed file cache file cache with capacity 419430
W20260630 12:34:00.874832  6152 instance_detector.cc:116] could not retrieve AWS instance metadata: Network error: curl error: HTTP response code said error: The requested URL returned error: 404
W20260630 12:34:00.876659  6153 instance_detector.cc:116] could not retrieve Azure instance metadata: Network error: curl error: HTTP response code said error: The requested URL returned error: 404
W20260630 12:34:00.877533  6155 instance_detector.cc:116] could not retrieve OpenStack instance metadata: Network error: curl error: HTTP response code said error: The requested URL returned error: 404
I20260630 12:34:00.878104  4307 server_base.cc:1061] running on GCE node
I20260630 12:34:00.879071  4307 hybrid_clock.cc:584] initializing the hybrid clock with 'system_unsync' time source
W20260630 12:34:00.879341  4307 system_unsync_time.cc:38] NTP support is disabled. Clock error bounds will not be accurate. This configuration is not suitable for distributed clusters.
I20260630 12:34:00.879531  4307 hybrid_clock.cc:648] HybridClock initialized: now 1782822840879493 us; error 0 us; skew 500 ppm
I20260630 12:34:00.880035  4307 server_base.cc:861] Flag tcmalloc_max_total_thread_cache_bytes is not working since tcmalloc is not enabled.
I20260630 12:34:00.880287  6149 heartbeater.cc:344] Connected to a master server at 127.4.52.254:40915
I20260630 12:34:00.880692  6149 heartbeater.cc:461] Registering TS with master...
I20260630 12:34:00.881582  6149 heartbeater.cc:507] Master 127.4.52.254:40915 requested a full tablet report, sending...
I20260630 12:34:00.882606  4307 webserver.cc:533] Webserver started at http://127.4.52.195:36175/ using document root <none> and password file <none>
I20260630 12:34:00.883117  4307 fs_manager.cc:362] Metadata directory not provided
I20260630 12:34:00.883368  4307 fs_manager.cc:368] Using write-ahead log directory (fs_wal_dir) as metadata directory
I20260630 12:34:00.883662  4307 server_base.cc:909] This appears to be a new deployment of Kudu; creating new FS layout
I20260630 12:34:00.883764  5947 ts_manager.cc:194] Registered new tserver with Master: 268568cc41714b2798cdf72fdd206a8b (127.4.52.194:35631)
I20260630 12:34:00.885079  4307 fs_manager.cc:1068] Generated new instance metadata in path /tmp/dist-test-taskMXjnFP/test-tmp/auto_rebalancer-test.0.AutoRebalancerTest.MovesScheduledIfAddTserver.1782822818022696-4307-0/minicluster-data/ts-2-root/instance:
uuid: "221f10bd193440babdbe5eb85b84e847"
format_stamp: "Formatted at 2026-06-30 12:34:00 on dist-test-slave-vh33"
I20260630 12:34:00.885387  5947 master_service.cc:502] Signed X509 certificate for tserver {username='slave'} at 127.0.0.1:56180
I20260630 12:34:00.889827  4307 fs_manager.cc:696] Time spent creating directory manager: real 0.004s	user 0.000s	sys 0.006s
