I20260630 12:34:03.807474  2712 tablet_bootstrap.cc:492] T 2307802bda4c4c88a2c552de9f06ba77 P 3a06ecdf9d3c48ffad8bd78ec0f53181: No bootstrap required, opened a new log
I20260630 12:34:03.807952  2712 ts_tablet_manager.cc:1403] T 2307802bda4c4c88a2c552de9f06ba77 P 3a06ecdf9d3c48ffad8bd78ec0f53181: Time spent bootstrapping tablet: real 0.015s	user 0.012s	sys 0.000s
I20260630 12:34:03.808517  2713 tablet_bootstrap.cc:492] T bf51d930cd054d278c22ed69a711be3f P 1b7a7ceb622f4944adac405b5a3e33fe: No bootstrap required, opened a new log
I20260630 12:34:03.808913  2713 ts_tablet_manager.cc:1403] T bf51d930cd054d278c22ed69a711be3f P 1b7a7ceb622f4944adac405b5a3e33fe: Time spent bootstrapping tablet: real 0.015s	user 0.011s	sys 0.000s
I20260630 12:34:03.811209  2712 raft_consensus.cc:359] T 2307802bda4c4c88a2c552de9f06ba77 P 3a06ecdf9d3c48ffad8bd78ec0f53181 [term 0 FOLLOWER]: Replica starting. Triggering 0 pending ops. Active config: opid_index: -1 OBSOLETE_local: false peers { permanent_uuid: "3a06ecdf9d3c48ffad8bd78ec0f53181" member_type: VOTER last_known_addr { host: "127.0.193.65" port: 43077 } } peers { permanent_uuid: "c2060f784b6d401b9debe1600eae1039" member_type: VOTER last_known_addr { host: "127.0.193.66" port: 37529 } } peers { permanent_uuid: "1b7a7ceb622f4944adac405b5a3e33fe" member_type: VOTER last_known_addr { host: "127.0.193.67" port: 44629 } }
I20260630 12:34:03.812009  2712 raft_consensus.cc:385] T 2307802bda4c4c88a2c552de9f06ba77 P 3a06ecdf9d3c48ffad8bd78ec0f53181 [term 0 FOLLOWER]: Consensus starting up: Expiring failure detector timer to make a prompt election more likely
I20260630 12:34:03.811842  2713 raft_consensus.cc:359] T bf51d930cd054d278c22ed69a711be3f P 1b7a7ceb622f4944adac405b5a3e33fe [term 0 FOLLOWER]: Replica starting. Triggering 0 pending ops. Active config: opid_index: -1 OBSOLETE_local: false peers { permanent_uuid: "3a06ecdf9d3c48ffad8bd78ec0f53181" member_type: VOTER last_known_addr { host: "127.0.193.65" port: 43077 } } peers { permanent_uuid: "1b7a7ceb622f4944adac405b5a3e33fe" member_type: VOTER last_known_addr { host: "127.0.193.67" port: 44629 } } peers { permanent_uuid: "c2060f784b6d401b9debe1600eae1039" member_type: VOTER last_known_addr { host: "127.0.193.66" port: 37529 } }
I20260630 12:34:03.812392  2712 raft_consensus.cc:740] T 2307802bda4c4c88a2c552de9f06ba77 P 3a06ecdf9d3c48ffad8bd78ec0f53181 [term 0 FOLLOWER]: Becoming Follower/Learner. State: Replica: 3a06ecdf9d3c48ffad8bd78ec0f53181, State: Initialized, Role: FOLLOWER
I20260630 12:34:03.812527  2713 raft_consensus.cc:385] T bf51d930cd054d278c22ed69a711be3f P 1b7a7ceb622f4944adac405b5a3e33fe [term 0 FOLLOWER]: Consensus starting up: Expiring failure detector timer to make a prompt election more likely
I20260630 12:34:03.812776  2714 tablet_bootstrap.cc:492] T 2307802bda4c4c88a2c552de9f06ba77 P c2060f784b6d401b9debe1600eae1039: No bootstrap required, opened a new log
I20260630 12:34:03.812892  2713 raft_consensus.cc:740] T bf51d930cd054d278c22ed69a711be3f P 1b7a7ceb622f4944adac405b5a3e33fe [term 0 FOLLOWER]: Becoming Follower/Learner. State: Replica: 1b7a7ceb622f4944adac405b5a3e33fe, State: Initialized, Role: FOLLOWER
I20260630 12:34:03.813333  2714 ts_tablet_manager.cc:1403] T 2307802bda4c4c88a2c552de9f06ba77 P c2060f784b6d401b9debe1600eae1039: Time spent bootstrapping tablet: real 0.014s	user 0.006s	sys 0.005s
I20260630 12:34:03.813207  2712 consensus_queue.cc:260] T 2307802bda4c4c88a2c552de9f06ba77 P 3a06ecdf9d3c48ffad8bd78ec0f53181 [NON_LEADER]: Queue going to NON_LEADER mode. State: All replicated index: 0, Majority replicated index: 0, Committed index: 0, Last appended: 0.0, Last appended by leader: 0, Current term: 0, Majority size: -1, State: 0, Mode: NON_LEADER, active raft config: opid_index: -1 OBSOLETE_local: false peers { permanent_uuid: "3a06ecdf9d3c48ffad8bd78ec0f53181" member_type: VOTER last_known_addr { host: "127.0.193.65" port: 43077 } } peers { permanent_uuid: "c2060f784b6d401b9debe1600eae1039" member_type: VOTER last_known_addr { host: "127.0.193.66" port: 37529 } } peers { permanent_uuid: "1b7a7ceb622f4944adac405b5a3e33fe" member_type: VOTER last_known_addr { host: "127.0.193.67" port: 44629 } }
I20260630 12:34:03.813796  2713 consensus_queue.cc:260] T bf51d930cd054d278c22ed69a711be3f P 1b7a7ceb622f4944adac405b5a3e33fe [NON_LEADER]: Queue going to NON_LEADER mode. State: All replicated index: 0, Majority replicated index: 0, Committed index: 0, Last appended: 0.0, Last appended by leader: 0, Current term: 0, Majority size: -1, State: 0, Mode: NON_LEADER, active raft config: opid_index: -1 OBSOLETE_local: false peers { permanent_uuid: "3a06ecdf9d3c48ffad8bd78ec0f53181" member_type: VOTER last_known_addr { host: "127.0.193.65" port: 43077 } } peers { permanent_uuid: "1b7a7ceb622f4944adac405b5a3e33fe" member_type: VOTER last_known_addr { host: "127.0.193.67" port: 44629 } } peers { permanent_uuid: "c2060f784b6d401b9debe1600eae1039" member_type: VOTER last_known_addr { host: "127.0.193.66" port: 37529 } }
I20260630 12:34:03.816324  2712 ts_tablet_manager.cc:1434] T 2307802bda4c4c88a2c552de9f06ba77 P 3a06ecdf9d3c48ffad8bd78ec0f53181: Time spent starting tablet: real 0.008s	user 0.004s	sys 0.004s
I20260630 12:34:03.816459  2714 raft_consensus.cc:359] T 2307802bda4c4c88a2c552de9f06ba77 P c2060f784b6d401b9debe1600eae1039 [term 0 FOLLOWER]: Replica starting. Triggering 0 pending ops. Active config: opid_index: -1 OBSOLETE_local: false peers { permanent_uuid: "3a06ecdf9d3c48ffad8bd78ec0f53181" member_type: VOTER last_known_addr { host: "127.0.193.65" port: 43077 } } peers { permanent_uuid: "c2060f784b6d401b9debe1600eae1039" member_type: VOTER last_known_addr { host: "127.0.193.66" port: 37529 } } peers { permanent_uuid: "1b7a7ceb622f4944adac405b5a3e33fe" member_type: VOTER last_known_addr { host: "127.0.193.67" port: 44629 } }
I20260630 12:34:03.817129  2714 raft_consensus.cc:385] T 2307802bda4c4c88a2c552de9f06ba77 P c2060f784b6d401b9debe1600eae1039 [term 0 FOLLOWER]: Consensus starting up: Expiring failure detector timer to make a prompt election more likely
I20260630 12:34:03.817283  2712 tablet_bootstrap.cc:492] T bf51d930cd054d278c22ed69a711be3f P 3a06ecdf9d3c48ffad8bd78ec0f53181: Bootstrap starting.
I20260630 12:34:03.817432  2714 raft_consensus.cc:740] T 2307802bda4c4c88a2c552de9f06ba77 P c2060f784b6d401b9debe1600eae1039 [term 0 FOLLOWER]: Becoming Follower/Learner. State: Replica: c2060f784b6d401b9debe1600eae1039, State: Initialized, Role: FOLLOWER
I20260630 12:34:03.818403  2714 consensus_queue.cc:260] T 2307802bda4c4c88a2c552de9f06ba77 P c2060f784b6d401b9debe1600eae1039 [NON_LEADER]: Queue going to NON_LEADER mode. State: All replicated index: 0, Majority replicated index: 0, Committed index: 0, Last appended: 0.0, Last appended by leader: 0, Current term: 0, Majority size: -1, State: 0, Mode: NON_LEADER, active raft config: opid_index: -1 OBSOLETE_local: false peers { permanent_uuid: "3a06ecdf9d3c48ffad8bd78ec0f53181" member_type: VOTER last_known_addr { host: "127.0.193.65" port: 43077 } } peers { permanent_uuid: "c2060f784b6d401b9debe1600eae1039" member_type: VOTER last_known_addr { host: "127.0.193.66" port: 37529 } } peers { permanent_uuid: "1b7a7ceb622f4944adac405b5a3e33fe" member_type: VOTER last_known_addr { host: "127.0.193.67" port: 44629 } }
I20260630 12:34:03.823174  2713 ts_tablet_manager.cc:1434] T bf51d930cd054d278c22ed69a711be3f P 1b7a7ceb622f4944adac405b5a3e33fe: Time spent starting tablet: real 0.014s	user 0.004s	sys 0.010s
I20260630 12:34:03.825520  2712 tablet_bootstrap.cc:654] T bf51d930cd054d278c22ed69a711be3f P 3a06ecdf9d3c48ffad8bd78ec0f53181: Neither blocks nor log segments found. Creating new log.
I20260630 12:34:03.834088  2712 tablet_bootstrap.cc:492] T bf51d930cd054d278c22ed69a711be3f P 3a06ecdf9d3c48ffad8bd78ec0f53181: No bootstrap required, opened a new log
I20260630 12:34:03.834649  2712 ts_tablet_manager.cc:1403] T bf51d930cd054d278c22ed69a711be3f P 3a06ecdf9d3c48ffad8bd78ec0f53181: Time spent bootstrapping tablet: real 0.018s	user 0.004s	sys 0.013s
I20260630 12:34:03.836720  2713 tablet_bootstrap.cc:492] T 2307802bda4c4c88a2c552de9f06ba77 P 1b7a7ceb622f4944adac405b5a3e33fe: Bootstrap starting.
I20260630 12:34:03.837023  2712 raft_consensus.cc:359] T bf51d930cd054d278c22ed69a711be3f P 3a06ecdf9d3c48ffad8bd78ec0f53181 [term 0 FOLLOWER]: Replica starting. Triggering 0 pending ops. Active config: opid_index: -1 OBSOLETE_local: false peers { permanent_uuid: "3a06ecdf9d3c48ffad8bd78ec0f53181" member_type: VOTER last_known_addr { host: "127.0.193.65" port: 43077 } } peers { permanent_uuid: "1b7a7ceb622f4944adac405b5a3e33fe" member_type: VOTER last_known_addr { host: "127.0.193.67" port: 44629 } } peers { permanent_uuid: "c2060f784b6d401b9debe1600eae1039" member_type: VOTER last_known_addr { host: "127.0.193.66" port: 37529 } }
I20260630 12:34:03.837877  2712 raft_consensus.cc:385] T bf51d930cd054d278c22ed69a711be3f P 3a06ecdf9d3c48ffad8bd78ec0f53181 [term 0 FOLLOWER]: Consensus starting up: Expiring failure detector timer to make a prompt election more likely
I20260630 12:34:03.838114  2712 raft_consensus.cc:740] T bf51d930cd054d278c22ed69a711be3f P 3a06ecdf9d3c48ffad8bd78ec0f53181 [term 0 FOLLOWER]: Becoming Follower/Learner. State: Replica: 3a06ecdf9d3c48ffad8bd78ec0f53181, State: Initialized, Role: FOLLOWER
I20260630 12:34:03.838799  2712 consensus_queue.cc:260] T bf51d930cd054d278c22ed69a711be3f P 3a06ecdf9d3c48ffad8bd78ec0f53181 [NON_LEADER]: Queue going to NON_LEADER mode. State: All replicated index: 0, Majority replicated index: 0, Committed index: 0, Last appended: 0.0, Last appended by leader: 0, Current term: 0, Majority size: -1, State: 0, Mode: NON_LEADER, active raft config: opid_index: -1 OBSOLETE_local: false peers { permanent_uuid: "3a06ecdf9d3c48ffad8bd78ec0f53181" member_type: VOTER last_known_addr { host: "127.0.193.65" port: 43077 } } peers { permanent_uuid: "1b7a7ceb622f4944adac405b5a3e33fe" member_type: VOTER last_known_addr { host: "127.0.193.67" port: 44629 } } peers { permanent_uuid: "c2060f784b6d401b9debe1600eae1039" member_type: VOTER last_known_addr { host: "127.0.193.66" port: 37529 } }
I20260630 12:34:03.840528  2714 ts_tablet_manager.cc:1434] T 2307802bda4c4c88a2c552de9f06ba77 P c2060f784b6d401b9debe1600eae1039: Time spent starting tablet: real 0.027s	user 0.016s	sys 0.012s
I20260630 12:34:03.841473  2712 ts_tablet_manager.cc:1434] T bf51d930cd054d278c22ed69a711be3f P 3a06ecdf9d3c48ffad8bd78ec0f53181: Time spent starting tablet: real 0.006s	user 0.006s	sys 0.000s
I20260630 12:34:03.841547  2714 tablet_bootstrap.cc:492] T bf51d930cd054d278c22ed69a711be3f P c2060f784b6d401b9debe1600eae1039: Bootstrap starting.
I20260630 12:34:03.847756  2713 tablet_bootstrap.cc:654] T 2307802bda4c4c88a2c552de9f06ba77 P 1b7a7ceb622f4944adac405b5a3e33fe: Neither blocks nor log segments found. Creating new log.
I20260630 12:34:03.848366  2714 tablet_bootstrap.cc:654] T bf51d930cd054d278c22ed69a711be3f P c2060f784b6d401b9debe1600eae1039: Neither blocks nor log segments found. Creating new log.
I20260630 12:34:03.854846  2714 tablet_bootstrap.cc:492] T bf51d930cd054d278c22ed69a711be3f P c2060f784b6d401b9debe1600eae1039: No bootstrap required, opened a new log
I20260630 12:34:03.855479  2714 ts_tablet_manager.cc:1403] T bf51d930cd054d278c22ed69a711be3f P c2060f784b6d401b9debe1600eae1039: Time spent bootstrapping tablet: real 0.014s	user 0.013s	sys 0.000s
I20260630 12:34:03.858695  2714 raft_consensus.cc:359] T bf51d930cd054d278c22ed69a711be3f P c2060f784b6d401b9debe1600eae1039 [term 0 FOLLOWER]: Replica starting. Triggering 0 pending ops. Active config: opid_index: -1 OBSOLETE_local: false peers { permanent_uuid: "3a06ecdf9d3c48ffad8bd78ec0f53181" member_type: VOTER last_known_addr { host: "127.0.193.65" port: 43077 } } peers { permanent_uuid: "1b7a7ceb622f4944adac405b5a3e33fe" member_type: VOTER last_known_addr { host: "127.0.193.67" port: 44629 } } peers { permanent_uuid: "c2060f784b6d401b9debe1600eae1039" member_type: VOTER last_known_addr { host: "127.0.193.66" port: 37529 } }
I20260630 12:34:03.859438  2714 raft_consensus.cc:385] T bf51d930cd054d278c22ed69a711be3f P c2060f784b6d401b9debe1600eae1039 [term 0 FOLLOWER]: Consensus starting up: Expiring failure detector timer to make a prompt election more likely
I20260630 12:34:03.859727  2714 raft_consensus.cc:740] T bf51d930cd054d278c22ed69a711be3f P c2060f784b6d401b9debe1600eae1039 [term 0 FOLLOWER]: Becoming Follower/Learner. State: Replica: c2060f784b6d401b9debe1600eae1039, State: Initialized, Role: FOLLOWER
I20260630 12:34:03.860395  2713 tablet_bootstrap.cc:492] T 2307802bda4c4c88a2c552de9f06ba77 P 1b7a7ceb622f4944adac405b5a3e33fe: No bootstrap required, opened a new log
I20260630 12:34:03.860462  2714 consensus_queue.cc:260] T bf51d930cd054d278c22ed69a711be3f P c2060f784b6d401b9debe1600eae1039 [NON_LEADER]: Queue going to NON_LEADER mode. State: All replicated index: 0, Majority replicated index: 0, Committed index: 0, Last appended: 0.0, Last appended by leader: 0, Current term: 0, Majority size: -1, State: 0, Mode: NON_LEADER, active raft config: opid_index: -1 OBSOLETE_local: false peers { permanent_uuid: "3a06ecdf9d3c48ffad8bd78ec0f53181" member_type: VOTER last_known_addr { host: "127.0.193.65" port: 43077 } } peers { permanent_uuid: "1b7a7ceb622f4944adac405b5a3e33fe" member_type: VOTER last_known_addr { host: "127.0.193.67" port: 44629 } } peers { permanent_uuid: "c2060f784b6d401b9debe1600eae1039" member_type: VOTER last_known_addr { host: "127.0.193.66" port: 37529 } }
I20260630 12:34:03.860978  2713 ts_tablet_manager.cc:1403] T 2307802bda4c4c88a2c552de9f06ba77 P 1b7a7ceb622f4944adac405b5a3e33fe: Time spent bootstrapping tablet: real 0.025s	user 0.017s	sys 0.000s
I20260630 12:34:03.862722  2714 ts_tablet_manager.cc:1434] T bf51d930cd054d278c22ed69a711be3f P c2060f784b6d401b9debe1600eae1039: Time spent starting tablet: real 0.007s	user 0.004s	sys 0.000s
I20260630 12:34:03.863780  2713 raft_consensus.cc:359] T 2307802bda4c4c88a2c552de9f06ba77 P 1b7a7ceb622f4944adac405b5a3e33fe [term 0 FOLLOWER]: Replica starting. Triggering 0 pending ops. Active config: opid_index: -1 OBSOLETE_local: false peers { permanent_uuid: "3a06ecdf9d3c48ffad8bd78ec0f53181" member_type: VOTER last_known_addr { host: "127.0.193.65" port: 43077 } } peers { permanent_uuid: "c2060f784b6d401b9debe1600eae1039" member_type: VOTER last_known_addr { host: "127.0.193.66" port: 37529 } } peers { permanent_uuid: "1b7a7ceb622f4944adac405b5a3e33fe" member_type: VOTER last_known_addr { host: "127.0.193.67" port: 44629 } }
I20260630 12:34:03.864264  2713 raft_consensus.cc:385] T 2307802bda4c4c88a2c552de9f06ba77 P 1b7a7ceb622f4944adac405b5a3e33fe [term 0 FOLLOWER]: Consensus starting up: Expiring failure detector timer to make a prompt election more likely
I20260630 12:34:03.864524  2713 raft_consensus.cc:740] T 2307802bda4c4c88a2c552de9f06ba77 P 1b7a7ceb622f4944adac405b5a3e33fe [term 0 FOLLOWER]: Becoming Follower/Learner. State: Replica: 1b7a7ceb622f4944adac405b5a3e33fe, State: Initialized, Role: FOLLOWER
I20260630 12:34:03.865211  2713 consensus_queue.cc:260] T 2307802bda4c4c88a2c552de9f06ba77 P 1b7a7ceb622f4944adac405b5a3e33fe [NON_LEADER]: Queue going to NON_LEADER mode. State: All replicated index: 0, Majority replicated index: 0, Committed index: 0, Last appended: 0.0, Last appended by leader: 0, Current term: 0, Majority size: -1, State: 0, Mode: NON_LEADER, active raft config: opid_index: -1 OBSOLETE_local: false peers { permanent_uuid: "3a06ecdf9d3c48ffad8bd78ec0f53181" member_type: VOTER last_known_addr { host: "127.0.193.65" port: 43077 } } peers { permanent_uuid: "c2060f784b6d401b9debe1600eae1039" member_type: VOTER last_known_addr { host: "127.0.193.66" port: 37529 } } peers { permanent_uuid: "1b7a7ceb622f4944adac405b5a3e33fe" member_type: VOTER last_known_addr { host: "127.0.193.67" port: 44629 } }
I20260630 12:34:03.867056  2713 ts_tablet_manager.cc:1434] T 2307802bda4c4c88a2c552de9f06ba77 P 1b7a7ceb622f4944adac405b5a3e33fe: Time spent starting tablet: real 0.006s	user 0.006s	sys 0.000s
I20260630 12:34:03.946326  2718 raft_consensus.cc:493] T 2307802bda4c4c88a2c552de9f06ba77 P 3a06ecdf9d3c48ffad8bd78ec0f53181 [term 0 FOLLOWER]: Starting pre-election (no leader contacted us within the election timeout)
I20260630 12:34:03.946790  2718 raft_consensus.cc:515] T 2307802bda4c4c88a2c552de9f06ba77 P 3a06ecdf9d3c48ffad8bd78ec0f53181 [term 0 FOLLOWER]: Starting pre-election with config: opid_index: -1 OBSOLETE_local: false peers { permanent_uuid: "3a06ecdf9d3c48ffad8bd78ec0f53181" member_type: VOTER last_known_addr { host: "127.0.193.65" port: 43077 } } peers { permanent_uuid: "c2060f784b6d401b9debe1600eae1039" member_type: VOTER last_known_addr { host: "127.0.193.66" port: 37529 } } peers { permanent_uuid: "1b7a7ceb622f4944adac405b5a3e33fe" member_type: VOTER last_known_addr { host: "127.0.193.67" port: 44629 } }
I20260630 12:34:03.948967  2718 leader_election.cc:290] T 2307802bda4c4c88a2c552de9f06ba77 P 3a06ecdf9d3c48ffad8bd78ec0f53181 [CANDIDATE]: Term 1 pre-election: Requested pre-vote from peers c2060f784b6d401b9debe1600eae1039 (127.0.193.66:37529), 1b7a7ceb622f4944adac405b5a3e33fe (127.0.193.67:44629)
I20260630 12:34:03.960602  2593 tablet_service.cc:1917] Received RequestConsensusVote() RPC: tablet_id: "2307802bda4c4c88a2c552de9f06ba77" candidate_uuid: "3a06ecdf9d3c48ffad8bd78ec0f53181" candidate_term: 1 candidate_status { last_received { term: 0 index: 0 } } ignore_live_leader: false dest_uuid: "c2060f784b6d401b9debe1600eae1039" is_pre_election: true
I20260630 12:34:03.960603  2667 tablet_service.cc:1917] Received RequestConsensusVote() RPC: tablet_id: "2307802bda4c4c88a2c552de9f06ba77" candidate_uuid: "3a06ecdf9d3c48ffad8bd78ec0f53181" candidate_term: 1 candidate_status { last_received { term: 0 index: 0 } } ignore_live_leader: false dest_uuid: "1b7a7ceb622f4944adac405b5a3e33fe" is_pre_election: true
I20260630 12:34:03.961573  2667 raft_consensus.cc:2468] T 2307802bda4c4c88a2c552de9f06ba77 P 1b7a7ceb622f4944adac405b5a3e33fe [term 0 FOLLOWER]: Leader pre-election vote request: Granting yes vote for candidate 3a06ecdf9d3c48ffad8bd78ec0f53181 in term 0.
I20260630 12:34:03.961570  2593 raft_consensus.cc:2468] T 2307802bda4c4c88a2c552de9f06ba77 P c2060f784b6d401b9debe1600eae1039 [term 0 FOLLOWER]: Leader pre-election vote request: Granting yes vote for candidate 3a06ecdf9d3c48ffad8bd78ec0f53181 in term 0.
I20260630 12:34:03.963071  2483 leader_election.cc:304] T 2307802bda4c4c88a2c552de9f06ba77 P 3a06ecdf9d3c48ffad8bd78ec0f53181 [CANDIDATE]: Term 1 pre-election: Election decided. Result: candidate won. Election summary: received 2 responses out of 3 voters: 2 yes votes; 0 no votes. yes voters: 3a06ecdf9d3c48ffad8bd78ec0f53181, c2060f784b6d401b9debe1600eae1039; no voters: 
I20260630 12:34:03.963739  2718 raft_consensus.cc:2804] T 2307802bda4c4c88a2c552de9f06ba77 P 3a06ecdf9d3c48ffad8bd78ec0f53181 [term 0 FOLLOWER]: Leader pre-election won for term 1
I20260630 12:34:03.964025  2718 raft_consensus.cc:493] T 2307802bda4c4c88a2c552de9f06ba77 P 3a06ecdf9d3c48ffad8bd78ec0f53181 [term 0 FOLLOWER]: Starting leader election (no leader contacted us within the election timeout)
I20260630 12:34:03.964289  2718 raft_consensus.cc:3060] T 2307802bda4c4c88a2c552de9f06ba77 P 3a06ecdf9d3c48ffad8bd78ec0f53181 [term 0 FOLLOWER]: Advancing to term 1
I20260630 12:34:03.968782  2718 raft_consensus.cc:515] T 2307802bda4c4c88a2c552de9f06ba77 P 3a06ecdf9d3c48ffad8bd78ec0f53181 [term 1 FOLLOWER]: Starting leader election with config: opid_index: -1 OBSOLETE_local: false peers { permanent_uuid: "3a06ecdf9d3c48ffad8bd78ec0f53181" member_type: VOTER last_known_addr { host: "127.0.193.65" port: 43077 } } peers { permanent_uuid: "c2060f784b6d401b9debe1600eae1039" member_type: VOTER last_known_addr { host: "127.0.193.66" port: 37529 } } peers { permanent_uuid: "1b7a7ceb622f4944adac405b5a3e33fe" member_type: VOTER last_known_addr { host: "127.0.193.67" port: 44629 } }
I20260630 12:34:03.970253  2718 leader_election.cc:290] T 2307802bda4c4c88a2c552de9f06ba77 P 3a06ecdf9d3c48ffad8bd78ec0f53181 [CANDIDATE]: Term 1 election: Requested vote from peers c2060f784b6d401b9debe1600eae1039 (127.0.193.66:37529), 1b7a7ceb622f4944adac405b5a3e33fe (127.0.193.67:44629)
I20260630 12:34:03.971045  2593 tablet_service.cc:1917] Received RequestConsensusVote() RPC: tablet_id: "2307802bda4c4c88a2c552de9f06ba77" candidate_uuid: "3a06ecdf9d3c48ffad8bd78ec0f53181" candidate_term: 1 candidate_status { last_received { term: 0 index: 0 } } ignore_live_leader: false dest_uuid: "c2060f784b6d401b9debe1600eae1039"
I20260630 12:34:03.971261  2667 tablet_service.cc:1917] Received RequestConsensusVote() RPC: tablet_id: "2307802bda4c4c88a2c552de9f06ba77" candidate_uuid: "3a06ecdf9d3c48ffad8bd78ec0f53181" candidate_term: 1 candidate_status { last_received { term: 0 index: 0 } } ignore_live_leader: false dest_uuid: "1b7a7ceb622f4944adac405b5a3e33fe"
I20260630 12:34:03.971503  2593 raft_consensus.cc:3060] T 2307802bda4c4c88a2c552de9f06ba77 P c2060f784b6d401b9debe1600eae1039 [term 0 FOLLOWER]: Advancing to term 1
I20260630 12:34:03.971846  2667 raft_consensus.cc:3060] T 2307802bda4c4c88a2c552de9f06ba77 P 1b7a7ceb622f4944adac405b5a3e33fe [term 0 FOLLOWER]: Advancing to term 1
I20260630 12:34:03.976001  2593 raft_consensus.cc:2468] T 2307802bda4c4c88a2c552de9f06ba77 P c2060f784b6d401b9debe1600eae1039 [term 1 FOLLOWER]: Leader election vote request: Granting yes vote for candidate 3a06ecdf9d3c48ffad8bd78ec0f53181 in term 1.
I20260630 12:34:03.976393  2667 raft_consensus.cc:2468] T 2307802bda4c4c88a2c552de9f06ba77 P 1b7a7ceb622f4944adac405b5a3e33fe [term 1 FOLLOWER]: Leader election vote request: Granting yes vote for candidate 3a06ecdf9d3c48ffad8bd78ec0f53181 in term 1.
I20260630 12:34:03.976941  2483 leader_election.cc:304] T 2307802bda4c4c88a2c552de9f06ba77 P 3a06ecdf9d3c48ffad8bd78ec0f53181 [CANDIDATE]: Term 1 election: Election decided. Result: candidate won. Election summary: received 2 responses out of 3 voters: 2 yes votes; 0 no votes. yes voters: 3a06ecdf9d3c48ffad8bd78ec0f53181, c2060f784b6d401b9debe1600eae1039; no voters: 
I20260630 12:34:03.977581  2718 raft_consensus.cc:2804] T 2307802bda4c4c88a2c552de9f06ba77 P 3a06ecdf9d3c48ffad8bd78ec0f53181 [term 1 FOLLOWER]: Leader election won for term 1
I20260630 12:34:03.978659  2718 raft_consensus.cc:697] T 2307802bda4c4c88a2c552de9f06ba77 P 3a06ecdf9d3c48ffad8bd78ec0f53181 [term 1 LEADER]: Becoming Leader. State: Replica: 3a06ecdf9d3c48ffad8bd78ec0f53181, State: Running, Role: LEADER
I20260630 12:34:03.979411  2718 consensus_queue.cc:237] T 2307802bda4c4c88a2c552de9f06ba77 P 3a06ecdf9d3c48ffad8bd78ec0f53181 [LEADER]: Queue going to LEADER mode. State: All replicated index: 0, Majority replicated index: 0, Committed index: 0, Last appended: 0.0, Last appended by leader: 0, Current term: 1, Majority size: 2, State: 0, Mode: LEADER, active raft config: opid_index: -1 OBSOLETE_local: false peers { permanent_uuid: "3a06ecdf9d3c48ffad8bd78ec0f53181" member_type: VOTER last_known_addr { host: "127.0.193.65" port: 43077 } } peers { permanent_uuid: "c2060f784b6d401b9debe1600eae1039" member_type: VOTER last_known_addr { host: "127.0.193.66" port: 37529 } } peers { permanent_uuid: "1b7a7ceb622f4944adac405b5a3e33fe" member_type: VOTER last_known_addr { host: "127.0.193.67" port: 44629 } }
I20260630 12:34:03.986658  2415 catalog_manager.cc:5697] T 2307802bda4c4c88a2c552de9f06ba77 P 3a06ecdf9d3c48ffad8bd78ec0f53181 reported cstate change: term changed from 0 to 1, leader changed from <none> to 3a06ecdf9d3c48ffad8bd78ec0f53181 (127.0.193.65). New cstate: current_term: 1 leader_uuid: "3a06ecdf9d3c48ffad8bd78ec0f53181" committed_config { opid_index: -1 OBSOLETE_local: false peers { permanent_uuid: "3a06ecdf9d3c48ffad8bd78ec0f53181" member_type: VOTER last_known_addr { host: "127.0.193.65" port: 43077 } health_report { overall_health: HEALTHY } } peers { permanent_uuid: "c2060f784b6d401b9debe1600eae1039" member_type: VOTER last_known_addr { host: "127.0.193.66" port: 37529 } health_report { overall_health: UNKNOWN } } peers { permanent_uuid: "1b7a7ceb622f4944adac405b5a3e33fe" member_type: VOTER last_known_addr { host: "127.0.193.67" port: 44629 } health_report { overall_health: UNKNOWN } } }
I20260630 12:34:04.033706  2719 raft_consensus.cc:493] T bf51d930cd054d278c22ed69a711be3f P 1b7a7ceb622f4944adac405b5a3e33fe [term 0 FOLLOWER]: Starting pre-election (no leader contacted us within the election timeout)
I20260630 12:34:04.034159  2719 raft_consensus.cc:515] T bf51d930cd054d278c22ed69a711be3f P 1b7a7ceb622f4944adac405b5a3e33fe [term 0 FOLLOWER]: Starting pre-election with config: opid_index: -1 OBSOLETE_local: false peers { permanent_uuid: "3a06ecdf9d3c48ffad8bd78ec0f53181" member_type: VOTER last_known_addr { host: "127.0.193.65" port: 43077 } } peers { permanent_uuid: "1b7a7ceb622f4944adac405b5a3e33fe" member_type: VOTER last_known_addr { host: "127.0.193.67" port: 44629 } } peers { permanent_uuid: "c2060f784b6d401b9debe1600eae1039" member_type: VOTER last_known_addr { host: "127.0.193.66" port: 37529 } }
I20260630 12:34:04.036299  2719 leader_election.cc:290] T bf51d930cd054d278c22ed69a711be3f P 1b7a7ceb622f4944adac405b5a3e33fe [CANDIDATE]: Term 1 pre-election: Requested pre-vote from peers 3a06ecdf9d3c48ffad8bd78ec0f53181 (127.0.193.65:43077), c2060f784b6d401b9debe1600eae1039 (127.0.193.66:37529)
I20260630 12:34:04.047397  2593 tablet_service.cc:1917] Received RequestConsensusVote() RPC: tablet_id: "bf51d930cd054d278c22ed69a711be3f" candidate_uuid: "1b7a7ceb622f4944adac405b5a3e33fe" candidate_term: 1 candidate_status { last_received { term: 0 index: 0 } } ignore_live_leader: false dest_uuid: "c2060f784b6d401b9debe1600eae1039" is_pre_election: true
I20260630 12:34:04.047420  2518 tablet_service.cc:1917] Received RequestConsensusVote() RPC: tablet_id: "bf51d930cd054d278c22ed69a711be3f" candidate_uuid: "1b7a7ceb622f4944adac405b5a3e33fe" candidate_term: 1 candidate_status { last_received { term: 0 index: 0 } } ignore_live_leader: false dest_uuid: "3a06ecdf9d3c48ffad8bd78ec0f53181" is_pre_election: true
I20260630 12:34:04.048170  2593 raft_consensus.cc:2468] T bf51d930cd054d278c22ed69a711be3f P c2060f784b6d401b9debe1600eae1039 [term 0 FOLLOWER]: Leader pre-election vote request: Granting yes vote for candidate 1b7a7ceb622f4944adac405b5a3e33fe in term 0.
I20260630 12:34:04.048235  2518 raft_consensus.cc:2468] T bf51d930cd054d278c22ed69a711be3f P 3a06ecdf9d3c48ffad8bd78ec0f53181 [term 0 FOLLOWER]: Leader pre-election vote request: Granting yes vote for candidate 1b7a7ceb622f4944adac405b5a3e33fe in term 0.
I20260630 12:34:04.049361  2632 leader_election.cc:304] T bf51d930cd054d278c22ed69a711be3f P 1b7a7ceb622f4944adac405b5a3e33fe [CANDIDATE]: Term 1 pre-election: Election decided. Result: candidate won. Election summary: received 2 responses out of 3 voters: 2 yes votes; 0 no votes. yes voters: 1b7a7ceb622f4944adac405b5a3e33fe, c2060f784b6d401b9debe1600eae1039; no voters: 
I20260630 12:34:04.050164  2719 raft_consensus.cc:2804] T bf51d930cd054d278c22ed69a711be3f P 1b7a7ceb622f4944adac405b5a3e33fe [term 0 FOLLOWER]: Leader pre-election won for term 1
I20260630 12:34:04.050527  2719 raft_consensus.cc:493] T bf51d930cd054d278c22ed69a711be3f P 1b7a7ceb622f4944adac405b5a3e33fe [term 0 FOLLOWER]: Starting leader election (no leader contacted us within the election timeout)
I20260630 12:34:04.050875  2719 raft_consensus.cc:3060] T bf51d930cd054d278c22ed69a711be3f P 1b7a7ceb622f4944adac405b5a3e33fe [term 0 FOLLOWER]: Advancing to term 1
I20260630 12:34:04.055629  2719 raft_consensus.cc:515] T bf51d930cd054d278c22ed69a711be3f P 1b7a7ceb622f4944adac405b5a3e33fe [term 1 FOLLOWER]: Starting leader election with config: opid_index: -1 OBSOLETE_local: false peers { permanent_uuid: "3a06ecdf9d3c48ffad8bd78ec0f53181" member_type: VOTER last_known_addr { host: "127.0.193.65" port: 43077 } } peers { permanent_uuid: "1b7a7ceb622f4944adac405b5a3e33fe" member_type: VOTER last_known_addr { host: "127.0.193.67" port: 44629 } } peers { permanent_uuid: "c2060f784b6d401b9debe1600eae1039" member_type: VOTER last_known_addr { host: "127.0.193.66" port: 37529 } }
I20260630 12:34:04.057375  2719 leader_election.cc:290] T bf51d930cd054d278c22ed69a711be3f P 1b7a7ceb622f4944adac405b5a3e33fe [CANDIDATE]: Term 1 election: Requested vote from peers 3a06ecdf9d3c48ffad8bd78ec0f53181 (127.0.193.65:43077), c2060f784b6d401b9debe1600eae1039 (127.0.193.66:37529)
I20260630 12:34:04.058243  2518 tablet_service.cc:1917] Received RequestConsensusVote() RPC: tablet_id: "bf51d930cd054d278c22ed69a711be3f" candidate_uuid: "1b7a7ceb622f4944adac405b5a3e33fe" candidate_term: 1 candidate_status { last_received { term: 0 index: 0 } } ignore_live_leader: false dest_uuid: "3a06ecdf9d3c48ffad8bd78ec0f53181"
I20260630 12:34:04.058336  2593 tablet_service.cc:1917] Received RequestConsensusVote() RPC: tablet_id: "bf51d930cd054d278c22ed69a711be3f" candidate_uuid: "1b7a7ceb622f4944adac405b5a3e33fe" candidate_term: 1 candidate_status { last_received { term: 0 index: 0 } } ignore_live_leader: false dest_uuid: "c2060f784b6d401b9debe1600eae1039"
I20260630 12:34:04.058777  2518 raft_consensus.cc:3060] T bf51d930cd054d278c22ed69a711be3f P 3a06ecdf9d3c48ffad8bd78ec0f53181 [term 0 FOLLOWER]: Advancing to term 1
I20260630 12:34:04.058910  2593 raft_consensus.cc:3060] T bf51d930cd054d278c22ed69a711be3f P c2060f784b6d401b9debe1600eae1039 [term 0 FOLLOWER]: Advancing to term 1
I20260630 12:34:04.063233  2593 raft_consensus.cc:2468] T bf51d930cd054d278c22ed69a711be3f P c2060f784b6d401b9debe1600eae1039 [term 1 FOLLOWER]: Leader election vote request: Granting yes vote for candidate 1b7a7ceb622f4944adac405b5a3e33fe in term 1.
I20260630 12:34:04.063578  2518 raft_consensus.cc:2468] T bf51d930cd054d278c22ed69a711be3f P 3a06ecdf9d3c48ffad8bd78ec0f53181 [term 1 FOLLOWER]: Leader election vote request: Granting yes vote for candidate 1b7a7ceb622f4944adac405b5a3e33fe in term 1.
I20260630 12:34:04.064169  2632 leader_election.cc:304] T bf51d930cd054d278c22ed69a711be3f P 1b7a7ceb622f4944adac405b5a3e33fe [CANDIDATE]: Term 1 election: Election decided. Result: candidate won. Election summary: received 2 responses out of 3 voters: 2 yes votes; 0 no votes. yes voters: 1b7a7ceb622f4944adac405b5a3e33fe, c2060f784b6d401b9debe1600eae1039; no voters: 
I20260630 12:34:04.064934  2719 raft_consensus.cc:2804] T bf51d930cd054d278c22ed69a711be3f P 1b7a7ceb622f4944adac405b5a3e33fe [term 1 FOLLOWER]: Leader election won for term 1
I20260630 12:34:04.066018  2719 raft_consensus.cc:697] T bf51d930cd054d278c22ed69a711be3f P 1b7a7ceb622f4944adac405b5a3e33fe [term 1 LEADER]: Becoming Leader. State: Replica: 1b7a7ceb622f4944adac405b5a3e33fe, State: Running, Role: LEADER
I20260630 12:34:04.066679  2719 consensus_queue.cc:237] T bf51d930cd054d278c22ed69a711be3f P 1b7a7ceb622f4944adac405b5a3e33fe [LEADER]: Queue going to LEADER mode. State: All replicated index: 0, Majority replicated index: 0, Committed index: 0, Last appended: 0.0, Last appended by leader: 0, Current term: 1, Majority size: 2, State: 0, Mode: LEADER, active raft config: opid_index: -1 OBSOLETE_local: false peers { permanent_uuid: "3a06ecdf9d3c48ffad8bd78ec0f53181" member_type: VOTER last_known_addr { host: "127.0.193.65" port: 43077 } } peers { permanent_uuid: "1b7a7ceb622f4944adac405b5a3e33fe" member_type: VOTER last_known_addr { host: "127.0.193.67" port: 44629 } } peers { permanent_uuid: "c2060f784b6d401b9debe1600eae1039" member_type: VOTER last_known_addr { host: "127.0.193.66" port: 37529 } }
I20260630 12:34:04.073881  2415 catalog_manager.cc:5697] T bf51d930cd054d278c22ed69a711be3f P 1b7a7ceb622f4944adac405b5a3e33fe reported cstate change: term changed from 0 to 1, leader changed from <none> to 1b7a7ceb622f4944adac405b5a3e33fe (127.0.193.67). New cstate: current_term: 1 leader_uuid: "1b7a7ceb622f4944adac405b5a3e33fe" committed_config { opid_index: -1 OBSOLETE_local: false peers { permanent_uuid: "3a06ecdf9d3c48ffad8bd78ec0f53181" member_type: VOTER last_known_addr { host: "127.0.193.65" port: 43077 } health_report { overall_health: UNKNOWN } } peers { permanent_uuid: "1b7a7ceb622f4944adac405b5a3e33fe" member_type: VOTER last_known_addr { host: "127.0.193.67" port: 44629 } health_report { overall_health: HEALTHY } } peers { permanent_uuid: "c2060f784b6d401b9debe1600eae1039" member_type: VOTER last_known_addr { host: "127.0.193.66" port: 37529 } health_report { overall_health: UNKNOWN } } }
I20260630 12:34:04.245899  2469 auto_leader_rebalancer.cc:141] leader rebalance for table test-workload
I20260630 12:34:04.247884  2469 auto_leader_rebalancer.cc:440] table: test-workload, leader rebalance finish, leader transfer count: 0
I20260630 12:34:04.248311  2469 auto_leader_rebalancer.cc:515] All tables' leader rebalancing finished this round
I20260630 12:34:04.502919  2719 consensus_queue.cc:1048] T bf51d930cd054d278c22ed69a711be3f P 1b7a7ceb622f4944adac405b5a3e33fe [LEADER]: Connected to new peer: Peer: permanent_uuid: "3a06ecdf9d3c48ffad8bd78ec0f53181" member_type: VOTER last_known_addr { host: "127.0.193.65" port: 43077 }, Status: LMP_MISMATCH, Last received: 0.0, Next index: 1, Last known committed idx: 0, Time since last communication: 0.000s
I20260630 12:34:04.515465  2736 consensus_queue.cc:1048] T bf51d930cd054d278c22ed69a711be3f P 1b7a7ceb622f4944adac405b5a3e33fe [LEADER]: Connected to new peer: Peer: permanent_uuid: "c2060f784b6d401b9debe1600eae1039" member_type: VOTER last_known_addr { host: "127.0.193.66" port: 37529 }, Status: LMP_MISMATCH, Last received: 0.0, Next index: 1, Last known committed idx: 0, Time since last communication: 0.000s
I20260630 12:34:04.598634  2732 consensus_queue.cc:1048] T 2307802bda4c4c88a2c552de9f06ba77 P 3a06ecdf9d3c48ffad8bd78ec0f53181 [LEADER]: Connected to new peer: Peer: permanent_uuid: "c2060f784b6d401b9debe1600eae1039" member_type: VOTER last_known_addr { host: "127.0.193.66" port: 37529 }, Status: LMP_MISMATCH, Last received: 0.0, Next index: 1, Last known committed idx: 0, Time since last communication: 0.001s
I20260630 12:34:04.601557  2732 consensus_queue.cc:1048] T 2307802bda4c4c88a2c552de9f06ba77 P 3a06ecdf9d3c48ffad8bd78ec0f53181 [LEADER]: Connected to new peer: Peer: permanent_uuid: "1b7a7ceb622f4944adac405b5a3e33fe" member_type: VOTER last_known_addr { host: "127.0.193.67" port: 44629 }, Status: LMP_MISMATCH, Last received: 0.0, Next index: 1, Last known committed idx: 0, Time since last communication: 0.000s
I20260630 12:34:06.249220  2469 auto_leader_rebalancer.cc:141] leader rebalance for table test-workload
I20260630 12:34:06.251163  2469 auto_leader_rebalancer.cc:440] table: test-workload, leader rebalance finish, leader transfer count: 0
I20260630 12:34:06.251478  2469 auto_leader_rebalancer.cc:515] All tables' leader rebalancing finished this round
I20260630 12:34:08.252758  2469 auto_leader_rebalancer.cc:141] leader rebalance for table test-workload
I20260630 12:34:08.254789  2469 auto_leader_rebalancer.cc:440] table: test-workload, leader rebalance finish, leader transfer count: 0
I20260630 12:34:08.255147  2469 auto_leader_rebalancer.cc:515] All tables' leader rebalancing finished this round
I20260630 12:34:10.255977  2469 auto_leader_rebalancer.cc:141] leader rebalance for table test-workload
I20260630 12:34:10.257946  2469 auto_leader_rebalancer.cc:440] table: test-workload, leader rebalance finish, leader transfer count: 0
I20260630 12:34:10.258219  2469 auto_leader_rebalancer.cc:515] All tables' leader rebalancing finished this round
I20260630 12:34:12.259073  2469 auto_leader_rebalancer.cc:141] leader rebalance for table test-workload
I20260630 12:34:12.260870  2469 auto_leader_rebalancer.cc:440] table: test-workload, leader rebalance finish, leader transfer count: 0
I20260630 12:34:12.261178  2469 auto_leader_rebalancer.cc:515] All tables' leader rebalancing finished this round
I20260630 12:34:14.262033  2469 auto_leader_rebalancer.cc:141] leader rebalance for table test-workload
I20260630 12:34:14.263890  2469 auto_leader_rebalancer.cc:440] table: test-workload, leader rebalance finish, leader transfer count: 0
I20260630 12:34:14.264163  2469 auto_leader_rebalancer.cc:515] All tables' leader rebalancing finished this round
I20260630 12:34:15.187330   773 file_cache.cc:492] Constructed file cache file cache with capacity 419430
W20260630 12:34:15.194569  2752 instance_detector.cc:116] could not retrieve Azure instance metadata: Network error: curl error: HTTP response code said error: The requested URL returned error: 404
W20260630 12:34:15.194545  2751 instance_detector.cc:116] could not retrieve AWS instance metadata: Network error: curl error: HTTP response code said error: The requested URL returned error: 404
W20260630 12:34:15.195983  2754 instance_detector.cc:116] could not retrieve OpenStack instance metadata: Network error: curl error: HTTP response code said error: The requested URL returned error: 404
I20260630 12:34:15.197413   773 server_base.cc:1061] running on GCE node
I20260630 12:34:15.199844   773 hybrid_clock.cc:584] initializing the hybrid clock with 'system_unsync' time source
W20260630 12:34:15.200120   773 system_unsync_time.cc:38] NTP support is disabled. Clock error bounds will not be accurate. This configuration is not suitable for distributed clusters.
I20260630 12:34:15.200333   773 hybrid_clock.cc:648] HybridClock initialized: now 1782822855200314 us; error 0 us; skew 500 ppm
I20260630 12:34:15.201000   773 server_base.cc:861] Flag tcmalloc_max_total_thread_cache_bytes is not working since tcmalloc is not enabled.
I20260630 12:34:15.203718   773 webserver.cc:533] Webserver started at http://127.0.193.68:43513/ using document root <none> and password file <none>
I20260630 12:34:15.204236   773 fs_manager.cc:362] Metadata directory not provided
I20260630 12:34:15.204463   773 fs_manager.cc:368] Using write-ahead log directory (fs_wal_dir) as metadata directory
I20260630 12:34:15.204788   773 server_base.cc:909] This appears to be a new deployment of Kudu; creating new FS layout
I20260630 12:34:15.206076   773 fs_manager.cc:1068] Generated new instance metadata in path /tmp/dist-test-taskWpnn4J/test-tmp/auto_rebalancer-test.0.AutoRebalancerTest.MovesScheduledIfAddTserver.1782822816781405-773-0/minicluster-data/ts-3-root/instance:
uuid: "fb92b563dbb34e658833fb467bf8fcc4"
format_stamp: "Formatted at 2026-06-30 12:34:15 on dist-test-slave-zbh0"
I20260630 12:34:15.210492   773 fs_manager.cc:696] Time spent creating directory manager: real 0.004s	user 0.006s	sys 0.000s
I20260630 12:34:15.213725  2759 log_block_manager.cc:4031] Time spent loading block containers with low live blocks: real 0.000s	user 0.000s	sys 0.000s
I20260630 12:34:15.214505   773 fs_manager.cc:730] Time spent opening block manager: real 0.002s	user 0.003s	sys 0.000s
I20260630 12:34:15.214800   773 fs_manager.cc:647] Opened local filesystem: /tmp/dist-test-taskWpnn4J/test-tmp/auto_rebalancer-test.0.AutoRebalancerTest.MovesScheduledIfAddTserver.1782822816781405-773-0/minicluster-data/ts-3-root
uuid: "fb92b563dbb34e658833fb467bf8fcc4"
format_stamp: "Formatted at 2026-06-30 12:34:15 on dist-test-slave-zbh0"
I20260630 12:34:15.215131   773 fs_report.cc:389] FS layout report
--------------------
wal directory: /tmp/dist-test-taskWpnn4J/test-tmp/auto_rebalancer-test.0.AutoRebalancerTest.MovesScheduledIfAddTserver.1782822816781405-773-0/minicluster-data/ts-3-root
metadata directory: /tmp/dist-test-taskWpnn4J/test-tmp/auto_rebalancer-test.0.AutoRebalancerTest.MovesScheduledIfAddTserver.1782822816781405-773-0/minicluster-data/ts-3-root
1 data directories: /tmp/dist-test-taskWpnn4J/test-tmp/auto_rebalancer-test.0.AutoRebalancerTest.MovesScheduledIfAddTserver.1782822816781405-773-0/minicluster-data/ts-3-root/data
Total live blocks: 0
Total live bytes: 0
Total live bytes (after alignment): 0
Total number of LBM containers: 0 (0 full)
Did not check for missing blocks
Did not check for orphaned blocks
Total full LBM containers with extra space: 0 (0 repaired)
Total full LBM container extra space in bytes: 0 (0 repaired)
Total incomplete LBM containers: 0 (0 repaired)
Total LBM partial records: 0 (0 repaired)
Total corrupted LBM metadata records in RocksDB: 0 (0 repaired)
I20260630 12:34:15.227501   773 rpc_server.cc:225] running with OpenSSL 1.1.1  11 Sep 2018
I20260630 12:34:15.228750   773 kserver.cc:163] Server-wide thread pool size limit: 3276
I20260630 12:34:15.230144   773 txn_system_client.cc:432] TxnSystemClient initialization is disabled...
I20260630 12:34:15.232499   773 ts_tablet_manager.cc:585] Loaded tablet metadata (0 total tablets, 0 live tablets)
I20260630 12:34:15.232731   773 ts_tablet_manager.cc:531] Time spent load tablet metadata: real 0.000s	user 0.000s	sys 0.000s
I20260630 12:34:15.233021   773 ts_tablet_manager.cc:616] Registered 0 tablets
I20260630 12:34:15.233222   773 ts_tablet_manager.cc:595] Time spent register tablets: real 0.000s	user 0.000s	sys 0.000s
I20260630 12:34:15.273913   773 rpc_server.cc:307] RPC server started. Bound to: 127.0.193.68:39469
I20260630 12:34:15.274037  2821 acceptor_pool.cc:272] collecting diagnostics on the listening RPC socket 127.0.193.68:39469 every 8 connection(s)
I20260630 12:34:15.298077  2822 heartbeater.cc:344] Connected to a master server at 127.0.193.126:43627
I20260630 12:34:15.298501  2822 heartbeater.cc:461] Registering TS with master...
I20260630 12:34:15.299304  2822 heartbeater.cc:507] Master 127.0.193.126:43627 requested a full tablet report, sending...
I20260630 12:34:15.301168  2414 ts_manager.cc:194] Registered new tserver with Master: fb92b563dbb34e658833fb467bf8fcc4 (127.0.193.68:39469)
I20260630 12:34:15.302594  2414 master_service.cc:502] Signed X509 certificate for tserver {username='slave'} at 127.0.0.1:41162
I20260630 12:34:16.264995  2469 auto_leader_rebalancer.cc:141] leader rebalance for table test-workload
I20260630 12:34:16.266901  2469 auto_leader_rebalancer.cc:440] table: test-workload, leader rebalance finish, leader transfer count: 0
I20260630 12:34:16.267232  2469 auto_leader_rebalancer.cc:515] All tables' leader rebalancing finished this round
I20260630 12:34:16.304993  2822 heartbeater.cc:499] Master 127.0.193.126:43627 was elected leader, sending a full tablet report...
I20260630 12:34:16.314486  2667 consensus_queue.cc:237] T bf51d930cd054d278c22ed69a711be3f P 1b7a7ceb622f4944adac405b5a3e33fe [LEADER]: Queue going to LEADER mode. State: All replicated index: 0, Majority replicated index: 1, Committed index: 1, Last appended: 1.1, Last appended by leader: 0, Current term: 1, Majority size: 2, State: 0, Mode: LEADER, active raft config: opid_index: 2 OBSOLETE_local: false peers { permanent_uuid: "3a06ecdf9d3c48ffad8bd78ec0f53181" member_type: VOTER last_known_addr { host: "127.0.193.65" port: 43077 } } peers { permanent_uuid: "1b7a7ceb622f4944adac405b5a3e33fe" member_type: VOTER last_known_addr { host: "127.0.193.67" port: 44629 } } peers { permanent_uuid: "c2060f784b6d401b9debe1600eae1039" member_type: VOTER last_known_addr { host: "127.0.193.66" port: 37529 } attrs { replace: true } } peers { permanent_uuid: "fb92b563dbb34e658833fb467bf8fcc4" member_type: NON_VOTER last_known_addr { host: "127.0.193.68" port: 39469 } attrs { promote: true } }
I20260630 12:34:16.322504  2593 raft_consensus.cc:1275] T bf51d930cd054d278c22ed69a711be3f P c2060f784b6d401b9debe1600eae1039 [term 1 FOLLOWER]: Refusing update from remote peer 1b7a7ceb622f4944adac405b5a3e33fe: Log matching property violated. Preceding OpId in replica: term: 1 index: 1. Preceding OpId from leader: term: 1 index: 2. (index mismatch)
I20260630 12:34:16.323395  2518 raft_consensus.cc:1275] T bf51d930cd054d278c22ed69a711be3f P 3a06ecdf9d3c48ffad8bd78ec0f53181 [term 1 FOLLOWER]: Refusing update from remote peer 1b7a7ceb622f4944adac405b5a3e33fe: Log matching property violated. Preceding OpId in replica: term: 1 index: 1. Preceding OpId from leader: term: 1 index: 2. (index mismatch)
I20260630 12:34:16.324487  2830 consensus_queue.cc:1048] T bf51d930cd054d278c22ed69a711be3f P 1b7a7ceb622f4944adac405b5a3e33fe [LEADER]: Connected to new peer: Peer: permanent_uuid: "c2060f784b6d401b9debe1600eae1039" member_type: VOTER last_known_addr { host: "127.0.193.66" port: 37529 } attrs { replace: true }, Status: LMP_MISMATCH, Last received: 0.0, Next index: 2, Last known committed idx: 1, Time since last communication: 0.001s
I20260630 12:34:16.325618  2750 consensus_queue.cc:1048] T bf51d930cd054d278c22ed69a711be3f P 1b7a7ceb622f4944adac405b5a3e33fe [LEADER]: Connected to new peer: Peer: permanent_uuid: "3a06ecdf9d3c48ffad8bd78ec0f53181" member_type: VOTER last_known_addr { host: "127.0.193.65" port: 43077 }, Status: LMP_MISMATCH, Last received: 0.0, Next index: 2, Last known committed idx: 1, Time since last communication: 0.001s
W20260630 12:34:16.335682  2633 consensus_peers.cc:597] T bf51d930cd054d278c22ed69a711be3f P 1b7a7ceb622f4944adac405b5a3e33fe -> Peer fb92b563dbb34e658833fb467bf8fcc4 (127.0.193.68:39469): Couldn't send request to peer fb92b563dbb34e658833fb467bf8fcc4. Error code: TABLET_NOT_FOUND (6). Status: Not found: Tablet not found: bf51d930cd054d278c22ed69a711be3f. This is attempt 1: this message will repeat every 5th retry.
I20260630 12:34:16.335165  2830 raft_consensus.cc:2955] T bf51d930cd054d278c22ed69a711be3f P 1b7a7ceb622f4944adac405b5a3e33fe [term 1 LEADER]: Committing config change with OpId 1.2: config changed from index -1 to 2, NON_VOTER fb92b563dbb34e658833fb467bf8fcc4 (127.0.193.68) added. New config: { opid_index: 2 OBSOLETE_local: false peers { permanent_uuid: "3a06ecdf9d3c48ffad8bd78ec0f53181" member_type: VOTER last_known_addr { host: "127.0.193.65" port: 43077 } } peers { permanent_uuid: "1b7a7ceb622f4944adac405b5a3e33fe" member_type: VOTER last_known_addr { host: "127.0.193.67" port: 44629 } } peers { permanent_uuid: "c2060f784b6d401b9debe1600eae1039" member_type: VOTER last_known_addr { host: "127.0.193.66" port: 37529 } attrs { replace: true } } peers { permanent_uuid: "fb92b563dbb34e658833fb467bf8fcc4" member_type: NON_VOTER last_known_addr { host: "127.0.193.68" port: 39469 } attrs { promote: true } } }
I20260630 12:34:16.336443  2593 raft_consensus.cc:2955] T bf51d930cd054d278c22ed69a711be3f P c2060f784b6d401b9debe1600eae1039 [term 1 FOLLOWER]: Committing config change with OpId 1.2: config changed from index -1 to 2, NON_VOTER fb92b563dbb34e658833fb467bf8fcc4 (127.0.193.68) added. New config: { opid_index: 2 OBSOLETE_local: false peers { permanent_uuid: "3a06ecdf9d3c48ffad8bd78ec0f53181" member_type: VOTER last_known_addr { host: "127.0.193.65" port: 43077 } } peers { permanent_uuid: "1b7a7ceb622f4944adac405b5a3e33fe" member_type: VOTER last_known_addr { host: "127.0.193.67" port: 44629 } } peers { permanent_uuid: "c2060f784b6d401b9debe1600eae1039" member_type: VOTER last_known_addr { host: "127.0.193.66" port: 37529 } attrs { replace: true } } peers { permanent_uuid: "fb92b563dbb34e658833fb467bf8fcc4" member_type: NON_VOTER last_known_addr { host: "127.0.193.68" port: 39469 } attrs { promote: true } } }
I20260630 12:34:16.342049  2518 raft_consensus.cc:2955] T bf51d930cd054d278c22ed69a711be3f P 3a06ecdf9d3c48ffad8bd78ec0f53181 [term 1 FOLLOWER]: Committing config change with OpId 1.2: config changed from index -1 to 2, NON_VOTER fb92b563dbb34e658833fb467bf8fcc4 (127.0.193.68) added. New config: { opid_index: 2 OBSOLETE_local: false peers { permanent_uuid: "3a06ecdf9d3c48ffad8bd78ec0f53181" member_type: VOTER last_known_addr { host: "127.0.193.65" port: 43077 } } peers { permanent_uuid: "1b7a7ceb622f4944adac405b5a3e33fe" member_type: VOTER last_known_addr { host: "127.0.193.67" port: 44629 } } peers { permanent_uuid: "c2060f784b6d401b9debe1600eae1039" member_type: VOTER last_known_addr { host: "127.0.193.66" port: 37529 } attrs { replace: true } } peers { permanent_uuid: "fb92b563dbb34e658833fb467bf8fcc4" member_type: NON_VOTER last_known_addr { host: "127.0.193.68" port: 39469 } attrs { promote: true } } }
I20260630 12:34:16.358392  2414 catalog_manager.cc:5697] T bf51d930cd054d278c22ed69a711be3f P 3a06ecdf9d3c48ffad8bd78ec0f53181 reported cstate change: config changed from index -1 to 2, NON_VOTER fb92b563dbb34e658833fb467bf8fcc4 (127.0.193.68) added. New cstate: current_term: 1 leader_uuid: "1b7a7ceb622f4944adac405b5a3e33fe" committed_config { opid_index: 2 OBSOLETE_local: false peers { permanent_uuid: "3a06ecdf9d3c48ffad8bd78ec0f53181" member_type: VOTER last_known_addr { host: "127.0.193.65" port: 43077 } } peers { permanent_uuid: "1b7a7ceb622f4944adac405b5a3e33fe" member_type: VOTER last_known_addr { host: "127.0.193.67" port: 44629 } } peers { permanent_uuid: "c2060f784b6d401b9debe1600eae1039" member_type: VOTER last_known_addr { host: "127.0.193.66" port: 37529 } attrs { replace: true } } peers { permanent_uuid: "fb92b563dbb34e658833fb467bf8fcc4" member_type: NON_VOTER last_known_addr { host: "127.0.193.68" port: 39469 } attrs { promote: true } } }
I20260630 12:34:16.798339  2841 ts_tablet_manager.cc:933] T bf51d930cd054d278c22ed69a711be3f P fb92b563dbb34e658833fb467bf8fcc4: Initiating tablet copy from peer 1b7a7ceb622f4944adac405b5a3e33fe (127.0.193.67:44629)
I20260630 12:34:16.800279  2841 tablet_copy_client.cc:323] T bf51d930cd054d278c22ed69a711be3f P fb92b563dbb34e658833fb467bf8fcc4: tablet copy: Beginning tablet copy session from remote peer at address 127.0.193.67:44629
I20260630 12:34:16.812242  2677 tablet_copy_service.cc:140] P 1b7a7ceb622f4944adac405b5a3e33fe: Received BeginTabletCopySession request for tablet bf51d930cd054d278c22ed69a711be3f from peer fb92b563dbb34e658833fb467bf8fcc4 ({username='slave'} at 127.0.0.1:52090)
