I20260630 12:33:56.107790  5513 consensus_queue.cc:237] T 847e382eb51649c1874116d1fcf9eda2 P 4d40cbfdc2dc42b692a2c37667574fa3 [LEADER]: Queue going to LEADER mode. State: All replicated index: 0, Majority replicated index: 0, Committed index: 0, Last appended: 0.0, Last appended by leader: 0, Current term: 1, Majority size: 1, State: 0, Mode: LEADER, active raft config: opid_index: -1 OBSOLETE_local: true peers { permanent_uuid: "4d40cbfdc2dc42b692a2c37667574fa3" member_type: VOTER last_known_addr { host: "127.3.212.2" port: 37639 } }
I20260630 12:33:56.128223  5145 catalog_manager.cc:5697] T 847e382eb51649c1874116d1fcf9eda2 P 4d40cbfdc2dc42b692a2c37667574fa3 reported cstate change: term changed from 0 to 1, leader changed from <none> to 4d40cbfdc2dc42b692a2c37667574fa3 (127.3.212.2). New cstate: current_term: 1 leader_uuid: "4d40cbfdc2dc42b692a2c37667574fa3" committed_config { opid_index: -1 OBSOLETE_local: true peers { permanent_uuid: "4d40cbfdc2dc42b692a2c37667574fa3" member_type: VOTER last_known_addr { host: "127.3.212.2" port: 37639 } health_report { overall_health: HEALTHY } } }
I20260630 12:33:56.131307  5146 catalog_manager.cc:5697] T 5db1ac8fe8d442a7a6ae48ce262b61cd P 2d8d44badae24ee795f3aee6d1aeb434 reported cstate change: term changed from 0 to 1, leader changed from <none> to 2d8d44badae24ee795f3aee6d1aeb434 (127.3.212.3). New cstate: current_term: 1 leader_uuid: "2d8d44badae24ee795f3aee6d1aeb434" committed_config { opid_index: -1 OBSOLETE_local: true peers { permanent_uuid: "2d8d44badae24ee795f3aee6d1aeb434" member_type: VOTER last_known_addr { host: "127.3.212.3" port: 46055 } health_report { overall_health: HEALTHY } } }
I20260630 12:33:56.090981  5509 raft_consensus.cc:2804] T 0ee812871900430b8bd441c44ffae670 P f445901a6ed84127a0ee0924d00453ba [term 1 FOLLOWER]: Leader election won for term 1
I20260630 12:33:56.144804  5501 ts_tablet_manager.cc:1434] T 5db1ac8fe8d442a7a6ae48ce262b61cd P 2d8d44badae24ee795f3aee6d1aeb434: Time spent starting tablet: real 0.114s	user 0.027s	sys 0.083s
I20260630 12:33:56.171161  5509 raft_consensus.cc:697] T 0ee812871900430b8bd441c44ffae670 P f445901a6ed84127a0ee0924d00453ba [term 1 LEADER]: Becoming Leader. State: Replica: f445901a6ed84127a0ee0924d00453ba, State: Running, Role: LEADER
I20260630 12:33:56.174124  5509 consensus_queue.cc:237] T 0ee812871900430b8bd441c44ffae670 P f445901a6ed84127a0ee0924d00453ba [LEADER]: Queue going to LEADER mode. State: All replicated index: 0, Majority replicated index: 0, Committed index: 0, Last appended: 0.0, Last appended by leader: 0, Current term: 1, Majority size: 1, State: 0, Mode: LEADER, active raft config: opid_index: -1 OBSOLETE_local: true peers { permanent_uuid: "f445901a6ed84127a0ee0924d00453ba" member_type: VOTER last_known_addr { host: "127.3.212.1" port: 33709 } }
I20260630 12:33:56.179149  5502 ts_tablet_manager.cc:1434] T 0ee812871900430b8bd441c44ffae670 P f445901a6ed84127a0ee0924d00453ba: Time spent starting tablet: real 0.147s	user 0.048s	sys 0.067s
I20260630 12:33:56.198702  5146 catalog_manager.cc:5697] T 0ee812871900430b8bd441c44ffae670 P f445901a6ed84127a0ee0924d00453ba reported cstate change: term changed from 0 to 1, leader changed from <none> to f445901a6ed84127a0ee0924d00453ba (127.3.212.1). New cstate: current_term: 1 leader_uuid: "f445901a6ed84127a0ee0924d00453ba" committed_config { opid_index: -1 OBSOLETE_local: true peers { permanent_uuid: "f445901a6ed84127a0ee0924d00453ba" member_type: VOTER last_known_addr { host: "127.3.212.1" port: 33709 } health_report { overall_health: HEALTHY } } }
I20260630 12:33:57.773219  5212 auto_leader_rebalancer.cc:141] leader rebalance for table test-workload
I20260630 12:33:57.776682  5212 auto_leader_rebalancer.cc:515] All tables' leader rebalancing finished this round
I20260630 12:33:58.259534  3920 master.cc:562] Master@127.3.212.60:41715 shutting down...
I20260630 12:33:58.286823  3920 raft_consensus.cc:2243] T 00000000000000000000000000000000 P 76b5c50eb3bc4ee592da03bddd682aa4 [term 1 LEADER]: Raft consensus shutting down.
I20260630 12:33:58.287899  3920 raft_consensus.cc:2272] T 00000000000000000000000000000000 P 76b5c50eb3bc4ee592da03bddd682aa4 [term 1 FOLLOWER]: Raft consensus is shut down!
I20260630 12:33:58.288386  3920 tablet_replica.cc:333] T 00000000000000000000000000000000 P 76b5c50eb3bc4ee592da03bddd682aa4: stopping tablet replica
I20260630 12:33:58.301307  3920 master.cc:584] Master@127.3.212.60:41715 shutdown complete.
W20260630 12:33:59.147313  5386 heartbeater.cc:646] Failed to heartbeat to 127.3.212.60:41715 (0 consecutive failures): Network error: Failed to send heartbeat to master: Client connection negotiation failed: client connection to 127.3.212.60:41715: connect: Connection refused (error 111)
I20260630 12:33:59.513363  5526 raft_consensus.cc:493] T 00000000000000000000000000000000 P f66b059508ad4382843ecca52ea091a3 [term 1 FOLLOWER]: Starting pre-election (detected failure of leader 76b5c50eb3bc4ee592da03bddd682aa4)
I20260630 12:33:59.513895  5526 raft_consensus.cc:515] T 00000000000000000000000000000000 P f66b059508ad4382843ecca52ea091a3 [term 1 FOLLOWER]: Starting pre-election with config: opid_index: -1 OBSOLETE_local: false peers { permanent_uuid: "aeb5b83192ab44a3aae078e5826afeb4" member_type: VOTER last_known_addr { host: "127.3.212.62" port: 43859 } } peers { permanent_uuid: "f66b059508ad4382843ecca52ea091a3" member_type: VOTER last_known_addr { host: "127.3.212.61" port: 41075 } } peers { permanent_uuid: "76b5c50eb3bc4ee592da03bddd682aa4" member_type: VOTER last_known_addr { host: "127.3.212.60" port: 41715 } }
I20260630 12:33:59.515869  5526 leader_election.cc:290] T 00000000000000000000000000000000 P f66b059508ad4382843ecca52ea091a3 [CANDIDATE]: Term 2 pre-election: Requested pre-vote from peers aeb5b83192ab44a3aae078e5826afeb4 (127.3.212.62:43859), 76b5c50eb3bc4ee592da03bddd682aa4 (127.3.212.60:41715)
I20260630 12:33:59.516716  5026 tablet_service.cc:1917] Received RequestConsensusVote() RPC: tablet_id: "00000000000000000000000000000000" candidate_uuid: "f66b059508ad4382843ecca52ea091a3" candidate_term: 2 candidate_status { last_received { term: 1 index: 11 } } ignore_live_leader: false dest_uuid: "aeb5b83192ab44a3aae078e5826afeb4" is_pre_election: true
W20260630 12:33:59.518736  5068 proxy.cc:239] Call had error, refreshing address and retrying: Network error: Client connection negotiation failed: client connection to 127.3.212.60:41715: connect: Connection refused (error 111) [suppressed 21 similar messages]
W20260630 12:33:59.521890  5068 leader_election.cc:336] T 00000000000000000000000000000000 P f66b059508ad4382843ecca52ea091a3 [CANDIDATE]: Term 2 pre-election: RPC error from VoteRequest() call to peer 76b5c50eb3bc4ee592da03bddd682aa4 (127.3.212.60:41715): Network error: Client connection negotiation failed: client connection to 127.3.212.60:41715: connect: Connection refused (error 111)
I20260630 12:33:59.522223  5068 leader_election.cc:304] T 00000000000000000000000000000000 P f66b059508ad4382843ecca52ea091a3 [CANDIDATE]: Term 2 pre-election: Election decided. Result: candidate lost. Election summary: received 3 responses out of 3 voters: 1 yes votes; 2 no votes. yes voters: f66b059508ad4382843ecca52ea091a3; no voters: 76b5c50eb3bc4ee592da03bddd682aa4, aeb5b83192ab44a3aae078e5826afeb4
I20260630 12:33:59.522744  5526 raft_consensus.cc:2749] T 00000000000000000000000000000000 P f66b059508ad4382843ecca52ea091a3 [term 1 FOLLOWER]: Leader pre-election lost for term 2. Reason: could not achieve majority
I20260630 12:33:59.571791  5529 raft_consensus.cc:493] T 00000000000000000000000000000000 P aeb5b83192ab44a3aae078e5826afeb4 [term 1 FOLLOWER]: Starting pre-election (detected failure of leader 76b5c50eb3bc4ee592da03bddd682aa4)
I20260630 12:33:59.572296  5529 raft_consensus.cc:515] T 00000000000000000000000000000000 P aeb5b83192ab44a3aae078e5826afeb4 [term 1 FOLLOWER]: Starting pre-election with config: opid_index: -1 OBSOLETE_local: false peers { permanent_uuid: "aeb5b83192ab44a3aae078e5826afeb4" member_type: VOTER last_known_addr { host: "127.3.212.62" port: 43859 } } peers { permanent_uuid: "f66b059508ad4382843ecca52ea091a3" member_type: VOTER last_known_addr { host: "127.3.212.61" port: 41075 } } peers { permanent_uuid: "76b5c50eb3bc4ee592da03bddd682aa4" member_type: VOTER last_known_addr { host: "127.3.212.60" port: 41715 } }
I20260630 12:33:59.574242  5529 leader_election.cc:290] T 00000000000000000000000000000000 P aeb5b83192ab44a3aae078e5826afeb4 [CANDIDATE]: Term 2 pre-election: Requested pre-vote from peers f66b059508ad4382843ecca52ea091a3 (127.3.212.61:41075), 76b5c50eb3bc4ee592da03bddd682aa4 (127.3.212.60:41715)
I20260630 12:33:59.575181  5091 tablet_service.cc:1917] Received RequestConsensusVote() RPC: tablet_id: "00000000000000000000000000000000" candidate_uuid: "aeb5b83192ab44a3aae078e5826afeb4" candidate_term: 2 candidate_status { last_received { term: 1 index: 11 } } ignore_live_leader: false dest_uuid: "f66b059508ad4382843ecca52ea091a3" is_pre_election: true
I20260630 12:33:59.576016  5091 raft_consensus.cc:2468] T 00000000000000000000000000000000 P f66b059508ad4382843ecca52ea091a3 [term 1 FOLLOWER]: Leader pre-election vote request: Granting yes vote for candidate aeb5b83192ab44a3aae078e5826afeb4 in term 1.
I20260630 12:33:59.577258  5002 leader_election.cc:304] T 00000000000000000000000000000000 P aeb5b83192ab44a3aae078e5826afeb4 [CANDIDATE]: Term 2 pre-election: Election decided. Result: candidate won. Election summary: received 2 responses out of 3 voters: 2 yes votes; 0 no votes. yes voters: aeb5b83192ab44a3aae078e5826afeb4, f66b059508ad4382843ecca52ea091a3; no voters: 
I20260630 12:33:59.578298  5529 raft_consensus.cc:2804] T 00000000000000000000000000000000 P aeb5b83192ab44a3aae078e5826afeb4 [term 1 FOLLOWER]: Leader pre-election won for term 2
I20260630 12:33:59.578670  5529 raft_consensus.cc:493] T 00000000000000000000000000000000 P aeb5b83192ab44a3aae078e5826afeb4 [term 1 FOLLOWER]: Starting leader election (detected failure of leader 76b5c50eb3bc4ee592da03bddd682aa4)
I20260630 12:33:59.579046  5529 raft_consensus.cc:3060] T 00000000000000000000000000000000 P aeb5b83192ab44a3aae078e5826afeb4 [term 1 FOLLOWER]: Advancing to term 2
W20260630 12:33:59.580804  5003 leader_election.cc:336] T 00000000000000000000000000000000 P aeb5b83192ab44a3aae078e5826afeb4 [CANDIDATE]: Term 2 pre-election: RPC error from VoteRequest() call to peer 76b5c50eb3bc4ee592da03bddd682aa4 (127.3.212.60:41715): Network error: Client connection negotiation failed: client connection to 127.3.212.60:41715: connect: Connection refused (error 111)
I20260630 12:33:59.584708  5529 raft_consensus.cc:515] T 00000000000000000000000000000000 P aeb5b83192ab44a3aae078e5826afeb4 [term 2 FOLLOWER]: Starting leader election with config: opid_index: -1 OBSOLETE_local: false peers { permanent_uuid: "aeb5b83192ab44a3aae078e5826afeb4" member_type: VOTER last_known_addr { host: "127.3.212.62" port: 43859 } } peers { permanent_uuid: "f66b059508ad4382843ecca52ea091a3" member_type: VOTER last_known_addr { host: "127.3.212.61" port: 41075 } } peers { permanent_uuid: "76b5c50eb3bc4ee592da03bddd682aa4" member_type: VOTER last_known_addr { host: "127.3.212.60" port: 41715 } }
I20260630 12:33:59.586198  5529 leader_election.cc:290] T 00000000000000000000000000000000 P aeb5b83192ab44a3aae078e5826afeb4 [CANDIDATE]: Term 2 election: Requested vote from peers f66b059508ad4382843ecca52ea091a3 (127.3.212.61:41075), 76b5c50eb3bc4ee592da03bddd682aa4 (127.3.212.60:41715)
I20260630 12:33:59.586923  5091 tablet_service.cc:1917] Received RequestConsensusVote() RPC: tablet_id: "00000000000000000000000000000000" candidate_uuid: "aeb5b83192ab44a3aae078e5826afeb4" candidate_term: 2 candidate_status { last_received { term: 1 index: 11 } } ignore_live_leader: false dest_uuid: "f66b059508ad4382843ecca52ea091a3"
I20260630 12:33:59.587399  5091 raft_consensus.cc:3060] T 00000000000000000000000000000000 P f66b059508ad4382843ecca52ea091a3 [term 1 FOLLOWER]: Advancing to term 2
W20260630 12:33:59.589671  5003 leader_election.cc:336] T 00000000000000000000000000000000 P aeb5b83192ab44a3aae078e5826afeb4 [CANDIDATE]: Term 2 election: RPC error from VoteRequest() call to peer 76b5c50eb3bc4ee592da03bddd682aa4 (127.3.212.60:41715): Network error: Client connection negotiation failed: client connection to 127.3.212.60:41715: connect: Connection refused (error 111)
I20260630 12:33:59.592234  5091 raft_consensus.cc:2468] T 00000000000000000000000000000000 P f66b059508ad4382843ecca52ea091a3 [term 2 FOLLOWER]: Leader election vote request: Granting yes vote for candidate aeb5b83192ab44a3aae078e5826afeb4 in term 2.
I20260630 12:33:59.593129  5002 leader_election.cc:304] T 00000000000000000000000000000000 P aeb5b83192ab44a3aae078e5826afeb4 [CANDIDATE]: Term 2 election: Election decided. Result: candidate won. Election summary: received 3 responses out of 3 voters: 2 yes votes; 1 no votes. yes voters: aeb5b83192ab44a3aae078e5826afeb4, f66b059508ad4382843ecca52ea091a3; no voters: 76b5c50eb3bc4ee592da03bddd682aa4
I20260630 12:33:59.593765  5529 raft_consensus.cc:2804] T 00000000000000000000000000000000 P aeb5b83192ab44a3aae078e5826afeb4 [term 2 FOLLOWER]: Leader election won for term 2
I20260630 12:33:59.594779  5529 raft_consensus.cc:697] T 00000000000000000000000000000000 P aeb5b83192ab44a3aae078e5826afeb4 [term 2 LEADER]: Becoming Leader. State: Replica: aeb5b83192ab44a3aae078e5826afeb4, State: Running, Role: LEADER
I20260630 12:33:59.595510  5529 consensus_queue.cc:237] T 00000000000000000000000000000000 P aeb5b83192ab44a3aae078e5826afeb4 [LEADER]: Queue going to LEADER mode. State: All replicated index: 0, Majority replicated index: 11, Committed index: 11, Last appended: 1.11, Last appended by leader: 11, Current term: 2, Majority size: 2, State: 0, Mode: LEADER, active raft config: opid_index: -1 OBSOLETE_local: false peers { permanent_uuid: "aeb5b83192ab44a3aae078e5826afeb4" member_type: VOTER last_known_addr { host: "127.3.212.62" port: 43859 } } peers { permanent_uuid: "f66b059508ad4382843ecca52ea091a3" member_type: VOTER last_known_addr { host: "127.3.212.61" port: 41075 } } peers { permanent_uuid: "76b5c50eb3bc4ee592da03bddd682aa4" member_type: VOTER last_known_addr { host: "127.3.212.60" port: 41715 } }
I20260630 12:33:59.600682  5532 sys_catalog.cc:455] T 00000000000000000000000000000000 P aeb5b83192ab44a3aae078e5826afeb4 [sys.catalog]: SysCatalogTable state changed. Reason: New leader aeb5b83192ab44a3aae078e5826afeb4. Latest consensus state: current_term: 2 leader_uuid: "aeb5b83192ab44a3aae078e5826afeb4" committed_config { opid_index: -1 OBSOLETE_local: false peers { permanent_uuid: "aeb5b83192ab44a3aae078e5826afeb4" member_type: VOTER last_known_addr { host: "127.3.212.62" port: 43859 } } peers { permanent_uuid: "f66b059508ad4382843ecca52ea091a3" member_type: VOTER last_known_addr { host: "127.3.212.61" port: 41075 } } peers { permanent_uuid: "76b5c50eb3bc4ee592da03bddd682aa4" member_type: VOTER last_known_addr { host: "127.3.212.60" port: 41715 } } }
I20260630 12:33:59.601285  5532 sys_catalog.cc:458] T 00000000000000000000000000000000 P aeb5b83192ab44a3aae078e5826afeb4 [sys.catalog]: This master's current role is: LEADER
I20260630 12:33:59.602856  5534 catalog_manager.cc:1511] Loading table and tablet metadata into memory...
I20260630 12:33:59.608078  5534 catalog_manager.cc:679] Loaded metadata for table test-workload [id=5858ce04eeb34875b79936c86223602a]
I20260630 12:33:59.612566  5534 tablet_loader.cc:96] loaded metadata for tablet 0ee812871900430b8bd441c44ffae670 (table test-workload [id=5858ce04eeb34875b79936c86223602a])
I20260630 12:33:59.613976  5534 tablet_loader.cc:96] loaded metadata for tablet 5db1ac8fe8d442a7a6ae48ce262b61cd (table test-workload [id=5858ce04eeb34875b79936c86223602a])
I20260630 12:33:59.614785  5534 tablet_loader.cc:96] loaded metadata for tablet 847e382eb51649c1874116d1fcf9eda2 (table test-workload [id=5858ce04eeb34875b79936c86223602a])
I20260630 12:33:59.615814  5534 catalog_manager.cc:1520] Initializing Kudu cluster ID...
I20260630 12:33:59.618712  5534 catalog_manager.cc:1295] Loaded cluster ID: 31d7fb81d69a459297f2a80183106cd1
I20260630 12:33:59.618923  5534 catalog_manager.cc:1531] Initializing Kudu internal certificate authority...
I20260630 12:33:59.622339  5534 catalog_manager.cc:1540] Loading token signing keys...
I20260630 12:33:59.625368  5534 catalog_manager.cc:6081] T 00000000000000000000000000000000 P aeb5b83192ab44a3aae078e5826afeb4: Loaded TSK: 0
I20260630 12:33:59.626210  5534 catalog_manager.cc:1550] Initializing in-progress tserver states...
I20260630 12:33:59.788722  5200 auto_leader_rebalancer.cc:141] leader rebalance for table test-workload
I20260630 12:33:59.792418  5200 auto_leader_rebalancer.cc:515] All tables' leader rebalancing finished this round
I20260630 12:33:59.938293  3920 tablet_server.cc:179] TabletServer@127.3.212.1:0 shutting down...
I20260630 12:33:59.958079  3920 ts_tablet_manager.cc:1507] Shutting down tablet manager...
I20260630 12:33:59.958774  3920 tablet_replica.cc:333] T 0ee812871900430b8bd441c44ffae670 P f445901a6ed84127a0ee0924d00453ba: stopping tablet replica
I20260630 12:33:59.959379  3920 raft_consensus.cc:2243] T 0ee812871900430b8bd441c44ffae670 P f445901a6ed84127a0ee0924d00453ba [term 1 LEADER]: Raft consensus shutting down.
I20260630 12:33:59.959867  3920 raft_consensus.cc:2272] T 0ee812871900430b8bd441c44ffae670 P f445901a6ed84127a0ee0924d00453ba [term 1 FOLLOWER]: Raft consensus is shut down!
I20260630 12:33:59.979141  3920 tablet_server.cc:196] TabletServer@127.3.212.1:0 shutdown complete.
I20260630 12:33:59.988855  3920 tablet_server.cc:179] TabletServer@127.3.212.2:0 shutting down...
I20260630 12:34:00.009101  3920 ts_tablet_manager.cc:1507] Shutting down tablet manager...
I20260630 12:34:00.009886  3920 tablet_replica.cc:333] T 847e382eb51649c1874116d1fcf9eda2 P 4d40cbfdc2dc42b692a2c37667574fa3: stopping tablet replica
I20260630 12:34:00.010492  3920 raft_consensus.cc:2243] T 847e382eb51649c1874116d1fcf9eda2 P 4d40cbfdc2dc42b692a2c37667574fa3 [term 1 LEADER]: Raft consensus shutting down.
I20260630 12:34:00.011013  3920 raft_consensus.cc:2272] T 847e382eb51649c1874116d1fcf9eda2 P 4d40cbfdc2dc42b692a2c37667574fa3 [term 1 FOLLOWER]: Raft consensus is shut down!
I20260630 12:34:00.029726  3920 tablet_server.cc:196] TabletServer@127.3.212.2:0 shutdown complete.
I20260630 12:34:00.039134  3920 tablet_server.cc:179] TabletServer@127.3.212.3:0 shutting down...
I20260630 12:34:00.059235  3920 ts_tablet_manager.cc:1507] Shutting down tablet manager...
I20260630 12:34:00.059973  3920 tablet_replica.cc:333] T 5db1ac8fe8d442a7a6ae48ce262b61cd P 2d8d44badae24ee795f3aee6d1aeb434: stopping tablet replica
I20260630 12:34:00.060510  3920 raft_consensus.cc:2243] T 5db1ac8fe8d442a7a6ae48ce262b61cd P 2d8d44badae24ee795f3aee6d1aeb434 [term 1 LEADER]: Raft consensus shutting down.
I20260630 12:34:00.060994  3920 raft_consensus.cc:2272] T 5db1ac8fe8d442a7a6ae48ce262b61cd P 2d8d44badae24ee795f3aee6d1aeb434 [term 1 FOLLOWER]: Raft consensus is shut down!
W20260630 12:34:00.073952  5003 consensus_peers.cc:597] T 00000000000000000000000000000000 P aeb5b83192ab44a3aae078e5826afeb4 -> Peer 76b5c50eb3bc4ee592da03bddd682aa4 (127.3.212.60:41715): Couldn't send request to peer 76b5c50eb3bc4ee592da03bddd682aa4. Status: Network error: Client connection negotiation failed: client connection to 127.3.212.60:41715: connect: Connection refused (error 111). This is attempt 1: this message will repeat every 5th retry.
I20260630 12:34:00.079391  5091 raft_consensus.cc:1275] T 00000000000000000000000000000000 P f66b059508ad4382843ecca52ea091a3 [term 2 FOLLOWER]: Refusing update from remote peer aeb5b83192ab44a3aae078e5826afeb4: Log matching property violated. Preceding OpId in replica: term: 1 index: 11. Preceding OpId from leader: term: 2 index: 12. (index mismatch)
I20260630 12:34:00.080600  5532 consensus_queue.cc:1048] T 00000000000000000000000000000000 P aeb5b83192ab44a3aae078e5826afeb4 [LEADER]: Connected to new peer: Peer: permanent_uuid: "f66b059508ad4382843ecca52ea091a3" member_type: VOTER last_known_addr { host: "127.3.212.61" port: 41075 }, Status: LMP_MISMATCH, Last received: 0.0, Next index: 12, Last known committed idx: 11, Time since last communication: 0.000s
I20260630 12:34:00.086479  5535 sys_catalog.cc:455] T 00000000000000000000000000000000 P f66b059508ad4382843ecca52ea091a3 [sys.catalog]: SysCatalogTable state changed. Reason: New leader aeb5b83192ab44a3aae078e5826afeb4. Latest consensus state: current_term: 2 leader_uuid: "aeb5b83192ab44a3aae078e5826afeb4" committed_config { opid_index: -1 OBSOLETE_local: false peers { permanent_uuid: "aeb5b83192ab44a3aae078e5826afeb4" member_type: VOTER last_known_addr { host: "127.3.212.62" port: 43859 } } peers { permanent_uuid: "f66b059508ad4382843ecca52ea091a3" member_type: VOTER last_known_addr { host: "127.3.212.61" port: 41075 } } peers { permanent_uuid: "76b5c50eb3bc4ee592da03bddd682aa4" member_type: VOTER last_known_addr { host: "127.3.212.60" port: 41715 } } }
I20260630 12:34:00.087236  5535 sys_catalog.cc:458] T 00000000000000000000000000000000 P f66b059508ad4382843ecca52ea091a3 [sys.catalog]: This master's current role is: FOLLOWER
I20260630 12:34:00.088465  5529 sys_catalog.cc:455] T 00000000000000000000000000000000 P aeb5b83192ab44a3aae078e5826afeb4 [sys.catalog]: SysCatalogTable state changed. Reason: Peer health change. Latest consensus state: current_term: 2 leader_uuid: "aeb5b83192ab44a3aae078e5826afeb4" committed_config { opid_index: -1 OBSOLETE_local: false peers { permanent_uuid: "aeb5b83192ab44a3aae078e5826afeb4" member_type: VOTER last_known_addr { host: "127.3.212.62" port: 43859 } } peers { permanent_uuid: "f66b059508ad4382843ecca52ea091a3" member_type: VOTER last_known_addr { host: "127.3.212.61" port: 41075 } } peers { permanent_uuid: "76b5c50eb3bc4ee592da03bddd682aa4" member_type: VOTER last_known_addr { host: "127.3.212.60" port: 41715 } } }
I20260630 12:34:00.089218  5529 sys_catalog.cc:458] T 00000000000000000000000000000000 P aeb5b83192ab44a3aae078e5826afeb4 [sys.catalog]: This master's current role is: LEADER
I20260630 12:34:00.089965  5535 sys_catalog.cc:455] T 00000000000000000000000000000000 P f66b059508ad4382843ecca52ea091a3 [sys.catalog]: SysCatalogTable state changed. Reason: Replicated consensus-only round. Latest consensus state: current_term: 2 leader_uuid: "aeb5b83192ab44a3aae078e5826afeb4" committed_config { opid_index: -1 OBSOLETE_local: false peers { permanent_uuid: "aeb5b83192ab44a3aae078e5826afeb4" member_type: VOTER last_known_addr { host: "127.3.212.62" port: 43859 } } peers { permanent_uuid: "f66b059508ad4382843ecca52ea091a3" member_type: VOTER last_known_addr { host: "127.3.212.61" port: 41075 } } peers { permanent_uuid: "76b5c50eb3bc4ee592da03bddd682aa4" member_type: VOTER last_known_addr { host: "127.3.212.60" port: 41715 } } }
I20260630 12:34:00.090672  5535 sys_catalog.cc:458] T 00000000000000000000000000000000 P f66b059508ad4382843ecca52ea091a3 [sys.catalog]: This master's current role is: FOLLOWER
W20260630 12:34:00.865741  5460 debug-util.cc:398] Leaking SignalData structure 0x7b08000a6440 after lost signal to thread 3923
W20260630 12:34:00.866685  5460 debug-util.cc:398] Leaking SignalData structure 0x7b08000abb20 after lost signal to thread 5050
W20260630 12:34:00.867413  5460 debug-util.cc:398] Leaking SignalData structure 0x7b0800091220 after lost signal to thread 5115
W20260630 12:34:01.077827  3920 thread.cc:527] Waited for 1000ms trying to join with diag-logger (tid 5460)
I20260630 12:34:01.794363  5200 auto_leader_rebalancer.cc:141] leader rebalance for table test-workload
I20260630 12:34:01.796408  5200 auto_leader_rebalancer.cc:515] All tables' leader rebalancing finished this round
W20260630 12:34:02.078356  3920 thread.cc:527] Waited for 2000ms trying to join with diag-logger (tid 5460)
W20260630 12:34:02.717986  5003 consensus_peers.cc:597] T 00000000000000000000000000000000 P aeb5b83192ab44a3aae078e5826afeb4 -> Peer 76b5c50eb3bc4ee592da03bddd682aa4 (127.3.212.60:41715): Couldn't send request to peer 76b5c50eb3bc4ee592da03bddd682aa4. Status: Network error: Client connection negotiation failed: client connection to 127.3.212.60:41715: connect: Connection refused (error 111). This is attempt 6: this message will repeat every 5th retry.
W20260630 12:34:03.078796  3920 thread.cc:527] Waited for 3000ms trying to join with diag-logger (tid 5460)
I20260630 12:34:03.508896  3920 tablet_server.cc:196] TabletServer@127.3.212.3:0 shutdown complete.
I20260630 12:34:03.519819  3920 master.cc:562] Master@127.3.212.62:43859 shutting down...
I20260630 12:34:03.539824  3920 raft_consensus.cc:2243] T 00000000000000000000000000000000 P aeb5b83192ab44a3aae078e5826afeb4 [term 2 LEADER]: Raft consensus shutting down.
I20260630 12:34:03.540822  3920 raft_consensus.cc:2272] T 00000000000000000000000000000000 P aeb5b83192ab44a3aae078e5826afeb4 [term 2 FOLLOWER]: Raft consensus is shut down!
I20260630 12:34:03.541231  3920 tablet_replica.cc:333] T 00000000000000000000000000000000 P aeb5b83192ab44a3aae078e5826afeb4: stopping tablet replica
I20260630 12:34:03.560804  3920 master.cc:584] Master@127.3.212.62:43859 shutdown complete.
I20260630 12:34:03.573022  3920 master.cc:562] Master@127.3.212.61:41075 shutting down...
I20260630 12:34:03.589404  3920 raft_consensus.cc:2243] T 00000000000000000000000000000000 P f66b059508ad4382843ecca52ea091a3 [term 2 FOLLOWER]: Raft consensus shutting down.
I20260630 12:34:03.589882  3920 raft_consensus.cc:2272] T 00000000000000000000000000000000 P f66b059508ad4382843ecca52ea091a3 [term 2 FOLLOWER]: Raft consensus is shut down!
I20260630 12:34:03.590150  3920 tablet_replica.cc:333] T 00000000000000000000000000000000 P f66b059508ad4382843ecca52ea091a3: stopping tablet replica
I20260630 12:34:03.625066  3920 master.cc:584] Master@127.3.212.61:41075 shutdown complete.
[       OK ] AutoRebalancerTest.NextLeaderResumesAutoRebalancing (10243 ms)
[ RUN      ] AutoRebalancerTest.MovesScheduledIfAddTserver
I20260630 12:34:03.656903  3920 internal_mini_cluster.cc:156] Creating distributed mini masters. Addrs: 127.3.212.62:41769
I20260630 12:34:03.658052  3920 file_cache.cc:492] Constructed file cache file cache with capacity 419430
W20260630 12:34:03.663594  5544 instance_detector.cc:116] could not retrieve Azure instance metadata: Network error: curl error: HTTP response code said error: The requested URL returned error: 404
W20260630 12:34:03.663687  5543 instance_detector.cc:116] could not retrieve AWS instance metadata: Network error: curl error: HTTP response code said error: The requested URL returned error: 404
W20260630 12:34:03.664992  5546 instance_detector.cc:116] could not retrieve OpenStack instance metadata: Network error: curl error: HTTP response code said error: The requested URL returned error: 404
I20260630 12:34:03.665964  3920 server_base.cc:1061] running on GCE node
I20260630 12:34:03.666730  3920 hybrid_clock.cc:584] initializing the hybrid clock with 'system_unsync' time source
W20260630 12:34:03.666906  3920 system_unsync_time.cc:38] NTP support is disabled. Clock error bounds will not be accurate. This configuration is not suitable for distributed clusters.
I20260630 12:34:03.667022  3920 hybrid_clock.cc:648] HybridClock initialized: now 1782822843667011 us; error 0 us; skew 500 ppm
I20260630 12:34:03.667690  3920 server_base.cc:861] Flag tcmalloc_max_total_thread_cache_bytes is not working since tcmalloc is not enabled.
I20260630 12:34:03.669859  3920 webserver.cc:533] Webserver started at http://127.3.212.62:38371/ using document root <none> and password file <none>
I20260630 12:34:03.670266  3920 fs_manager.cc:362] Metadata directory not provided
I20260630 12:34:03.670428  3920 fs_manager.cc:368] Using write-ahead log directory (fs_wal_dir) as metadata directory
I20260630 12:34:03.670656  3920 server_base.cc:909] This appears to be a new deployment of Kudu; creating new FS layout
I20260630 12:34:03.671778  3920 fs_manager.cc:1068] Generated new instance metadata in path /tmp/dist-test-taskt4r26_/test-tmp/auto_rebalancer-test.0.AutoRebalancerTest.MovesScheduledIfAddTserver.1782822816480602-3920-0/minicluster-data/master-0-root/instance:
uuid: "89c4b7315eb54cd59729ce83300bf337"
format_stamp: "Formatted at 2026-06-30 12:34:03 on dist-test-slave-cxlk"
I20260630 12:34:03.675879  3920 fs_manager.cc:696] Time spent creating directory manager: real 0.004s	user 0.004s	sys 0.000s
I20260630 12:34:03.678902  5551 log_block_manager.cc:4031] Time spent loading block containers with low live blocks: real 0.000s	user 0.000s	sys 0.000s
I20260630 12:34:03.679647  3920 fs_manager.cc:730] Time spent opening block manager: real 0.002s	user 0.003s	sys 0.000s
I20260630 12:34:03.679920  3920 fs_manager.cc:647] Opened local filesystem: /tmp/dist-test-taskt4r26_/test-tmp/auto_rebalancer-test.0.AutoRebalancerTest.MovesScheduledIfAddTserver.1782822816480602-3920-0/minicluster-data/master-0-root
uuid: "89c4b7315eb54cd59729ce83300bf337"
format_stamp: "Formatted at 2026-06-30 12:34:03 on dist-test-slave-cxlk"
I20260630 12:34:03.680176  3920 fs_report.cc:389] FS layout report
--------------------
wal directory: /tmp/dist-test-taskt4r26_/test-tmp/auto_rebalancer-test.0.AutoRebalancerTest.MovesScheduledIfAddTserver.1782822816480602-3920-0/minicluster-data/master-0-root
metadata directory: /tmp/dist-test-taskt4r26_/test-tmp/auto_rebalancer-test.0.AutoRebalancerTest.MovesScheduledIfAddTserver.1782822816480602-3920-0/minicluster-data/master-0-root
1 data directories: /tmp/dist-test-taskt4r26_/test-tmp/auto_rebalancer-test.0.AutoRebalancerTest.MovesScheduledIfAddTserver.1782822816480602-3920-0/minicluster-data/master-0-root/data
Total live blocks: 0
Total live bytes: 0
Total live bytes (after alignment): 0
Total number of LBM containers: 0 (0 full)
Did not check for missing blocks
Did not check for orphaned blocks
Total full LBM containers with extra space: 0 (0 repaired)
Total full LBM container extra space in bytes: 0 (0 repaired)
Total incomplete LBM containers: 0 (0 repaired)
Total LBM partial records: 0 (0 repaired)
Total corrupted LBM metadata records in RocksDB: 0 (0 repaired)
I20260630 12:34:03.695735  3920 rpc_server.cc:225] running with OpenSSL 1.1.1  11 Sep 2018
I20260630 12:34:03.696872  3920 kserver.cc:163] Server-wide thread pool size limit: 3276
I20260630 12:34:03.733037  3920 rpc_server.cc:307] RPC server started. Bound to: 127.3.212.62:41769
I20260630 12:34:03.733132  5602 acceptor_pool.cc:272] collecting diagnostics on the listening RPC socket 127.3.212.62:41769 every 8 connection(s)
I20260630 12:34:03.736789  5603 data_dirs.cc:400] Could only allocate 1 dirs of requested 3 for tablet 00000000000000000000000000000000. 1 dirs total, 0 dirs full, 0 dirs failed
I20260630 12:34:03.746194  5603 tablet_bootstrap.cc:492] T 00000000000000000000000000000000 P 89c4b7315eb54cd59729ce83300bf337: Bootstrap starting.
I20260630 12:34:03.750633  5603 tablet_bootstrap.cc:654] T 00000000000000000000000000000000 P 89c4b7315eb54cd59729ce83300bf337: Neither blocks nor log segments found. Creating new log.
I20260630 12:34:03.754475  5603 tablet_bootstrap.cc:492] T 00000000000000000000000000000000 P 89c4b7315eb54cd59729ce83300bf337: No bootstrap required, opened a new log
I20260630 12:34:03.756484  5603 raft_consensus.cc:359] T 00000000000000000000000000000000 P 89c4b7315eb54cd59729ce83300bf337 [term 0 FOLLOWER]: Replica starting. Triggering 0 pending ops. Active config: opid_index: -1 OBSOLETE_local: true peers { permanent_uuid: "89c4b7315eb54cd59729ce83300bf337" member_type: VOTER }
I20260630 12:34:03.756855  5603 raft_consensus.cc:385] T 00000000000000000000000000000000 P 89c4b7315eb54cd59729ce83300bf337 [term 0 FOLLOWER]: Consensus starting up: Expiring failure detector timer to make a prompt election more likely
I20260630 12:34:03.757028  5603 raft_consensus.cc:740] T 00000000000000000000000000000000 P 89c4b7315eb54cd59729ce83300bf337 [term 0 FOLLOWER]: Becoming Follower/Learner. State: Replica: 89c4b7315eb54cd59729ce83300bf337, State: Initialized, Role: FOLLOWER
I20260630 12:34:03.757593  5603 consensus_queue.cc:260] T 00000000000000000000000000000000 P 89c4b7315eb54cd59729ce83300bf337 [NON_LEADER]: Queue going to NON_LEADER mode. State: All replicated index: 0, Majority replicated index: 0, Committed index: 0, Last appended: 0.0, Last appended by leader: 0, Current term: 0, Majority size: -1, State: 0, Mode: NON_LEADER, active raft config: opid_index: -1 OBSOLETE_local: true peers { permanent_uuid: "89c4b7315eb54cd59729ce83300bf337" member_type: VOTER }
I20260630 12:34:03.757990  5603 raft_consensus.cc:399] T 00000000000000000000000000000000 P 89c4b7315eb54cd59729ce83300bf337 [term 0 FOLLOWER]: Only one voter in the Raft config. Triggering election immediately
I20260630 12:34:03.758168  5603 raft_consensus.cc:493] T 00000000000000000000000000000000 P 89c4b7315eb54cd59729ce83300bf337 [term 0 FOLLOWER]: Starting leader election (initial election of a single-replica configuration)
I20260630 12:34:03.758370  5603 raft_consensus.cc:3060] T 00000000000000000000000000000000 P 89c4b7315eb54cd59729ce83300bf337 [term 0 FOLLOWER]: Advancing to term 1
I20260630 12:34:03.762223  5603 raft_consensus.cc:515] T 00000000000000000000000000000000 P 89c4b7315eb54cd59729ce83300bf337 [term 1 FOLLOWER]: Starting leader election with config: opid_index: -1 OBSOLETE_local: true peers { permanent_uuid: "89c4b7315eb54cd59729ce83300bf337" member_type: VOTER }
I20260630 12:34:03.762665  5603 leader_election.cc:304] T 00000000000000000000000000000000 P 89c4b7315eb54cd59729ce83300bf337 [CANDIDATE]: Term 1 election: Election decided. Result: candidate won. Election summary: received 1 responses out of 1 voters: 1 yes votes; 0 no votes. yes voters: 89c4b7315eb54cd59729ce83300bf337; no voters: 
I20260630 12:34:03.763736  5603 leader_election.cc:290] T 00000000000000000000000000000000 P 89c4b7315eb54cd59729ce83300bf337 [CANDIDATE]: Term 1 election: Requested vote from peers 
I20260630 12:34:03.764144  5606 raft_consensus.cc:2804] T 00000000000000000000000000000000 P 89c4b7315eb54cd59729ce83300bf337 [term 1 FOLLOWER]: Leader election won for term 1
I20260630 12:34:03.765399  5606 raft_consensus.cc:697] T 00000000000000000000000000000000 P 89c4b7315eb54cd59729ce83300bf337 [term 1 LEADER]: Becoming Leader. State: Replica: 89c4b7315eb54cd59729ce83300bf337, State: Running, Role: LEADER
I20260630 12:34:03.766042  5606 consensus_queue.cc:237] T 00000000000000000000000000000000 P 89c4b7315eb54cd59729ce83300bf337 [LEADER]: Queue going to LEADER mode. State: All replicated index: 0, Majority replicated index: 0, Committed index: 0, Last appended: 0.0, Last appended by leader: 0, Current term: 1, Majority size: 1, State: 0, Mode: LEADER, active raft config: opid_index: -1 OBSOLETE_local: true peers { permanent_uuid: "89c4b7315eb54cd59729ce83300bf337" member_type: VOTER }
I20260630 12:34:03.766641  5603 sys_catalog.cc:565] T 00000000000000000000000000000000 P 89c4b7315eb54cd59729ce83300bf337 [sys.catalog]: configured and running, proceeding with master startup.
I20260630 12:34:03.769212  5607 sys_catalog.cc:455] T 00000000000000000000000000000000 P 89c4b7315eb54cd59729ce83300bf337 [sys.catalog]: SysCatalogTable state changed. Reason: RaftConsensus started. Latest consensus state: current_term: 1 leader_uuid: "89c4b7315eb54cd59729ce83300bf337" committed_config { opid_index: -1 OBSOLETE_local: true peers { permanent_uuid: "89c4b7315eb54cd59729ce83300bf337" member_type: VOTER } }
I20260630 12:34:03.769277  5608 sys_catalog.cc:455] T 00000000000000000000000000000000 P 89c4b7315eb54cd59729ce83300bf337 [sys.catalog]: SysCatalogTable state changed. Reason: New leader 89c4b7315eb54cd59729ce83300bf337. Latest consensus state: current_term: 1 leader_uuid: "89c4b7315eb54cd59729ce83300bf337" committed_config { opid_index: -1 OBSOLETE_local: true peers { permanent_uuid: "89c4b7315eb54cd59729ce83300bf337" member_type: VOTER } }
I20260630 12:34:03.769964  5607 sys_catalog.cc:458] T 00000000000000000000000000000000 P 89c4b7315eb54cd59729ce83300bf337 [sys.catalog]: This master's current role is: LEADER
I20260630 12:34:03.770030  5608 sys_catalog.cc:458] T 00000000000000000000000000000000 P 89c4b7315eb54cd59729ce83300bf337 [sys.catalog]: This master's current role is: LEADER
I20260630 12:34:03.773006  5612 catalog_manager.cc:1511] Loading table and tablet metadata into memory...
I20260630 12:34:03.777935  5612 catalog_manager.cc:1520] Initializing Kudu cluster ID...
I20260630 12:34:03.786811  3920 internal_mini_cluster.cc:184] Waiting to initialize catalog manager on master 0
I20260630 12:34:03.787439  5612 catalog_manager.cc:1383] Generated new cluster ID: 934cb89d44da4830863b6189b3d1414f
I20260630 12:34:03.787739  5612 catalog_manager.cc:1531] Initializing Kudu internal certificate authority...
I20260630 12:34:03.816088  5612 catalog_manager.cc:1406] Generated new certificate authority record
I20260630 12:34:03.817342  5612 catalog_manager.cc:1540] Loading token signing keys...
I20260630 12:34:03.832532  5612 catalog_manager.cc:6070] T 00000000000000000000000000000000 P 89c4b7315eb54cd59729ce83300bf337: Generated new TSK 0
I20260630 12:34:03.833431  5612 catalog_manager.cc:1550] Initializing in-progress tserver states...
I20260630 12:34:03.852873  3920 file_cache.cc:492] Constructed file cache file cache with capacity 419430
W20260630 12:34:03.859010  5624 instance_detector.cc:116] could not retrieve AWS instance metadata: Network error: curl error: HTTP response code said error: The requested URL returned error: 404
W20260630 12:34:03.859360  5625 instance_detector.cc:116] could not retrieve Azure instance metadata: Network error: curl error: HTTP response code said error: The requested URL returned error: 404
W20260630 12:34:03.862771  5627 instance_detector.cc:116] could not retrieve OpenStack instance metadata: Network error: curl error: HTTP response code said error: The requested URL returned error: 404
I20260630 12:34:03.863125  3920 server_base.cc:1061] running on GCE node
I20260630 12:34:03.864037  3920 hybrid_clock.cc:584] initializing the hybrid clock with 'system_unsync' time source
W20260630 12:34:03.864256  3920 system_unsync_time.cc:38] NTP support is disabled. Clock error bounds will not be accurate. This configuration is not suitable for distributed clusters.
I20260630 12:34:03.864440  3920 hybrid_clock.cc:648] HybridClock initialized: now 1782822843864423 us; error 0 us; skew 500 ppm
I20260630 12:34:03.864964  3920 server_base.cc:861] Flag tcmalloc_max_total_thread_cache_bytes is not working since tcmalloc is not enabled.
I20260630 12:34:03.867214  3920 webserver.cc:533] Webserver started at http://127.3.212.1:44895/ using document root <none> and password file <none>
I20260630 12:34:03.867748  3920 fs_manager.cc:362] Metadata directory not provided
I20260630 12:34:03.867957  3920 fs_manager.cc:368] Using write-ahead log directory (fs_wal_dir) as metadata directory
I20260630 12:34:03.868243  3920 server_base.cc:909] This appears to be a new deployment of Kudu; creating new FS layout
I20260630 12:34:03.869300  3920 fs_manager.cc:1068] Generated new instance metadata in path /tmp/dist-test-taskt4r26_/test-tmp/auto_rebalancer-test.0.AutoRebalancerTest.MovesScheduledIfAddTserver.1782822816480602-3920-0/minicluster-data/ts-0-root/instance:
uuid: "4b090bf305314669a99a8ef8f1f6a02d"
format_stamp: "Formatted at 2026-06-30 12:34:03 on dist-test-slave-cxlk"
I20260630 12:34:03.873574  3920 fs_manager.cc:696] Time spent creating directory manager: real 0.004s	user 0.006s	sys 0.000s
I20260630 12:34:03.876808  5632 log_block_manager.cc:4031] Time spent loading block containers with low live blocks: real 0.000s	user 0.000s	sys 0.000s
I20260630 12:34:03.877553  3920 fs_manager.cc:730] Time spent opening block manager: real 0.002s	user 0.001s	sys 0.000s
I20260630 12:34:03.877856  3920 fs_manager.cc:647] Opened local filesystem: /tmp/dist-test-taskt4r26_/test-tmp/auto_rebalancer-test.0.AutoRebalancerTest.MovesScheduledIfAddTserver.1782822816480602-3920-0/minicluster-data/ts-0-root
uuid: "4b090bf305314669a99a8ef8f1f6a02d"
format_stamp: "Formatted at 2026-06-30 12:34:03 on dist-test-slave-cxlk"
I20260630 12:34:03.878156  3920 fs_report.cc:389] FS layout report
--------------------
wal directory: /tmp/dist-test-taskt4r26_/test-tmp/auto_rebalancer-test.0.AutoRebalancerTest.MovesScheduledIfAddTserver.1782822816480602-3920-0/minicluster-data/ts-0-root
metadata directory: /tmp/dist-test-taskt4r26_/test-tmp/auto_rebalancer-test.0.AutoRebalancerTest.MovesScheduledIfAddTserver.1782822816480602-3920-0/minicluster-data/ts-0-root
1 data directories: /tmp/dist-test-taskt4r26_/test-tmp/auto_rebalancer-test.0.AutoRebalancerTest.MovesScheduledIfAddTserver.1782822816480602-3920-0/minicluster-data/ts-0-root/data
Total live blocks: 0
Total live bytes: 0
Total live bytes (after alignment): 0
Total number of LBM containers: 0 (0 full)
Did not check for missing blocks
Did not check for orphaned blocks
Total full LBM containers with extra space: 0 (0 repaired)
Total full LBM container extra space in bytes: 0 (0 repaired)
Total incomplete LBM containers: 0 (0 repaired)
Total LBM partial records: 0 (0 repaired)
Total corrupted LBM metadata records in RocksDB: 0 (0 repaired)
I20260630 12:34:03.889593  3920 rpc_server.cc:225] running with OpenSSL 1.1.1  11 Sep 2018
I20260630 12:34:03.890717  3920 kserver.cc:163] Server-wide thread pool size limit: 3276
I20260630 12:34:03.892148  3920 txn_system_client.cc:432] TxnSystemClient initialization is disabled...
I20260630 12:34:03.894368  3920 ts_tablet_manager.cc:585] Loaded tablet metadata (0 total tablets, 0 live tablets)
I20260630 12:34:03.894599  3920 ts_tablet_manager.cc:531] Time spent load tablet metadata: real 0.000s	user 0.000s	sys 0.000s
I20260630 12:34:03.894838  3920 ts_tablet_manager.cc:616] Registered 0 tablets
I20260630 12:34:03.895025  3920 ts_tablet_manager.cc:595] Time spent register tablets: real 0.000s	user 0.000s	sys 0.000s
I20260630 12:34:03.933988  3920 rpc_server.cc:307] RPC server started. Bound to: 127.3.212.1:42989
I20260630 12:34:03.934085  5694 acceptor_pool.cc:272] collecting diagnostics on the listening RPC socket 127.3.212.1:42989 every 8 connection(s)
I20260630 12:34:03.938975  3920 file_cache.cc:492] Constructed file cache file cache with capacity 419430
W20260630 12:34:03.946506  5699 instance_detector.cc:116] could not retrieve AWS instance metadata: Network error: curl error: HTTP response code said error: The requested URL returned error: 404
W20260630 12:34:03.947773  5700 instance_detector.cc:116] could not retrieve Azure instance metadata: Network error: curl error: HTTP response code said error: The requested URL returned error: 404
I20260630 12:34:03.949702  3920 server_base.cc:1061] running on GCE node
W20260630 12:34:03.951049  5703 instance_detector.cc:116] could not retrieve OpenStack instance metadata: Network error: curl error: HTTP response code said error: The requested URL returned error: 404
I20260630 12:34:03.951910  3920 hybrid_clock.cc:584] initializing the hybrid clock with 'system_unsync' time source
W20260630 12:34:03.952142  3920 system_unsync_time.cc:38] NTP support is disabled. Clock error bounds will not be accurate. This configuration is not suitable for distributed clusters.
I20260630 12:34:03.952316  3920 hybrid_clock.cc:648] HybridClock initialized: now 1782822843952301 us; error 0 us; skew 500 ppm
I20260630 12:34:03.952777  3920 server_base.cc:861] Flag tcmalloc_max_total_thread_cache_bytes is not working since tcmalloc is not enabled.
I20260630 12:34:03.955232  3920 webserver.cc:533] Webserver started at http://127.3.212.2:33631/ using document root <none> and password file <none>
I20260630 12:34:03.955839  3920 fs_manager.cc:362] Metadata directory not provided
I20260630 12:34:03.956104  3920 fs_manager.cc:368] Using write-ahead log directory (fs_wal_dir) as metadata directory
I20260630 12:34:03.956425  3920 server_base.cc:909] This appears to be a new deployment of Kudu; creating new FS layout
I20260630 12:34:03.957314  5695 heartbeater.cc:344] Connected to a master server at 127.3.212.62:41769
I20260630 12:34:03.957558  3920 fs_manager.cc:1068] Generated new instance metadata in path /tmp/dist-test-taskt4r26_/test-tmp/auto_rebalancer-test.0.AutoRebalancerTest.MovesScheduledIfAddTserver.1782822816480602-3920-0/minicluster-data/ts-1-root/instance:
uuid: "06fbdcc7552947de925cd5ab09504944"
format_stamp: "Formatted at 2026-06-30 12:34:03 on dist-test-slave-cxlk"
I20260630 12:34:03.957726  5695 heartbeater.cc:461] Registering TS with master...
I20260630 12:34:03.958608  5695 heartbeater.cc:507] Master 127.3.212.62:41769 requested a full tablet report, sending...
I20260630 12:34:03.960770  5568 ts_manager.cc:194] Registered new tserver with Master: 4b090bf305314669a99a8ef8f1f6a02d (127.3.212.1:42989)
I20260630 12:34:03.962508  3920 fs_manager.cc:696] Time spent creating directory manager: real 0.004s	user 0.006s	sys 0.000s
I20260630 12:34:03.962859  5568 master_service.cc:502] Signed X509 certificate for tserver {username='slave'} at 127.0.0.1:33710
I20260630 12:34:03.965957  5707 log_block_manager.cc:4031] Time spent loading block containers with low live blocks: real 0.000s	user 0.000s	sys 0.000s
I20260630 12:34:03.966657  3920 fs_manager.cc:730] Time spent opening block manager: real 0.002s	user 0.002s	sys 0.000s
I20260630 12:34:03.966941  3920 fs_manager.cc:647] Opened local filesystem: /tmp/dist-test-taskt4r26_/test-tmp/auto_rebalancer-test.0.AutoRebalancerTest.MovesScheduledIfAddTserver.1782822816480602-3920-0/minicluster-data/ts-1-root
uuid: "06fbdcc7552947de925cd5ab09504944"
format_stamp: "Formatted at 2026-06-30 12:34:03 on dist-test-slave-cxlk"
I20260630 12:34:03.967206  3920 fs_report.cc:389] FS layout report
--------------------
wal directory: /tmp/dist-test-taskt4r26_/test-tmp/auto_rebalancer-test.0.AutoRebalancerTest.MovesScheduledIfAddTserver.1782822816480602-3920-0/minicluster-data/ts-1-root
metadata directory: /tmp/dist-test-taskt4r26_/test-tmp/auto_rebalancer-test.0.AutoRebalancerTest.MovesScheduledIfAddTserver.1782822816480602-3920-0/minicluster-data/ts-1-root
1 data directories: /tmp/dist-test-taskt4r26_/test-tmp/auto_rebalancer-test.0.AutoRebalancerTest.MovesScheduledIfAddTserver.1782822816480602-3920-0/minicluster-data/ts-1-root/data
Total live blocks: 0
Total live bytes: 0
Total live bytes (after alignment): 0
Total number of LBM containers: 0 (0 full)
Did not check for missing blocks
Did not check for orphaned blocks
Total full LBM containers with extra space: 0 (0 repaired)
Total full LBM container extra space in bytes: 0 (0 repaired)
Total incomplete LBM containers: 0 (0 repaired)
Total LBM partial records: 0 (0 repaired)
Total corrupted LBM metadata records in RocksDB: 0 (0 repaired)
I20260630 12:34:03.990355  3920 rpc_server.cc:225] running with OpenSSL 1.1.1  11 Sep 2018
I20260630 12:34:03.991529  3920 kserver.cc:163] Server-wide thread pool size limit: 3276
I20260630 12:34:03.992924  3920 txn_system_client.cc:432] TxnSystemClient initialization is disabled...
I20260630 12:34:03.994994  3920 ts_tablet_manager.cc:585] Loaded tablet metadata (0 total tablets, 0 live tablets)
I20260630 12:34:03.995190  3920 ts_tablet_manager.cc:531] Time spent load tablet metadata: real 0.000s	user 0.000s	sys 0.000s
I20260630 12:34:03.995464  3920 ts_tablet_manager.cc:616] Registered 0 tablets
I20260630 12:34:03.995618  3920 ts_tablet_manager.cc:595] Time spent register tablets: real 0.000s	user 0.000s	sys 0.000s
I20260630 12:34:04.033982  3920 rpc_server.cc:307] RPC server started. Bound to: 127.3.212.2:46557
I20260630 12:34:04.034077  5769 acceptor_pool.cc:272] collecting diagnostics on the listening RPC socket 127.3.212.2:46557 every 8 connection(s)
I20260630 12:34:04.038676  3920 file_cache.cc:492] Constructed file cache file cache with capacity 419430
W20260630 12:34:04.045266  5773 instance_detector.cc:116] could not retrieve AWS instance metadata: Network error: curl error: HTTP response code said error: The requested URL returned error: 404
W20260630 12:34:04.045836  5774 instance_detector.cc:116] could not retrieve Azure instance metadata: Network error: curl error: HTTP response code said error: The requested URL returned error: 404
I20260630 12:34:04.050052  3920 server_base.cc:1061] running on GCE node
W20260630 12:34:04.050550  5776 instance_detector.cc:116] could not retrieve OpenStack instance metadata: Network error: curl error: HTTP response code said error: The requested URL returned error: 404
I20260630 12:34:04.051047  5770 heartbeater.cc:344] Connected to a master server at 127.3.212.62:41769
I20260630 12:34:04.051446  5770 heartbeater.cc:461] Registering TS with master...
I20260630 12:34:04.051549  3920 hybrid_clock.cc:584] initializing the hybrid clock with 'system_unsync' time source
W20260630 12:34:04.051855  3920 system_unsync_time.cc:38] NTP support is disabled. Clock error bounds will not be accurate. This configuration is not suitable for distributed clusters.
I20260630 12:34:04.052047  3920 hybrid_clock.cc:648] HybridClock initialized: now 1782822844052031 us; error 0 us; skew 500 ppm
I20260630 12:34:04.052232  5770 heartbeater.cc:507] Master 127.3.212.62:41769 requested a full tablet report, sending...
I20260630 12:34:04.052636  3920 server_base.cc:861] Flag tcmalloc_max_total_thread_cache_bytes is not working since tcmalloc is not enabled.
I20260630 12:34:04.054414  5568 ts_manager.cc:194] Registered new tserver with Master: 06fbdcc7552947de925cd5ab09504944 (127.3.212.2:46557)
I20260630 12:34:04.055441  3920 webserver.cc:533] Webserver started at http://127.3.212.3:46375/ using document root <none> and password file <none>
I20260630 12:34:04.056046  3920 fs_manager.cc:362] Metadata directory not provided
