1 data directories: /tmp/dist-test-tasko1JB34/test-tmp/auto_rebalancer-test.0.AutoRebalancerTest.NoReplicaMovesIfNoTablets.1782821473573380-431-0/minicluster-data/master-0-root/data
Total live blocks: 0
Total live bytes: 0
Total live bytes (after alignment): 0
Total number of LBM containers: 0 (0 full)
Did not check for missing blocks
Did not check for orphaned blocks
Total full LBM containers with extra space: 0 (0 repaired)
Total full LBM container extra space in bytes: 0 (0 repaired)
Total incomplete LBM containers: 0 (0 repaired)
Total LBM partial records: 0 (0 repaired)
Total corrupted LBM metadata records in RocksDB: 0 (0 repaired)
I20260630 12:12:17.763021   431 rpc_server.cc:225] running with OpenSSL 1.1.1  11 Sep 2018
I20260630 12:12:17.764256   431 kserver.cc:163] Server-wide thread pool size limit: 3276
I20260630 12:12:17.805696   431 rpc_server.cc:307] RPC server started. Bound to: 127.0.107.254:37609
I20260630 12:12:17.805791  2705 acceptor_pool.cc:272] collecting diagnostics on the listening RPC socket 127.0.107.254:37609 every 8 connection(s)
I20260630 12:12:17.809957  2706 data_dirs.cc:400] Could only allocate 1 dirs of requested 3 for tablet 00000000000000000000000000000000. 1 dirs total, 0 dirs full, 0 dirs failed
I20260630 12:12:17.822031  2706 tablet_bootstrap.cc:492] T 00000000000000000000000000000000 P 146e2283869c475eaea5e9e6234a49b5: Bootstrap starting.
I20260630 12:12:17.827003  2706 tablet_bootstrap.cc:654] T 00000000000000000000000000000000 P 146e2283869c475eaea5e9e6234a49b5: Neither blocks nor log segments found. Creating new log.
I20260630 12:12:17.831521  2706 tablet_bootstrap.cc:492] T 00000000000000000000000000000000 P 146e2283869c475eaea5e9e6234a49b5: No bootstrap required, opened a new log
I20260630 12:12:17.833905  2706 raft_consensus.cc:359] T 00000000000000000000000000000000 P 146e2283869c475eaea5e9e6234a49b5 [term 0 FOLLOWER]: Replica starting. Triggering 0 pending ops. Active config: opid_index: -1 OBSOLETE_local: true peers { permanent_uuid: "146e2283869c475eaea5e9e6234a49b5" member_type: VOTER }
I20260630 12:12:17.834389  2706 raft_consensus.cc:385] T 00000000000000000000000000000000 P 146e2283869c475eaea5e9e6234a49b5 [term 0 FOLLOWER]: Consensus starting up: Expiring failure detector timer to make a prompt election more likely
I20260630 12:12:17.834664  2706 raft_consensus.cc:740] T 00000000000000000000000000000000 P 146e2283869c475eaea5e9e6234a49b5 [term 0 FOLLOWER]: Becoming Follower/Learner. State: Replica: 146e2283869c475eaea5e9e6234a49b5, State: Initialized, Role: FOLLOWER
I20260630 12:12:17.835304  2706 consensus_queue.cc:260] T 00000000000000000000000000000000 P 146e2283869c475eaea5e9e6234a49b5 [NON_LEADER]: Queue going to NON_LEADER mode. State: All replicated index: 0, Majority replicated index: 0, Committed index: 0, Last appended: 0.0, Last appended by leader: 0, Current term: 0, Majority size: -1, State: 0, Mode: NON_LEADER, active raft config: opid_index: -1 OBSOLETE_local: true peers { permanent_uuid: "146e2283869c475eaea5e9e6234a49b5" member_type: VOTER }
I20260630 12:12:17.835830  2706 raft_consensus.cc:399] T 00000000000000000000000000000000 P 146e2283869c475eaea5e9e6234a49b5 [term 0 FOLLOWER]: Only one voter in the Raft config. Triggering election immediately
I20260630 12:12:17.836066  2706 raft_consensus.cc:493] T 00000000000000000000000000000000 P 146e2283869c475eaea5e9e6234a49b5 [term 0 FOLLOWER]: Starting leader election (initial election of a single-replica configuration)
I20260630 12:12:17.836383  2706 raft_consensus.cc:3060] T 00000000000000000000000000000000 P 146e2283869c475eaea5e9e6234a49b5 [term 0 FOLLOWER]: Advancing to term 1
I20260630 12:12:17.841156  2706 raft_consensus.cc:515] T 00000000000000000000000000000000 P 146e2283869c475eaea5e9e6234a49b5 [term 1 FOLLOWER]: Starting leader election with config: opid_index: -1 OBSOLETE_local: true peers { permanent_uuid: "146e2283869c475eaea5e9e6234a49b5" member_type: VOTER }
I20260630 12:12:17.841725  2706 leader_election.cc:304] T 00000000000000000000000000000000 P 146e2283869c475eaea5e9e6234a49b5 [CANDIDATE]: Term 1 election: Election decided. Result: candidate won. Election summary: received 1 responses out of 1 voters: 1 yes votes; 0 no votes. yes voters: 146e2283869c475eaea5e9e6234a49b5; no voters: 
I20260630 12:12:17.842926  2706 leader_election.cc:290] T 00000000000000000000000000000000 P 146e2283869c475eaea5e9e6234a49b5 [CANDIDATE]: Term 1 election: Requested vote from peers 
I20260630 12:12:17.843410  2709 raft_consensus.cc:2804] T 00000000000000000000000000000000 P 146e2283869c475eaea5e9e6234a49b5 [term 1 FOLLOWER]: Leader election won for term 1
I20260630 12:12:17.844847  2709 raft_consensus.cc:697] T 00000000000000000000000000000000 P 146e2283869c475eaea5e9e6234a49b5 [term 1 LEADER]: Becoming Leader. State: Replica: 146e2283869c475eaea5e9e6234a49b5, State: Running, Role: LEADER
I20260630 12:12:17.845672  2709 consensus_queue.cc:237] T 00000000000000000000000000000000 P 146e2283869c475eaea5e9e6234a49b5 [LEADER]: Queue going to LEADER mode. State: All replicated index: 0, Majority replicated index: 0, Committed index: 0, Last appended: 0.0, Last appended by leader: 0, Current term: 1, Majority size: 1, State: 0, Mode: LEADER, active raft config: opid_index: -1 OBSOLETE_local: true peers { permanent_uuid: "146e2283869c475eaea5e9e6234a49b5" member_type: VOTER }
I20260630 12:12:17.846369  2706 sys_catalog.cc:565] T 00000000000000000000000000000000 P 146e2283869c475eaea5e9e6234a49b5 [sys.catalog]: configured and running, proceeding with master startup.
I20260630 12:12:17.848958  2711 sys_catalog.cc:455] T 00000000000000000000000000000000 P 146e2283869c475eaea5e9e6234a49b5 [sys.catalog]: SysCatalogTable state changed. Reason: New leader 146e2283869c475eaea5e9e6234a49b5. Latest consensus state: current_term: 1 leader_uuid: "146e2283869c475eaea5e9e6234a49b5" committed_config { opid_index: -1 OBSOLETE_local: true peers { permanent_uuid: "146e2283869c475eaea5e9e6234a49b5" member_type: VOTER } }
I20260630 12:12:17.849834  2711 sys_catalog.cc:458] T 00000000000000000000000000000000 P 146e2283869c475eaea5e9e6234a49b5 [sys.catalog]: This master's current role is: LEADER
I20260630 12:12:17.849098  2710 sys_catalog.cc:455] T 00000000000000000000000000000000 P 146e2283869c475eaea5e9e6234a49b5 [sys.catalog]: SysCatalogTable state changed. Reason: RaftConsensus started. Latest consensus state: current_term: 1 leader_uuid: "146e2283869c475eaea5e9e6234a49b5" committed_config { opid_index: -1 OBSOLETE_local: true peers { permanent_uuid: "146e2283869c475eaea5e9e6234a49b5" member_type: VOTER } }
I20260630 12:12:17.851033  2710 sys_catalog.cc:458] T 00000000000000000000000000000000 P 146e2283869c475eaea5e9e6234a49b5 [sys.catalog]: This master's current role is: LEADER
I20260630 12:12:17.852614  2715 catalog_manager.cc:1511] Loading table and tablet metadata into memory...
I20260630 12:12:17.858726  2715 catalog_manager.cc:1520] Initializing Kudu cluster ID...
I20260630 12:12:17.863662   431 internal_mini_cluster.cc:184] Waiting to initialize catalog manager on master 0
I20260630 12:12:17.871271  2715 catalog_manager.cc:1383] Generated new cluster ID: 41c286d0e88a4baf8daed51d756a0ae4
I20260630 12:12:17.871635  2715 catalog_manager.cc:1531] Initializing Kudu internal certificate authority...
I20260630 12:12:17.891722  2715 catalog_manager.cc:1406] Generated new certificate authority record
I20260630 12:12:17.893307  2715 catalog_manager.cc:1540] Loading token signing keys...
I20260630 12:12:17.910171  2715 catalog_manager.cc:6070] T 00000000000000000000000000000000 P 146e2283869c475eaea5e9e6234a49b5: Generated new TSK 0
I20260630 12:12:17.910842  2715 catalog_manager.cc:1550] Initializing in-progress tserver states...
I20260630 12:12:17.930791   431 file_cache.cc:492] Constructed file cache file cache with capacity 419430
W20260630 12:12:17.938053  2727 instance_detector.cc:116] could not retrieve AWS instance metadata: Network error: curl error: HTTP response code said error: The requested URL returned error: 404
W20260630 12:12:17.939188  2728 instance_detector.cc:116] could not retrieve Azure instance metadata: Network error: curl error: HTTP response code said error: The requested URL returned error: 404
I20260630 12:12:17.940783   431 server_base.cc:1061] running on GCE node
W20260630 12:12:17.940836  2730 instance_detector.cc:116] could not retrieve OpenStack instance metadata: Network error: curl error: HTTP response code said error: The requested URL returned error: 404
I20260630 12:12:17.941995   431 hybrid_clock.cc:584] initializing the hybrid clock with 'system_unsync' time source
W20260630 12:12:17.942196   431 system_unsync_time.cc:38] NTP support is disabled. Clock error bounds will not be accurate. This configuration is not suitable for distributed clusters.
I20260630 12:12:17.942319   431 hybrid_clock.cc:648] HybridClock initialized: now 1782821537942308 us; error 0 us; skew 500 ppm
I20260630 12:12:17.942828   431 server_base.cc:861] Flag tcmalloc_max_total_thread_cache_bytes is not working since tcmalloc is not enabled.
I20260630 12:12:17.945374   431 webserver.cc:533] Webserver started at http://127.0.107.193:39745/ using document root <none> and password file <none>
I20260630 12:12:17.945825   431 fs_manager.cc:362] Metadata directory not provided
I20260630 12:12:17.945982   431 fs_manager.cc:368] Using write-ahead log directory (fs_wal_dir) as metadata directory
I20260630 12:12:17.946197   431 server_base.cc:909] This appears to be a new deployment of Kudu; creating new FS layout
I20260630 12:12:17.947371   431 fs_manager.cc:1068] Generated new instance metadata in path /tmp/dist-test-tasko1JB34/test-tmp/auto_rebalancer-test.0.AutoRebalancerTest.NoReplicaMovesIfNoTablets.1782821473573380-431-0/minicluster-data/ts-0-root/instance:
uuid: "83328aac65e04a579b2e815027dec4bd"
format_stamp: "Formatted at 2026-06-30 12:12:17 on dist-test-slave-z8mm"
I20260630 12:12:17.952152   431 fs_manager.cc:696] Time spent creating directory manager: real 0.004s	user 0.006s	sys 0.000s
I20260630 12:12:17.955701  2735 log_block_manager.cc:4031] Time spent loading block containers with low live blocks: real 0.000s	user 0.000s	sys 0.000s
I20260630 12:12:17.956632   431 fs_manager.cc:730] Time spent opening block manager: real 0.002s	user 0.002s	sys 0.000s
I20260630 12:12:17.957006   431 fs_manager.cc:647] Opened local filesystem: /tmp/dist-test-tasko1JB34/test-tmp/auto_rebalancer-test.0.AutoRebalancerTest.NoReplicaMovesIfNoTablets.1782821473573380-431-0/minicluster-data/ts-0-root
uuid: "83328aac65e04a579b2e815027dec4bd"
format_stamp: "Formatted at 2026-06-30 12:12:17 on dist-test-slave-z8mm"
I20260630 12:12:17.957324   431 fs_report.cc:389] FS layout report
--------------------
wal directory: /tmp/dist-test-tasko1JB34/test-tmp/auto_rebalancer-test.0.AutoRebalancerTest.NoReplicaMovesIfNoTablets.1782821473573380-431-0/minicluster-data/ts-0-root
metadata directory: /tmp/dist-test-tasko1JB34/test-tmp/auto_rebalancer-test.0.AutoRebalancerTest.NoReplicaMovesIfNoTablets.1782821473573380-431-0/minicluster-data/ts-0-root
1 data directories: /tmp/dist-test-tasko1JB34/test-tmp/auto_rebalancer-test.0.AutoRebalancerTest.NoReplicaMovesIfNoTablets.1782821473573380-431-0/minicluster-data/ts-0-root/data
Total live blocks: 0
Total live bytes: 0
Total live bytes (after alignment): 0
Total number of LBM containers: 0 (0 full)
Did not check for missing blocks
Did not check for orphaned blocks
Total full LBM containers with extra space: 0 (0 repaired)
Total full LBM container extra space in bytes: 0 (0 repaired)
Total incomplete LBM containers: 0 (0 repaired)
Total LBM partial records: 0 (0 repaired)
Total corrupted LBM metadata records in RocksDB: 0 (0 repaired)
I20260630 12:12:17.986135   431 rpc_server.cc:225] running with OpenSSL 1.1.1  11 Sep 2018
I20260630 12:12:17.987433   431 kserver.cc:163] Server-wide thread pool size limit: 3276
I20260630 12:12:17.988988   431 txn_system_client.cc:432] TxnSystemClient initialization is disabled...
I20260630 12:12:17.991529   431 ts_tablet_manager.cc:585] Loaded tablet metadata (0 total tablets, 0 live tablets)
I20260630 12:12:17.991762   431 ts_tablet_manager.cc:531] Time spent load tablet metadata: real 0.000s	user 0.000s	sys 0.000s
I20260630 12:12:17.992022   431 ts_tablet_manager.cc:616] Registered 0 tablets
I20260630 12:12:17.992213   431 ts_tablet_manager.cc:595] Time spent register tablets: real 0.000s	user 0.000s	sys 0.000s
I20260630 12:12:18.035122   431 rpc_server.cc:307] RPC server started. Bound to: 127.0.107.193:35771
I20260630 12:12:18.035219  2797 acceptor_pool.cc:272] collecting diagnostics on the listening RPC socket 127.0.107.193:35771 every 8 connection(s)
I20260630 12:12:18.040484   431 file_cache.cc:492] Constructed file cache file cache with capacity 419430
W20260630 12:12:18.048961  2802 instance_detector.cc:116] could not retrieve AWS instance metadata: Network error: curl error: HTTP response code said error: The requested URL returned error: 404
W20260630 12:12:18.050094  2803 instance_detector.cc:116] could not retrieve Azure instance metadata: Network error: curl error: HTTP response code said error: The requested URL returned error: 404
W20260630 12:12:18.052449  2805 instance_detector.cc:116] could not retrieve OpenStack instance metadata: Network error: curl error: HTTP response code said error: The requested URL returned error: 404
I20260630 12:12:18.053977   431 server_base.cc:1061] running on GCE node
I20260630 12:12:18.054914   431 hybrid_clock.cc:584] initializing the hybrid clock with 'system_unsync' time source
W20260630 12:12:18.055123   431 system_unsync_time.cc:38] NTP support is disabled. Clock error bounds will not be accurate. This configuration is not suitable for distributed clusters.
I20260630 12:12:18.055299   431 hybrid_clock.cc:648] HybridClock initialized: now 1782821538055284 us; error 0 us; skew 500 ppm
I20260630 12:12:18.055790   431 server_base.cc:861] Flag tcmalloc_max_total_thread_cache_bytes is not working since tcmalloc is not enabled.
I20260630 12:12:18.058601   431 webserver.cc:533] Webserver started at http://127.0.107.194:45635/ using document root <none> and password file <none>
I20260630 12:12:18.059361   431 fs_manager.cc:362] Metadata directory not provided
I20260630 12:12:18.059736   431 fs_manager.cc:368] Using write-ahead log directory (fs_wal_dir) as metadata directory
I20260630 12:12:18.060055   431 server_base.cc:909] This appears to be a new deployment of Kudu; creating new FS layout
I20260630 12:12:18.061094  2798 heartbeater.cc:344] Connected to a master server at 127.0.107.254:37609
I20260630 12:12:18.061493  2798 heartbeater.cc:461] Registering TS with master...
I20260630 12:12:18.061439   431 fs_manager.cc:1068] Generated new instance metadata in path /tmp/dist-test-tasko1JB34/test-tmp/auto_rebalancer-test.0.AutoRebalancerTest.NoReplicaMovesIfNoTablets.1782821473573380-431-0/minicluster-data/ts-1-root/instance:
uuid: "89dc3a64d94141429606bb383d7aaf16"
format_stamp: "Formatted at 2026-06-30 12:12:18 on dist-test-slave-z8mm"
I20260630 12:12:18.062366  2798 heartbeater.cc:507] Master 127.0.107.254:37609 requested a full tablet report, sending...
I20260630 12:12:18.064968  2671 ts_manager.cc:194] Registered new tserver with Master: 83328aac65e04a579b2e815027dec4bd (127.0.107.193:35771)
I20260630 12:12:18.067193   431 fs_manager.cc:696] Time spent creating directory manager: real 0.005s	user 0.002s	sys 0.003s
I20260630 12:12:18.067723  2671 master_service.cc:502] Signed X509 certificate for tserver {username='slave'} at 127.0.0.1:53060
I20260630 12:12:18.071363  2810 log_block_manager.cc:4031] Time spent loading block containers with low live blocks: real 0.000s	user 0.000s	sys 0.000s
I20260630 12:12:18.072362   431 fs_manager.cc:730] Time spent opening block manager: real 0.003s	user 0.002s	sys 0.000s
I20260630 12:12:18.072710   431 fs_manager.cc:647] Opened local filesystem: /tmp/dist-test-tasko1JB34/test-tmp/auto_rebalancer-test.0.AutoRebalancerTest.NoReplicaMovesIfNoTablets.1782821473573380-431-0/minicluster-data/ts-1-root
uuid: "89dc3a64d94141429606bb383d7aaf16"
format_stamp: "Formatted at 2026-06-30 12:12:18 on dist-test-slave-z8mm"
I20260630 12:12:18.072978   431 fs_report.cc:389] FS layout report
--------------------
wal directory: /tmp/dist-test-tasko1JB34/test-tmp/auto_rebalancer-test.0.AutoRebalancerTest.NoReplicaMovesIfNoTablets.1782821473573380-431-0/minicluster-data/ts-1-root
metadata directory: /tmp/dist-test-tasko1JB34/test-tmp/auto_rebalancer-test.0.AutoRebalancerTest.NoReplicaMovesIfNoTablets.1782821473573380-431-0/minicluster-data/ts-1-root
1 data directories: /tmp/dist-test-tasko1JB34/test-tmp/auto_rebalancer-test.0.AutoRebalancerTest.NoReplicaMovesIfNoTablets.1782821473573380-431-0/minicluster-data/ts-1-root/data
Total live blocks: 0
Total live bytes: 0
Total live bytes (after alignment): 0
Total number of LBM containers: 0 (0 full)
Did not check for missing blocks
Did not check for orphaned blocks
Total full LBM containers with extra space: 0 (0 repaired)
Total full LBM container extra space in bytes: 0 (0 repaired)
Total incomplete LBM containers: 0 (0 repaired)
Total LBM partial records: 0 (0 repaired)
Total corrupted LBM metadata records in RocksDB: 0 (0 repaired)
I20260630 12:12:18.086882   431 rpc_server.cc:225] running with OpenSSL 1.1.1  11 Sep 2018
I20260630 12:12:18.088157   431 kserver.cc:163] Server-wide thread pool size limit: 3276
I20260630 12:12:18.089720   431 txn_system_client.cc:432] TxnSystemClient initialization is disabled...
I20260630 12:12:18.092017   431 ts_tablet_manager.cc:585] Loaded tablet metadata (0 total tablets, 0 live tablets)
I20260630 12:12:18.092224   431 ts_tablet_manager.cc:531] Time spent load tablet metadata: real 0.000s	user 0.000s	sys 0.000s
I20260630 12:12:18.092522   431 ts_tablet_manager.cc:616] Registered 0 tablets
I20260630 12:12:18.092693   431 ts_tablet_manager.cc:595] Time spent register tablets: real 0.000s	user 0.000s	sys 0.000s
I20260630 12:12:18.133870   431 rpc_server.cc:307] RPC server started. Bound to: 127.0.107.194:36363
I20260630 12:12:18.133988  2872 acceptor_pool.cc:272] collecting diagnostics on the listening RPC socket 127.0.107.194:36363 every 8 connection(s)
I20260630 12:12:18.138907   431 file_cache.cc:492] Constructed file cache file cache with capacity 419430
W20260630 12:12:18.146643  2876 instance_detector.cc:116] could not retrieve AWS instance metadata: Network error: curl error: HTTP response code said error: The requested URL returned error: 404
W20260630 12:12:18.149367  2877 instance_detector.cc:116] could not retrieve Azure instance metadata: Network error: curl error: HTTP response code said error: The requested URL returned error: 404
W20260630 12:12:18.155053  2880 instance_detector.cc:116] could not retrieve OpenStack instance metadata: Network error: curl error: HTTP response code said error: The requested URL returned error: 404
I20260630 12:12:18.282234   431 server_base.cc:1061] running on GCE node
I20260630 12:12:18.283423   431 hybrid_clock.cc:584] initializing the hybrid clock with 'system_unsync' time source
W20260630 12:12:18.283787   431 system_unsync_time.cc:38] NTP support is disabled. Clock error bounds will not be accurate. This configuration is not suitable for distributed clusters.
I20260630 12:12:18.284013   431 hybrid_clock.cc:648] HybridClock initialized: now 1782821538283993 us; error 0 us; skew 500 ppm
I20260630 12:12:18.284816   431 server_base.cc:861] Flag tcmalloc_max_total_thread_cache_bytes is not working since tcmalloc is not enabled.
I20260630 12:12:18.288350   431 webserver.cc:533] Webserver started at http://127.0.107.195:38343/ using document root <none> and password file <none>
I20260630 12:12:18.289362   431 fs_manager.cc:362] Metadata directory not provided
I20260630 12:12:18.289618   431 fs_manager.cc:368] Using write-ahead log directory (fs_wal_dir) as metadata directory
I20260630 12:12:18.289974   431 server_base.cc:909] This appears to be a new deployment of Kudu; creating new FS layout
I20260630 12:12:18.291817   431 fs_manager.cc:1068] Generated new instance metadata in path /tmp/dist-test-tasko1JB34/test-tmp/auto_rebalancer-test.0.AutoRebalancerTest.NoReplicaMovesIfNoTablets.1782821473573380-431-0/minicluster-data/ts-2-root/instance:
uuid: "b815f7e93b744f5aa029a065a4ff7529"
format_stamp: "Formatted at 2026-06-30 12:12:18 on dist-test-slave-z8mm"
I20260630 12:12:18.304205  2873 heartbeater.cc:344] Connected to a master server at 127.0.107.254:37609
I20260630 12:12:18.304684  2873 heartbeater.cc:461] Registering TS with master...
I20260630 12:12:18.305558  2873 heartbeater.cc:507] Master 127.0.107.254:37609 requested a full tablet report, sending...
I20260630 12:12:18.305631   431 fs_manager.cc:696] Time spent creating directory manager: real 0.013s	user 0.002s	sys 0.009s
I20260630 12:12:18.307852  2671 ts_manager.cc:194] Registered new tserver with Master: 89dc3a64d94141429606bb383d7aaf16 (127.0.107.194:36363)
I20260630 12:12:18.309504  2671 master_service.cc:502] Signed X509 certificate for tserver {username='slave'} at 127.0.0.1:53074
I20260630 12:12:18.309938  2884 log_block_manager.cc:4031] Time spent loading block containers with low live blocks: real 0.000s	user 0.000s	sys 0.000s
I20260630 12:12:18.311334   431 fs_manager.cc:730] Time spent opening block manager: real 0.003s	user 0.002s	sys 0.002s
I20260630 12:12:18.311756   431 fs_manager.cc:647] Opened local filesystem: /tmp/dist-test-tasko1JB34/test-tmp/auto_rebalancer-test.0.AutoRebalancerTest.NoReplicaMovesIfNoTablets.1782821473573380-431-0/minicluster-data/ts-2-root
uuid: "b815f7e93b744f5aa029a065a4ff7529"
format_stamp: "Formatted at 2026-06-30 12:12:18 on dist-test-slave-z8mm"
I20260630 12:12:18.312111   431 fs_report.cc:389] FS layout report
--------------------
wal directory: /tmp/dist-test-tasko1JB34/test-tmp/auto_rebalancer-test.0.AutoRebalancerTest.NoReplicaMovesIfNoTablets.1782821473573380-431-0/minicluster-data/ts-2-root
metadata directory: /tmp/dist-test-tasko1JB34/test-tmp/auto_rebalancer-test.0.AutoRebalancerTest.NoReplicaMovesIfNoTablets.1782821473573380-431-0/minicluster-data/ts-2-root
1 data directories: /tmp/dist-test-tasko1JB34/test-tmp/auto_rebalancer-test.0.AutoRebalancerTest.NoReplicaMovesIfNoTablets.1782821473573380-431-0/minicluster-data/ts-2-root/data
Total live blocks: 0
Total live bytes: 0
Total live bytes (after alignment): 0
Total number of LBM containers: 0 (0 full)
Did not check for missing blocks
Did not check for orphaned blocks
Total full LBM containers with extra space: 0 (0 repaired)
Total full LBM container extra space in bytes: 0 (0 repaired)
Total incomplete LBM containers: 0 (0 repaired)
Total LBM partial records: 0 (0 repaired)
Total corrupted LBM metadata records in RocksDB: 0 (0 repaired)
I20260630 12:12:18.329321   431 rpc_server.cc:225] running with OpenSSL 1.1.1  11 Sep 2018
I20260630 12:12:18.330565   431 kserver.cc:163] Server-wide thread pool size limit: 3276
I20260630 12:12:18.332022   431 txn_system_client.cc:432] TxnSystemClient initialization is disabled...
I20260630 12:12:18.334312   431 ts_tablet_manager.cc:585] Loaded tablet metadata (0 total tablets, 0 live tablets)
I20260630 12:12:18.334563   431 ts_tablet_manager.cc:531] Time spent load tablet metadata: real 0.000s	user 0.000s	sys 0.000s
I20260630 12:12:18.334817   431 ts_tablet_manager.cc:616] Registered 0 tablets
I20260630 12:12:18.334990   431 ts_tablet_manager.cc:595] Time spent register tablets: real 0.000s	user 0.000s	sys 0.000s
I20260630 12:12:18.378149   431 rpc_server.cc:307] RPC server started. Bound to: 127.0.107.195:36487
I20260630 12:12:18.378255  2946 acceptor_pool.cc:272] collecting diagnostics on the listening RPC socket 127.0.107.195:36487 every 8 connection(s)
I20260630 12:12:18.393332  2947 heartbeater.cc:344] Connected to a master server at 127.0.107.254:37609
I20260630 12:12:18.393728  2947 heartbeater.cc:461] Registering TS with master...
I20260630 12:12:18.394503  2947 heartbeater.cc:507] Master 127.0.107.254:37609 requested a full tablet report, sending...
I20260630 12:12:18.397125  2671 ts_manager.cc:194] Registered new tserver with Master: b815f7e93b744f5aa029a065a4ff7529 (127.0.107.195:36487)
I20260630 12:12:18.397817   431 internal_mini_cluster.cc:371] 3 TS(s) registered with all masters after 0.016538746s
I20260630 12:12:18.398945  2671 master_service.cc:502] Signed X509 certificate for tserver {username='slave'} at 127.0.0.1:53082
I20260630 12:12:19.070931  2798 heartbeater.cc:499] Master 127.0.107.254:37609 was elected leader, sending a full tablet report...
W20260630 12:12:19.288964  2869 debug-util.cc:398] Leaking SignalData structure 0x7b0800123980 after lost signal to thread 434
W20260630 12:12:19.290941  2869 debug-util.cc:398] Leaking SignalData structure 0x7b0800055be0 after lost signal to thread 2797
W20260630 12:12:19.291887  2869 debug-util.cc:398] Leaking SignalData structure 0x7b0800059480 after lost signal to thread 2872
I20260630 12:12:19.312708  2873 heartbeater.cc:499] Master 127.0.107.254:37609 was elected leader, sending a full tablet report...
I20260630 12:12:19.402086  2947 heartbeater.cc:499] Master 127.0.107.254:37609 was elected leader, sending a full tablet report...
I20260630 12:12:19.863154  2724 auto_leader_rebalancer.cc:515] All tables' leader rebalancing finished this round
I20260630 12:12:21.864185  2724 auto_leader_rebalancer.cc:515] All tables' leader rebalancing finished this round
I20260630 12:12:23.865271  2724 auto_leader_rebalancer.cc:515] All tables' leader rebalancing finished this round
I20260630 12:12:25.866528  2724 auto_leader_rebalancer.cc:515] All tables' leader rebalancing finished this round
I20260630 12:12:27.867753  2724 auto_leader_rebalancer.cc:515] All tables' leader rebalancing finished this round
I20260630 12:12:29.869274  2724 auto_leader_rebalancer.cc:515] All tables' leader rebalancing finished this round
I20260630 12:12:29.982875   431 tablet_server.cc:179] TabletServer@127.0.107.193:0 shutting down...
I20260630 12:12:30.027031   431 ts_tablet_manager.cc:1507] Shutting down tablet manager...
I20260630 12:12:30.045850   431 tablet_server.cc:196] TabletServer@127.0.107.193:0 shutdown complete.
I20260630 12:12:30.056344   431 tablet_server.cc:179] TabletServer@127.0.107.194:0 shutting down...
I20260630 12:12:30.077210   431 ts_tablet_manager.cc:1507] Shutting down tablet manager...
I20260630 12:12:30.111979   431 tablet_server.cc:196] TabletServer@127.0.107.194:0 shutdown complete.
I20260630 12:12:30.121538   431 tablet_server.cc:179] TabletServer@127.0.107.195:0 shutting down...
I20260630 12:12:30.146090   431 ts_tablet_manager.cc:1507] Shutting down tablet manager...
I20260630 12:12:30.162693   431 tablet_server.cc:196] TabletServer@127.0.107.195:0 shutdown complete.
I20260630 12:12:30.172001   431 master.cc:562] Master@127.0.107.254:37609 shutting down...
I20260630 12:12:30.192322   431 raft_consensus.cc:2243] T 00000000000000000000000000000000 P 146e2283869c475eaea5e9e6234a49b5 [term 1 LEADER]: Raft consensus shutting down.
I20260630 12:12:30.193429   431 raft_consensus.cc:2272] T 00000000000000000000000000000000 P 146e2283869c475eaea5e9e6234a49b5 [term 1 FOLLOWER]: Raft consensus is shut down!
I20260630 12:12:30.193862   431 tablet_replica.cc:333] T 00000000000000000000000000000000 P 146e2283869c475eaea5e9e6234a49b5: stopping tablet replica
I20260630 12:12:30.212673   431 master.cc:584] Master@127.0.107.254:37609 shutdown complete.
[       OK ] AutoRebalancerTest.NoReplicaMovesIfNoTablets (12527 ms)
[ RUN      ] AutoRebalancerTest.RangeAwareBuildClusterInfoGroupsByRange
I20260630 12:12:30.246419   431 internal_mini_cluster.cc:156] Creating distributed mini masters. Addrs: 127.0.107.254:46215
I20260630 12:12:30.247615   431 file_cache.cc:492] Constructed file cache file cache with capacity 419430
W20260630 12:12:30.253888  2953 instance_detector.cc:116] could not retrieve Azure instance metadata: Network error: curl error: HTTP response code said error: The requested URL returned error: 404
W20260630 12:12:30.253998  2952 instance_detector.cc:116] could not retrieve AWS instance metadata: Network error: curl error: HTTP response code said error: The requested URL returned error: 404
W20260630 12:12:30.254827  2955 instance_detector.cc:116] could not retrieve OpenStack instance metadata: Network error: curl error: HTTP response code said error: The requested URL returned error: 404
I20260630 12:12:30.255573   431 server_base.cc:1061] running on GCE node
I20260630 12:12:30.256269   431 hybrid_clock.cc:584] initializing the hybrid clock with 'system_unsync' time source
W20260630 12:12:30.256439   431 system_unsync_time.cc:38] NTP support is disabled. Clock error bounds will not be accurate. This configuration is not suitable for distributed clusters.
I20260630 12:12:30.256552   431 hybrid_clock.cc:648] HybridClock initialized: now 1782821550256542 us; error 0 us; skew 500 ppm
I20260630 12:12:30.256980   431 server_base.cc:861] Flag tcmalloc_max_total_thread_cache_bytes is not working since tcmalloc is not enabled.
I20260630 12:12:30.259483   431 webserver.cc:533] Webserver started at http://127.0.107.254:41669/ using document root <none> and password file <none>
I20260630 12:12:30.259933   431 fs_manager.cc:362] Metadata directory not provided
I20260630 12:12:30.260113   431 fs_manager.cc:368] Using write-ahead log directory (fs_wal_dir) as metadata directory
I20260630 12:12:30.260334   431 server_base.cc:909] This appears to be a new deployment of Kudu; creating new FS layout
I20260630 12:12:30.261552   431 fs_manager.cc:1068] Generated new instance metadata in path /tmp/dist-test-tasko1JB34/test-tmp/auto_rebalancer-test.0.AutoRebalancerTest.RangeAwareBuildClusterInfoGroupsByRange.1782821473573380-431-0/minicluster-data/master-0-root/instance:
uuid: "42485ee32b7949cb99af2a48e023f0ee"
format_stamp: "Formatted at 2026-06-30 12:12:30 on dist-test-slave-z8mm"
I20260630 12:12:30.266074   431 fs_manager.cc:696] Time spent creating directory manager: real 0.004s	user 0.000s	sys 0.004s
I20260630 12:12:30.269650  2960 log_block_manager.cc:4031] Time spent loading block containers with low live blocks: real 0.000s	user 0.000s	sys 0.000s
I20260630 12:12:30.270494   431 fs_manager.cc:730] Time spent opening block manager: real 0.002s	user 0.003s	sys 0.001s
I20260630 12:12:30.270768   431 fs_manager.cc:647] Opened local filesystem: /tmp/dist-test-tasko1JB34/test-tmp/auto_rebalancer-test.0.AutoRebalancerTest.RangeAwareBuildClusterInfoGroupsByRange.1782821473573380-431-0/minicluster-data/master-0-root
uuid: "42485ee32b7949cb99af2a48e023f0ee"
format_stamp: "Formatted at 2026-06-30 12:12:30 on dist-test-slave-z8mm"
I20260630 12:12:30.271020   431 fs_report.cc:389] FS layout report
--------------------
wal directory: /tmp/dist-test-tasko1JB34/test-tmp/auto_rebalancer-test.0.AutoRebalancerTest.RangeAwareBuildClusterInfoGroupsByRange.1782821473573380-431-0/minicluster-data/master-0-root
metadata directory: /tmp/dist-test-tasko1JB34/test-tmp/auto_rebalancer-test.0.AutoRebalancerTest.RangeAwareBuildClusterInfoGroupsByRange.1782821473573380-431-0/minicluster-data/master-0-root
1 data directories: /tmp/dist-test-tasko1JB34/test-tmp/auto_rebalancer-test.0.AutoRebalancerTest.RangeAwareBuildClusterInfoGroupsByRange.1782821473573380-431-0/minicluster-data/master-0-root/data
Total live blocks: 0
Total live bytes: 0
Total live bytes (after alignment): 0
Total number of LBM containers: 0 (0 full)
Did not check for missing blocks
Did not check for orphaned blocks
Total full LBM containers with extra space: 0 (0 repaired)
Total full LBM container extra space in bytes: 0 (0 repaired)
Total incomplete LBM containers: 0 (0 repaired)
Total LBM partial records: 0 (0 repaired)
Total corrupted LBM metadata records in RocksDB: 0 (0 repaired)
I20260630 12:12:30.310168   431 rpc_server.cc:225] running with OpenSSL 1.1.1  11 Sep 2018
I20260630 12:12:30.311316   431 kserver.cc:163] Server-wide thread pool size limit: 3276
I20260630 12:12:30.353245   431 rpc_server.cc:307] RPC server started. Bound to: 127.0.107.254:46215
I20260630 12:12:30.353348  3011 acceptor_pool.cc:272] collecting diagnostics on the listening RPC socket 127.0.107.254:46215 every 8 connection(s)
I20260630 12:12:30.357424  3012 data_dirs.cc:400] Could only allocate 1 dirs of requested 3 for tablet 00000000000000000000000000000000. 1 dirs total, 0 dirs full, 0 dirs failed
I20260630 12:12:30.368553  3012 tablet_bootstrap.cc:492] T 00000000000000000000000000000000 P 42485ee32b7949cb99af2a48e023f0ee: Bootstrap starting.
I20260630 12:12:30.373451  3012 tablet_bootstrap.cc:654] T 00000000000000000000000000000000 P 42485ee32b7949cb99af2a48e023f0ee: Neither blocks nor log segments found. Creating new log.
I20260630 12:12:30.377827  3012 tablet_bootstrap.cc:492] T 00000000000000000000000000000000 P 42485ee32b7949cb99af2a48e023f0ee: No bootstrap required, opened a new log
I20260630 12:12:30.379980  3012 raft_consensus.cc:359] T 00000000000000000000000000000000 P 42485ee32b7949cb99af2a48e023f0ee [term 0 FOLLOWER]: Replica starting. Triggering 0 pending ops. Active config: opid_index: -1 OBSOLETE_local: true peers { permanent_uuid: "42485ee32b7949cb99af2a48e023f0ee" member_type: VOTER }
I20260630 12:12:30.380436  3012 raft_consensus.cc:385] T 00000000000000000000000000000000 P 42485ee32b7949cb99af2a48e023f0ee [term 0 FOLLOWER]: Consensus starting up: Expiring failure detector timer to make a prompt election more likely
I20260630 12:12:30.380625  3012 raft_consensus.cc:740] T 00000000000000000000000000000000 P 42485ee32b7949cb99af2a48e023f0ee [term 0 FOLLOWER]: Becoming Follower/Learner. State: Replica: 42485ee32b7949cb99af2a48e023f0ee, State: Initialized, Role: FOLLOWER
I20260630 12:12:30.381181  3012 consensus_queue.cc:260] T 00000000000000000000000000000000 P 42485ee32b7949cb99af2a48e023f0ee [NON_LEADER]: Queue going to NON_LEADER mode. State: All replicated index: 0, Majority replicated index: 0, Committed index: 0, Last appended: 0.0, Last appended by leader: 0, Current term: 0, Majority size: -1, State: 0, Mode: NON_LEADER, active raft config: opid_index: -1 OBSOLETE_local: true peers { permanent_uuid: "42485ee32b7949cb99af2a48e023f0ee" member_type: VOTER }
I20260630 12:12:30.381764  3012 raft_consensus.cc:399] T 00000000000000000000000000000000 P 42485ee32b7949cb99af2a48e023f0ee [term 0 FOLLOWER]: Only one voter in the Raft config. Triggering election immediately
I20260630 12:12:30.381994  3012 raft_consensus.cc:493] T 00000000000000000000000000000000 P 42485ee32b7949cb99af2a48e023f0ee [term 0 FOLLOWER]: Starting leader election (initial election of a single-replica configuration)
I20260630 12:12:30.382222  3012 raft_consensus.cc:3060] T 00000000000000000000000000000000 P 42485ee32b7949cb99af2a48e023f0ee [term 0 FOLLOWER]: Advancing to term 1
I20260630 12:12:30.386831  3012 raft_consensus.cc:515] T 00000000000000000000000000000000 P 42485ee32b7949cb99af2a48e023f0ee [term 1 FOLLOWER]: Starting leader election with config: opid_index: -1 OBSOLETE_local: true peers { permanent_uuid: "42485ee32b7949cb99af2a48e023f0ee" member_type: VOTER }
I20260630 12:12:30.387351  3012 leader_election.cc:304] T 00000000000000000000000000000000 P 42485ee32b7949cb99af2a48e023f0ee [CANDIDATE]: Term 1 election: Election decided. Result: candidate won. Election summary: received 1 responses out of 1 voters: 1 yes votes; 0 no votes. yes voters: 42485ee32b7949cb99af2a48e023f0ee; no voters: 
I20260630 12:12:30.388588  3012 leader_election.cc:290] T 00000000000000000000000000000000 P 42485ee32b7949cb99af2a48e023f0ee [CANDIDATE]: Term 1 election: Requested vote from peers 
I20260630 12:12:30.389165  3015 raft_consensus.cc:2804] T 00000000000000000000000000000000 P 42485ee32b7949cb99af2a48e023f0ee [term 1 FOLLOWER]: Leader election won for term 1
I20260630 12:12:30.390511  3015 raft_consensus.cc:697] T 00000000000000000000000000000000 P 42485ee32b7949cb99af2a48e023f0ee [term 1 LEADER]: Becoming Leader. State: Replica: 42485ee32b7949cb99af2a48e023f0ee, State: Running, Role: LEADER
I20260630 12:12:30.391268  3015 consensus_queue.cc:237] T 00000000000000000000000000000000 P 42485ee32b7949cb99af2a48e023f0ee [LEADER]: Queue going to LEADER mode. State: All replicated index: 0, Majority replicated index: 0, Committed index: 0, Last appended: 0.0, Last appended by leader: 0, Current term: 1, Majority size: 1, State: 0, Mode: LEADER, active raft config: opid_index: -1 OBSOLETE_local: true peers { permanent_uuid: "42485ee32b7949cb99af2a48e023f0ee" member_type: VOTER }
I20260630 12:12:30.391539  3012 sys_catalog.cc:565] T 00000000000000000000000000000000 P 42485ee32b7949cb99af2a48e023f0ee [sys.catalog]: configured and running, proceeding with master startup.
I20260630 12:12:30.396813  3016 sys_catalog.cc:455] T 00000000000000000000000000000000 P 42485ee32b7949cb99af2a48e023f0ee [sys.catalog]: SysCatalogTable state changed. Reason: RaftConsensus started. Latest consensus state: current_term: 1 leader_uuid: "42485ee32b7949cb99af2a48e023f0ee" committed_config { opid_index: -1 OBSOLETE_local: true peers { permanent_uuid: "42485ee32b7949cb99af2a48e023f0ee" member_type: VOTER } }
I20260630 12:12:30.397760  3016 sys_catalog.cc:458] T 00000000000000000000000000000000 P 42485ee32b7949cb99af2a48e023f0ee [sys.catalog]: This master's current role is: LEADER
I20260630 12:12:30.398196  3017 sys_catalog.cc:455] T 00000000000000000000000000000000 P 42485ee32b7949cb99af2a48e023f0ee [sys.catalog]: SysCatalogTable state changed. Reason: New leader 42485ee32b7949cb99af2a48e023f0ee. Latest consensus state: current_term: 1 leader_uuid: "42485ee32b7949cb99af2a48e023f0ee" committed_config { opid_index: -1 OBSOLETE_local: true peers { permanent_uuid: "42485ee32b7949cb99af2a48e023f0ee" member_type: VOTER } }
I20260630 12:12:30.399089  3017 sys_catalog.cc:458] T 00000000000000000000000000000000 P 42485ee32b7949cb99af2a48e023f0ee [sys.catalog]: This master's current role is: LEADER
I20260630 12:12:30.399770  3022 catalog_manager.cc:1511] Loading table and tablet metadata into memory...
I20260630 12:12:30.405467  3022 catalog_manager.cc:1520] Initializing Kudu cluster ID...
I20260630 12:12:30.409372   431 internal_mini_cluster.cc:184] Waiting to initialize catalog manager on master 0
I20260630 12:12:30.415169  3022 catalog_manager.cc:1383] Generated new cluster ID: 0c591cc0e62146c2802684d10d427078
I20260630 12:12:30.415499  3022 catalog_manager.cc:1531] Initializing Kudu internal certificate authority...
I20260630 12:12:30.437397  3022 catalog_manager.cc:1406] Generated new certificate authority record
I20260630 12:12:30.438732  3022 catalog_manager.cc:1540] Loading token signing keys...
I20260630 12:12:30.457505  3022 catalog_manager.cc:6070] T 00000000000000000000000000000000 P 42485ee32b7949cb99af2a48e023f0ee: Generated new TSK 0
I20260630 12:12:30.458156  3022 catalog_manager.cc:1550] Initializing in-progress tserver states...
I20260630 12:12:30.476408   431 file_cache.cc:492] Constructed file cache file cache with capacity 419430
W20260630 12:12:30.482596  3033 instance_detector.cc:116] could not retrieve AWS instance metadata: Network error: curl error: HTTP response code said error: The requested URL returned error: 404
W20260630 12:12:30.483647  3034 instance_detector.cc:116] could not retrieve Azure instance metadata: Network error: curl error: HTTP response code said error: The requested URL returned error: 404
I20260630 12:12:30.485502   431 server_base.cc:1061] running on GCE node
W20260630 12:12:30.485530  3036 instance_detector.cc:116] could not retrieve OpenStack instance metadata: Network error: curl error: HTTP response code said error: The requested URL returned error: 404
I20260630 12:12:30.486677   431 hybrid_clock.cc:584] initializing the hybrid clock with 'system_unsync' time source
W20260630 12:12:30.486891   431 system_unsync_time.cc:38] NTP support is disabled. Clock error bounds will not be accurate. This configuration is not suitable for distributed clusters.
I20260630 12:12:30.487016   431 hybrid_clock.cc:648] HybridClock initialized: now 1782821550487004 us; error 0 us; skew 500 ppm
I20260630 12:12:30.487471   431 server_base.cc:861] Flag tcmalloc_max_total_thread_cache_bytes is not working since tcmalloc is not enabled.
I20260630 12:12:30.490098   431 webserver.cc:533] Webserver started at http://127.0.107.193:40645/ using document root <none> and password file <none>
I20260630 12:12:30.490550   431 fs_manager.cc:362] Metadata directory not provided
I20260630 12:12:30.490715   431 fs_manager.cc:368] Using write-ahead log directory (fs_wal_dir) as metadata directory
I20260630 12:12:30.490934   431 server_base.cc:909] This appears to be a new deployment of Kudu; creating new FS layout
I20260630 12:12:30.492012   431 fs_manager.cc:1068] Generated new instance metadata in path /tmp/dist-test-tasko1JB34/test-tmp/auto_rebalancer-test.0.AutoRebalancerTest.RangeAwareBuildClusterInfoGroupsByRange.1782821473573380-431-0/minicluster-data/ts-0-root/instance:
uuid: "8e0d59ce2b6a4c748a3bcb4c45a2b724"
format_stamp: "Formatted at 2026-06-30 12:12:30 on dist-test-slave-z8mm"
I20260630 12:12:30.496886   431 fs_manager.cc:696] Time spent creating directory manager: real 0.004s	user 0.006s	sys 0.000s
I20260630 12:12:30.500559  3041 log_block_manager.cc:4031] Time spent loading block containers with low live blocks: real 0.000s	user 0.000s	sys 0.000s
I20260630 12:12:30.501485   431 fs_manager.cc:730] Time spent opening block manager: real 0.002s	user 0.003s	sys 0.000s
I20260630 12:12:30.501817   431 fs_manager.cc:647] Opened local filesystem: /tmp/dist-test-tasko1JB34/test-tmp/auto_rebalancer-test.0.AutoRebalancerTest.RangeAwareBuildClusterInfoGroupsByRange.1782821473573380-431-0/minicluster-data/ts-0-root
uuid: "8e0d59ce2b6a4c748a3bcb4c45a2b724"
format_stamp: "Formatted at 2026-06-30 12:12:30 on dist-test-slave-z8mm"
I20260630 12:12:30.502120   431 fs_report.cc:389] FS layout report
--------------------
wal directory: /tmp/dist-test-tasko1JB34/test-tmp/auto_rebalancer-test.0.AutoRebalancerTest.RangeAwareBuildClusterInfoGroupsByRange.1782821473573380-431-0/minicluster-data/ts-0-root
metadata directory: /tmp/dist-test-tasko1JB34/test-tmp/auto_rebalancer-test.0.AutoRebalancerTest.RangeAwareBuildClusterInfoGroupsByRange.1782821473573380-431-0/minicluster-data/ts-0-root
1 data directories: /tmp/dist-test-tasko1JB34/test-tmp/auto_rebalancer-test.0.AutoRebalancerTest.RangeAwareBuildClusterInfoGroupsByRange.1782821473573380-431-0/minicluster-data/ts-0-root/data
Total live blocks: 0
Total live bytes: 0
Total live bytes (after alignment): 0
Total number of LBM containers: 0 (0 full)
Did not check for missing blocks
Did not check for orphaned blocks
Total full LBM containers with extra space: 0 (0 repaired)
Total full LBM container extra space in bytes: 0 (0 repaired)
Total incomplete LBM containers: 0 (0 repaired)
Total LBM partial records: 0 (0 repaired)
Total corrupted LBM metadata records in RocksDB: 0 (0 repaired)
I20260630 12:12:30.516454   431 rpc_server.cc:225] running with OpenSSL 1.1.1  11 Sep 2018
I20260630 12:12:30.517711   431 kserver.cc:163] Server-wide thread pool size limit: 3276
I20260630 12:12:30.519172   431 txn_system_client.cc:432] TxnSystemClient initialization is disabled...
I20260630 12:12:30.521690   431 ts_tablet_manager.cc:585] Loaded tablet metadata (0 total tablets, 0 live tablets)
I20260630 12:12:30.521884   431 ts_tablet_manager.cc:531] Time spent load tablet metadata: real 0.000s	user 0.000s	sys 0.000s
I20260630 12:12:30.522192   431 ts_tablet_manager.cc:616] Registered 0 tablets
I20260630 12:12:30.522364   431 ts_tablet_manager.cc:595] Time spent register tablets: real 0.000s	user 0.000s	sys 0.000s
I20260630 12:12:30.564548   431 rpc_server.cc:307] RPC server started. Bound to: 127.0.107.193:35153
I20260630 12:12:30.564606  3103 acceptor_pool.cc:272] collecting diagnostics on the listening RPC socket 127.0.107.193:35153 every 8 connection(s)
I20260630 12:12:30.570047   431 file_cache.cc:492] Constructed file cache file cache with capacity 419430
W20260630 12:12:30.583858  3108 instance_detector.cc:116] could not retrieve AWS instance metadata: Network error: curl error: HTTP response code said error: The requested URL returned error: 404
W20260630 12:12:30.591738  3109 instance_detector.cc:116] could not retrieve Azure instance metadata: Network error: curl error: HTTP response code said error: The requested URL returned error: 404
I20260630 12:12:30.596518   431 server_base.cc:1061] running on GCE node
W20260630 12:12:30.597112  3111 instance_detector.cc:116] could not retrieve OpenStack instance metadata: Network error: curl error: HTTP response code said error: The requested URL returned error: 404
I20260630 12:12:30.598253   431 hybrid_clock.cc:584] initializing the hybrid clock with 'system_unsync' time source
W20260630 12:12:30.598649   431 system_unsync_time.cc:38] NTP support is disabled. Clock error bounds will not be accurate. This configuration is not suitable for distributed clusters.
I20260630 12:12:30.599596   431 hybrid_clock.cc:648] HybridClock initialized: now 1782821550599570 us; error 0 us; skew 500 ppm
I20260630 12:12:30.599762  3104 heartbeater.cc:344] Connected to a master server at 127.0.107.254:46215
I20260630 12:12:30.600211  3104 heartbeater.cc:461] Registering TS with master...
I20260630 12:12:30.600605   431 server_base.cc:861] Flag tcmalloc_max_total_thread_cache_bytes is not working since tcmalloc is not enabled.
I20260630 12:12:30.601202  3104 heartbeater.cc:507] Master 127.0.107.254:46215 requested a full tablet report, sending...
I20260630 12:12:30.604342   431 webserver.cc:533] Webserver started at http://127.0.107.194:36835/ using document root <none> and password file <none>
I20260630 12:12:30.604655  2977 ts_manager.cc:194] Registered new tserver with Master: 8e0d59ce2b6a4c748a3bcb4c45a2b724 (127.0.107.193:35153)
I20260630 12:12:30.605190   431 fs_manager.cc:362] Metadata directory not provided
I20260630 12:12:30.605441   431 fs_manager.cc:368] Using write-ahead log directory (fs_wal_dir) as metadata directory
I20260630 12:12:30.605661   431 server_base.cc:909] This appears to be a new deployment of Kudu; creating new FS layout
I20260630 12:12:30.606885   431 fs_manager.cc:1068] Generated new instance metadata in path /tmp/dist-test-tasko1JB34/test-tmp/auto_rebalancer-test.0.AutoRebalancerTest.RangeAwareBuildClusterInfoGroupsByRange.1782821473573380-431-0/minicluster-data/ts-1-root/instance:
uuid: "1cdca97aafe94fd8a2d7d084f38c1a26"
format_stamp: "Formatted at 2026-06-30 12:12:30 on dist-test-slave-z8mm"
I20260630 12:12:30.607704  2977 master_service.cc:502] Signed X509 certificate for tserver {username='slave'} at 127.0.0.1:33988
I20260630 12:12:30.612087   431 fs_manager.cc:696] Time spent creating directory manager: real 0.005s	user 0.004s	sys 0.002s
I20260630 12:12:30.616194  3116 log_block_manager.cc:4031] Time spent loading block containers with low live blocks: real 0.000s	user 0.000s	sys 0.000s
I20260630 12:12:30.617281   431 fs_manager.cc:730] Time spent opening block manager: real 0.003s	user 0.003s	sys 0.000s
I20260630 12:12:30.617650   431 fs_manager.cc:647] Opened local filesystem: /tmp/dist-test-tasko1JB34/test-tmp/auto_rebalancer-test.0.AutoRebalancerTest.RangeAwareBuildClusterInfoGroupsByRange.1782821473573380-431-0/minicluster-data/ts-1-root
uuid: "1cdca97aafe94fd8a2d7d084f38c1a26"
format_stamp: "Formatted at 2026-06-30 12:12:30 on dist-test-slave-z8mm"
I20260630 12:12:30.618046   431 fs_report.cc:389] FS layout report
--------------------
wal directory: /tmp/dist-test-tasko1JB34/test-tmp/auto_rebalancer-test.0.AutoRebalancerTest.RangeAwareBuildClusterInfoGroupsByRange.1782821473573380-431-0/minicluster-data/ts-1-root
metadata directory: /tmp/dist-test-tasko1JB34/test-tmp/auto_rebalancer-test.0.AutoRebalancerTest.RangeAwareBuildClusterInfoGroupsByRange.1782821473573380-431-0/minicluster-data/ts-1-root
1 data directories: /tmp/dist-test-tasko1JB34/test-tmp/auto_rebalancer-test.0.AutoRebalancerTest.RangeAwareBuildClusterInfoGroupsByRange.1782821473573380-431-0/minicluster-data/ts-1-root/data
Total live blocks: 0
Total live bytes: 0
Total live bytes (after alignment): 0
Total number of LBM containers: 0 (0 full)
Did not check for missing blocks
Did not check for orphaned blocks
Total full LBM containers with extra space: 0 (0 repaired)
Total full LBM container extra space in bytes: 0 (0 repaired)
Total incomplete LBM containers: 0 (0 repaired)
Total LBM partial records: 0 (0 repaired)
Total corrupted LBM metadata records in RocksDB: 0 (0 repaired)
I20260630 12:12:30.643563   431 rpc_server.cc:225] running with OpenSSL 1.1.1  11 Sep 2018
I20260630 12:12:30.644768   431 kserver.cc:163] Server-wide thread pool size limit: 3276
I20260630 12:12:30.646324   431 txn_system_client.cc:432] TxnSystemClient initialization is disabled...
I20260630 12:12:30.648597   431 ts_tablet_manager.cc:585] Loaded tablet metadata (0 total tablets, 0 live tablets)
I20260630 12:12:30.648844   431 ts_tablet_manager.cc:531] Time spent load tablet metadata: real 0.000s	user 0.000s	sys 0.000s
I20260630 12:12:30.649119   431 ts_tablet_manager.cc:616] Registered 0 tablets
I20260630 12:12:30.649302   431 ts_tablet_manager.cc:595] Time spent register tablets: real 0.000s	user 0.000s	sys 0.000s
I20260630 12:12:30.691231   431 rpc_server.cc:307] RPC server started. Bound to: 127.0.107.194:45747
I20260630 12:12:30.691339  3178 acceptor_pool.cc:272] collecting diagnostics on the listening RPC socket 127.0.107.194:45747 every 8 connection(s)
I20260630 12:12:30.696255   431 file_cache.cc:492] Constructed file cache file cache with capacity 419430
W20260630 12:12:30.705197  3183 instance_detector.cc:116] could not retrieve Azure instance metadata: Network error: curl error: HTTP response code said error: The requested URL returned error: 404
