I20260630 12:34:59.397086 21586 consensus_queue.cc:237] T 482bc656f60c4b30a7baca034c989e6b P 6dd22b7a7db448f29242c1752edbd75a [LEADER]: Queue going to LEADER mode. State: All replicated index: 0, Majority replicated index: 0, Committed index: 0, Last appended: 0.0, Last appended by leader: 0, Current term: 1, Majority size: 2, State: 0, Mode: LEADER, active raft config: opid_index: -1 OBSOLETE_local: false peers { permanent_uuid: "1b0b070a82ed4bfa9643e2aa547e406a" member_type: VOTER last_known_addr { host: "127.17.234.130" port: 43409 } } peers { permanent_uuid: "6dd22b7a7db448f29242c1752edbd75a" member_type: VOTER last_known_addr { host: "127.17.234.129" port: 33261 } } peers { permanent_uuid: "b7f67a3638644451acf8ef73c97b8cd1" member_type: VOTER last_known_addr { host: "127.17.234.131" port: 44319 } }
I20260630 12:34:59.397464 21261 catalog_manager.cc:5697] T fe6b401519c44527ae7d0954f9d2333b P 1b0b070a82ed4bfa9643e2aa547e406a reported cstate change: term changed from 0 to 1, leader changed from <none> to 1b0b070a82ed4bfa9643e2aa547e406a (127.17.234.130). New cstate: current_term: 1 leader_uuid: "1b0b070a82ed4bfa9643e2aa547e406a" committed_config { opid_index: -1 OBSOLETE_local: false peers { permanent_uuid: "6dd22b7a7db448f29242c1752edbd75a" member_type: VOTER last_known_addr { host: "127.17.234.129" port: 33261 } health_report { overall_health: UNKNOWN } } peers { permanent_uuid: "1b0b070a82ed4bfa9643e2aa547e406a" member_type: VOTER last_known_addr { host: "127.17.234.130" port: 43409 } health_report { overall_health: HEALTHY } } peers { permanent_uuid: "b7f67a3638644451acf8ef73c97b8cd1" member_type: VOTER last_known_addr { host: "127.17.234.131" port: 44319 } health_report { overall_health: UNKNOWN } } }
I20260630 12:34:59.401223 21567 raft_consensus.cc:697] T 3124e09a6b7143699fbdffcbf1e54e23 P b7f67a3638644451acf8ef73c97b8cd1 [term 1 LEADER]: Becoming Leader. State: Replica: b7f67a3638644451acf8ef73c97b8cd1, State: Running, Role: LEADER
I20260630 12:34:59.402117 21567 consensus_queue.cc:237] T 3124e09a6b7143699fbdffcbf1e54e23 P b7f67a3638644451acf8ef73c97b8cd1 [LEADER]: Queue going to LEADER mode. State: All replicated index: 0, Majority replicated index: 0, Committed index: 0, Last appended: 0.0, Last appended by leader: 0, Current term: 1, Majority size: 2, State: 0, Mode: LEADER, active raft config: opid_index: -1 OBSOLETE_local: false peers { permanent_uuid: "6dd22b7a7db448f29242c1752edbd75a" member_type: VOTER last_known_addr { host: "127.17.234.129" port: 33261 } } peers { permanent_uuid: "b7f67a3638644451acf8ef73c97b8cd1" member_type: VOTER last_known_addr { host: "127.17.234.131" port: 44319 } } peers { permanent_uuid: "1b0b070a82ed4bfa9643e2aa547e406a" member_type: VOTER last_known_addr { host: "127.17.234.130" port: 43409 } }
I20260630 12:34:59.411126 21260 catalog_manager.cc:5697] T 482bc656f60c4b30a7baca034c989e6b P 6dd22b7a7db448f29242c1752edbd75a reported cstate change: term changed from 0 to 1, leader changed from <none> to 6dd22b7a7db448f29242c1752edbd75a (127.17.234.129). New cstate: current_term: 1 leader_uuid: "6dd22b7a7db448f29242c1752edbd75a" committed_config { opid_index: -1 OBSOLETE_local: false peers { permanent_uuid: "1b0b070a82ed4bfa9643e2aa547e406a" member_type: VOTER last_known_addr { host: "127.17.234.130" port: 43409 } health_report { overall_health: UNKNOWN } } peers { permanent_uuid: "6dd22b7a7db448f29242c1752edbd75a" member_type: VOTER last_known_addr { host: "127.17.234.129" port: 33261 } health_report { overall_health: HEALTHY } } peers { permanent_uuid: "b7f67a3638644451acf8ef73c97b8cd1" member_type: VOTER last_known_addr { host: "127.17.234.131" port: 44319 } health_report { overall_health: UNKNOWN } } }
I20260630 12:34:59.413028 21260 catalog_manager.cc:5697] T fa700d4045514fe785633ee52649cb4b P 6dd22b7a7db448f29242c1752edbd75a reported cstate change: term changed from 0 to 1, leader changed from <none> to 6dd22b7a7db448f29242c1752edbd75a (127.17.234.129). New cstate: current_term: 1 leader_uuid: "6dd22b7a7db448f29242c1752edbd75a" committed_config { opid_index: -1 OBSOLETE_local: false peers { permanent_uuid: "6dd22b7a7db448f29242c1752edbd75a" member_type: VOTER last_known_addr { host: "127.17.234.129" port: 33261 } health_report { overall_health: HEALTHY } } peers { permanent_uuid: "1b0b070a82ed4bfa9643e2aa547e406a" member_type: VOTER last_known_addr { host: "127.17.234.130" port: 43409 } health_report { overall_health: UNKNOWN } } peers { permanent_uuid: "b7f67a3638644451acf8ef73c97b8cd1" member_type: VOTER last_known_addr { host: "127.17.234.131" port: 44319 } health_report { overall_health: UNKNOWN } } }
I20260630 12:34:59.412088 21259 catalog_manager.cc:5697] T 3124e09a6b7143699fbdffcbf1e54e23 P b7f67a3638644451acf8ef73c97b8cd1 reported cstate change: term changed from 0 to 1, leader changed from <none> to b7f67a3638644451acf8ef73c97b8cd1 (127.17.234.131). New cstate: current_term: 1 leader_uuid: "b7f67a3638644451acf8ef73c97b8cd1" committed_config { opid_index: -1 OBSOLETE_local: false peers { permanent_uuid: "6dd22b7a7db448f29242c1752edbd75a" member_type: VOTER last_known_addr { host: "127.17.234.129" port: 33261 } health_report { overall_health: UNKNOWN } } peers { permanent_uuid: "b7f67a3638644451acf8ef73c97b8cd1" member_type: VOTER last_known_addr { host: "127.17.234.131" port: 44319 } health_report { overall_health: HEALTHY } } peers { permanent_uuid: "1b0b070a82ed4bfa9643e2aa547e406a" member_type: VOTER last_known_addr { host: "127.17.234.130" port: 43409 } health_report { overall_health: UNKNOWN } } }
I20260630 12:34:59.508424 21567 raft_consensus.cc:493] T cbe9b240c15240f0a23b11bb573d9b14 P b7f67a3638644451acf8ef73c97b8cd1 [term 0 FOLLOWER]: Starting pre-election (no leader contacted us within the election timeout)
I20260630 12:34:59.508908 21567 raft_consensus.cc:515] T cbe9b240c15240f0a23b11bb573d9b14 P b7f67a3638644451acf8ef73c97b8cd1 [term 0 FOLLOWER]: Starting pre-election with config: opid_index: -1 OBSOLETE_local: false peers { permanent_uuid: "6dd22b7a7db448f29242c1752edbd75a" member_type: VOTER last_known_addr { host: "127.17.234.129" port: 33261 } } peers { permanent_uuid: "1b0b070a82ed4bfa9643e2aa547e406a" member_type: VOTER last_known_addr { host: "127.17.234.130" port: 43409 } } peers { permanent_uuid: "b7f67a3638644451acf8ef73c97b8cd1" member_type: VOTER last_known_addr { host: "127.17.234.131" port: 44319 } }
I20260630 12:34:59.511063 21567 leader_election.cc:290] T cbe9b240c15240f0a23b11bb573d9b14 P b7f67a3638644451acf8ef73c97b8cd1 [CANDIDATE]: Term 1 pre-election: Requested pre-vote from peers 6dd22b7a7db448f29242c1752edbd75a (127.17.234.129:33261), 1b0b070a82ed4bfa9643e2aa547e406a (127.17.234.130:43409)
I20260630 12:34:59.511824 21363 tablet_service.cc:1917] Received RequestConsensusVote() RPC: tablet_id: "cbe9b240c15240f0a23b11bb573d9b14" candidate_uuid: "b7f67a3638644451acf8ef73c97b8cd1" candidate_term: 1 candidate_status { last_received { term: 0 index: 0 } } ignore_live_leader: false dest_uuid: "6dd22b7a7db448f29242c1752edbd75a" is_pre_election: true
I20260630 12:34:59.512163 21436 tablet_service.cc:1917] Received RequestConsensusVote() RPC: tablet_id: "cbe9b240c15240f0a23b11bb573d9b14" candidate_uuid: "b7f67a3638644451acf8ef73c97b8cd1" candidate_term: 1 candidate_status { last_received { term: 0 index: 0 } } ignore_live_leader: false dest_uuid: "1b0b070a82ed4bfa9643e2aa547e406a" is_pre_election: true
I20260630 12:34:59.512488 21363 raft_consensus.cc:2468] T cbe9b240c15240f0a23b11bb573d9b14 P 6dd22b7a7db448f29242c1752edbd75a [term 0 FOLLOWER]: Leader pre-election vote request: Granting yes vote for candidate b7f67a3638644451acf8ef73c97b8cd1 in term 0.
I20260630 12:34:59.512718 21436 raft_consensus.cc:2468] T cbe9b240c15240f0a23b11bb573d9b14 P 1b0b070a82ed4bfa9643e2aa547e406a [term 0 FOLLOWER]: Leader pre-election vote request: Granting yes vote for candidate b7f67a3638644451acf8ef73c97b8cd1 in term 0.
I20260630 12:34:59.513492 21477 leader_election.cc:304] T cbe9b240c15240f0a23b11bb573d9b14 P b7f67a3638644451acf8ef73c97b8cd1 [CANDIDATE]: Term 1 pre-election: Election decided. Result: candidate won. Election summary: received 2 responses out of 3 voters: 2 yes votes; 0 no votes. yes voters: 6dd22b7a7db448f29242c1752edbd75a, b7f67a3638644451acf8ef73c97b8cd1; no voters: 
I20260630 12:34:59.514133 21567 raft_consensus.cc:2804] T cbe9b240c15240f0a23b11bb573d9b14 P b7f67a3638644451acf8ef73c97b8cd1 [term 0 FOLLOWER]: Leader pre-election won for term 1
I20260630 12:34:59.514420 21567 raft_consensus.cc:493] T cbe9b240c15240f0a23b11bb573d9b14 P b7f67a3638644451acf8ef73c97b8cd1 [term 0 FOLLOWER]: Starting leader election (no leader contacted us within the election timeout)
I20260630 12:34:59.514685 21567 raft_consensus.cc:3060] T cbe9b240c15240f0a23b11bb573d9b14 P b7f67a3638644451acf8ef73c97b8cd1 [term 0 FOLLOWER]: Advancing to term 1
I20260630 12:34:59.519169 21567 raft_consensus.cc:515] T cbe9b240c15240f0a23b11bb573d9b14 P b7f67a3638644451acf8ef73c97b8cd1 [term 1 FOLLOWER]: Starting leader election with config: opid_index: -1 OBSOLETE_local: false peers { permanent_uuid: "6dd22b7a7db448f29242c1752edbd75a" member_type: VOTER last_known_addr { host: "127.17.234.129" port: 33261 } } peers { permanent_uuid: "1b0b070a82ed4bfa9643e2aa547e406a" member_type: VOTER last_known_addr { host: "127.17.234.130" port: 43409 } } peers { permanent_uuid: "b7f67a3638644451acf8ef73c97b8cd1" member_type: VOTER last_known_addr { host: "127.17.234.131" port: 44319 } }
I20260630 12:34:59.521169 21567 leader_election.cc:290] T cbe9b240c15240f0a23b11bb573d9b14 P b7f67a3638644451acf8ef73c97b8cd1 [CANDIDATE]: Term 1 election: Requested vote from peers 6dd22b7a7db448f29242c1752edbd75a (127.17.234.129:33261), 1b0b070a82ed4bfa9643e2aa547e406a (127.17.234.130:43409)
I20260630 12:34:59.521934 21363 tablet_service.cc:1917] Received RequestConsensusVote() RPC: tablet_id: "cbe9b240c15240f0a23b11bb573d9b14" candidate_uuid: "b7f67a3638644451acf8ef73c97b8cd1" candidate_term: 1 candidate_status { last_received { term: 0 index: 0 } } ignore_live_leader: false dest_uuid: "6dd22b7a7db448f29242c1752edbd75a"
I20260630 12:34:59.522221 21436 tablet_service.cc:1917] Received RequestConsensusVote() RPC: tablet_id: "cbe9b240c15240f0a23b11bb573d9b14" candidate_uuid: "b7f67a3638644451acf8ef73c97b8cd1" candidate_term: 1 candidate_status { last_received { term: 0 index: 0 } } ignore_live_leader: false dest_uuid: "1b0b070a82ed4bfa9643e2aa547e406a"
I20260630 12:34:59.522488 21363 raft_consensus.cc:3060] T cbe9b240c15240f0a23b11bb573d9b14 P 6dd22b7a7db448f29242c1752edbd75a [term 0 FOLLOWER]: Advancing to term 1
I20260630 12:34:59.522734 21436 raft_consensus.cc:3060] T cbe9b240c15240f0a23b11bb573d9b14 P 1b0b070a82ed4bfa9643e2aa547e406a [term 0 FOLLOWER]: Advancing to term 1
I20260630 12:34:59.527397 21436 raft_consensus.cc:2468] T cbe9b240c15240f0a23b11bb573d9b14 P 1b0b070a82ed4bfa9643e2aa547e406a [term 1 FOLLOWER]: Leader election vote request: Granting yes vote for candidate b7f67a3638644451acf8ef73c97b8cd1 in term 1.
I20260630 12:34:59.527611 21363 raft_consensus.cc:2468] T cbe9b240c15240f0a23b11bb573d9b14 P 6dd22b7a7db448f29242c1752edbd75a [term 1 FOLLOWER]: Leader election vote request: Granting yes vote for candidate b7f67a3638644451acf8ef73c97b8cd1 in term 1.
I20260630 12:34:59.528508 21477 leader_election.cc:304] T cbe9b240c15240f0a23b11bb573d9b14 P b7f67a3638644451acf8ef73c97b8cd1 [CANDIDATE]: Term 1 election: Election decided. Result: candidate won. Election summary: received 2 responses out of 3 voters: 2 yes votes; 0 no votes. yes voters: 1b0b070a82ed4bfa9643e2aa547e406a, b7f67a3638644451acf8ef73c97b8cd1; no voters: 
I20260630 12:34:59.529251 21567 raft_consensus.cc:2804] T cbe9b240c15240f0a23b11bb573d9b14 P b7f67a3638644451acf8ef73c97b8cd1 [term 1 FOLLOWER]: Leader election won for term 1
I20260630 12:34:59.529727 21567 raft_consensus.cc:697] T cbe9b240c15240f0a23b11bb573d9b14 P b7f67a3638644451acf8ef73c97b8cd1 [term 1 LEADER]: Becoming Leader. State: Replica: b7f67a3638644451acf8ef73c97b8cd1, State: Running, Role: LEADER
I20260630 12:34:59.530504 21567 consensus_queue.cc:237] T cbe9b240c15240f0a23b11bb573d9b14 P b7f67a3638644451acf8ef73c97b8cd1 [LEADER]: Queue going to LEADER mode. State: All replicated index: 0, Majority replicated index: 0, Committed index: 0, Last appended: 0.0, Last appended by leader: 0, Current term: 1, Majority size: 2, State: 0, Mode: LEADER, active raft config: opid_index: -1 OBSOLETE_local: false peers { permanent_uuid: "6dd22b7a7db448f29242c1752edbd75a" member_type: VOTER last_known_addr { host: "127.17.234.129" port: 33261 } } peers { permanent_uuid: "1b0b070a82ed4bfa9643e2aa547e406a" member_type: VOTER last_known_addr { host: "127.17.234.130" port: 43409 } } peers { permanent_uuid: "b7f67a3638644451acf8ef73c97b8cd1" member_type: VOTER last_known_addr { host: "127.17.234.131" port: 44319 } }
I20260630 12:34:59.537093 21259 catalog_manager.cc:5697] T cbe9b240c15240f0a23b11bb573d9b14 P b7f67a3638644451acf8ef73c97b8cd1 reported cstate change: term changed from 0 to 1, leader changed from <none> to b7f67a3638644451acf8ef73c97b8cd1 (127.17.234.131). New cstate: current_term: 1 leader_uuid: "b7f67a3638644451acf8ef73c97b8cd1" committed_config { opid_index: -1 OBSOLETE_local: false peers { permanent_uuid: "6dd22b7a7db448f29242c1752edbd75a" member_type: VOTER last_known_addr { host: "127.17.234.129" port: 33261 } health_report { overall_health: UNKNOWN } } peers { permanent_uuid: "1b0b070a82ed4bfa9643e2aa547e406a" member_type: VOTER last_known_addr { host: "127.17.234.130" port: 43409 } health_report { overall_health: UNKNOWN } } peers { permanent_uuid: "b7f67a3638644451acf8ef73c97b8cd1" member_type: VOTER last_known_addr { host: "127.17.234.131" port: 44319 } health_report { overall_health: HEALTHY } } }
I20260630 12:34:59.581756 21585 consensus_queue.cc:1048] T 2dd83821c3914b16a7b13df3cdc93932 P 1b0b070a82ed4bfa9643e2aa547e406a [LEADER]: Connected to new peer: Peer: permanent_uuid: "b7f67a3638644451acf8ef73c97b8cd1" member_type: VOTER last_known_addr { host: "127.17.234.131" port: 44319 }, Status: LMP_MISMATCH, Last received: 0.0, Next index: 1, Last known committed idx: 0, Time since last communication: 0.000s
I20260630 12:34:59.592585 21564 consensus_queue.cc:1048] T 2dd83821c3914b16a7b13df3cdc93932 P 1b0b070a82ed4bfa9643e2aa547e406a [LEADER]: Connected to new peer: Peer: permanent_uuid: "6dd22b7a7db448f29242c1752edbd75a" member_type: VOTER last_known_addr { host: "127.17.234.129" port: 33261 }, Status: LMP_MISMATCH, Last received: 0.0, Next index: 1, Last known committed idx: 0, Time since last communication: 0.000s
I20260630 12:34:59.668421 21586 consensus_queue.cc:1048] T 6a34bd589f7749b7ad168de11ef32d86 P 6dd22b7a7db448f29242c1752edbd75a [LEADER]: Connected to new peer: Peer: permanent_uuid: "1b0b070a82ed4bfa9643e2aa547e406a" member_type: VOTER last_known_addr { host: "127.17.234.130" port: 43409 }, Status: LMP_MISMATCH, Last received: 0.0, Next index: 1, Last known committed idx: 0, Time since last communication: 0.000s
I20260630 12:34:59.678941 21586 consensus_queue.cc:1048] T 6a34bd589f7749b7ad168de11ef32d86 P 6dd22b7a7db448f29242c1752edbd75a [LEADER]: Connected to new peer: Peer: permanent_uuid: "b7f67a3638644451acf8ef73c97b8cd1" member_type: VOTER last_known_addr { host: "127.17.234.131" port: 44319 }, Status: LMP_MISMATCH, Last received: 0.0, Next index: 1, Last known committed idx: 0, Time since last communication: 0.000s
I20260630 12:34:59.699348 18346 file_cache.cc:492] Constructed file cache file cache with capacity 419430
W20260630 12:34:59.705577 21615 instance_detector.cc:116] could not retrieve AWS instance metadata: Network error: curl error: HTTP response code said error: The requested URL returned error: 404
W20260630 12:34:59.706314 21616 instance_detector.cc:116] could not retrieve Azure instance metadata: Network error: curl error: HTTP response code said error: The requested URL returned error: 404
W20260630 12:34:59.707267 21618 instance_detector.cc:116] could not retrieve OpenStack instance metadata: Network error: curl error: HTTP response code said error: The requested URL returned error: 404
I20260630 12:34:59.708150 18346 server_base.cc:1061] running on GCE node
I20260630 12:34:59.708958 18346 hybrid_clock.cc:584] initializing the hybrid clock with 'system_unsync' time source
W20260630 12:34:59.709169 18346 system_unsync_time.cc:38] NTP support is disabled. Clock error bounds will not be accurate. This configuration is not suitable for distributed clusters.
I20260630 12:34:59.709335 18346 hybrid_clock.cc:648] HybridClock initialized: now 1782822899709317 us; error 0 us; skew 500 ppm
I20260630 12:34:59.709877 18346 server_base.cc:861] Flag tcmalloc_max_total_thread_cache_bytes is not working since tcmalloc is not enabled.
I20260630 12:34:59.712874 18346 webserver.cc:533] Webserver started at http://127.17.234.132:45663/ using document root <none> and password file <none>
I20260630 12:34:59.713464 18346 fs_manager.cc:362] Metadata directory not provided
I20260630 12:34:59.713704 18346 fs_manager.cc:368] Using write-ahead log directory (fs_wal_dir) as metadata directory
I20260630 12:34:59.713634 21586 consensus_queue.cc:1048] T c2225898af7643d88e3b867d66286def P 6dd22b7a7db448f29242c1752edbd75a [LEADER]: Connected to new peer: Peer: permanent_uuid: "b7f67a3638644451acf8ef73c97b8cd1" member_type: VOTER last_known_addr { host: "127.17.234.131" port: 44319 }, Status: LMP_MISMATCH, Last received: 0.0, Next index: 1, Last known committed idx: 0, Time since last communication: 0.000s
I20260630 12:34:59.714171 18346 server_base.cc:909] This appears to be a new deployment of Kudu; creating new FS layout
I20260630 12:34:59.715651 18346 fs_manager.cc:1068] Generated new instance metadata in path /tmp/dist-test-taskQCGUeo/test-tmp/auto_rebalancer-test.0.AutoRebalancerTest.RangeAwareRebalancesNewRangeReplicas.1782822814464693-18346-0/minicluster-data/ts-3-root/instance:
uuid: "38ecd82f637a48258f6413966c230088"
format_stamp: "Formatted at 2026-06-30 12:34:59 on dist-test-slave-3m3g"
I20260630 12:34:59.722563 18346 fs_manager.cc:696] Time spent creating directory manager: real 0.006s	user 0.005s	sys 0.000s
I20260630 12:34:59.727808 21565 consensus_queue.cc:1048] T c2225898af7643d88e3b867d66286def P 6dd22b7a7db448f29242c1752edbd75a [LEADER]: Connected to new peer: Peer: permanent_uuid: "1b0b070a82ed4bfa9643e2aa547e406a" member_type: VOTER last_known_addr { host: "127.17.234.130" port: 43409 }, Status: LMP_MISMATCH, Last received: 0.0, Next index: 1, Last known committed idx: 0, Time since last communication: 0.000s
I20260630 12:34:59.731253 21624 log_block_manager.cc:4031] Time spent loading block containers with low live blocks: real 0.000s	user 0.000s	sys 0.000s
I20260630 12:34:59.732282 18346 fs_manager.cc:730] Time spent opening block manager: real 0.007s	user 0.007s	sys 0.000s
I20260630 12:34:59.732620 18346 fs_manager.cc:647] Opened local filesystem: /tmp/dist-test-taskQCGUeo/test-tmp/auto_rebalancer-test.0.AutoRebalancerTest.RangeAwareRebalancesNewRangeReplicas.1782822814464693-18346-0/minicluster-data/ts-3-root
uuid: "38ecd82f637a48258f6413966c230088"
format_stamp: "Formatted at 2026-06-30 12:34:59 on dist-test-slave-3m3g"
I20260630 12:34:59.732923 18346 fs_report.cc:389] FS layout report
--------------------
wal directory: /tmp/dist-test-taskQCGUeo/test-tmp/auto_rebalancer-test.0.AutoRebalancerTest.RangeAwareRebalancesNewRangeReplicas.1782822814464693-18346-0/minicluster-data/ts-3-root
metadata directory: /tmp/dist-test-taskQCGUeo/test-tmp/auto_rebalancer-test.0.AutoRebalancerTest.RangeAwareRebalancesNewRangeReplicas.1782822814464693-18346-0/minicluster-data/ts-3-root
1 data directories: /tmp/dist-test-taskQCGUeo/test-tmp/auto_rebalancer-test.0.AutoRebalancerTest.RangeAwareRebalancesNewRangeReplicas.1782822814464693-18346-0/minicluster-data/ts-3-root/data
Total live blocks: 0
Total live bytes: 0
Total live bytes (after alignment): 0
Total number of LBM containers: 0 (0 full)
Did not check for missing blocks
Did not check for orphaned blocks
Total full LBM containers with extra space: 0 (0 repaired)
Total full LBM container extra space in bytes: 0 (0 repaired)
Total incomplete LBM containers: 0 (0 repaired)
Total LBM partial records: 0 (0 repaired)
Total corrupted LBM metadata records in RocksDB: 0 (0 repaired)
I20260630 12:34:59.749114 18346 rpc_server.cc:225] running with OpenSSL 1.1.1  11 Sep 2018
I20260630 12:34:59.750367 18346 kserver.cc:163] Server-wide thread pool size limit: 3276
I20260630 12:34:59.751893 18346 txn_system_client.cc:432] TxnSystemClient initialization is disabled...
I20260630 12:34:59.754346 18346 ts_tablet_manager.cc:585] Loaded tablet metadata (0 total tablets, 0 live tablets)
I20260630 12:34:59.754576 18346 ts_tablet_manager.cc:531] Time spent load tablet metadata: real 0.000s	user 0.000s	sys 0.000s
I20260630 12:34:59.754812 18346 ts_tablet_manager.cc:616] Registered 0 tablets
I20260630 12:34:59.754964 18346 ts_tablet_manager.cc:595] Time spent register tablets: real 0.000s	user 0.000s	sys 0.000s
I20260630 12:34:59.796936 18346 rpc_server.cc:307] RPC server started. Bound to: 127.17.234.132:43115
I20260630 12:34:59.797031 21687 acceptor_pool.cc:272] collecting diagnostics on the listening RPC socket 127.17.234.132:43115 every 8 connection(s)
I20260630 12:34:59.802938 21260 catalog_manager.cc:3570] Servicing AlterTable request from {username='slave'} at 127.0.0.1:38366:
table { table_name: "range_aware_rebalance_new_range" } alter_schema_steps { type: ADD_RANGE_PARTITION add_range_partition { range_bounds { rows: "\006\001\n\000\000\000\007\001\024\000\000\000""\006\001\n\000\000\000\007\001\024\000\000\000" indirect_data: """" } } } schema { columns { name: "key" type: INT32 is_key: true is_nullable: false encoding: AUTO_ENCODING compression: DEFAULT_COMPRESSION cfile_block_size: 0 immutable: false } } modify_external_catalogs: true
I20260630 12:34:59.814775 21688 heartbeater.cc:344] Connected to a master server at 127.17.234.190:40561
I20260630 12:34:59.815279 21688 heartbeater.cc:461] Registering TS with master...
I20260630 12:34:59.816323 21688 heartbeater.cc:507] Master 127.17.234.190:40561 requested a full tablet report, sending...
I20260630 12:34:59.818804 21259 ts_manager.cc:194] Registered new tserver with Master: 38ecd82f637a48258f6413966c230088 (127.17.234.132:43115)
I20260630 12:34:59.821000 21259 master_service.cc:502] Signed X509 certificate for tserver {username='slave'} at 127.0.0.1:51208
W20260630 12:34:59.828006 21260 catalog_manager.cc:5957] Failed to send alter table request: Not found: failed to reset TS proxy: No leader found: Tablet ec310d2553954310ac614da42a9a2ca2 has no consensus state
W20260630 12:34:59.829615 21260 catalog_manager.cc:5957] Failed to send alter table request: Not found: failed to reset TS proxy: No leader found: Tablet fe99e89ce86b4606b36a4be4db4b9464 has no consensus state
W20260630 12:34:59.831144 21260 catalog_manager.cc:5957] Failed to send alter table request: Not found: failed to reset TS proxy: No leader found: Tablet 47aa52e0b15240dba1c521f4ac2bc2cf has no consensus state
W20260630 12:34:59.832719 21260 catalog_manager.cc:5957] Failed to send alter table request: Not found: failed to reset TS proxy: No leader found: Tablet 6fe3c86e4704434797798b5d00da4447 has no consensus state
I20260630 12:34:59.833797 21585 consensus_queue.cc:1048] T fe6b401519c44527ae7d0954f9d2333b P 1b0b070a82ed4bfa9643e2aa547e406a [LEADER]: Connected to new peer: Peer: permanent_uuid: "b7f67a3638644451acf8ef73c97b8cd1" member_type: VOTER last_known_addr { host: "127.17.234.131" port: 44319 }, Status: LMP_MISMATCH, Last received: 0.0, Next index: 1, Last known committed idx: 0, Time since last communication: 0.000s
W20260630 12:34:59.834197 21260 catalog_manager.cc:5957] Failed to send alter table request: Not found: failed to reset TS proxy: No leader found: Tablet 46c902d9f33e4ec38137301e7b44ec72 has no consensus state
W20260630 12:34:59.836294 21260 catalog_manager.cc:5957] Failed to send alter table request: Not found: failed to reset TS proxy: No leader found: Tablet 29a0e3fb93a74ed5a03a862ea4de30d4 has no consensus state
W20260630 12:34:59.837815 21260 catalog_manager.cc:5957] Failed to send alter table request: Not found: failed to reset TS proxy: No leader found: Tablet acdc5a064de642d78359ed042fb18eb0 has no consensus state
W20260630 12:34:59.839479 21260 catalog_manager.cc:5957] Failed to send alter table request: Not found: failed to reset TS proxy: No leader found: Tablet 81ab81e84c21463fbd4d41dd44a541ec has no consensus state
I20260630 12:34:59.849848 21585 consensus_queue.cc:1048] T fe6b401519c44527ae7d0954f9d2333b P 1b0b070a82ed4bfa9643e2aa547e406a [LEADER]: Connected to new peer: Peer: permanent_uuid: "6dd22b7a7db448f29242c1752edbd75a" member_type: VOTER last_known_addr { host: "127.17.234.129" port: 33261 }, Status: LMP_MISMATCH, Last received: 0.0, Next index: 1, Last known committed idx: 0, Time since last communication: 0.000s
I20260630 12:34:59.850773 21560 consensus_queue.cc:1048] T 482bc656f60c4b30a7baca034c989e6b P 6dd22b7a7db448f29242c1752edbd75a [LEADER]: Connected to new peer: Peer: permanent_uuid: "1b0b070a82ed4bfa9643e2aa547e406a" member_type: VOTER last_known_addr { host: "127.17.234.130" port: 43409 }, Status: LMP_MISMATCH, Last received: 0.0, Next index: 1, Last known committed idx: 0, Time since last communication: 0.000s
W20260630 12:34:59.852240 21248 catalog_manager.cc:4810] Async tablet task AlterTable RPC for tablet 6fe3c86e4704434797798b5d00da4447 (table range_aware_rebalance_new_range [id=a9fc6661fcbb4d68a2ea3fddb78418f9], current schema version=0) failed: Not found: failed to reset TS proxy: No leader found: Tablet 6fe3c86e4704434797798b5d00da4447 has no consensus state
I20260630 12:34:59.871130 21560 consensus_queue.cc:1048] T 482bc656f60c4b30a7baca034c989e6b P 6dd22b7a7db448f29242c1752edbd75a [LEADER]: Connected to new peer: Peer: permanent_uuid: "b7f67a3638644451acf8ef73c97b8cd1" member_type: VOTER last_known_addr { host: "127.17.234.131" port: 44319 }, Status: LMP_MISMATCH, Last received: 0.0, Next index: 1, Last known committed idx: 0, Time since last communication: 0.000s
I20260630 12:34:59.885963 21560 consensus_queue.cc:1048] T fa700d4045514fe785633ee52649cb4b P 6dd22b7a7db448f29242c1752edbd75a [LEADER]: Connected to new peer: Peer: permanent_uuid: "1b0b070a82ed4bfa9643e2aa547e406a" member_type: VOTER last_known_addr { host: "127.17.234.130" port: 43409 }, Status: LMP_MISMATCH, Last received: 0.0, Next index: 1, Last known committed idx: 0, Time since last communication: 0.000s
I20260630 12:34:59.893745 21348 tablet_service.cc:1511] Processing CreateTablet for tablet ec310d2553954310ac614da42a9a2ca2 (DEFAULT_TABLE table=range_aware_rebalance_new_range [id=a9fc6661fcbb4d68a2ea3fddb78418f9]), partition=HASH (key) PARTITION 0, RANGE (key) PARTITION 10 <= VALUES < 20
I20260630 12:34:59.894713 21423 tablet_service.cc:1511] Processing CreateTablet for tablet ec310d2553954310ac614da42a9a2ca2 (DEFAULT_TABLE table=range_aware_rebalance_new_range [id=a9fc6661fcbb4d68a2ea3fddb78418f9]), partition=HASH (key) PARTITION 0, RANGE (key) PARTITION 10 <= VALUES < 20
I20260630 12:34:59.895362 21348 data_dirs.cc:400] Could only allocate 1 dirs of requested 3 for tablet ec310d2553954310ac614da42a9a2ca2. 1 dirs total, 0 dirs full, 0 dirs failed
I20260630 12:34:59.893684 21496 tablet_service.cc:1511] Processing CreateTablet for tablet fe99e89ce86b4606b36a4be4db4b9464 (DEFAULT_TABLE table=range_aware_rebalance_new_range [id=a9fc6661fcbb4d68a2ea3fddb78418f9]), partition=HASH (key) PARTITION 1, RANGE (key) PARTITION 10 <= VALUES < 20
I20260630 12:34:59.896672 21496 data_dirs.cc:400] Could only allocate 1 dirs of requested 3 for tablet fe99e89ce86b4606b36a4be4db4b9464. 1 dirs total, 0 dirs full, 0 dirs failed
I20260630 12:34:59.899051 21423 data_dirs.cc:400] Could only allocate 1 dirs of requested 3 for tablet ec310d2553954310ac614da42a9a2ca2. 1 dirs total, 0 dirs full, 0 dirs failed
I20260630 12:34:59.905166 21351 tablet_service.cc:1511] Processing CreateTablet for tablet fe99e89ce86b4606b36a4be4db4b9464 (DEFAULT_TABLE table=range_aware_rebalance_new_range [id=a9fc6661fcbb4d68a2ea3fddb78418f9]), partition=HASH (key) PARTITION 1, RANGE (key) PARTITION 10 <= VALUES < 20
I20260630 12:34:59.906090 21425 tablet_service.cc:1511] Processing CreateTablet for tablet 47aa52e0b15240dba1c521f4ac2bc2cf (DEFAULT_TABLE table=range_aware_rebalance_new_range [id=a9fc6661fcbb4d68a2ea3fddb78418f9]), partition=HASH (key) PARTITION 2, RANGE (key) PARTITION 10 <= VALUES < 20
I20260630 12:34:59.906597 21351 data_dirs.cc:400] Could only allocate 1 dirs of requested 3 for tablet fe99e89ce86b4606b36a4be4db4b9464. 1 dirs total, 0 dirs full, 0 dirs failed
I20260630 12:34:59.907410 21425 data_dirs.cc:400] Could only allocate 1 dirs of requested 3 for tablet 47aa52e0b15240dba1c521f4ac2bc2cf. 1 dirs total, 0 dirs full, 0 dirs failed
I20260630 12:34:59.914885 21499 tablet_service.cc:1511] Processing CreateTablet for tablet 47aa52e0b15240dba1c521f4ac2bc2cf (DEFAULT_TABLE table=range_aware_rebalance_new_range [id=a9fc6661fcbb4d68a2ea3fddb78418f9]), partition=HASH (key) PARTITION 2, RANGE (key) PARTITION 10 <= VALUES < 20
I20260630 12:34:59.916354 21499 data_dirs.cc:400] Could only allocate 1 dirs of requested 3 for tablet 47aa52e0b15240dba1c521f4ac2bc2cf. 1 dirs total, 0 dirs full, 0 dirs failed
I20260630 12:34:59.922109 21352 tablet_service.cc:1511] Processing CreateTablet for tablet 6fe3c86e4704434797798b5d00da4447 (DEFAULT_TABLE table=range_aware_rebalance_new_range [id=a9fc6661fcbb4d68a2ea3fddb78418f9]), partition=HASH (key) PARTITION 3, RANGE (key) PARTITION 10 <= VALUES < 20
I20260630 12:34:59.922864 21427 tablet_service.cc:1511] Processing CreateTablet for tablet 6fe3c86e4704434797798b5d00da4447 (DEFAULT_TABLE table=range_aware_rebalance_new_range [id=a9fc6661fcbb4d68a2ea3fddb78418f9]), partition=HASH (key) PARTITION 3, RANGE (key) PARTITION 10 <= VALUES < 20
I20260630 12:34:59.923549 21352 data_dirs.cc:400] Could only allocate 1 dirs of requested 3 for tablet 6fe3c86e4704434797798b5d00da4447. 1 dirs total, 0 dirs full, 0 dirs failed
I20260630 12:34:59.923816 21500 tablet_service.cc:1511] Processing CreateTablet for tablet 46c902d9f33e4ec38137301e7b44ec72 (DEFAULT_TABLE table=range_aware_rebalance_new_range [id=a9fc6661fcbb4d68a2ea3fddb78418f9]), partition=HASH (key) PARTITION 4, RANGE (key) PARTITION 10 <= VALUES < 20
I20260630 12:34:59.924320 21427 data_dirs.cc:400] Could only allocate 1 dirs of requested 3 for tablet 6fe3c86e4704434797798b5d00da4447. 1 dirs total, 0 dirs full, 0 dirs failed
I20260630 12:34:59.926139 21500 data_dirs.cc:400] Could only allocate 1 dirs of requested 3 for tablet 46c902d9f33e4ec38137301e7b44ec72. 1 dirs total, 0 dirs full, 0 dirs failed
I20260630 12:34:59.941095 21347 tablet_service.cc:1511] Processing CreateTablet for tablet 46c902d9f33e4ec38137301e7b44ec72 (DEFAULT_TABLE table=range_aware_rebalance_new_range [id=a9fc6661fcbb4d68a2ea3fddb78418f9]), partition=HASH (key) PARTITION 4, RANGE (key) PARTITION 10 <= VALUES < 20
I20260630 12:34:59.942459 21347 data_dirs.cc:400] Could only allocate 1 dirs of requested 3 for tablet 46c902d9f33e4ec38137301e7b44ec72. 1 dirs total, 0 dirs full, 0 dirs failed
I20260630 12:34:59.950348 21653 tablet_service.cc:1511] Processing CreateTablet for tablet ec310d2553954310ac614da42a9a2ca2 (DEFAULT_TABLE table=range_aware_rebalance_new_range [id=a9fc6661fcbb4d68a2ea3fddb78418f9]), partition=HASH (key) PARTITION 0, RANGE (key) PARTITION 10 <= VALUES < 20
I20260630 12:34:59.951056 21649 tablet_service.cc:1511] Processing CreateTablet for tablet 46c902d9f33e4ec38137301e7b44ec72 (DEFAULT_TABLE table=range_aware_rebalance_new_range [id=a9fc6661fcbb4d68a2ea3fddb78418f9]), partition=HASH (key) PARTITION 4, RANGE (key) PARTITION 10 <= VALUES < 20
I20260630 12:34:59.952517 21649 data_dirs.cc:400] Could only allocate 1 dirs of requested 3 for tablet 46c902d9f33e4ec38137301e7b44ec72. 1 dirs total, 0 dirs full, 0 dirs failed
I20260630 12:34:59.952164 21652 tablet_service.cc:1511] Processing CreateTablet for tablet fe99e89ce86b4606b36a4be4db4b9464 (DEFAULT_TABLE table=range_aware_rebalance_new_range [id=a9fc6661fcbb4d68a2ea3fddb78418f9]), partition=HASH (key) PARTITION 1, RANGE (key) PARTITION 10 <= VALUES < 20
I20260630 12:34:59.953532 21652 data_dirs.cc:400] Could only allocate 1 dirs of requested 3 for tablet fe99e89ce86b4606b36a4be4db4b9464. 1 dirs total, 0 dirs full, 0 dirs failed
I20260630 12:34:59.954859 21567 consensus_queue.cc:1048] T 3124e09a6b7143699fbdffcbf1e54e23 P b7f67a3638644451acf8ef73c97b8cd1 [LEADER]: Connected to new peer: Peer: permanent_uuid: "6dd22b7a7db448f29242c1752edbd75a" member_type: VOTER last_known_addr { host: "127.17.234.129" port: 33261 }, Status: LMP_MISMATCH, Last received: 0.0, Next index: 1, Last known committed idx: 0, Time since last communication: 0.000s
I20260630 12:34:59.956638 21651 tablet_service.cc:1511] Processing CreateTablet for tablet 47aa52e0b15240dba1c521f4ac2bc2cf (DEFAULT_TABLE table=range_aware_rebalance_new_range [id=a9fc6661fcbb4d68a2ea3fddb78418f9]), partition=HASH (key) PARTITION 2, RANGE (key) PARTITION 10 <= VALUES < 20
I20260630 12:34:59.958081 21651 data_dirs.cc:400] Could only allocate 1 dirs of requested 3 for tablet 47aa52e0b15240dba1c521f4ac2bc2cf. 1 dirs total, 0 dirs full, 0 dirs failed
I20260630 12:34:59.958647 21650 tablet_service.cc:1511] Processing CreateTablet for tablet 6fe3c86e4704434797798b5d00da4447 (DEFAULT_TABLE table=range_aware_rebalance_new_range [id=a9fc6661fcbb4d68a2ea3fddb78418f9]), partition=HASH (key) PARTITION 3, RANGE (key) PARTITION 10 <= VALUES < 20
I20260630 12:34:59.977043 21565 consensus_queue.cc:1048] T fa700d4045514fe785633ee52649cb4b P 6dd22b7a7db448f29242c1752edbd75a [LEADER]: Connected to new peer: Peer: permanent_uuid: "b7f67a3638644451acf8ef73c97b8cd1" member_type: VOTER last_known_addr { host: "127.17.234.131" port: 44319 }, Status: LMP_MISMATCH, Last received: 0.0, Next index: 1, Last known committed idx: 0, Time since last communication: 0.000s
I20260630 12:34:59.978960 21567 consensus_queue.cc:1048] T 3124e09a6b7143699fbdffcbf1e54e23 P b7f67a3638644451acf8ef73c97b8cd1 [LEADER]: Connected to new peer: Peer: permanent_uuid: "1b0b070a82ed4bfa9643e2aa547e406a" member_type: VOTER last_known_addr { host: "127.17.234.130" port: 43409 }, Status: LMP_MISMATCH, Last received: 0.0, Next index: 1, Last known committed idx: 0, Time since last communication: 0.000s
I20260630 12:34:59.997802 21650 data_dirs.cc:400] Could only allocate 1 dirs of requested 3 for tablet 6fe3c86e4704434797798b5d00da4447. 1 dirs total, 0 dirs full, 0 dirs failed
I20260630 12:35:00.021683 21567 consensus_queue.cc:1048] T cbe9b240c15240f0a23b11bb573d9b14 P b7f67a3638644451acf8ef73c97b8cd1 [LEADER]: Connected to new peer: Peer: permanent_uuid: "1b0b070a82ed4bfa9643e2aa547e406a" member_type: VOTER last_known_addr { host: "127.17.234.130" port: 43409 }, Status: LMP_MISMATCH, Last received: 0.0, Next index: 1, Last known committed idx: 0, Time since last communication: 0.000s
I20260630 12:35:00.022259 21653 data_dirs.cc:400] Could only allocate 1 dirs of requested 3 for tablet ec310d2553954310ac614da42a9a2ca2. 1 dirs total, 0 dirs full, 0 dirs failed
I20260630 12:35:00.033778 21428 tablet_service.cc:1511] Processing CreateTablet for tablet 29a0e3fb93a74ed5a03a862ea4de30d4 (DEFAULT_TABLE table=range_aware_rebalance_new_range [id=a9fc6661fcbb4d68a2ea3fddb78418f9]), partition=HASH (key) PARTITION 5, RANGE (key) PARTITION 10 <= VALUES < 20
I20260630 12:35:00.035180 21428 data_dirs.cc:400] Could only allocate 1 dirs of requested 3 for tablet 29a0e3fb93a74ed5a03a862ea4de30d4. 1 dirs total, 0 dirs full, 0 dirs failed
I20260630 12:35:00.052139 21499 tablet_service.cc:1511] Processing CreateTablet for tablet 29a0e3fb93a74ed5a03a862ea4de30d4 (DEFAULT_TABLE table=range_aware_rebalance_new_range [id=a9fc6661fcbb4d68a2ea3fddb78418f9]), partition=HASH (key) PARTITION 5, RANGE (key) PARTITION 10 <= VALUES < 20
I20260630 12:35:00.053809 21499 data_dirs.cc:400] Could only allocate 1 dirs of requested 3 for tablet 29a0e3fb93a74ed5a03a862ea4de30d4. 1 dirs total, 0 dirs full, 0 dirs failed
I20260630 12:35:00.073364 21699 tablet_bootstrap.cc:492] T ec310d2553954310ac614da42a9a2ca2 P 6dd22b7a7db448f29242c1752edbd75a: Bootstrap starting.
I20260630 12:35:00.085402 21652 tablet_service.cc:1511] Processing CreateTablet for tablet acdc5a064de642d78359ed042fb18eb0 (DEFAULT_TABLE table=range_aware_rebalance_new_range [id=a9fc6661fcbb4d68a2ea3fddb78418f9]), partition=HASH (key) PARTITION 6, RANGE (key) PARTITION 10 <= VALUES < 20
I20260630 12:35:00.086912 21652 data_dirs.cc:400] Could only allocate 1 dirs of requested 3 for tablet acdc5a064de642d78359ed042fb18eb0. 1 dirs total, 0 dirs full, 0 dirs failed
I20260630 12:35:00.067757 21648 tablet_service.cc:1511] Processing CreateTablet for tablet 29a0e3fb93a74ed5a03a862ea4de30d4 (DEFAULT_TABLE table=range_aware_rebalance_new_range [id=a9fc6661fcbb4d68a2ea3fddb78418f9]), partition=HASH (key) PARTITION 5, RANGE (key) PARTITION 10 <= VALUES < 20
I20260630 12:35:00.094431 21648 data_dirs.cc:400] Could only allocate 1 dirs of requested 3 for tablet 29a0e3fb93a74ed5a03a862ea4de30d4. 1 dirs total, 0 dirs full, 0 dirs failed
I20260630 12:35:00.118638 21703 tablet_bootstrap.cc:492] T fe99e89ce86b4606b36a4be4db4b9464 P 38ecd82f637a48258f6413966c230088: Bootstrap starting.
I20260630 12:35:00.125829 21352 tablet_service.cc:1511] Processing CreateTablet for tablet acdc5a064de642d78359ed042fb18eb0 (DEFAULT_TABLE table=range_aware_rebalance_new_range [id=a9fc6661fcbb4d68a2ea3fddb78418f9]), partition=HASH (key) PARTITION 6, RANGE (key) PARTITION 10 <= VALUES < 20
I20260630 12:35:00.127231 21352 data_dirs.cc:400] Could only allocate 1 dirs of requested 3 for tablet acdc5a064de642d78359ed042fb18eb0. 1 dirs total, 0 dirs full, 0 dirs failed
I20260630 12:35:00.133839 21707 tablet_bootstrap.cc:492] T 46c902d9f33e4ec38137301e7b44ec72 P b7f67a3638644451acf8ef73c97b8cd1: Bootstrap starting.
I20260630 12:35:00.145810 21705 tablet_bootstrap.cc:492] T 6fe3c86e4704434797798b5d00da4447 P 1b0b070a82ed4bfa9643e2aa547e406a: Bootstrap starting.
I20260630 12:35:00.145252 21423 tablet_service.cc:1511] Processing CreateTablet for tablet acdc5a064de642d78359ed042fb18eb0 (DEFAULT_TABLE table=range_aware_rebalance_new_range [id=a9fc6661fcbb4d68a2ea3fddb78418f9]), partition=HASH (key) PARTITION 6, RANGE (key) PARTITION 10 <= VALUES < 20
I20260630 12:35:00.147360 21423 data_dirs.cc:400] Could only allocate 1 dirs of requested 3 for tablet acdc5a064de642d78359ed042fb18eb0. 1 dirs total, 0 dirs full, 0 dirs failed
I20260630 12:35:00.150766 21347 tablet_service.cc:1511] Processing CreateTablet for tablet 81ab81e84c21463fbd4d41dd44a541ec (DEFAULT_TABLE table=range_aware_rebalance_new_range [id=a9fc6661fcbb4d68a2ea3fddb78418f9]), partition=HASH (key) PARTITION 7, RANGE (key) PARTITION 10 <= VALUES < 20
I20260630 12:35:00.151261 21648 tablet_service.cc:1511] Processing CreateTablet for tablet 81ab81e84c21463fbd4d41dd44a541ec (DEFAULT_TABLE table=range_aware_rebalance_new_range [id=a9fc6661fcbb4d68a2ea3fddb78418f9]), partition=HASH (key) PARTITION 7, RANGE (key) PARTITION 10 <= VALUES < 20
I20260630 12:35:00.152619 21648 data_dirs.cc:400] Could only allocate 1 dirs of requested 3 for tablet 81ab81e84c21463fbd4d41dd44a541ec. 1 dirs total, 0 dirs full, 0 dirs failed
I20260630 12:35:00.152753 21347 data_dirs.cc:400] Could only allocate 1 dirs of requested 3 for tablet 81ab81e84c21463fbd4d41dd44a541ec. 1 dirs total, 0 dirs full, 0 dirs failed
I20260630 12:35:00.162061 21500 tablet_service.cc:1511] Processing CreateTablet for tablet 81ab81e84c21463fbd4d41dd44a541ec (DEFAULT_TABLE table=range_aware_rebalance_new_range [id=a9fc6661fcbb4d68a2ea3fddb78418f9]), partition=HASH (key) PARTITION 7, RANGE (key) PARTITION 10 <= VALUES < 20
I20260630 12:35:00.163534 21500 data_dirs.cc:400] Could only allocate 1 dirs of requested 3 for tablet 81ab81e84c21463fbd4d41dd44a541ec. 1 dirs total, 0 dirs full, 0 dirs failed
I20260630 12:35:00.164633 21703 tablet_bootstrap.cc:654] T fe99e89ce86b4606b36a4be4db4b9464 P 38ecd82f637a48258f6413966c230088: Neither blocks nor log segments found. Creating new log.
I20260630 12:35:00.168751 21699 tablet_bootstrap.cc:654] T ec310d2553954310ac614da42a9a2ca2 P 6dd22b7a7db448f29242c1752edbd75a: Neither blocks nor log segments found. Creating new log.
W20260630 12:35:00.189051 21309 auto_rebalancer.cc:298] Could not retrieve cluster info: Service unavailable: Tablet not running
I20260630 12:35:00.193427 21706 consensus_queue.cc:1048] T cbe9b240c15240f0a23b11bb573d9b14 P b7f67a3638644451acf8ef73c97b8cd1 [LEADER]: Connected to new peer: Peer: permanent_uuid: "6dd22b7a7db448f29242c1752edbd75a" member_type: VOTER last_known_addr { host: "127.17.234.129" port: 33261 }, Status: LMP_MISMATCH, Last received: 0.0, Next index: 1, Last known committed idx: 0, Time since last communication: 0.001s
I20260630 12:35:00.196084 21707 tablet_bootstrap.cc:654] T 46c902d9f33e4ec38137301e7b44ec72 P b7f67a3638644451acf8ef73c97b8cd1: Neither blocks nor log segments found. Creating new log.
I20260630 12:35:00.206667 21703 tablet_bootstrap.cc:492] T fe99e89ce86b4606b36a4be4db4b9464 P 38ecd82f637a48258f6413966c230088: No bootstrap required, opened a new log
I20260630 12:35:00.207433 21703 ts_tablet_manager.cc:1403] T fe99e89ce86b4606b36a4be4db4b9464 P 38ecd82f637a48258f6413966c230088: Time spent bootstrapping tablet: real 0.093s	user 0.004s	sys 0.014s
I20260630 12:35:00.209301 21699 tablet_bootstrap.cc:492] T ec310d2553954310ac614da42a9a2ca2 P 6dd22b7a7db448f29242c1752edbd75a: No bootstrap required, opened a new log
I20260630 12:35:00.209839 21699 ts_tablet_manager.cc:1403] T ec310d2553954310ac614da42a9a2ca2 P 6dd22b7a7db448f29242c1752edbd75a: Time spent bootstrapping tablet: real 0.148s	user 0.010s	sys 0.011s
I20260630 12:35:00.210610 21705 tablet_bootstrap.cc:654] T 6fe3c86e4704434797798b5d00da4447 P 1b0b070a82ed4bfa9643e2aa547e406a: Neither blocks nor log segments found. Creating new log.
I20260630 12:35:00.213001 21699 raft_consensus.cc:359] T ec310d2553954310ac614da42a9a2ca2 P 6dd22b7a7db448f29242c1752edbd75a [term 0 FOLLOWER]: Replica starting. Triggering 0 pending ops. Active config: opid_index: -1 OBSOLETE_local: false peers { permanent_uuid: "38ecd82f637a48258f6413966c230088" member_type: VOTER last_known_addr { host: "127.17.234.132" port: 43115 } } peers { permanent_uuid: "1b0b070a82ed4bfa9643e2aa547e406a" member_type: VOTER last_known_addr { host: "127.17.234.130" port: 43409 } } peers { permanent_uuid: "6dd22b7a7db448f29242c1752edbd75a" member_type: VOTER last_known_addr { host: "127.17.234.129" port: 33261 } }
I20260630 12:35:00.213829 21699 raft_consensus.cc:385] T ec310d2553954310ac614da42a9a2ca2 P 6dd22b7a7db448f29242c1752edbd75a [term 0 FOLLOWER]: Consensus starting up: Expiring failure detector timer to make a prompt election more likely
I20260630 12:35:00.214155 21699 raft_consensus.cc:740] T ec310d2553954310ac614da42a9a2ca2 P 6dd22b7a7db448f29242c1752edbd75a [term 0 FOLLOWER]: Becoming Follower/Learner. State: Replica: 6dd22b7a7db448f29242c1752edbd75a, State: Initialized, Role: FOLLOWER
I20260630 12:35:00.211272 21703 raft_consensus.cc:359] T fe99e89ce86b4606b36a4be4db4b9464 P 38ecd82f637a48258f6413966c230088 [term 0 FOLLOWER]: Replica starting. Triggering 0 pending ops. Active config: opid_index: -1 OBSOLETE_local: false peers { permanent_uuid: "b7f67a3638644451acf8ef73c97b8cd1" member_type: VOTER last_known_addr { host: "127.17.234.131" port: 44319 } } peers { permanent_uuid: "6dd22b7a7db448f29242c1752edbd75a" member_type: VOTER last_known_addr { host: "127.17.234.129" port: 33261 } } peers { permanent_uuid: "38ecd82f637a48258f6413966c230088" member_type: VOTER last_known_addr { host: "127.17.234.132" port: 43115 } }
I20260630 12:35:00.215180 21699 consensus_queue.cc:260] T ec310d2553954310ac614da42a9a2ca2 P 6dd22b7a7db448f29242c1752edbd75a [NON_LEADER]: Queue going to NON_LEADER mode. State: All replicated index: 0, Majority replicated index: 0, Committed index: 0, Last appended: 0.0, Last appended by leader: 0, Current term: 0, Majority size: -1, State: 0, Mode: NON_LEADER, active raft config: opid_index: -1 OBSOLETE_local: false peers { permanent_uuid: "38ecd82f637a48258f6413966c230088" member_type: VOTER last_known_addr { host: "127.17.234.132" port: 43115 } } peers { permanent_uuid: "1b0b070a82ed4bfa9643e2aa547e406a" member_type: VOTER last_known_addr { host: "127.17.234.130" port: 43409 } } peers { permanent_uuid: "6dd22b7a7db448f29242c1752edbd75a" member_type: VOTER last_known_addr { host: "127.17.234.129" port: 33261 } }
I20260630 12:35:00.216009 21703 raft_consensus.cc:385] T fe99e89ce86b4606b36a4be4db4b9464 P 38ecd82f637a48258f6413966c230088 [term 0 FOLLOWER]: Consensus starting up: Expiring failure detector timer to make a prompt election more likely
I20260630 12:35:00.216385 21703 raft_consensus.cc:740] T fe99e89ce86b4606b36a4be4db4b9464 P 38ecd82f637a48258f6413966c230088 [term 0 FOLLOWER]: Becoming Follower/Learner. State: Replica: 38ecd82f637a48258f6413966c230088, State: Initialized, Role: FOLLOWER
I20260630 12:35:00.217909 21699 ts_tablet_manager.cc:1434] T ec310d2553954310ac614da42a9a2ca2 P 6dd22b7a7db448f29242c1752edbd75a: Time spent starting tablet: real 0.008s	user 0.005s	sys 0.002s
I20260630 12:35:00.219123 21699 tablet_bootstrap.cc:492] T fe99e89ce86b4606b36a4be4db4b9464 P 6dd22b7a7db448f29242c1752edbd75a: Bootstrap starting.
I20260630 12:35:00.220458 21703 consensus_queue.cc:260] T fe99e89ce86b4606b36a4be4db4b9464 P 38ecd82f637a48258f6413966c230088 [NON_LEADER]: Queue going to NON_LEADER mode. State: All replicated index: 0, Majority replicated index: 0, Committed index: 0, Last appended: 0.0, Last appended by leader: 0, Current term: 0, Majority size: -1, State: 0, Mode: NON_LEADER, active raft config: opid_index: -1 OBSOLETE_local: false peers { permanent_uuid: "b7f67a3638644451acf8ef73c97b8cd1" member_type: VOTER last_known_addr { host: "127.17.234.131" port: 44319 } } peers { permanent_uuid: "6dd22b7a7db448f29242c1752edbd75a" member_type: VOTER last_known_addr { host: "127.17.234.129" port: 33261 } } peers { permanent_uuid: "38ecd82f637a48258f6413966c230088" member_type: VOTER last_known_addr { host: "127.17.234.132" port: 43115 } }
I20260630 12:35:00.226979 21699 tablet_bootstrap.cc:654] T fe99e89ce86b4606b36a4be4db4b9464 P 6dd22b7a7db448f29242c1752edbd75a: Neither blocks nor log segments found. Creating new log.
I20260630 12:35:00.228925 21707 tablet_bootstrap.cc:492] T 46c902d9f33e4ec38137301e7b44ec72 P b7f67a3638644451acf8ef73c97b8cd1: No bootstrap required, opened a new log
I20260630 12:35:00.229516 21707 ts_tablet_manager.cc:1403] T 46c902d9f33e4ec38137301e7b44ec72 P b7f67a3638644451acf8ef73c97b8cd1: Time spent bootstrapping tablet: real 0.113s	user 0.011s	sys 0.006s
I20260630 12:35:00.232606 21707 raft_consensus.cc:359] T 46c902d9f33e4ec38137301e7b44ec72 P b7f67a3638644451acf8ef73c97b8cd1 [term 0 FOLLOWER]: Replica starting. Triggering 0 pending ops. Active config: opid_index: -1 OBSOLETE_local: false peers { permanent_uuid: "38ecd82f637a48258f6413966c230088" member_type: VOTER last_known_addr { host: "127.17.234.132" port: 43115 } } peers { permanent_uuid: "b7f67a3638644451acf8ef73c97b8cd1" member_type: VOTER last_known_addr { host: "127.17.234.131" port: 44319 } } peers { permanent_uuid: "6dd22b7a7db448f29242c1752edbd75a" member_type: VOTER last_known_addr { host: "127.17.234.129" port: 33261 } }
I20260630 12:35:00.233353 21707 raft_consensus.cc:385] T 46c902d9f33e4ec38137301e7b44ec72 P b7f67a3638644451acf8ef73c97b8cd1 [term 0 FOLLOWER]: Consensus starting up: Expiring failure detector timer to make a prompt election more likely
I20260630 12:35:00.233677 21707 raft_consensus.cc:740] T 46c902d9f33e4ec38137301e7b44ec72 P b7f67a3638644451acf8ef73c97b8cd1 [term 0 FOLLOWER]: Becoming Follower/Learner. State: Replica: b7f67a3638644451acf8ef73c97b8cd1, State: Initialized, Role: FOLLOWER
I20260630 12:35:00.234577 21688 heartbeater.cc:499] Master 127.17.234.190:40561 was elected leader, sending a full tablet report...
I20260630 12:35:00.236424 21703 ts_tablet_manager.cc:1434] T fe99e89ce86b4606b36a4be4db4b9464 P 38ecd82f637a48258f6413966c230088: Time spent starting tablet: real 0.029s	user 0.008s	sys 0.001s
I20260630 12:35:00.237421 21703 tablet_bootstrap.cc:492] T 46c902d9f33e4ec38137301e7b44ec72 P 38ecd82f637a48258f6413966c230088: Bootstrap starting.
I20260630 12:35:00.243593 21703 tablet_bootstrap.cc:654] T 46c902d9f33e4ec38137301e7b44ec72 P 38ecd82f637a48258f6413966c230088: Neither blocks nor log segments found. Creating new log.
I20260630 12:35:00.234413 21707 consensus_queue.cc:260] T 46c902d9f33e4ec38137301e7b44ec72 P b7f67a3638644451acf8ef73c97b8cd1 [NON_LEADER]: Queue going to NON_LEADER mode. State: All replicated index: 0, Majority replicated index: 0, Committed index: 0, Last appended: 0.0, Last appended by leader: 0, Current term: 0, Majority size: -1, State: 0, Mode: NON_LEADER, active raft config: opid_index: -1 OBSOLETE_local: false peers { permanent_uuid: "38ecd82f637a48258f6413966c230088" member_type: VOTER last_known_addr { host: "127.17.234.132" port: 43115 } } peers { permanent_uuid: "b7f67a3638644451acf8ef73c97b8cd1" member_type: VOTER last_known_addr { host: "127.17.234.131" port: 44319 } } peers { permanent_uuid: "6dd22b7a7db448f29242c1752edbd75a" member_type: VOTER last_known_addr { host: "127.17.234.129" port: 33261 } }
I20260630 12:35:00.253829 21707 ts_tablet_manager.cc:1434] T 46c902d9f33e4ec38137301e7b44ec72 P b7f67a3638644451acf8ef73c97b8cd1: Time spent starting tablet: real 0.024s	user 0.003s	sys 0.005s
I20260630 12:35:00.254916 21707 tablet_bootstrap.cc:492] T 47aa52e0b15240dba1c521f4ac2bc2cf P b7f67a3638644451acf8ef73c97b8cd1: Bootstrap starting.
