I20260630 12:33:38.325528   653 fs_manager.cc:368] Using write-ahead log directory (fs_wal_dir) as metadata directory
I20260630 12:33:38.325764   653 server_base.cc:909] This appears to be a new deployment of Kudu; creating new FS layout
I20260630 12:33:38.326924   653 fs_manager.cc:1068] Generated new instance metadata in path /tmp/dist-test-taskqhdp7E/test-tmp/auto_rebalancer-test.0.AutoRebalancerTest.AutoRebalancingTurnOffAndOn.1782822811538623-653-0/minicluster-data/master-0-root/instance:
uuid: "b866ed4c3434402391aab6496faa264c"
format_stamp: "Formatted at 2026-06-30 12:33:38 on dist-test-slave-3p4m"
I20260630 12:33:38.330847   653 fs_manager.cc:696] Time spent creating directory manager: real 0.003s	user 0.004s	sys 0.000s
I20260630 12:33:38.333698  1208 log_block_manager.cc:4031] Time spent loading block containers with low live blocks: real 0.000s	user 0.000s	sys 0.000s
I20260630 12:33:38.334373   653 fs_manager.cc:730] Time spent opening block manager: real 0.002s	user 0.002s	sys 0.000s
I20260630 12:33:38.334620   653 fs_manager.cc:647] Opened local filesystem: /tmp/dist-test-taskqhdp7E/test-tmp/auto_rebalancer-test.0.AutoRebalancerTest.AutoRebalancingTurnOffAndOn.1782822811538623-653-0/minicluster-data/master-0-root
uuid: "b866ed4c3434402391aab6496faa264c"
format_stamp: "Formatted at 2026-06-30 12:33:38 on dist-test-slave-3p4m"
I20260630 12:33:38.334870   653 fs_report.cc:389] FS layout report
--------------------
wal directory: /tmp/dist-test-taskqhdp7E/test-tmp/auto_rebalancer-test.0.AutoRebalancerTest.AutoRebalancingTurnOffAndOn.1782822811538623-653-0/minicluster-data/master-0-root
metadata directory: /tmp/dist-test-taskqhdp7E/test-tmp/auto_rebalancer-test.0.AutoRebalancerTest.AutoRebalancingTurnOffAndOn.1782822811538623-653-0/minicluster-data/master-0-root
1 data directories: /tmp/dist-test-taskqhdp7E/test-tmp/auto_rebalancer-test.0.AutoRebalancerTest.AutoRebalancingTurnOffAndOn.1782822811538623-653-0/minicluster-data/master-0-root/data
Total live blocks: 0
Total live bytes: 0
Total live bytes (after alignment): 0
Total number of LBM containers: 0 (0 full)
Did not check for missing blocks
Did not check for orphaned blocks
Total full LBM containers with extra space: 0 (0 repaired)
Total full LBM container extra space in bytes: 0 (0 repaired)
Total incomplete LBM containers: 0 (0 repaired)
Total LBM partial records: 0 (0 repaired)
Total corrupted LBM metadata records in RocksDB: 0 (0 repaired)
I20260630 12:33:38.354591   653 rpc_server.cc:225] running with OpenSSL 1.1.1  11 Sep 2018
I20260630 12:33:38.355454   653 kserver.cc:163] Server-wide thread pool size limit: 3276
I20260630 12:33:38.387799   653 rpc_server.cc:307] RPC server started. Bound to: 127.0.163.126:34547
I20260630 12:33:38.387888  1259 acceptor_pool.cc:272] collecting diagnostics on the listening RPC socket 127.0.163.126:34547 every 8 connection(s)
I20260630 12:33:38.391412  1260 data_dirs.cc:400] Could only allocate 1 dirs of requested 3 for tablet 00000000000000000000000000000000. 1 dirs total, 0 dirs full, 0 dirs failed
I20260630 12:33:38.400310  1260 tablet_bootstrap.cc:492] T 00000000000000000000000000000000 P b866ed4c3434402391aab6496faa264c: Bootstrap starting.
I20260630 12:33:38.404047  1260 tablet_bootstrap.cc:654] T 00000000000000000000000000000000 P b866ed4c3434402391aab6496faa264c: Neither blocks nor log segments found. Creating new log.
I20260630 12:33:38.407457  1260 tablet_bootstrap.cc:492] T 00000000000000000000000000000000 P b866ed4c3434402391aab6496faa264c: No bootstrap required, opened a new log
I20260630 12:33:38.409169  1260 raft_consensus.cc:359] T 00000000000000000000000000000000 P b866ed4c3434402391aab6496faa264c [term 0 FOLLOWER]: Replica starting. Triggering 0 pending ops. Active config: opid_index: -1 OBSOLETE_local: true peers { permanent_uuid: "b866ed4c3434402391aab6496faa264c" member_type: VOTER }
I20260630 12:33:38.409509  1260 raft_consensus.cc:385] T 00000000000000000000000000000000 P b866ed4c3434402391aab6496faa264c [term 0 FOLLOWER]: Consensus starting up: Expiring failure detector timer to make a prompt election more likely
I20260630 12:33:38.409682  1260 raft_consensus.cc:740] T 00000000000000000000000000000000 P b866ed4c3434402391aab6496faa264c [term 0 FOLLOWER]: Becoming Follower/Learner. State: Replica: b866ed4c3434402391aab6496faa264c, State: Initialized, Role: FOLLOWER
I20260630 12:33:38.410137  1260 consensus_queue.cc:260] T 00000000000000000000000000000000 P b866ed4c3434402391aab6496faa264c [NON_LEADER]: Queue going to NON_LEADER mode. State: All replicated index: 0, Majority replicated index: 0, Committed index: 0, Last appended: 0.0, Last appended by leader: 0, Current term: 0, Majority size: -1, State: 0, Mode: NON_LEADER, active raft config: opid_index: -1 OBSOLETE_local: true peers { permanent_uuid: "b866ed4c3434402391aab6496faa264c" member_type: VOTER }
I20260630 12:33:38.410548  1260 raft_consensus.cc:399] T 00000000000000000000000000000000 P b866ed4c3434402391aab6496faa264c [term 0 FOLLOWER]: Only one voter in the Raft config. Triggering election immediately
I20260630 12:33:38.410739  1260 raft_consensus.cc:493] T 00000000000000000000000000000000 P b866ed4c3434402391aab6496faa264c [term 0 FOLLOWER]: Starting leader election (initial election of a single-replica configuration)
I20260630 12:33:38.410938  1260 raft_consensus.cc:3060] T 00000000000000000000000000000000 P b866ed4c3434402391aab6496faa264c [term 0 FOLLOWER]: Advancing to term 1
I20260630 12:33:38.414562  1260 raft_consensus.cc:515] T 00000000000000000000000000000000 P b866ed4c3434402391aab6496faa264c [term 1 FOLLOWER]: Starting leader election with config: opid_index: -1 OBSOLETE_local: true peers { permanent_uuid: "b866ed4c3434402391aab6496faa264c" member_type: VOTER }
I20260630 12:33:38.414997  1260 leader_election.cc:304] T 00000000000000000000000000000000 P b866ed4c3434402391aab6496faa264c [CANDIDATE]: Term 1 election: Election decided. Result: candidate won. Election summary: received 1 responses out of 1 voters: 1 yes votes; 0 no votes. yes voters: b866ed4c3434402391aab6496faa264c; no voters: 
I20260630 12:33:38.415964  1260 leader_election.cc:290] T 00000000000000000000000000000000 P b866ed4c3434402391aab6496faa264c [CANDIDATE]: Term 1 election: Requested vote from peers 
I20260630 12:33:38.416204  1263 raft_consensus.cc:2804] T 00000000000000000000000000000000 P b866ed4c3434402391aab6496faa264c [term 1 FOLLOWER]: Leader election won for term 1
I20260630 12:33:38.417407  1263 raft_consensus.cc:697] T 00000000000000000000000000000000 P b866ed4c3434402391aab6496faa264c [term 1 LEADER]: Becoming Leader. State: Replica: b866ed4c3434402391aab6496faa264c, State: Running, Role: LEADER
I20260630 12:33:38.418021  1263 consensus_queue.cc:237] T 00000000000000000000000000000000 P b866ed4c3434402391aab6496faa264c [LEADER]: Queue going to LEADER mode. State: All replicated index: 0, Majority replicated index: 0, Committed index: 0, Last appended: 0.0, Last appended by leader: 0, Current term: 1, Majority size: 1, State: 0, Mode: LEADER, active raft config: opid_index: -1 OBSOLETE_local: true peers { permanent_uuid: "b866ed4c3434402391aab6496faa264c" member_type: VOTER }
I20260630 12:33:38.418524  1260 sys_catalog.cc:565] T 00000000000000000000000000000000 P b866ed4c3434402391aab6496faa264c [sys.catalog]: configured and running, proceeding with master startup.
I20260630 12:33:38.420691  1264 sys_catalog.cc:455] T 00000000000000000000000000000000 P b866ed4c3434402391aab6496faa264c [sys.catalog]: SysCatalogTable state changed. Reason: RaftConsensus started. Latest consensus state: current_term: 1 leader_uuid: "b866ed4c3434402391aab6496faa264c" committed_config { opid_index: -1 OBSOLETE_local: true peers { permanent_uuid: "b866ed4c3434402391aab6496faa264c" member_type: VOTER } }
I20260630 12:33:38.420754  1265 sys_catalog.cc:455] T 00000000000000000000000000000000 P b866ed4c3434402391aab6496faa264c [sys.catalog]: SysCatalogTable state changed. Reason: New leader b866ed4c3434402391aab6496faa264c. Latest consensus state: current_term: 1 leader_uuid: "b866ed4c3434402391aab6496faa264c" committed_config { opid_index: -1 OBSOLETE_local: true peers { permanent_uuid: "b866ed4c3434402391aab6496faa264c" member_type: VOTER } }
I20260630 12:33:38.421396  1264 sys_catalog.cc:458] T 00000000000000000000000000000000 P b866ed4c3434402391aab6496faa264c [sys.catalog]: This master's current role is: LEADER
I20260630 12:33:38.421439  1265 sys_catalog.cc:458] T 00000000000000000000000000000000 P b866ed4c3434402391aab6496faa264c [sys.catalog]: This master's current role is: LEADER
I20260630 12:33:38.424396  1269 catalog_manager.cc:1511] Loading table and tablet metadata into memory...
I20260630 12:33:38.429124  1269 catalog_manager.cc:1520] Initializing Kudu cluster ID...
I20260630 12:33:38.432065   653 internal_mini_cluster.cc:184] Waiting to initialize catalog manager on master 0
I20260630 12:33:38.437215  1269 catalog_manager.cc:1383] Generated new cluster ID: 513e50d3cce142178822f97c4a8ab436
I20260630 12:33:38.437443  1269 catalog_manager.cc:1531] Initializing Kudu internal certificate authority...
I20260630 12:33:38.456610  1269 catalog_manager.cc:1406] Generated new certificate authority record
I20260630 12:33:38.457722  1269 catalog_manager.cc:1540] Loading token signing keys...
I20260630 12:33:38.481602  1269 catalog_manager.cc:6070] T 00000000000000000000000000000000 P b866ed4c3434402391aab6496faa264c: Generated new TSK 0
I20260630 12:33:38.482147  1269 catalog_manager.cc:1550] Initializing in-progress tserver states...
I20260630 12:33:38.498091   653 file_cache.cc:492] Constructed file cache file cache with capacity 419430
W20260630 12:33:38.503108  1281 instance_detector.cc:116] could not retrieve AWS instance metadata: Network error: curl error: HTTP response code said error: The requested URL returned error: 404
W20260630 12:33:38.504050  1282 instance_detector.cc:116] could not retrieve Azure instance metadata: Network error: curl error: HTTP response code said error: The requested URL returned error: 404
W20260630 12:33:38.505380  1284 instance_detector.cc:116] could not retrieve OpenStack instance metadata: Network error: curl error: HTTP response code said error: The requested URL returned error: 404
I20260630 12:33:38.505513   653 server_base.cc:1061] running on GCE node
I20260630 12:33:38.506356   653 hybrid_clock.cc:584] initializing the hybrid clock with 'system_unsync' time source
W20260630 12:33:38.506528   653 system_unsync_time.cc:38] NTP support is disabled. Clock error bounds will not be accurate. This configuration is not suitable for distributed clusters.
I20260630 12:33:38.506645   653 hybrid_clock.cc:648] HybridClock initialized: now 1782822818506634 us; error 0 us; skew 500 ppm
I20260630 12:33:38.507052   653 server_base.cc:861] Flag tcmalloc_max_total_thread_cache_bytes is not working since tcmalloc is not enabled.
I20260630 12:33:38.509008   653 webserver.cc:533] Webserver started at http://127.0.163.65:39537/ using document root <none> and password file <none>
I20260630 12:33:38.509402   653 fs_manager.cc:362] Metadata directory not provided
I20260630 12:33:38.509549   653 fs_manager.cc:368] Using write-ahead log directory (fs_wal_dir) as metadata directory
I20260630 12:33:38.509758   653 server_base.cc:909] This appears to be a new deployment of Kudu; creating new FS layout
I20260630 12:33:38.510738   653 fs_manager.cc:1068] Generated new instance metadata in path /tmp/dist-test-taskqhdp7E/test-tmp/auto_rebalancer-test.0.AutoRebalancerTest.AutoRebalancingTurnOffAndOn.1782822811538623-653-0/minicluster-data/ts-0-root/instance:
uuid: "3ebfe632a47f4c9bb1c1fc9d901e87ca"
format_stamp: "Formatted at 2026-06-30 12:33:38 on dist-test-slave-3p4m"
I20260630 12:33:38.514628   653 fs_manager.cc:696] Time spent creating directory manager: real 0.003s	user 0.003s	sys 0.001s
I20260630 12:33:38.517408  1289 log_block_manager.cc:4031] Time spent loading block containers with low live blocks: real 0.000s	user 0.000s	sys 0.000s
I20260630 12:33:38.518054   653 fs_manager.cc:730] Time spent opening block manager: real 0.002s	user 0.002s	sys 0.001s
I20260630 12:33:38.518330   653 fs_manager.cc:647] Opened local filesystem: /tmp/dist-test-taskqhdp7E/test-tmp/auto_rebalancer-test.0.AutoRebalancerTest.AutoRebalancingTurnOffAndOn.1782822811538623-653-0/minicluster-data/ts-0-root
uuid: "3ebfe632a47f4c9bb1c1fc9d901e87ca"
format_stamp: "Formatted at 2026-06-30 12:33:38 on dist-test-slave-3p4m"
I20260630 12:33:38.518563   653 fs_report.cc:389] FS layout report
--------------------
wal directory: /tmp/dist-test-taskqhdp7E/test-tmp/auto_rebalancer-test.0.AutoRebalancerTest.AutoRebalancingTurnOffAndOn.1782822811538623-653-0/minicluster-data/ts-0-root
metadata directory: /tmp/dist-test-taskqhdp7E/test-tmp/auto_rebalancer-test.0.AutoRebalancerTest.AutoRebalancingTurnOffAndOn.1782822811538623-653-0/minicluster-data/ts-0-root
1 data directories: /tmp/dist-test-taskqhdp7E/test-tmp/auto_rebalancer-test.0.AutoRebalancerTest.AutoRebalancingTurnOffAndOn.1782822811538623-653-0/minicluster-data/ts-0-root/data
Total live blocks: 0
Total live bytes: 0
Total live bytes (after alignment): 0
Total number of LBM containers: 0 (0 full)
Did not check for missing blocks
Did not check for orphaned blocks
Total full LBM containers with extra space: 0 (0 repaired)
Total full LBM container extra space in bytes: 0 (0 repaired)
Total incomplete LBM containers: 0 (0 repaired)
Total LBM partial records: 0 (0 repaired)
Total corrupted LBM metadata records in RocksDB: 0 (0 repaired)
I20260630 12:33:38.552866   653 rpc_server.cc:225] running with OpenSSL 1.1.1  11 Sep 2018
I20260630 12:33:38.553745   653 kserver.cc:163] Server-wide thread pool size limit: 3276
I20260630 12:33:38.555018   653 txn_system_client.cc:432] TxnSystemClient initialization is disabled...
I20260630 12:33:38.557058   653 ts_tablet_manager.cc:585] Loaded tablet metadata (0 total tablets, 0 live tablets)
I20260630 12:33:38.557227   653 ts_tablet_manager.cc:531] Time spent load tablet metadata: real 0.000s	user 0.000s	sys 0.000s
I20260630 12:33:38.557410   653 ts_tablet_manager.cc:616] Registered 0 tablets
I20260630 12:33:38.557529   653 ts_tablet_manager.cc:595] Time spent register tablets: real 0.000s	user 0.000s	sys 0.000s
I20260630 12:33:38.591495   653 rpc_server.cc:307] RPC server started. Bound to: 127.0.163.65:43859
I20260630 12:33:38.591589  1351 acceptor_pool.cc:272] collecting diagnostics on the listening RPC socket 127.0.163.65:43859 every 8 connection(s)
I20260630 12:33:38.595901   653 file_cache.cc:492] Constructed file cache file cache with capacity 419430
W20260630 12:33:38.601868  1356 instance_detector.cc:116] could not retrieve AWS instance metadata: Network error: curl error: HTTP response code said error: The requested URL returned error: 404
W20260630 12:33:38.602851  1357 instance_detector.cc:116] could not retrieve Azure instance metadata: Network error: curl error: HTTP response code said error: The requested URL returned error: 404
W20260630 12:33:38.605084  1359 instance_detector.cc:116] could not retrieve OpenStack instance metadata: Network error: curl error: HTTP response code said error: The requested URL returned error: 404
I20260630 12:33:38.605281   653 server_base.cc:1061] running on GCE node
I20260630 12:33:38.606151   653 hybrid_clock.cc:584] initializing the hybrid clock with 'system_unsync' time source
W20260630 12:33:38.606367   653 system_unsync_time.cc:38] NTP support is disabled. Clock error bounds will not be accurate. This configuration is not suitable for distributed clusters.
I20260630 12:33:38.606496   653 hybrid_clock.cc:648] HybridClock initialized: now 1782822818606484 us; error 0 us; skew 500 ppm
I20260630 12:33:38.606907   653 server_base.cc:861] Flag tcmalloc_max_total_thread_cache_bytes is not working since tcmalloc is not enabled.
I20260630 12:33:38.609076   653 webserver.cc:533] Webserver started at http://127.0.163.66:34643/ using document root <none> and password file <none>
I20260630 12:33:38.609586   653 fs_manager.cc:362] Metadata directory not provided
I20260630 12:33:38.609812   653 fs_manager.cc:368] Using write-ahead log directory (fs_wal_dir) as metadata directory
I20260630 12:33:38.610159   653 server_base.cc:909] This appears to be a new deployment of Kudu; creating new FS layout
I20260630 12:33:38.611227  1352 heartbeater.cc:344] Connected to a master server at 127.0.163.126:34547
I20260630 12:33:38.611418   653 fs_manager.cc:1068] Generated new instance metadata in path /tmp/dist-test-taskqhdp7E/test-tmp/auto_rebalancer-test.0.AutoRebalancerTest.AutoRebalancingTurnOffAndOn.1782822811538623-653-0/minicluster-data/ts-1-root/instance:
uuid: "0feb263677f34b1bb2155999fe31afae"
format_stamp: "Formatted at 2026-06-30 12:33:38 on dist-test-slave-3p4m"
I20260630 12:33:38.611552  1352 heartbeater.cc:461] Registering TS with master...
I20260630 12:33:38.612228  1352 heartbeater.cc:507] Master 127.0.163.126:34547 requested a full tablet report, sending...
I20260630 12:33:38.614066  1225 ts_manager.cc:194] Registered new tserver with Master: 3ebfe632a47f4c9bb1c1fc9d901e87ca (127.0.163.65:43859)
I20260630 12:33:38.615860   653 fs_manager.cc:696] Time spent creating directory manager: real 0.004s	user 0.004s	sys 0.000s
I20260630 12:33:38.615962  1225 master_service.cc:502] Signed X509 certificate for tserver {username='slave'} at 127.0.0.1:45230
I20260630 12:33:38.618968  1364 log_block_manager.cc:4031] Time spent loading block containers with low live blocks: real 0.000s	user 0.000s	sys 0.000s
I20260630 12:33:38.619656   653 fs_manager.cc:730] Time spent opening block manager: real 0.002s	user 0.003s	sys 0.000s
I20260630 12:33:38.619913   653 fs_manager.cc:647] Opened local filesystem: /tmp/dist-test-taskqhdp7E/test-tmp/auto_rebalancer-test.0.AutoRebalancerTest.AutoRebalancingTurnOffAndOn.1782822811538623-653-0/minicluster-data/ts-1-root
uuid: "0feb263677f34b1bb2155999fe31afae"
format_stamp: "Formatted at 2026-06-30 12:33:38 on dist-test-slave-3p4m"
I20260630 12:33:38.620239   653 fs_report.cc:389] FS layout report
--------------------
wal directory: /tmp/dist-test-taskqhdp7E/test-tmp/auto_rebalancer-test.0.AutoRebalancerTest.AutoRebalancingTurnOffAndOn.1782822811538623-653-0/minicluster-data/ts-1-root
metadata directory: /tmp/dist-test-taskqhdp7E/test-tmp/auto_rebalancer-test.0.AutoRebalancerTest.AutoRebalancingTurnOffAndOn.1782822811538623-653-0/minicluster-data/ts-1-root
1 data directories: /tmp/dist-test-taskqhdp7E/test-tmp/auto_rebalancer-test.0.AutoRebalancerTest.AutoRebalancingTurnOffAndOn.1782822811538623-653-0/minicluster-data/ts-1-root/data
Total live blocks: 0
Total live bytes: 0
Total live bytes (after alignment): 0
Total number of LBM containers: 0 (0 full)
Did not check for missing blocks
Did not check for orphaned blocks
Total full LBM containers with extra space: 0 (0 repaired)
Total full LBM container extra space in bytes: 0 (0 repaired)
Total incomplete LBM containers: 0 (0 repaired)
Total LBM partial records: 0 (0 repaired)
Total corrupted LBM metadata records in RocksDB: 0 (0 repaired)
I20260630 12:33:38.642853   653 rpc_server.cc:225] running with OpenSSL 1.1.1  11 Sep 2018
I20260630 12:33:38.643783   653 kserver.cc:163] Server-wide thread pool size limit: 3276
I20260630 12:33:38.645076   653 txn_system_client.cc:432] TxnSystemClient initialization is disabled...
I20260630 12:33:38.647109   653 ts_tablet_manager.cc:585] Loaded tablet metadata (0 total tablets, 0 live tablets)
I20260630 12:33:38.647292   653 ts_tablet_manager.cc:531] Time spent load tablet metadata: real 0.000s	user 0.000s	sys 0.000s
I20260630 12:33:38.647503   653 ts_tablet_manager.cc:616] Registered 0 tablets
I20260630 12:33:38.647651   653 ts_tablet_manager.cc:595] Time spent register tablets: real 0.000s	user 0.000s	sys 0.000s
I20260630 12:33:38.681689   653 rpc_server.cc:307] RPC server started. Bound to: 127.0.163.66:32887
I20260630 12:33:38.681788  1426 acceptor_pool.cc:272] collecting diagnostics on the listening RPC socket 127.0.163.66:32887 every 8 connection(s)
I20260630 12:33:38.686065   653 file_cache.cc:492] Constructed file cache file cache with capacity 419430
W20260630 12:33:38.691640  1430 instance_detector.cc:116] could not retrieve AWS instance metadata: Network error: curl error: HTTP response code said error: The requested URL returned error: 404
W20260630 12:33:38.693214  1431 instance_detector.cc:116] could not retrieve Azure instance metadata: Network error: curl error: HTTP response code said error: The requested URL returned error: 404
W20260630 12:33:38.694901  1434 instance_detector.cc:116] could not retrieve OpenStack instance metadata: Network error: curl error: HTTP response code said error: The requested URL returned error: 404
I20260630 12:33:38.695295   653 server_base.cc:1061] running on GCE node
I20260630 12:33:38.700882   653 hybrid_clock.cc:584] initializing the hybrid clock with 'system_unsync' time source
W20260630 12:33:38.701079   653 system_unsync_time.cc:38] NTP support is disabled. Clock error bounds will not be accurate. This configuration is not suitable for distributed clusters.
I20260630 12:33:38.701159  1427 heartbeater.cc:344] Connected to a master server at 127.0.163.126:34547
I20260630 12:33:38.701313   653 hybrid_clock.cc:648] HybridClock initialized: now 1782822818701293 us; error 0 us; skew 500 ppm
I20260630 12:33:38.701555  1427 heartbeater.cc:461] Registering TS with master...
I20260630 12:33:38.702003   653 server_base.cc:861] Flag tcmalloc_max_total_thread_cache_bytes is not working since tcmalloc is not enabled.
I20260630 12:33:38.702400  1427 heartbeater.cc:507] Master 127.0.163.126:34547 requested a full tablet report, sending...
I20260630 12:33:38.704356   653 webserver.cc:533] Webserver started at http://127.0.163.67:44997/ using document root <none> and password file <none>
I20260630 12:33:38.704567  1225 ts_manager.cc:194] Registered new tserver with Master: 0feb263677f34b1bb2155999fe31afae (127.0.163.66:32887)
I20260630 12:33:38.704818   653 fs_manager.cc:362] Metadata directory not provided
I20260630 12:33:38.705047   653 fs_manager.cc:368] Using write-ahead log directory (fs_wal_dir) as metadata directory
I20260630 12:33:38.705287   653 server_base.cc:909] This appears to be a new deployment of Kudu; creating new FS layout
I20260630 12:33:38.705885  1225 master_service.cc:502] Signed X509 certificate for tserver {username='slave'} at 127.0.0.1:45244
I20260630 12:33:38.706357   653 fs_manager.cc:1068] Generated new instance metadata in path /tmp/dist-test-taskqhdp7E/test-tmp/auto_rebalancer-test.0.AutoRebalancerTest.AutoRebalancingTurnOffAndOn.1782822811538623-653-0/minicluster-data/ts-2-root/instance:
uuid: "092ff77ca6004e70ac53b11545899754"
format_stamp: "Formatted at 2026-06-30 12:33:38 on dist-test-slave-3p4m"
I20260630 12:33:38.710740   653 fs_manager.cc:696] Time spent creating directory manager: real 0.004s	user 0.003s	sys 0.001s
I20260630 12:33:38.713524  1438 log_block_manager.cc:4031] Time spent loading block containers with low live blocks: real 0.000s	user 0.000s	sys 0.000s
I20260630 12:33:38.714175   653 fs_manager.cc:730] Time spent opening block manager: real 0.002s	user 0.002s	sys 0.001s
I20260630 12:33:38.714478   653 fs_manager.cc:647] Opened local filesystem: /tmp/dist-test-taskqhdp7E/test-tmp/auto_rebalancer-test.0.AutoRebalancerTest.AutoRebalancingTurnOffAndOn.1782822811538623-653-0/minicluster-data/ts-2-root
uuid: "092ff77ca6004e70ac53b11545899754"
format_stamp: "Formatted at 2026-06-30 12:33:38 on dist-test-slave-3p4m"
I20260630 12:33:38.714725   653 fs_report.cc:389] FS layout report
--------------------
wal directory: /tmp/dist-test-taskqhdp7E/test-tmp/auto_rebalancer-test.0.AutoRebalancerTest.AutoRebalancingTurnOffAndOn.1782822811538623-653-0/minicluster-data/ts-2-root
metadata directory: /tmp/dist-test-taskqhdp7E/test-tmp/auto_rebalancer-test.0.AutoRebalancerTest.AutoRebalancingTurnOffAndOn.1782822811538623-653-0/minicluster-data/ts-2-root
1 data directories: /tmp/dist-test-taskqhdp7E/test-tmp/auto_rebalancer-test.0.AutoRebalancerTest.AutoRebalancingTurnOffAndOn.1782822811538623-653-0/minicluster-data/ts-2-root/data
Total live blocks: 0
Total live bytes: 0
Total live bytes (after alignment): 0
Total number of LBM containers: 0 (0 full)
Did not check for missing blocks
Did not check for orphaned blocks
Total full LBM containers with extra space: 0 (0 repaired)
Total full LBM container extra space in bytes: 0 (0 repaired)
Total incomplete LBM containers: 0 (0 repaired)
Total LBM partial records: 0 (0 repaired)
Total corrupted LBM metadata records in RocksDB: 0 (0 repaired)
I20260630 12:33:38.739421   653 rpc_server.cc:225] running with OpenSSL 1.1.1  11 Sep 2018
I20260630 12:33:38.740347   653 kserver.cc:163] Server-wide thread pool size limit: 3276
I20260630 12:33:38.741600   653 txn_system_client.cc:432] TxnSystemClient initialization is disabled...
I20260630 12:33:38.743584   653 ts_tablet_manager.cc:585] Loaded tablet metadata (0 total tablets, 0 live tablets)
I20260630 12:33:38.743777   653 ts_tablet_manager.cc:531] Time spent load tablet metadata: real 0.000s	user 0.000s	sys 0.000s
I20260630 12:33:38.743985   653 ts_tablet_manager.cc:616] Registered 0 tablets
I20260630 12:33:38.744134   653 ts_tablet_manager.cc:595] Time spent register tablets: real 0.000s	user 0.000s	sys 0.000s
I20260630 12:33:38.778116   653 rpc_server.cc:307] RPC server started. Bound to: 127.0.163.67:43351
I20260630 12:33:38.778247  1500 acceptor_pool.cc:272] collecting diagnostics on the listening RPC socket 127.0.163.67:43351 every 8 connection(s)
I20260630 12:33:38.790256  1501 heartbeater.cc:344] Connected to a master server at 127.0.163.126:34547
I20260630 12:33:38.790591  1501 heartbeater.cc:461] Registering TS with master...
I20260630 12:33:38.791288  1501 heartbeater.cc:507] Master 127.0.163.126:34547 requested a full tablet report, sending...
I20260630 12:33:38.792958  1225 ts_manager.cc:194] Registered new tserver with Master: 092ff77ca6004e70ac53b11545899754 (127.0.163.67:43351)
I20260630 12:33:38.793145   653 internal_mini_cluster.cc:371] 3 TS(s) registered with all masters after 0.012114381s
I20260630 12:33:38.794307  1225 master_service.cc:502] Signed X509 certificate for tserver {username='slave'} at 127.0.0.1:45252
I20260630 12:33:39.618149  1352 heartbeater.cc:499] Master 127.0.163.126:34547 was elected leader, sending a full tablet report...
I20260630 12:33:39.708402  1427 heartbeater.cc:499] Master 127.0.163.126:34547 was elected leader, sending a full tablet report...
I20260630 12:33:39.796845  1501 heartbeater.cc:499] Master 127.0.163.126:34547 was elected leader, sending a full tablet report...
I20260630 12:33:40.008824  1225 catalog_manager.cc:2283] Servicing CreateTable request from {username='slave'} at 127.0.0.1:45254:
name: "test-workload"
schema {
  columns {
    name: "key"
    type: INT32
    is_key: true
    is_nullable: false
    encoding: AUTO_ENCODING
    compression: DEFAULT_COMPRESSION
    cfile_block_size: 0
    immutable: false
  }
  columns {
    name: "int_val"
    type: INT32
    is_key: false
    is_nullable: false
    encoding: AUTO_ENCODING
    compression: DEFAULT_COMPRESSION
    cfile_block_size: 0
    immutable: false
  }
  columns {
    name: "string_val"
    type: STRING
    is_key: false
    is_nullable: true
    encoding: AUTO_ENCODING
    compression: DEFAULT_COMPRESSION
    cfile_block_size: 0
    immutable: false
  }
}
num_replicas: 3
split_rows_range_bounds {
  rows: "\004\001\000\377\377\377\017\004\001\000\376\377\377\037\004\001\000\375\377\377/\004\001\000\374\377\377?\004\001\000\373\377\377O\004\001\000\372\377\377_\004\001\000\371\377\377o""\004\001\000\377\377\377\017\004\001\000\376\377\377\037\004\001\000\375\377\377/\004\001\000\374\377\377?\004\001\000\373\377\377O\004\001\000\372\377\377_\004\001\000\371\377\377o"
  indirect_data: """"
}
partition_schema {
  range_schema {
    columns {
      name: "key"
    }
  }
}
W20260630 12:33:40.011159  1225 catalog_manager.cc:7077] The number of live tablet servers is not enough to re-replicate a tablet replica of the newly created table test-workload in case of a server failure: 4 tablet servers would be needed, 3 are available. Consider bringing up more tablet servers.
I20260630 12:33:40.071699  1317 tablet_service.cc:1511] Processing CreateTablet for tablet ee86baae5b0c490c92997560979e2069 (DEFAULT_TABLE table=test-workload [id=70ae808d776b4e199185c264807a65b4]), partition=RANGE (key) PARTITION VALUES < 268435455
I20260630 12:33:40.072969  1317 data_dirs.cc:400] Could only allocate 1 dirs of requested 3 for tablet ee86baae5b0c490c92997560979e2069. 1 dirs total, 0 dirs full, 0 dirs failed
I20260630 12:33:40.073087  1315 tablet_service.cc:1511] Processing CreateTablet for tablet a689c1765f6a409da7c9205bd42c712e (DEFAULT_TABLE table=test-workload [id=70ae808d776b4e199185c264807a65b4]), partition=RANGE (key) PARTITION 536870910 <= VALUES < 805306365
I20260630 12:33:40.074091  1316 tablet_service.cc:1511] Processing CreateTablet for tablet 218b36aa859a4f948af5798428f5eca3 (DEFAULT_TABLE table=test-workload [id=70ae808d776b4e199185c264807a65b4]), partition=RANGE (key) PARTITION 268435455 <= VALUES < 536870910
I20260630 12:33:40.076987  1314 tablet_service.cc:1511] Processing CreateTablet for tablet fe8e7a19ec874139869476f46e128d96 (DEFAULT_TABLE table=test-workload [id=70ae808d776b4e199185c264807a65b4]), partition=RANGE (key) PARTITION 805306365 <= VALUES < 1073741820
I20260630 12:33:40.077893  1316 data_dirs.cc:400] Could only allocate 1 dirs of requested 3 for tablet 218b36aa859a4f948af5798428f5eca3. 1 dirs total, 0 dirs full, 0 dirs failed
I20260630 12:33:40.078446  1314 data_dirs.cc:400] Could only allocate 1 dirs of requested 3 for tablet fe8e7a19ec874139869476f46e128d96. 1 dirs total, 0 dirs full, 0 dirs failed
I20260630 12:33:40.080322  1315 data_dirs.cc:400] Could only allocate 1 dirs of requested 3 for tablet a689c1765f6a409da7c9205bd42c712e. 1 dirs total, 0 dirs full, 0 dirs failed
I20260630 12:33:40.080967  1313 tablet_service.cc:1511] Processing CreateTablet for tablet b8d743c40289415b8ef4185b7d23878f (DEFAULT_TABLE table=test-workload [id=70ae808d776b4e199185c264807a65b4]), partition=RANGE (key) PARTITION 1073741820 <= VALUES < 1342177275
I20260630 12:33:40.082119  1313 data_dirs.cc:400] Could only allocate 1 dirs of requested 3 for tablet b8d743c40289415b8ef4185b7d23878f. 1 dirs total, 0 dirs full, 0 dirs failed
I20260630 12:33:40.087945  1312 tablet_service.cc:1511] Processing CreateTablet for tablet c967851da38d4f6485386603fe0e1092 (DEFAULT_TABLE table=test-workload [id=70ae808d776b4e199185c264807a65b4]), partition=RANGE (key) PARTITION 1342177275 <= VALUES < 1610612730
I20260630 12:33:40.089187  1312 data_dirs.cc:400] Could only allocate 1 dirs of requested 3 for tablet c967851da38d4f6485386603fe0e1092. 1 dirs total, 0 dirs full, 0 dirs failed
I20260630 12:33:40.092036  1311 tablet_service.cc:1511] Processing CreateTablet for tablet 1b3db025d0ee4ac58a53276d77b35e14 (DEFAULT_TABLE table=test-workload [id=70ae808d776b4e199185c264807a65b4]), partition=RANGE (key) PARTITION 1610612730 <= VALUES < 1879048185
I20260630 12:33:40.093248  1311 data_dirs.cc:400] Could only allocate 1 dirs of requested 3 for tablet 1b3db025d0ee4ac58a53276d77b35e14. 1 dirs total, 0 dirs full, 0 dirs failed
I20260630 12:33:40.099794  1310 tablet_service.cc:1511] Processing CreateTablet for tablet 71e39e57682041eaaae400e0e0791b1e (DEFAULT_TABLE table=test-workload [id=70ae808d776b4e199185c264807a65b4]), partition=RANGE (key) PARTITION 1879048185 <= VALUES
I20260630 12:33:40.101022  1310 data_dirs.cc:400] Could only allocate 1 dirs of requested 3 for tablet 71e39e57682041eaaae400e0e0791b1e. 1 dirs total, 0 dirs full, 0 dirs failed
I20260630 12:33:40.119858  1391 tablet_service.cc:1511] Processing CreateTablet for tablet 218b36aa859a4f948af5798428f5eca3 (DEFAULT_TABLE table=test-workload [id=70ae808d776b4e199185c264807a65b4]), partition=RANGE (key) PARTITION 268435455 <= VALUES < 536870910
I20260630 12:33:40.121217  1391 data_dirs.cc:400] Could only allocate 1 dirs of requested 3 for tablet 218b36aa859a4f948af5798428f5eca3. 1 dirs total, 0 dirs full, 0 dirs failed
I20260630 12:33:40.121644  1392 tablet_service.cc:1511] Processing CreateTablet for tablet ee86baae5b0c490c92997560979e2069 (DEFAULT_TABLE table=test-workload [id=70ae808d776b4e199185c264807a65b4]), partition=RANGE (key) PARTITION VALUES < 268435455
I20260630 12:33:40.122843  1392 data_dirs.cc:400] Could only allocate 1 dirs of requested 3 for tablet ee86baae5b0c490c92997560979e2069. 1 dirs total, 0 dirs full, 0 dirs failed
I20260630 12:33:40.123229  1387 tablet_service.cc:1511] Processing CreateTablet for tablet c967851da38d4f6485386603fe0e1092 (DEFAULT_TABLE table=test-workload [id=70ae808d776b4e199185c264807a65b4]), partition=RANGE (key) PARTITION 1342177275 <= VALUES < 1610612730
I20260630 12:33:40.124408  1387 data_dirs.cc:400] Could only allocate 1 dirs of requested 3 for tablet c967851da38d4f6485386603fe0e1092. 1 dirs total, 0 dirs full, 0 dirs failed
I20260630 12:33:40.127211  1390 tablet_service.cc:1511] Processing CreateTablet for tablet a689c1765f6a409da7c9205bd42c712e (DEFAULT_TABLE table=test-workload [id=70ae808d776b4e199185c264807a65b4]), partition=RANGE (key) PARTITION 536870910 <= VALUES < 805306365
I20260630 12:33:40.128446  1390 data_dirs.cc:400] Could only allocate 1 dirs of requested 3 for tablet a689c1765f6a409da7c9205bd42c712e. 1 dirs total, 0 dirs full, 0 dirs failed
I20260630 12:33:40.131182  1389 tablet_service.cc:1511] Processing CreateTablet for tablet fe8e7a19ec874139869476f46e128d96 (DEFAULT_TABLE table=test-workload [id=70ae808d776b4e199185c264807a65b4]), partition=RANGE (key) PARTITION 805306365 <= VALUES < 1073741820
I20260630 12:33:40.132393  1389 data_dirs.cc:400] Could only allocate 1 dirs of requested 3 for tablet fe8e7a19ec874139869476f46e128d96. 1 dirs total, 0 dirs full, 0 dirs failed
I20260630 12:33:40.135182  1388 tablet_service.cc:1511] Processing CreateTablet for tablet b8d743c40289415b8ef4185b7d23878f (DEFAULT_TABLE table=test-workload [id=70ae808d776b4e199185c264807a65b4]), partition=RANGE (key) PARTITION 1073741820 <= VALUES < 1342177275
I20260630 12:33:40.136430  1388 data_dirs.cc:400] Could only allocate 1 dirs of requested 3 for tablet b8d743c40289415b8ef4185b7d23878f. 1 dirs total, 0 dirs full, 0 dirs failed
I20260630 12:33:40.139323  1386 tablet_service.cc:1511] Processing CreateTablet for tablet 1b3db025d0ee4ac58a53276d77b35e14 (DEFAULT_TABLE table=test-workload [id=70ae808d776b4e199185c264807a65b4]), partition=RANGE (key) PARTITION 1610612730 <= VALUES < 1879048185
I20260630 12:33:40.140487  1386 data_dirs.cc:400] Could only allocate 1 dirs of requested 3 for tablet 1b3db025d0ee4ac58a53276d77b35e14. 1 dirs total, 0 dirs full, 0 dirs failed
I20260630 12:33:40.143149  1385 tablet_service.cc:1511] Processing CreateTablet for tablet 71e39e57682041eaaae400e0e0791b1e (DEFAULT_TABLE table=test-workload [id=70ae808d776b4e199185c264807a65b4]), partition=RANGE (key) PARTITION 1879048185 <= VALUES
I20260630 12:33:40.144327  1385 data_dirs.cc:400] Could only allocate 1 dirs of requested 3 for tablet 71e39e57682041eaaae400e0e0791b1e. 1 dirs total, 0 dirs full, 0 dirs failed
I20260630 12:33:40.168511  1521 tablet_bootstrap.cc:492] T a689c1765f6a409da7c9205bd42c712e P 3ebfe632a47f4c9bb1c1fc9d901e87ca: Bootstrap starting.
I20260630 12:33:40.190864  1465 tablet_service.cc:1511] Processing CreateTablet for tablet 218b36aa859a4f948af5798428f5eca3 (DEFAULT_TABLE table=test-workload [id=70ae808d776b4e199185c264807a65b4]), partition=RANGE (key) PARTITION 268435455 <= VALUES < 536870910
I20260630 12:33:40.191893  1465 data_dirs.cc:400] Could only allocate 1 dirs of requested 3 for tablet 218b36aa859a4f948af5798428f5eca3. 1 dirs total, 0 dirs full, 0 dirs failed
I20260630 12:33:40.190110  1466 tablet_service.cc:1511] Processing CreateTablet for tablet ee86baae5b0c490c92997560979e2069 (DEFAULT_TABLE table=test-workload [id=70ae808d776b4e199185c264807a65b4]), partition=RANGE (key) PARTITION VALUES < 268435455
I20260630 12:33:40.196072  1464 tablet_service.cc:1511] Processing CreateTablet for tablet a689c1765f6a409da7c9205bd42c712e (DEFAULT_TABLE table=test-workload [id=70ae808d776b4e199185c264807a65b4]), partition=RANGE (key) PARTITION 536870910 <= VALUES < 805306365
I20260630 12:33:40.194741  1521 tablet_bootstrap.cc:654] T a689c1765f6a409da7c9205bd42c712e P 3ebfe632a47f4c9bb1c1fc9d901e87ca: Neither blocks nor log segments found. Creating new log.
I20260630 12:33:40.198097  1466 data_dirs.cc:400] Could only allocate 1 dirs of requested 3 for tablet ee86baae5b0c490c92997560979e2069. 1 dirs total, 0 dirs full, 0 dirs failed
I20260630 12:33:40.200738  1462 tablet_service.cc:1511] Processing CreateTablet for tablet b8d743c40289415b8ef4185b7d23878f (DEFAULT_TABLE table=test-workload [id=70ae808d776b4e199185c264807a65b4]), partition=RANGE (key) PARTITION 1073741820 <= VALUES < 1342177275
I20260630 12:33:40.201297  1463 tablet_service.cc:1511] Processing CreateTablet for tablet fe8e7a19ec874139869476f46e128d96 (DEFAULT_TABLE table=test-workload [id=70ae808d776b4e199185c264807a65b4]), partition=RANGE (key) PARTITION 805306365 <= VALUES < 1073741820
I20260630 12:33:40.199189  1461 tablet_service.cc:1511] Processing CreateTablet for tablet c967851da38d4f6485386603fe0e1092 (DEFAULT_TABLE table=test-workload [id=70ae808d776b4e199185c264807a65b4]), partition=RANGE (key) PARTITION 1342177275 <= VALUES < 1610612730
I20260630 12:33:40.201623  1459 tablet_service.cc:1511] Processing CreateTablet for tablet 71e39e57682041eaaae400e0e0791b1e (DEFAULT_TABLE table=test-workload [id=70ae808d776b4e199185c264807a65b4]), partition=RANGE (key) PARTITION 1879048185 <= VALUES
I20260630 12:33:40.202785  1464 data_dirs.cc:400] Could only allocate 1 dirs of requested 3 for tablet a689c1765f6a409da7c9205bd42c712e. 1 dirs total, 0 dirs full, 0 dirs failed
I20260630 12:33:40.201293  1460 tablet_service.cc:1511] Processing CreateTablet for tablet 1b3db025d0ee4ac58a53276d77b35e14 (DEFAULT_TABLE table=test-workload [id=70ae808d776b4e199185c264807a65b4]), partition=RANGE (key) PARTITION 1610612730 <= VALUES < 1879048185
I20260630 12:33:40.206364  1459 data_dirs.cc:400] Could only allocate 1 dirs of requested 3 for tablet 71e39e57682041eaaae400e0e0791b1e. 1 dirs total, 0 dirs full, 0 dirs failed
I20260630 12:33:40.207655  1522 tablet_bootstrap.cc:492] T c967851da38d4f6485386603fe0e1092 P 0feb263677f34b1bb2155999fe31afae: Bootstrap starting.
I20260630 12:33:40.208084  1463 data_dirs.cc:400] Could only allocate 1 dirs of requested 3 for tablet fe8e7a19ec874139869476f46e128d96. 1 dirs total, 0 dirs full, 0 dirs failed
I20260630 12:33:40.208927  1461 data_dirs.cc:400] Could only allocate 1 dirs of requested 3 for tablet c967851da38d4f6485386603fe0e1092. 1 dirs total, 0 dirs full, 0 dirs failed
I20260630 12:33:40.211465  1460 data_dirs.cc:400] Could only allocate 1 dirs of requested 3 for tablet 1b3db025d0ee4ac58a53276d77b35e14. 1 dirs total, 0 dirs full, 0 dirs failed
I20260630 12:33:40.212258  1462 data_dirs.cc:400] Could only allocate 1 dirs of requested 3 for tablet b8d743c40289415b8ef4185b7d23878f. 1 dirs total, 0 dirs full, 0 dirs failed
I20260630 12:33:40.243772  1524 tablet_bootstrap.cc:492] T 218b36aa859a4f948af5798428f5eca3 P 092ff77ca6004e70ac53b11545899754: Bootstrap starting.
I20260630 12:33:40.245200  1521 tablet_bootstrap.cc:492] T a689c1765f6a409da7c9205bd42c712e P 3ebfe632a47f4c9bb1c1fc9d901e87ca: No bootstrap required, opened a new log
I20260630 12:33:40.249382  1522 tablet_bootstrap.cc:654] T c967851da38d4f6485386603fe0e1092 P 0feb263677f34b1bb2155999fe31afae: Neither blocks nor log segments found. Creating new log.
I20260630 12:33:40.250739  1521 ts_tablet_manager.cc:1403] T a689c1765f6a409da7c9205bd42c712e P 3ebfe632a47f4c9bb1c1fc9d901e87ca: Time spent bootstrapping tablet: real 0.082s	user 0.006s	sys 0.007s
I20260630 12:33:40.253553  1521 raft_consensus.cc:359] T a689c1765f6a409da7c9205bd42c712e P 3ebfe632a47f4c9bb1c1fc9d901e87ca [term 0 FOLLOWER]: Replica starting. Triggering 0 pending ops. Active config: opid_index: -1 OBSOLETE_local: false peers { permanent_uuid: "3ebfe632a47f4c9bb1c1fc9d901e87ca" member_type: VOTER last_known_addr { host: "127.0.163.65" port: 43859 } } peers { permanent_uuid: "0feb263677f34b1bb2155999fe31afae" member_type: VOTER last_known_addr { host: "127.0.163.66" port: 32887 } } peers { permanent_uuid: "092ff77ca6004e70ac53b11545899754" member_type: VOTER last_known_addr { host: "127.0.163.67" port: 43351 } }
I20260630 12:33:40.254323  1521 raft_consensus.cc:385] T a689c1765f6a409da7c9205bd42c712e P 3ebfe632a47f4c9bb1c1fc9d901e87ca [term 0 FOLLOWER]: Consensus starting up: Expiring failure detector timer to make a prompt election more likely
I20260630 12:33:40.254665  1521 raft_consensus.cc:740] T a689c1765f6a409da7c9205bd42c712e P 3ebfe632a47f4c9bb1c1fc9d901e87ca [term 0 FOLLOWER]: Becoming Follower/Learner. State: Replica: 3ebfe632a47f4c9bb1c1fc9d901e87ca, State: Initialized, Role: FOLLOWER
I20260630 12:33:40.255501  1521 consensus_queue.cc:260] T a689c1765f6a409da7c9205bd42c712e P 3ebfe632a47f4c9bb1c1fc9d901e87ca [NON_LEADER]: Queue going to NON_LEADER mode. State: All replicated index: 0, Majority replicated index: 0, Committed index: 0, Last appended: 0.0, Last appended by leader: 0, Current term: 0, Majority size: -1, State: 0, Mode: NON_LEADER, active raft config: opid_index: -1 OBSOLETE_local: false peers { permanent_uuid: "3ebfe632a47f4c9bb1c1fc9d901e87ca" member_type: VOTER last_known_addr { host: "127.0.163.65" port: 43859 } } peers { permanent_uuid: "0feb263677f34b1bb2155999fe31afae" member_type: VOTER last_known_addr { host: "127.0.163.66" port: 32887 } } peers { permanent_uuid: "092ff77ca6004e70ac53b11545899754" member_type: VOTER last_known_addr { host: "127.0.163.67" port: 43351 } }
I20260630 12:33:40.257761  1524 tablet_bootstrap.cc:654] T 218b36aa859a4f948af5798428f5eca3 P 092ff77ca6004e70ac53b11545899754: Neither blocks nor log segments found. Creating new log.
I20260630 12:33:40.262880  1522 tablet_bootstrap.cc:492] T c967851da38d4f6485386603fe0e1092 P 0feb263677f34b1bb2155999fe31afae: No bootstrap required, opened a new log
I20260630 12:33:40.263060  1524 tablet_bootstrap.cc:492] T 218b36aa859a4f948af5798428f5eca3 P 092ff77ca6004e70ac53b11545899754: No bootstrap required, opened a new log
I20260630 12:33:40.263345  1522 ts_tablet_manager.cc:1403] T c967851da38d4f6485386603fe0e1092 P 0feb263677f34b1bb2155999fe31afae: Time spent bootstrapping tablet: real 0.056s	user 0.013s	sys 0.004s
I20260630 12:33:40.263487  1524 ts_tablet_manager.cc:1403] T 218b36aa859a4f948af5798428f5eca3 P 092ff77ca6004e70ac53b11545899754: Time spent bootstrapping tablet: real 0.020s	user 0.010s	sys 0.000s
I20260630 12:33:40.264573  1521 ts_tablet_manager.cc:1434] T a689c1765f6a409da7c9205bd42c712e P 3ebfe632a47f4c9bb1c1fc9d901e87ca: Time spent starting tablet: real 0.013s	user 0.011s	sys 0.000s
I20260630 12:33:40.266037  1521 tablet_bootstrap.cc:492] T fe8e7a19ec874139869476f46e128d96 P 3ebfe632a47f4c9bb1c1fc9d901e87ca: Bootstrap starting.
I20260630 12:33:40.265915  1524 raft_consensus.cc:359] T 218b36aa859a4f948af5798428f5eca3 P 092ff77ca6004e70ac53b11545899754 [term 0 FOLLOWER]: Replica starting. Triggering 0 pending ops. Active config: opid_index: -1 OBSOLETE_local: false peers { permanent_uuid: "3ebfe632a47f4c9bb1c1fc9d901e87ca" member_type: VOTER last_known_addr { host: "127.0.163.65" port: 43859 } } peers { permanent_uuid: "0feb263677f34b1bb2155999fe31afae" member_type: VOTER last_known_addr { host: "127.0.163.66" port: 32887 } } peers { permanent_uuid: "092ff77ca6004e70ac53b11545899754" member_type: VOTER last_known_addr { host: "127.0.163.67" port: 43351 } }
I20260630 12:33:40.266134  1522 raft_consensus.cc:359] T c967851da38d4f6485386603fe0e1092 P 0feb263677f34b1bb2155999fe31afae [term 0 FOLLOWER]: Replica starting. Triggering 0 pending ops. Active config: opid_index: -1 OBSOLETE_local: false peers { permanent_uuid: "3ebfe632a47f4c9bb1c1fc9d901e87ca" member_type: VOTER last_known_addr { host: "127.0.163.65" port: 43859 } } peers { permanent_uuid: "0feb263677f34b1bb2155999fe31afae" member_type: VOTER last_known_addr { host: "127.0.163.66" port: 32887 } } peers { permanent_uuid: "092ff77ca6004e70ac53b11545899754" member_type: VOTER last_known_addr { host: "127.0.163.67" port: 43351 } }
I20260630 12:33:40.266728  1524 raft_consensus.cc:385] T 218b36aa859a4f948af5798428f5eca3 P 092ff77ca6004e70ac53b11545899754 [term 0 FOLLOWER]: Consensus starting up: Expiring failure detector timer to make a prompt election more likely
I20260630 12:33:40.266923  1522 raft_consensus.cc:385] T c967851da38d4f6485386603fe0e1092 P 0feb263677f34b1bb2155999fe31afae [term 0 FOLLOWER]: Consensus starting up: Expiring failure detector timer to make a prompt election more likely
I20260630 12:33:40.267073  1524 raft_consensus.cc:740] T 218b36aa859a4f948af5798428f5eca3 P 092ff77ca6004e70ac53b11545899754 [term 0 FOLLOWER]: Becoming Follower/Learner. State: Replica: 092ff77ca6004e70ac53b11545899754, State: Initialized, Role: FOLLOWER
I20260630 12:33:40.267272  1522 raft_consensus.cc:740] T c967851da38d4f6485386603fe0e1092 P 0feb263677f34b1bb2155999fe31afae [term 0 FOLLOWER]: Becoming Follower/Learner. State: Replica: 0feb263677f34b1bb2155999fe31afae, State: Initialized, Role: FOLLOWER
I20260630 12:33:40.267874  1524 consensus_queue.cc:260] T 218b36aa859a4f948af5798428f5eca3 P 092ff77ca6004e70ac53b11545899754 [NON_LEADER]: Queue going to NON_LEADER mode. State: All replicated index: 0, Majority replicated index: 0, Committed index: 0, Last appended: 0.0, Last appended by leader: 0, Current term: 0, Majority size: -1, State: 0, Mode: NON_LEADER, active raft config: opid_index: -1 OBSOLETE_local: false peers { permanent_uuid: "3ebfe632a47f4c9bb1c1fc9d901e87ca" member_type: VOTER last_known_addr { host: "127.0.163.65" port: 43859 } } peers { permanent_uuid: "0feb263677f34b1bb2155999fe31afae" member_type: VOTER last_known_addr { host: "127.0.163.66" port: 32887 } } peers { permanent_uuid: "092ff77ca6004e70ac53b11545899754" member_type: VOTER last_known_addr { host: "127.0.163.67" port: 43351 } }
I20260630 12:33:40.268105  1522 consensus_queue.cc:260] T c967851da38d4f6485386603fe0e1092 P 0feb263677f34b1bb2155999fe31afae [NON_LEADER]: Queue going to NON_LEADER mode. State: All replicated index: 0, Majority replicated index: 0, Committed index: 0, Last appended: 0.0, Last appended by leader: 0, Current term: 0, Majority size: -1, State: 0, Mode: NON_LEADER, active raft config: opid_index: -1 OBSOLETE_local: false peers { permanent_uuid: "3ebfe632a47f4c9bb1c1fc9d901e87ca" member_type: VOTER last_known_addr { host: "127.0.163.65" port: 43859 } } peers { permanent_uuid: "0feb263677f34b1bb2155999fe31afae" member_type: VOTER last_known_addr { host: "127.0.163.66" port: 32887 } } peers { permanent_uuid: "092ff77ca6004e70ac53b11545899754" member_type: VOTER last_known_addr { host: "127.0.163.67" port: 43351 } }
I20260630 12:33:40.273777  1521 tablet_bootstrap.cc:654] T fe8e7a19ec874139869476f46e128d96 P 3ebfe632a47f4c9bb1c1fc9d901e87ca: Neither blocks nor log segments found. Creating new log.
I20260630 12:33:40.274583  1522 ts_tablet_manager.cc:1434] T c967851da38d4f6485386603fe0e1092 P 0feb263677f34b1bb2155999fe31afae: Time spent starting tablet: real 0.011s	user 0.009s	sys 0.000s
I20260630 12:33:40.278033  1522 tablet_bootstrap.cc:492] T 218b36aa859a4f948af5798428f5eca3 P 0feb263677f34b1bb2155999fe31afae: Bootstrap starting.
I20260630 12:33:40.284637  1524 ts_tablet_manager.cc:1434] T 218b36aa859a4f948af5798428f5eca3 P 092ff77ca6004e70ac53b11545899754: Time spent starting tablet: real 0.021s	user 0.008s	sys 0.012s
I20260630 12:33:40.285158  1521 tablet_bootstrap.cc:492] T fe8e7a19ec874139869476f46e128d96 P 3ebfe632a47f4c9bb1c1fc9d901e87ca: No bootstrap required, opened a new log
I20260630 12:33:40.285574  1524 tablet_bootstrap.cc:492] T 71e39e57682041eaaae400e0e0791b1e P 092ff77ca6004e70ac53b11545899754: Bootstrap starting.
I20260630 12:33:40.285632  1521 ts_tablet_manager.cc:1403] T fe8e7a19ec874139869476f46e128d96 P 3ebfe632a47f4c9bb1c1fc9d901e87ca: Time spent bootstrapping tablet: real 0.020s	user 0.014s	sys 0.002s
I20260630 12:33:40.288128  1521 raft_consensus.cc:359] T fe8e7a19ec874139869476f46e128d96 P 3ebfe632a47f4c9bb1c1fc9d901e87ca [term 0 FOLLOWER]: Replica starting. Triggering 0 pending ops. Active config: opid_index: -1 OBSOLETE_local: false peers { permanent_uuid: "3ebfe632a47f4c9bb1c1fc9d901e87ca" member_type: VOTER last_known_addr { host: "127.0.163.65" port: 43859 } } peers { permanent_uuid: "0feb263677f34b1bb2155999fe31afae" member_type: VOTER last_known_addr { host: "127.0.163.66" port: 32887 } } peers { permanent_uuid: "092ff77ca6004e70ac53b11545899754" member_type: VOTER last_known_addr { host: "127.0.163.67" port: 43351 } }
I20260630 12:33:40.288623  1521 raft_consensus.cc:385] T fe8e7a19ec874139869476f46e128d96 P 3ebfe632a47f4c9bb1c1fc9d901e87ca [term 0 FOLLOWER]: Consensus starting up: Expiring failure detector timer to make a prompt election more likely
I20260630 12:33:40.288846  1521 raft_consensus.cc:740] T fe8e7a19ec874139869476f46e128d96 P 3ebfe632a47f4c9bb1c1fc9d901e87ca [term 0 FOLLOWER]: Becoming Follower/Learner. State: Replica: 3ebfe632a47f4c9bb1c1fc9d901e87ca, State: Initialized, Role: FOLLOWER
