I20260630 12:35:07.974152  3715 raft_consensus.cc:2468] T de95bb675dcf4fe79663cb24b23fc969 P 4f2b2a6be2ea40bdb24ff38a8578198a [term 2 FOLLOWER]: Leader election vote request: Granting yes vote for candidate 2d1b1b6ba26340e78ff7fe82cd57bc35 in term 2.
I20260630 12:35:07.976214  3973 leader_election.cc:304] T de95bb675dcf4fe79663cb24b23fc969 P 2d1b1b6ba26340e78ff7fe82cd57bc35 [CANDIDATE]: Term 2 election: Election decided. Result: candidate won. Election summary: received 2 responses out of 3 voters: 2 yes votes; 0 no votes. yes voters: 2d1b1b6ba26340e78ff7fe82cd57bc35, 8889f7245a1141719a5e8e16d8404008; no voters: 
I20260630 12:35:07.977013  4145 raft_consensus.cc:2804] T de95bb675dcf4fe79663cb24b23fc969 P 2d1b1b6ba26340e78ff7fe82cd57bc35 [term 2 FOLLOWER]: Leader election won for term 2
I20260630 12:35:07.977461  4145 raft_consensus.cc:697] T de95bb675dcf4fe79663cb24b23fc969 P 2d1b1b6ba26340e78ff7fe82cd57bc35 [term 2 LEADER]: Becoming Leader. State: Replica: 2d1b1b6ba26340e78ff7fe82cd57bc35, State: Running, Role: LEADER
I20260630 12:35:07.977419  3713 consensus_queue.cc:237] T 8da75a07b4eb43c79f2d450120ebd87e P 4f2b2a6be2ea40bdb24ff38a8578198a [LEADER]: Queue going to LEADER mode. State: All replicated index: 0, Majority replicated index: 3, Committed index: 3, Last appended: 1.3, Last appended by leader: 0, Current term: 1, Majority size: 2, State: 0, Mode: LEADER, active raft config: opid_index: 4 OBSOLETE_local: false peers { permanent_uuid: "4f2b2a6be2ea40bdb24ff38a8578198a" member_type: VOTER last_known_addr { host: "127.0.163.65" port: 44365 } } peers { permanent_uuid: "8889f7245a1141719a5e8e16d8404008" member_type: VOTER last_known_addr { host: "127.0.163.67" port: 38905 } } peers { permanent_uuid: "2d1b1b6ba26340e78ff7fe82cd57bc35" member_type: VOTER last_known_addr { host: "127.0.163.68" port: 39635 } attrs { promote: false } }
I20260630 12:35:07.979300  3788 raft_consensus.cc:515] T 8b226e971e1249dca2db93cc35536013 P 672d9e031aa3476d9d893be4b7a27d28 [term 2 FOLLOWER]: Starting forced leader election with config: opid_index: -1 OBSOLETE_local: false peers { permanent_uuid: "672d9e031aa3476d9d893be4b7a27d28" member_type: VOTER last_known_addr { host: "127.0.163.66" port: 38611 } } peers { permanent_uuid: "4f2b2a6be2ea40bdb24ff38a8578198a" member_type: VOTER last_known_addr { host: "127.0.163.65" port: 44365 } } peers { permanent_uuid: "8889f7245a1141719a5e8e16d8404008" member_type: VOTER last_known_addr { host: "127.0.163.67" port: 38905 } }
I20260630 12:35:07.978314  4145 consensus_queue.cc:237] T de95bb675dcf4fe79663cb24b23fc969 P 2d1b1b6ba26340e78ff7fe82cd57bc35 [LEADER]: Queue going to LEADER mode. State: All replicated index: 0, Majority replicated index: 1, Committed index: 1, Last appended: 1.1, Last appended by leader: 1, Current term: 2, Majority size: 2, State: 0, Mode: LEADER, active raft config: opid_index: -1 OBSOLETE_local: false peers { permanent_uuid: "4f2b2a6be2ea40bdb24ff38a8578198a" member_type: VOTER last_known_addr { host: "127.0.163.65" port: 44365 } } peers { permanent_uuid: "8889f7245a1141719a5e8e16d8404008" member_type: VOTER last_known_addr { host: "127.0.163.67" port: 38905 } } peers { permanent_uuid: "2d1b1b6ba26340e78ff7fe82cd57bc35" member_type: VOTER last_known_addr { host: "127.0.163.68" port: 39635 } }
I20260630 12:35:07.985103  3715 tablet_service.cc:1917] Received RequestConsensusVote() RPC: tablet_id: "8b226e971e1249dca2db93cc35536013" candidate_uuid: "672d9e031aa3476d9d893be4b7a27d28" candidate_term: 2 candidate_status { last_received { term: 1 index: 1 } } ignore_live_leader: true dest_uuid: "4f2b2a6be2ea40bdb24ff38a8578198a"
I20260630 12:35:07.986388  3715 raft_consensus.cc:3055] T 8b226e971e1249dca2db93cc35536013 P 4f2b2a6be2ea40bdb24ff38a8578198a [term 1 LEADER]: Stepping down as leader of term 1
I20260630 12:35:07.987233  3715 raft_consensus.cc:740] T 8b226e971e1249dca2db93cc35536013 P 4f2b2a6be2ea40bdb24ff38a8578198a [term 1 LEADER]: Becoming Follower/Learner. State: Replica: 4f2b2a6be2ea40bdb24ff38a8578198a, State: Running, Role: LEADER
I20260630 12:35:07.987437  4009 raft_consensus.cc:1275] T 8da75a07b4eb43c79f2d450120ebd87e P 2d1b1b6ba26340e78ff7fe82cd57bc35 [term 1 FOLLOWER]: Refusing update from remote peer 4f2b2a6be2ea40bdb24ff38a8578198a: Log matching property violated. Preceding OpId in replica: term: 1 index: 3. Preceding OpId from leader: term: 1 index: 4. (index mismatch)
I20260630 12:35:07.989125  3937 consensus_queue.cc:1048] T 8da75a07b4eb43c79f2d450120ebd87e P 4f2b2a6be2ea40bdb24ff38a8578198a [LEADER]: Connected to new peer: Peer: permanent_uuid: "2d1b1b6ba26340e78ff7fe82cd57bc35" member_type: VOTER last_known_addr { host: "127.0.163.68" port: 39635 } attrs { promote: false }, Status: LMP_MISMATCH, Last received: 0.0, Next index: 4, Last known committed idx: 3, Time since last communication: 0.000s
I20260630 12:35:07.989305  3715 consensus_queue.cc:260] T 8b226e971e1249dca2db93cc35536013 P 4f2b2a6be2ea40bdb24ff38a8578198a [NON_LEADER]: Queue going to NON_LEADER mode. State: All replicated index: 0, Majority replicated index: 1, Committed index: 1, Last appended: 1.1, Last appended by leader: 1, Current term: 1, Majority size: -1, State: 0, Mode: NON_LEADER, active raft config: opid_index: -1 OBSOLETE_local: false peers { permanent_uuid: "672d9e031aa3476d9d893be4b7a27d28" member_type: VOTER last_known_addr { host: "127.0.163.66" port: 38611 } } peers { permanent_uuid: "4f2b2a6be2ea40bdb24ff38a8578198a" member_type: VOTER last_known_addr { host: "127.0.163.65" port: 44365 } } peers { permanent_uuid: "8889f7245a1141719a5e8e16d8404008" member_type: VOTER last_known_addr { host: "127.0.163.67" port: 38905 } }
I20260630 12:35:07.991593  3715 raft_consensus.cc:3060] T 8b226e971e1249dca2db93cc35536013 P 4f2b2a6be2ea40bdb24ff38a8578198a [term 1 FOLLOWER]: Advancing to term 2
I20260630 12:35:07.995748  3860 raft_consensus.cc:1275] T 8da75a07b4eb43c79f2d450120ebd87e P 8889f7245a1141719a5e8e16d8404008 [term 1 FOLLOWER]: Refusing update from remote peer 4f2b2a6be2ea40bdb24ff38a8578198a: Log matching property violated. Preceding OpId in replica: term: 1 index: 3. Preceding OpId from leader: term: 1 index: 4. (index mismatch)
I20260630 12:35:07.997087  4155 consensus_queue.cc:1048] T 8da75a07b4eb43c79f2d450120ebd87e P 4f2b2a6be2ea40bdb24ff38a8578198a [LEADER]: Connected to new peer: Peer: permanent_uuid: "8889f7245a1141719a5e8e16d8404008" member_type: VOTER last_known_addr { host: "127.0.163.67" port: 38905 }, Status: LMP_MISMATCH, Last received: 0.0, Next index: 4, Last known committed idx: 3, Time since last communication: 0.000s
I20260630 12:35:07.997151  4009 raft_consensus.cc:2955] T 8da75a07b4eb43c79f2d450120ebd87e P 2d1b1b6ba26340e78ff7fe82cd57bc35 [term 1 FOLLOWER]: Committing config change with OpId 1.4: config changed from index 3 to 4, VOTER 672d9e031aa3476d9d893be4b7a27d28 (127.0.163.66) evicted. New config: { opid_index: 4 OBSOLETE_local: false peers { permanent_uuid: "4f2b2a6be2ea40bdb24ff38a8578198a" member_type: VOTER last_known_addr { host: "127.0.163.65" port: 44365 } } peers { permanent_uuid: "8889f7245a1141719a5e8e16d8404008" member_type: VOTER last_known_addr { host: "127.0.163.67" port: 38905 } } peers { permanent_uuid: "2d1b1b6ba26340e78ff7fe82cd57bc35" member_type: VOTER last_known_addr { host: "127.0.163.68" port: 39635 } attrs { promote: false } } }
I20260630 12:35:08.001279  3859 raft_consensus.cc:2955] T 8da75a07b4eb43c79f2d450120ebd87e P 8889f7245a1141719a5e8e16d8404008 [term 1 FOLLOWER]: Committing config change with OpId 1.4: config changed from index 3 to 4, VOTER 672d9e031aa3476d9d893be4b7a27d28 (127.0.163.66) evicted. New config: { opid_index: 4 OBSOLETE_local: false peers { permanent_uuid: "4f2b2a6be2ea40bdb24ff38a8578198a" member_type: VOTER last_known_addr { host: "127.0.163.65" port: 44365 } } peers { permanent_uuid: "8889f7245a1141719a5e8e16d8404008" member_type: VOTER last_known_addr { host: "127.0.163.67" port: 38905 } } peers { permanent_uuid: "2d1b1b6ba26340e78ff7fe82cd57bc35" member_type: VOTER last_known_addr { host: "127.0.163.68" port: 39635 } attrs { promote: false } } }
I20260630 12:35:07.995675  3937 raft_consensus.cc:2955] T 8da75a07b4eb43c79f2d450120ebd87e P 4f2b2a6be2ea40bdb24ff38a8578198a [term 1 LEADER]: Committing config change with OpId 1.4: config changed from index 3 to 4, VOTER 672d9e031aa3476d9d893be4b7a27d28 (127.0.163.66) evicted. New config: { opid_index: 4 OBSOLETE_local: false peers { permanent_uuid: "4f2b2a6be2ea40bdb24ff38a8578198a" member_type: VOTER last_known_addr { host: "127.0.163.65" port: 44365 } } peers { permanent_uuid: "8889f7245a1141719a5e8e16d8404008" member_type: VOTER last_known_addr { host: "127.0.163.67" port: 38905 } } peers { permanent_uuid: "2d1b1b6ba26340e78ff7fe82cd57bc35" member_type: VOTER last_known_addr { host: "127.0.163.68" port: 39635 } attrs { promote: false } } }
I20260630 12:35:08.007207  3715 raft_consensus.cc:2468] T 8b226e971e1249dca2db93cc35536013 P 4f2b2a6be2ea40bdb24ff38a8578198a [term 2 FOLLOWER]: Leader election vote request: Granting yes vote for candidate 672d9e031aa3476d9d893be4b7a27d28 in term 2.
I20260630 12:35:08.010869  3756 leader_election.cc:304] T 8b226e971e1249dca2db93cc35536013 P 672d9e031aa3476d9d893be4b7a27d28 [CANDIDATE]: Term 2 election: Election decided. Result: candidate won. Election summary: received 2 responses out of 3 voters: 2 yes votes; 0 no votes. yes voters: 4f2b2a6be2ea40bdb24ff38a8578198a, 672d9e031aa3476d9d893be4b7a27d28; no voters: 
I20260630 12:35:08.016686  4189 raft_consensus.cc:2804] T 8b226e971e1249dca2db93cc35536013 P 672d9e031aa3476d9d893be4b7a27d28 [term 2 FOLLOWER]: Leader election won for term 2
I20260630 12:35:08.017154  4189 raft_consensus.cc:697] T 8b226e971e1249dca2db93cc35536013 P 672d9e031aa3476d9d893be4b7a27d28 [term 2 LEADER]: Becoming Leader. State: Replica: 672d9e031aa3476d9d893be4b7a27d28, State: Running, Role: LEADER
I20260630 12:35:08.017910  4189 consensus_queue.cc:237] T 8b226e971e1249dca2db93cc35536013 P 672d9e031aa3476d9d893be4b7a27d28 [LEADER]: Queue going to LEADER mode. State: All replicated index: 0, Majority replicated index: 1, Committed index: 1, Last appended: 1.1, Last appended by leader: 1, Current term: 2, Majority size: 2, State: 0, Mode: LEADER, active raft config: opid_index: -1 OBSOLETE_local: false peers { permanent_uuid: "672d9e031aa3476d9d893be4b7a27d28" member_type: VOTER last_known_addr { host: "127.0.163.66" port: 38611 } } peers { permanent_uuid: "4f2b2a6be2ea40bdb24ff38a8578198a" member_type: VOTER last_known_addr { host: "127.0.163.65" port: 44365 } } peers { permanent_uuid: "8889f7245a1141719a5e8e16d8404008" member_type: VOTER last_known_addr { host: "127.0.163.67" port: 38905 } }
I20260630 12:35:08.035043  3788 leader_election.cc:290] T 8b226e971e1249dca2db93cc35536013 P 672d9e031aa3476d9d893be4b7a27d28 [CANDIDATE]: Term 2 election: Requested vote from peers 4f2b2a6be2ea40bdb24ff38a8578198a (127.0.163.65:44365), 8889f7245a1141719a5e8e16d8404008 (127.0.163.67:38905)
I20260630 12:35:08.036029  3863 tablet_service.cc:1917] Received RequestConsensusVote() RPC: tablet_id: "8b226e971e1249dca2db93cc35536013" candidate_uuid: "672d9e031aa3476d9d893be4b7a27d28" candidate_term: 2 candidate_status { last_received { term: 1 index: 1 } } ignore_live_leader: true dest_uuid: "8889f7245a1141719a5e8e16d8404008"
I20260630 12:35:08.036610  3863 raft_consensus.cc:3060] T 8b226e971e1249dca2db93cc35536013 P 8889f7245a1141719a5e8e16d8404008 [term 1 FOLLOWER]: Advancing to term 2
I20260630 12:35:08.042935  3600 catalog_manager.cc:5210] ChangeConfig:REMOVE_PEER RPC for tablet 8da75a07b4eb43c79f2d450120ebd87e with cas_config_opid_index 3: ChangeConfig:REMOVE_PEER succeeded (attempt 1)
I20260630 12:35:08.045691  3863 raft_consensus.cc:2468] T 8b226e971e1249dca2db93cc35536013 P 8889f7245a1141719a5e8e16d8404008 [term 2 FOLLOWER]: Leader election vote request: Granting yes vote for candidate 672d9e031aa3476d9d893be4b7a27d28 in term 2.
I20260630 12:35:08.052693  4202 raft_consensus.cc:1064] T 9d5d9b0db28745bd95a4215c44852f35 P 8889f7245a1141719a5e8e16d8404008: attempting to promote NON_VOTER 2d1b1b6ba26340e78ff7fe82cd57bc35 to VOTER
I20260630 12:35:08.053932  3613 catalog_manager.cc:5697] T 8da75a07b4eb43c79f2d450120ebd87e P 4f2b2a6be2ea40bdb24ff38a8578198a reported cstate change: config changed from index 3 to 4, VOTER 672d9e031aa3476d9d893be4b7a27d28 (127.0.163.66) evicted. New cstate: current_term: 1 leader_uuid: "4f2b2a6be2ea40bdb24ff38a8578198a" committed_config { opid_index: 4 OBSOLETE_local: false peers { permanent_uuid: "4f2b2a6be2ea40bdb24ff38a8578198a" member_type: VOTER last_known_addr { host: "127.0.163.65" port: 44365 } health_report { overall_health: HEALTHY } } peers { permanent_uuid: "8889f7245a1141719a5e8e16d8404008" member_type: VOTER last_known_addr { host: "127.0.163.67" port: 38905 } health_report { overall_health: UNKNOWN } } peers { permanent_uuid: "2d1b1b6ba26340e78ff7fe82cd57bc35" member_type: VOTER last_known_addr { host: "127.0.163.68" port: 39635 } attrs { promote: false } health_report { overall_health: HEALTHY } } }
I20260630 12:35:08.059911  3611 catalog_manager.cc:5697] T de95bb675dcf4fe79663cb24b23fc969 P 2d1b1b6ba26340e78ff7fe82cd57bc35 reported cstate change: term changed from 1 to 2, leader changed from 4f2b2a6be2ea40bdb24ff38a8578198a (127.0.163.65) to 2d1b1b6ba26340e78ff7fe82cd57bc35 (127.0.163.68). New cstate: current_term: 2 leader_uuid: "2d1b1b6ba26340e78ff7fe82cd57bc35" committed_config { opid_index: -1 OBSOLETE_local: false peers { permanent_uuid: "4f2b2a6be2ea40bdb24ff38a8578198a" member_type: VOTER last_known_addr { host: "127.0.163.65" port: 44365 } health_report { overall_health: UNKNOWN } } peers { permanent_uuid: "8889f7245a1141719a5e8e16d8404008" member_type: VOTER last_known_addr { host: "127.0.163.67" port: 38905 } health_report { overall_health: UNKNOWN } } peers { permanent_uuid: "2d1b1b6ba26340e78ff7fe82cd57bc35" member_type: VOTER last_known_addr { host: "127.0.163.68" port: 39635 } health_report { overall_health: HEALTHY } } }
I20260630 12:35:08.062865  3612 catalog_manager.cc:5697] T 8b226e971e1249dca2db93cc35536013 P 672d9e031aa3476d9d893be4b7a27d28 reported cstate change: term changed from 1 to 2, leader changed from 4f2b2a6be2ea40bdb24ff38a8578198a (127.0.163.65) to 672d9e031aa3476d9d893be4b7a27d28 (127.0.163.66). New cstate: current_term: 2 leader_uuid: "672d9e031aa3476d9d893be4b7a27d28" committed_config { opid_index: -1 OBSOLETE_local: false peers { permanent_uuid: "672d9e031aa3476d9d893be4b7a27d28" member_type: VOTER last_known_addr { host: "127.0.163.66" port: 38611 } health_report { overall_health: HEALTHY } } peers { permanent_uuid: "4f2b2a6be2ea40bdb24ff38a8578198a" member_type: VOTER last_known_addr { host: "127.0.163.65" port: 44365 } health_report { overall_health: UNKNOWN } } peers { permanent_uuid: "8889f7245a1141719a5e8e16d8404008" member_type: VOTER last_known_addr { host: "127.0.163.67" port: 38905 } health_report { overall_health: UNKNOWN } } }
I20260630 12:35:08.059924  4202 consensus_queue.cc:237] T 9d5d9b0db28745bd95a4215c44852f35 P 8889f7245a1141719a5e8e16d8404008 [LEADER]: Queue going to LEADER mode. State: All replicated index: 0, Majority replicated index: 2, Committed index: 2, Last appended: 1.2, Last appended by leader: 0, Current term: 1, Majority size: 3, State: 0, Mode: LEADER, active raft config: opid_index: 3 OBSOLETE_local: false peers { permanent_uuid: "4f2b2a6be2ea40bdb24ff38a8578198a" member_type: VOTER last_known_addr { host: "127.0.163.65" port: 44365 } attrs { replace: true } } peers { permanent_uuid: "672d9e031aa3476d9d893be4b7a27d28" member_type: VOTER last_known_addr { host: "127.0.163.66" port: 38611 } } peers { permanent_uuid: "8889f7245a1141719a5e8e16d8404008" member_type: VOTER last_known_addr { host: "127.0.163.67" port: 38905 } } peers { permanent_uuid: "2d1b1b6ba26340e78ff7fe82cd57bc35" member_type: VOTER last_known_addr { host: "127.0.163.68" port: 39635 } attrs { promote: false } }
I20260630 12:35:08.066425  3778 tablet_service.cc:1558] Processing DeleteTablet for tablet 8da75a07b4eb43c79f2d450120ebd87e with delete_type TABLET_DATA_TOMBSTONED (TS 672d9e031aa3476d9d893be4b7a27d28 not found in new config with opid_index 4) from {username='slave'} at 127.0.0.1:34346
I20260630 12:35:08.088663  4188 raft_consensus.cc:1064] T 98a2a94a83c54a45a66869634e47edfb P 672d9e031aa3476d9d893be4b7a27d28: attempting to promote NON_VOTER 2d1b1b6ba26340e78ff7fe82cd57bc35 to VOTER
I20260630 12:35:08.091514  4188 consensus_queue.cc:237] T 98a2a94a83c54a45a66869634e47edfb P 672d9e031aa3476d9d893be4b7a27d28 [LEADER]: Queue going to LEADER mode. State: All replicated index: 0, Majority replicated index: 2, Committed index: 2, Last appended: 1.2, Last appended by leader: 0, Current term: 1, Majority size: 3, State: 0, Mode: LEADER, active raft config: opid_index: 3 OBSOLETE_local: false peers { permanent_uuid: "4f2b2a6be2ea40bdb24ff38a8578198a" member_type: VOTER last_known_addr { host: "127.0.163.65" port: 44365 } attrs { replace: true } } peers { permanent_uuid: "672d9e031aa3476d9d893be4b7a27d28" member_type: VOTER last_known_addr { host: "127.0.163.66" port: 38611 } } peers { permanent_uuid: "8889f7245a1141719a5e8e16d8404008" member_type: VOTER last_known_addr { host: "127.0.163.67" port: 38905 } } peers { permanent_uuid: "2d1b1b6ba26340e78ff7fe82cd57bc35" member_type: VOTER last_known_addr { host: "127.0.163.68" port: 39635 } attrs { promote: false } }
I20260630 12:35:08.097167  4206 tablet_replica.cc:333] T 8da75a07b4eb43c79f2d450120ebd87e P 672d9e031aa3476d9d893be4b7a27d28: stopping tablet replica
I20260630 12:35:08.098253  4206 raft_consensus.cc:2243] T 8da75a07b4eb43c79f2d450120ebd87e P 672d9e031aa3476d9d893be4b7a27d28 [term 1 FOLLOWER]: Raft consensus shutting down.
I20260630 12:35:08.098940  4206 raft_consensus.cc:2272] T 8da75a07b4eb43c79f2d450120ebd87e P 672d9e031aa3476d9d893be4b7a27d28 [term 1 FOLLOWER]: Raft consensus is shut down!
I20260630 12:35:08.101052  3864 raft_consensus.cc:1275] T 98a2a94a83c54a45a66869634e47edfb P 8889f7245a1141719a5e8e16d8404008 [term 1 FOLLOWER]: Refusing update from remote peer 672d9e031aa3476d9d893be4b7a27d28: Log matching property violated. Preceding OpId in replica: term: 1 index: 2. Preceding OpId from leader: term: 1 index: 3. (index mismatch)
I20260630 12:35:08.102957  4009 raft_consensus.cc:1275] T 9d5d9b0db28745bd95a4215c44852f35 P 2d1b1b6ba26340e78ff7fe82cd57bc35 [term 1 LEARNER]: Refusing update from remote peer 8889f7245a1141719a5e8e16d8404008: Log matching property violated. Preceding OpId in replica: term: 1 index: 2. Preceding OpId from leader: term: 1 index: 3. (index mismatch)
I20260630 12:35:08.103133  3715 raft_consensus.cc:1275] T 9d5d9b0db28745bd95a4215c44852f35 P 4f2b2a6be2ea40bdb24ff38a8578198a [term 1 FOLLOWER]: Refusing update from remote peer 8889f7245a1141719a5e8e16d8404008: Log matching property violated. Preceding OpId in replica: term: 1 index: 2. Preceding OpId from leader: term: 1 index: 3. (index mismatch)
I20260630 12:35:08.104727  4202 consensus_queue.cc:1048] T 9d5d9b0db28745bd95a4215c44852f35 P 8889f7245a1141719a5e8e16d8404008 [LEADER]: Connected to new peer: Peer: permanent_uuid: "4f2b2a6be2ea40bdb24ff38a8578198a" member_type: VOTER last_known_addr { host: "127.0.163.65" port: 44365 } attrs { replace: true }, Status: LMP_MISMATCH, Last received: 0.0, Next index: 3, Last known committed idx: 2, Time since last communication: 0.000s
I20260630 12:35:08.106665  4189 consensus_queue.cc:1048] T 98a2a94a83c54a45a66869634e47edfb P 672d9e031aa3476d9d893be4b7a27d28 [LEADER]: Connected to new peer: Peer: permanent_uuid: "8889f7245a1141719a5e8e16d8404008" member_type: VOTER last_known_addr { host: "127.0.163.67" port: 38905 }, Status: LMP_MISMATCH, Last received: 0.0, Next index: 3, Last known committed idx: 2, Time since last communication: 0.000s
I20260630 12:35:08.106606  3788 raft_consensus.cc:1275] T 9d5d9b0db28745bd95a4215c44852f35 P 672d9e031aa3476d9d893be4b7a27d28 [term 1 FOLLOWER]: Refusing update from remote peer 8889f7245a1141719a5e8e16d8404008: Log matching property violated. Preceding OpId in replica: term: 1 index: 2. Preceding OpId from leader: term: 1 index: 3. (index mismatch)
I20260630 12:35:08.109165  4204 consensus_queue.cc:1048] T 9d5d9b0db28745bd95a4215c44852f35 P 8889f7245a1141719a5e8e16d8404008 [LEADER]: Connected to new peer: Peer: permanent_uuid: "2d1b1b6ba26340e78ff7fe82cd57bc35" member_type: VOTER last_known_addr { host: "127.0.163.68" port: 39635 } attrs { promote: false }, Status: LMP_MISMATCH, Last received: 0.0, Next index: 3, Last known committed idx: 2, Time since last communication: 0.000s
I20260630 12:35:08.110873  4204 consensus_queue.cc:1048] T 9d5d9b0db28745bd95a4215c44852f35 P 8889f7245a1141719a5e8e16d8404008 [LEADER]: Connected to new peer: Peer: permanent_uuid: "672d9e031aa3476d9d893be4b7a27d28" member_type: VOTER last_known_addr { host: "127.0.163.66" port: 38611 }, Status: LMP_MISMATCH, Last received: 0.0, Next index: 3, Last known committed idx: 2, Time since last communication: 0.000s
I20260630 12:35:08.111129  4010 raft_consensus.cc:1275] T 98a2a94a83c54a45a66869634e47edfb P 2d1b1b6ba26340e78ff7fe82cd57bc35 [term 1 LEARNER]: Refusing update from remote peer 672d9e031aa3476d9d893be4b7a27d28: Log matching property violated. Preceding OpId in replica: term: 1 index: 2. Preceding OpId from leader: term: 1 index: 3. (index mismatch)
I20260630 12:35:08.113852  3715 raft_consensus.cc:1275] T 98a2a94a83c54a45a66869634e47edfb P 4f2b2a6be2ea40bdb24ff38a8578198a [term 1 FOLLOWER]: Refusing update from remote peer 672d9e031aa3476d9d893be4b7a27d28: Log matching property violated. Preceding OpId in replica: term: 1 index: 2. Preceding OpId from leader: term: 1 index: 3. (index mismatch)
I20260630 12:35:08.117200  4197 raft_consensus.cc:1064] T 40aa3f6dff7f4972bc009f7a7d2611d2 P 4f2b2a6be2ea40bdb24ff38a8578198a: attempting to promote NON_VOTER 2d1b1b6ba26340e78ff7fe82cd57bc35 to VOTER
I20260630 12:35:08.121450  4197 consensus_queue.cc:237] T 40aa3f6dff7f4972bc009f7a7d2611d2 P 4f2b2a6be2ea40bdb24ff38a8578198a [LEADER]: Queue going to LEADER mode. State: All replicated index: 0, Majority replicated index: 2, Committed index: 2, Last appended: 1.2, Last appended by leader: 0, Current term: 1, Majority size: 3, State: 0, Mode: LEADER, active raft config: opid_index: 3 OBSOLETE_local: false peers { permanent_uuid: "4f2b2a6be2ea40bdb24ff38a8578198a" member_type: VOTER last_known_addr { host: "127.0.163.65" port: 44365 } } peers { permanent_uuid: "672d9e031aa3476d9d893be4b7a27d28" member_type: VOTER last_known_addr { host: "127.0.163.66" port: 38611 } } peers { permanent_uuid: "8889f7245a1141719a5e8e16d8404008" member_type: VOTER last_known_addr { host: "127.0.163.67" port: 38905 } attrs { replace: true } } peers { permanent_uuid: "2d1b1b6ba26340e78ff7fe82cd57bc35" member_type: VOTER last_known_addr { host: "127.0.163.68" port: 39635 } attrs { promote: false } }
I20260630 12:35:08.124934  4206 ts_tablet_manager.cc:1916] T 8da75a07b4eb43c79f2d450120ebd87e P 672d9e031aa3476d9d893be4b7a27d28: Deleting tablet data with delete state TABLET_DATA_TOMBSTONED
I20260630 12:35:08.135737  4209 consensus_queue.cc:1048] T 98a2a94a83c54a45a66869634e47edfb P 672d9e031aa3476d9d893be4b7a27d28 [LEADER]: Connected to new peer: Peer: permanent_uuid: "2d1b1b6ba26340e78ff7fe82cd57bc35" member_type: VOTER last_known_addr { host: "127.0.163.68" port: 39635 } attrs { promote: false }, Status: LMP_MISMATCH, Last received: 0.0, Next index: 3, Last known committed idx: 2, Time since last communication: 0.000s
I20260630 12:35:08.146474  4008 raft_consensus.cc:1275] T 40aa3f6dff7f4972bc009f7a7d2611d2 P 2d1b1b6ba26340e78ff7fe82cd57bc35 [term 1 LEARNER]: Refusing update from remote peer 4f2b2a6be2ea40bdb24ff38a8578198a: Log matching property violated. Preceding OpId in replica: term: 1 index: 2. Preceding OpId from leader: term: 1 index: 3. (index mismatch)
I20260630 12:35:08.147311  3785 raft_consensus.cc:1275] T 40aa3f6dff7f4972bc009f7a7d2611d2 P 672d9e031aa3476d9d893be4b7a27d28 [term 1 FOLLOWER]: Refusing update from remote peer 4f2b2a6be2ea40bdb24ff38a8578198a: Log matching property violated. Preceding OpId in replica: term: 1 index: 2. Preceding OpId from leader: term: 1 index: 3. (index mismatch)
I20260630 12:35:08.147895  3864 raft_consensus.cc:1275] T 40aa3f6dff7f4972bc009f7a7d2611d2 P 8889f7245a1141719a5e8e16d8404008 [term 1 FOLLOWER]: Refusing update from remote peer 4f2b2a6be2ea40bdb24ff38a8578198a: Log matching property violated. Preceding OpId in replica: term: 1 index: 2. Preceding OpId from leader: term: 1 index: 3. (index mismatch)
I20260630 12:35:08.149498  3937 consensus_queue.cc:1048] T 40aa3f6dff7f4972bc009f7a7d2611d2 P 4f2b2a6be2ea40bdb24ff38a8578198a [LEADER]: Connected to new peer: Peer: permanent_uuid: "672d9e031aa3476d9d893be4b7a27d28" member_type: VOTER last_known_addr { host: "127.0.163.66" port: 38611 }, Status: LMP_MISMATCH, Last received: 0.0, Next index: 3, Last known committed idx: 2, Time since last communication: 0.000s
I20260630 12:35:08.153407  4197 consensus_queue.cc:1048] T 40aa3f6dff7f4972bc009f7a7d2611d2 P 4f2b2a6be2ea40bdb24ff38a8578198a [LEADER]: Connected to new peer: Peer: permanent_uuid: "8889f7245a1141719a5e8e16d8404008" member_type: VOTER last_known_addr { host: "127.0.163.67" port: 38905 } attrs { replace: true }, Status: LMP_MISMATCH, Last received: 0.0, Next index: 3, Last known committed idx: 2, Time since last communication: 0.000s
I20260630 12:35:08.155153  4197 consensus_queue.cc:1048] T 40aa3f6dff7f4972bc009f7a7d2611d2 P 4f2b2a6be2ea40bdb24ff38a8578198a [LEADER]: Connected to new peer: Peer: permanent_uuid: "2d1b1b6ba26340e78ff7fe82cd57bc35" member_type: VOTER last_known_addr { host: "127.0.163.68" port: 39635 } attrs { promote: false }, Status: LMP_MISMATCH, Last received: 0.0, Next index: 3, Last known committed idx: 2, Time since last communication: 0.000s
I20260630 12:35:08.160498  3859 raft_consensus.cc:1275] T 6009cf2b06d54a76a77d345aa3427985 P 8889f7245a1141719a5e8e16d8404008 [term 2 FOLLOWER]: Refusing update from remote peer 672d9e031aa3476d9d893be4b7a27d28: Log matching property violated. Preceding OpId in replica: term: 1 index: 1. Preceding OpId from leader: term: 2 index: 2. (index mismatch)
I20260630 12:35:08.164063  3713 raft_consensus.cc:1275] T 6009cf2b06d54a76a77d345aa3427985 P 4f2b2a6be2ea40bdb24ff38a8578198a [term 2 FOLLOWER]: Refusing update from remote peer 672d9e031aa3476d9d893be4b7a27d28: Log matching property violated. Preceding OpId in replica: term: 1 index: 1. Preceding OpId from leader: term: 2 index: 2. (index mismatch)
I20260630 12:35:08.165364  4212 consensus_queue.cc:1048] T 6009cf2b06d54a76a77d345aa3427985 P 672d9e031aa3476d9d893be4b7a27d28 [LEADER]: Connected to new peer: Peer: permanent_uuid: "8889f7245a1141719a5e8e16d8404008" member_type: VOTER last_known_addr { host: "127.0.163.67" port: 38905 }, Status: LMP_MISMATCH, Last received: 0.0, Next index: 2, Last known committed idx: 1, Time since last communication: 0.000s
I20260630 12:35:08.142920  4209 consensus_queue.cc:1048] T 98a2a94a83c54a45a66869634e47edfb P 672d9e031aa3476d9d893be4b7a27d28 [LEADER]: Connected to new peer: Peer: permanent_uuid: "4f2b2a6be2ea40bdb24ff38a8578198a" member_type: VOTER last_known_addr { host: "127.0.163.65" port: 44365 } attrs { replace: true }, Status: LMP_MISMATCH, Last received: 0.0, Next index: 3, Last known committed idx: 2, Time since last communication: 0.009s
I20260630 12:35:08.173418  4212 consensus_queue.cc:1048] T 6009cf2b06d54a76a77d345aa3427985 P 672d9e031aa3476d9d893be4b7a27d28 [LEADER]: Connected to new peer: Peer: permanent_uuid: "4f2b2a6be2ea40bdb24ff38a8578198a" member_type: VOTER last_known_addr { host: "127.0.163.65" port: 44365 }, Status: LMP_MISMATCH, Last received: 0.0, Next index: 2, Last known committed idx: 1, Time since last communication: 0.000s
I20260630 12:35:08.204268  4202 raft_consensus.cc:2955] T 9d5d9b0db28745bd95a4215c44852f35 P 8889f7245a1141719a5e8e16d8404008 [term 1 LEADER]: Committing config change with OpId 1.3: config changed from index 2 to 3, 2d1b1b6ba26340e78ff7fe82cd57bc35 (127.0.163.68) changed from NON_VOTER to VOTER. New config: { opid_index: 3 OBSOLETE_local: false peers { permanent_uuid: "4f2b2a6be2ea40bdb24ff38a8578198a" member_type: VOTER last_known_addr { host: "127.0.163.65" port: 44365 } attrs { replace: true } } peers { permanent_uuid: "672d9e031aa3476d9d893be4b7a27d28" member_type: VOTER last_known_addr { host: "127.0.163.66" port: 38611 } } peers { permanent_uuid: "8889f7245a1141719a5e8e16d8404008" member_type: VOTER last_known_addr { host: "127.0.163.67" port: 38905 } } peers { permanent_uuid: "2d1b1b6ba26340e78ff7fe82cd57bc35" member_type: VOTER last_known_addr { host: "127.0.163.68" port: 39635 } attrs { promote: false } } }
I20260630 12:35:08.211957  4009 raft_consensus.cc:2955] T 9d5d9b0db28745bd95a4215c44852f35 P 2d1b1b6ba26340e78ff7fe82cd57bc35 [term 1 FOLLOWER]: Committing config change with OpId 1.3: config changed from index 2 to 3, 2d1b1b6ba26340e78ff7fe82cd57bc35 (127.0.163.68) changed from NON_VOTER to VOTER. New config: { opid_index: 3 OBSOLETE_local: false peers { permanent_uuid: "4f2b2a6be2ea40bdb24ff38a8578198a" member_type: VOTER last_known_addr { host: "127.0.163.65" port: 44365 } attrs { replace: true } } peers { permanent_uuid: "672d9e031aa3476d9d893be4b7a27d28" member_type: VOTER last_known_addr { host: "127.0.163.66" port: 38611 } } peers { permanent_uuid: "8889f7245a1141719a5e8e16d8404008" member_type: VOTER last_known_addr { host: "127.0.163.67" port: 38905 } } peers { permanent_uuid: "2d1b1b6ba26340e78ff7fe82cd57bc35" member_type: VOTER last_known_addr { host: "127.0.163.68" port: 39635 } attrs { promote: false } } }
I20260630 12:35:08.212113  3714 raft_consensus.cc:2955] T 9d5d9b0db28745bd95a4215c44852f35 P 4f2b2a6be2ea40bdb24ff38a8578198a [term 1 FOLLOWER]: Committing config change with OpId 1.3: config changed from index 2 to 3, 2d1b1b6ba26340e78ff7fe82cd57bc35 (127.0.163.68) changed from NON_VOTER to VOTER. New config: { opid_index: 3 OBSOLETE_local: false peers { permanent_uuid: "4f2b2a6be2ea40bdb24ff38a8578198a" member_type: VOTER last_known_addr { host: "127.0.163.65" port: 44365 } attrs { replace: true } } peers { permanent_uuid: "672d9e031aa3476d9d893be4b7a27d28" member_type: VOTER last_known_addr { host: "127.0.163.66" port: 38611 } } peers { permanent_uuid: "8889f7245a1141719a5e8e16d8404008" member_type: VOTER last_known_addr { host: "127.0.163.67" port: 38905 } } peers { permanent_uuid: "2d1b1b6ba26340e78ff7fe82cd57bc35" member_type: VOTER last_known_addr { host: "127.0.163.68" port: 39635 } attrs { promote: false } } }
I20260630 12:35:08.219888  4206 ts_tablet_manager.cc:1929] T 8da75a07b4eb43c79f2d450120ebd87e P 672d9e031aa3476d9d893be4b7a27d28: tablet deleted with delete type TABLET_DATA_TOMBSTONED: last-logged OpId 1.3
I20260630 12:35:08.220441  4206 log.cc:1199] T 8da75a07b4eb43c79f2d450120ebd87e P 672d9e031aa3476d9d893be4b7a27d28: Deleting WAL directory at /tmp/dist-test-taskqhdp7E/test-tmp/auto_rebalancer-test.0.AutoRebalancerTest.RangeAwareRebalancesNewRangeReplicas.1782822811538623-653-0/minicluster-data/ts-1-root/wals/8da75a07b4eb43c79f2d450120ebd87e
I20260630 12:35:08.222314  3599 catalog_manager.cc:5028] TS 672d9e031aa3476d9d893be4b7a27d28 (127.0.163.66:38611): tablet 8da75a07b4eb43c79f2d450120ebd87e (table range_aware_rebalance_new_range [id=7fcc50260eac443c8a9afc759be5a427]) successfully deleted
I20260630 12:35:08.230646  4155 raft_consensus.cc:2955] T 40aa3f6dff7f4972bc009f7a7d2611d2 P 4f2b2a6be2ea40bdb24ff38a8578198a [term 1 LEADER]: Committing config change with OpId 1.3: config changed from index 2 to 3, 2d1b1b6ba26340e78ff7fe82cd57bc35 (127.0.163.68) changed from NON_VOTER to VOTER. New config: { opid_index: 3 OBSOLETE_local: false peers { permanent_uuid: "4f2b2a6be2ea40bdb24ff38a8578198a" member_type: VOTER last_known_addr { host: "127.0.163.65" port: 44365 } } peers { permanent_uuid: "672d9e031aa3476d9d893be4b7a27d28" member_type: VOTER last_known_addr { host: "127.0.163.66" port: 38611 } } peers { permanent_uuid: "8889f7245a1141719a5e8e16d8404008" member_type: VOTER last_known_addr { host: "127.0.163.67" port: 38905 } attrs { replace: true } } peers { permanent_uuid: "2d1b1b6ba26340e78ff7fe82cd57bc35" member_type: VOTER last_known_addr { host: "127.0.163.68" port: 39635 } attrs { promote: false } } }
I20260630 12:35:08.238917  3613 catalog_manager.cc:5697] T 9d5d9b0db28745bd95a4215c44852f35 P 2d1b1b6ba26340e78ff7fe82cd57bc35 reported cstate change: config changed from index 2 to 3, 2d1b1b6ba26340e78ff7fe82cd57bc35 (127.0.163.68) changed from NON_VOTER to VOTER. New cstate: current_term: 1 leader_uuid: "8889f7245a1141719a5e8e16d8404008" committed_config { opid_index: 3 OBSOLETE_local: false peers { permanent_uuid: "4f2b2a6be2ea40bdb24ff38a8578198a" member_type: VOTER last_known_addr { host: "127.0.163.65" port: 44365 } attrs { replace: true } } peers { permanent_uuid: "672d9e031aa3476d9d893be4b7a27d28" member_type: VOTER last_known_addr { host: "127.0.163.66" port: 38611 } } peers { permanent_uuid: "8889f7245a1141719a5e8e16d8404008" member_type: VOTER last_known_addr { host: "127.0.163.67" port: 38905 } } peers { permanent_uuid: "2d1b1b6ba26340e78ff7fe82cd57bc35" member_type: VOTER last_known_addr { host: "127.0.163.68" port: 39635 } attrs { promote: false } } }
I20260630 12:35:08.246946  3864 raft_consensus.cc:2955] T 40aa3f6dff7f4972bc009f7a7d2611d2 P 8889f7245a1141719a5e8e16d8404008 [term 1 FOLLOWER]: Committing config change with OpId 1.3: config changed from index 2 to 3, 2d1b1b6ba26340e78ff7fe82cd57bc35 (127.0.163.68) changed from NON_VOTER to VOTER. New config: { opid_index: 3 OBSOLETE_local: false peers { permanent_uuid: "4f2b2a6be2ea40bdb24ff38a8578198a" member_type: VOTER last_known_addr { host: "127.0.163.65" port: 44365 } } peers { permanent_uuid: "672d9e031aa3476d9d893be4b7a27d28" member_type: VOTER last_known_addr { host: "127.0.163.66" port: 38611 } } peers { permanent_uuid: "8889f7245a1141719a5e8e16d8404008" member_type: VOTER last_known_addr { host: "127.0.163.67" port: 38905 } attrs { replace: true } } peers { permanent_uuid: "2d1b1b6ba26340e78ff7fe82cd57bc35" member_type: VOTER last_known_addr { host: "127.0.163.68" port: 39635 } attrs { promote: false } } }
I20260630 12:35:08.255679  3712 raft_consensus.cc:2955] T 98a2a94a83c54a45a66869634e47edfb P 4f2b2a6be2ea40bdb24ff38a8578198a [term 1 FOLLOWER]: Committing config change with OpId 1.3: config changed from index 2 to 3, 2d1b1b6ba26340e78ff7fe82cd57bc35 (127.0.163.68) changed from NON_VOTER to VOTER. New config: { opid_index: 3 OBSOLETE_local: false peers { permanent_uuid: "4f2b2a6be2ea40bdb24ff38a8578198a" member_type: VOTER last_known_addr { host: "127.0.163.65" port: 44365 } attrs { replace: true } } peers { permanent_uuid: "672d9e031aa3476d9d893be4b7a27d28" member_type: VOTER last_known_addr { host: "127.0.163.66" port: 38611 } } peers { permanent_uuid: "8889f7245a1141719a5e8e16d8404008" member_type: VOTER last_known_addr { host: "127.0.163.67" port: 38905 } } peers { permanent_uuid: "2d1b1b6ba26340e78ff7fe82cd57bc35" member_type: VOTER last_known_addr { host: "127.0.163.68" port: 39635 } attrs { promote: false } } }
I20260630 12:35:08.252552  4188 raft_consensus.cc:2955] T 98a2a94a83c54a45a66869634e47edfb P 672d9e031aa3476d9d893be4b7a27d28 [term 1 LEADER]: Committing config change with OpId 1.3: config changed from index 2 to 3, 2d1b1b6ba26340e78ff7fe82cd57bc35 (127.0.163.68) changed from NON_VOTER to VOTER. New config: { opid_index: 3 OBSOLETE_local: false peers { permanent_uuid: "4f2b2a6be2ea40bdb24ff38a8578198a" member_type: VOTER last_known_addr { host: "127.0.163.65" port: 44365 } attrs { replace: true } } peers { permanent_uuid: "672d9e031aa3476d9d893be4b7a27d28" member_type: VOTER last_known_addr { host: "127.0.163.66" port: 38611 } } peers { permanent_uuid: "8889f7245a1141719a5e8e16d8404008" member_type: VOTER last_known_addr { host: "127.0.163.67" port: 38905 } } peers { permanent_uuid: "2d1b1b6ba26340e78ff7fe82cd57bc35" member_type: VOTER last_known_addr { host: "127.0.163.68" port: 39635 } attrs { promote: false } } }
I20260630 12:35:08.271353  3785 raft_consensus.cc:2955] T 40aa3f6dff7f4972bc009f7a7d2611d2 P 672d9e031aa3476d9d893be4b7a27d28 [term 1 FOLLOWER]: Committing config change with OpId 1.3: config changed from index 2 to 3, 2d1b1b6ba26340e78ff7fe82cd57bc35 (127.0.163.68) changed from NON_VOTER to VOTER. New config: { opid_index: 3 OBSOLETE_local: false peers { permanent_uuid: "4f2b2a6be2ea40bdb24ff38a8578198a" member_type: VOTER last_known_addr { host: "127.0.163.65" port: 44365 } } peers { permanent_uuid: "672d9e031aa3476d9d893be4b7a27d28" member_type: VOTER last_known_addr { host: "127.0.163.66" port: 38611 } } peers { permanent_uuid: "8889f7245a1141719a5e8e16d8404008" member_type: VOTER last_known_addr { host: "127.0.163.67" port: 38905 } attrs { replace: true } } peers { permanent_uuid: "2d1b1b6ba26340e78ff7fe82cd57bc35" member_type: VOTER last_known_addr { host: "127.0.163.68" port: 39635 } attrs { promote: false } } }
I20260630 12:35:08.277882  4009 raft_consensus.cc:2955] T 98a2a94a83c54a45a66869634e47edfb P 2d1b1b6ba26340e78ff7fe82cd57bc35 [term 1 FOLLOWER]: Committing config change with OpId 1.3: config changed from index 2 to 3, 2d1b1b6ba26340e78ff7fe82cd57bc35 (127.0.163.68) changed from NON_VOTER to VOTER. New config: { opid_index: 3 OBSOLETE_local: false peers { permanent_uuid: "4f2b2a6be2ea40bdb24ff38a8578198a" member_type: VOTER last_known_addr { host: "127.0.163.65" port: 44365 } attrs { replace: true } } peers { permanent_uuid: "672d9e031aa3476d9d893be4b7a27d28" member_type: VOTER last_known_addr { host: "127.0.163.66" port: 38611 } } peers { permanent_uuid: "8889f7245a1141719a5e8e16d8404008" member_type: VOTER last_known_addr { host: "127.0.163.67" port: 38905 } } peers { permanent_uuid: "2d1b1b6ba26340e78ff7fe82cd57bc35" member_type: VOTER last_known_addr { host: "127.0.163.68" port: 39635 } attrs { promote: false } } }
I20260630 12:35:08.281718  3612 catalog_manager.cc:5697] T 98a2a94a83c54a45a66869634e47edfb P 4f2b2a6be2ea40bdb24ff38a8578198a reported cstate change: config changed from index 2 to 3, 2d1b1b6ba26340e78ff7fe82cd57bc35 (127.0.163.68) changed from NON_VOTER to VOTER. New cstate: current_term: 1 leader_uuid: "672d9e031aa3476d9d893be4b7a27d28" committed_config { opid_index: 3 OBSOLETE_local: false peers { permanent_uuid: "4f2b2a6be2ea40bdb24ff38a8578198a" member_type: VOTER last_known_addr { host: "127.0.163.65" port: 44365 } attrs { replace: true } } peers { permanent_uuid: "672d9e031aa3476d9d893be4b7a27d28" member_type: VOTER last_known_addr { host: "127.0.163.66" port: 38611 } } peers { permanent_uuid: "8889f7245a1141719a5e8e16d8404008" member_type: VOTER last_known_addr { host: "127.0.163.67" port: 38905 } } peers { permanent_uuid: "2d1b1b6ba26340e78ff7fe82cd57bc35" member_type: VOTER last_known_addr { host: "127.0.163.68" port: 39635 } attrs { promote: false } } }
I20260630 12:35:08.301570  3611 catalog_manager.cc:5697] T 40aa3f6dff7f4972bc009f7a7d2611d2 P 4f2b2a6be2ea40bdb24ff38a8578198a reported cstate change: config changed from index 2 to 3, 2d1b1b6ba26340e78ff7fe82cd57bc35 (127.0.163.68) changed from NON_VOTER to VOTER. New cstate: current_term: 1 leader_uuid: "4f2b2a6be2ea40bdb24ff38a8578198a" committed_config { opid_index: 3 OBSOLETE_local: false peers { permanent_uuid: "4f2b2a6be2ea40bdb24ff38a8578198a" member_type: VOTER last_known_addr { host: "127.0.163.65" port: 44365 } health_report { overall_health: HEALTHY } } peers { permanent_uuid: "672d9e031aa3476d9d893be4b7a27d28" member_type: VOTER last_known_addr { host: "127.0.163.66" port: 38611 } health_report { overall_health: HEALTHY } } peers { permanent_uuid: "8889f7245a1141719a5e8e16d8404008" member_type: VOTER last_known_addr { host: "127.0.163.67" port: 38905 } attrs { replace: true } health_report { overall_health: HEALTHY } } peers { permanent_uuid: "2d1b1b6ba26340e78ff7fe82cd57bc35" member_type: VOTER last_known_addr { host: "127.0.163.68" port: 39635 } attrs { promote: false } health_report { overall_health: UNKNOWN } } }
I20260630 12:35:08.308511  3788 raft_consensus.cc:2955] T 9d5d9b0db28745bd95a4215c44852f35 P 672d9e031aa3476d9d893be4b7a27d28 [term 1 FOLLOWER]: Committing config change with OpId 1.3: config changed from index 2 to 3, 2d1b1b6ba26340e78ff7fe82cd57bc35 (127.0.163.68) changed from NON_VOTER to VOTER. New config: { opid_index: 3 OBSOLETE_local: false peers { permanent_uuid: "4f2b2a6be2ea40bdb24ff38a8578198a" member_type: VOTER last_known_addr { host: "127.0.163.65" port: 44365 } attrs { replace: true } } peers { permanent_uuid: "672d9e031aa3476d9d893be4b7a27d28" member_type: VOTER last_known_addr { host: "127.0.163.66" port: 38611 } } peers { permanent_uuid: "8889f7245a1141719a5e8e16d8404008" member_type: VOTER last_known_addr { host: "127.0.163.67" port: 38905 } } peers { permanent_uuid: "2d1b1b6ba26340e78ff7fe82cd57bc35" member_type: VOTER last_known_addr { host: "127.0.163.68" port: 39635 } attrs { promote: false } } }
W20260630 12:35:08.319641  3830 outbound_call.cc:321] RPC callback for RPC call kudu.consensus.ConsensusService.UpdateConsensus -> {remote=127.0.163.65:44365, user_credentials={real_user=slave}} blocked reactor thread for 48823.8us
I20260630 12:35:08.321074  4010 raft_consensus.cc:2955] T 40aa3f6dff7f4972bc009f7a7d2611d2 P 2d1b1b6ba26340e78ff7fe82cd57bc35 [term 1 FOLLOWER]: Committing config change with OpId 1.3: config changed from index 2 to 3, 2d1b1b6ba26340e78ff7fe82cd57bc35 (127.0.163.68) changed from NON_VOTER to VOTER. New config: { opid_index: 3 OBSOLETE_local: false peers { permanent_uuid: "4f2b2a6be2ea40bdb24ff38a8578198a" member_type: VOTER last_known_addr { host: "127.0.163.65" port: 44365 } } peers { permanent_uuid: "672d9e031aa3476d9d893be4b7a27d28" member_type: VOTER last_known_addr { host: "127.0.163.66" port: 38611 } } peers { permanent_uuid: "8889f7245a1141719a5e8e16d8404008" member_type: VOTER last_known_addr { host: "127.0.163.67" port: 38905 } attrs { replace: true } } peers { permanent_uuid: "2d1b1b6ba26340e78ff7fe82cd57bc35" member_type: VOTER last_known_addr { host: "127.0.163.68" port: 39635 } attrs { promote: false } } }
I20260630 12:35:08.327409  3859 raft_consensus.cc:2955] T 98a2a94a83c54a45a66869634e47edfb P 8889f7245a1141719a5e8e16d8404008 [term 1 FOLLOWER]: Committing config change with OpId 1.3: config changed from index 2 to 3, 2d1b1b6ba26340e78ff7fe82cd57bc35 (127.0.163.68) changed from NON_VOTER to VOTER. New config: { opid_index: 3 OBSOLETE_local: false peers { permanent_uuid: "4f2b2a6be2ea40bdb24ff38a8578198a" member_type: VOTER last_known_addr { host: "127.0.163.65" port: 44365 } attrs { replace: true } } peers { permanent_uuid: "672d9e031aa3476d9d893be4b7a27d28" member_type: VOTER last_known_addr { host: "127.0.163.66" port: 38611 } } peers { permanent_uuid: "8889f7245a1141719a5e8e16d8404008" member_type: VOTER last_known_addr { host: "127.0.163.67" port: 38905 } } peers { permanent_uuid: "2d1b1b6ba26340e78ff7fe82cd57bc35" member_type: VOTER last_known_addr { host: "127.0.163.68" port: 39635 } attrs { promote: false } } }
I20260630 12:35:08.359462  3788 raft_consensus.cc:1275] T 05f8c8f8fab041cfac70b5e090835f87 P 672d9e031aa3476d9d893be4b7a27d28 [term 2 FOLLOWER]: Refusing update from remote peer 2d1b1b6ba26340e78ff7fe82cd57bc35: Log matching property violated. Preceding OpId in replica: term: 1 index: 1. Preceding OpId from leader: term: 2 index: 2. (index mismatch)
I20260630 12:35:08.386740  3863 consensus_queue.cc:237] T 9d5d9b0db28745bd95a4215c44852f35 P 8889f7245a1141719a5e8e16d8404008 [LEADER]: Queue going to LEADER mode. State: All replicated index: 0, Majority replicated index: 3, Committed index: 3, Last appended: 1.3, Last appended by leader: 0, Current term: 1, Majority size: 2, State: 0, Mode: LEADER, active raft config: opid_index: 4 OBSOLETE_local: false peers { permanent_uuid: "672d9e031aa3476d9d893be4b7a27d28" member_type: VOTER last_known_addr { host: "127.0.163.66" port: 38611 } } peers { permanent_uuid: "8889f7245a1141719a5e8e16d8404008" member_type: VOTER last_known_addr { host: "127.0.163.67" port: 38905 } } peers { permanent_uuid: "2d1b1b6ba26340e78ff7fe82cd57bc35" member_type: VOTER last_known_addr { host: "127.0.163.68" port: 39635 } attrs { promote: false } }
I20260630 12:35:08.361204  4145 consensus_queue.cc:1048] T 05f8c8f8fab041cfac70b5e090835f87 P 2d1b1b6ba26340e78ff7fe82cd57bc35 [LEADER]: Connected to new peer: Peer: permanent_uuid: "672d9e031aa3476d9d893be4b7a27d28" member_type: VOTER last_known_addr { host: "127.0.163.66" port: 38611 }, Status: LMP_MISMATCH, Last received: 0.0, Next index: 2, Last known committed idx: 1, Time since last communication: 0.029s
I20260630 12:35:08.397531  3785 raft_consensus.cc:1275] T 9d5d9b0db28745bd95a4215c44852f35 P 672d9e031aa3476d9d893be4b7a27d28 [term 1 FOLLOWER]: Refusing update from remote peer 8889f7245a1141719a5e8e16d8404008: Log matching property violated. Preceding OpId in replica: term: 1 index: 3. Preceding OpId from leader: term: 1 index: 4. (index mismatch)
I20260630 12:35:08.392038  3715 consensus_queue.cc:237] T 40aa3f6dff7f4972bc009f7a7d2611d2 P 4f2b2a6be2ea40bdb24ff38a8578198a [LEADER]: Queue going to LEADER mode. State: All replicated index: 0, Majority replicated index: 3, Committed index: 3, Last appended: 1.3, Last appended by leader: 0, Current term: 1, Majority size: 2, State: 0, Mode: LEADER, active raft config: opid_index: 4 OBSOLETE_local: false peers { permanent_uuid: "4f2b2a6be2ea40bdb24ff38a8578198a" member_type: VOTER last_known_addr { host: "127.0.163.65" port: 44365 } } peers { permanent_uuid: "672d9e031aa3476d9d893be4b7a27d28" member_type: VOTER last_known_addr { host: "127.0.163.66" port: 38611 } } peers { permanent_uuid: "2d1b1b6ba26340e78ff7fe82cd57bc35" member_type: VOTER last_known_addr { host: "127.0.163.68" port: 39635 } attrs { promote: false } }
I20260630 12:35:08.399288  4204 consensus_queue.cc:1048] T 9d5d9b0db28745bd95a4215c44852f35 P 8889f7245a1141719a5e8e16d8404008 [LEADER]: Connected to new peer: Peer: permanent_uuid: "672d9e031aa3476d9d893be4b7a27d28" member_type: VOTER last_known_addr { host: "127.0.163.66" port: 38611 }, Status: LMP_MISMATCH, Last received: 0.0, Next index: 4, Last known committed idx: 3, Time since last communication: 0.000s
I20260630 12:35:08.402486  4008 raft_consensus.cc:1275] T 40aa3f6dff7f4972bc009f7a7d2611d2 P 2d1b1b6ba26340e78ff7fe82cd57bc35 [term 1 FOLLOWER]: Refusing update from remote peer 4f2b2a6be2ea40bdb24ff38a8578198a: Log matching property violated. Preceding OpId in replica: term: 1 index: 3. Preceding OpId from leader: term: 1 index: 4. (index mismatch)
I20260630 12:35:08.403620  3788 consensus_queue.cc:237] T 98a2a94a83c54a45a66869634e47edfb P 672d9e031aa3476d9d893be4b7a27d28 [LEADER]: Queue going to LEADER mode. State: All replicated index: 0, Majority replicated index: 3, Committed index: 3, Last appended: 1.3, Last appended by leader: 0, Current term: 1, Majority size: 2, State: 0, Mode: LEADER, active raft config: opid_index: 4 OBSOLETE_local: false peers { permanent_uuid: "672d9e031aa3476d9d893be4b7a27d28" member_type: VOTER last_known_addr { host: "127.0.163.66" port: 38611 } } peers { permanent_uuid: "8889f7245a1141719a5e8e16d8404008" member_type: VOTER last_known_addr { host: "127.0.163.67" port: 38905 } } peers { permanent_uuid: "2d1b1b6ba26340e78ff7fe82cd57bc35" member_type: VOTER last_known_addr { host: "127.0.163.68" port: 39635 } attrs { promote: false } }
I20260630 12:35:08.404035  4155 consensus_queue.cc:1048] T 40aa3f6dff7f4972bc009f7a7d2611d2 P 4f2b2a6be2ea40bdb24ff38a8578198a [LEADER]: Connected to new peer: Peer: permanent_uuid: "2d1b1b6ba26340e78ff7fe82cd57bc35" member_type: VOTER last_known_addr { host: "127.0.163.68" port: 39635 } attrs { promote: false }, Status: LMP_MISMATCH, Last received: 0.0, Next index: 4, Last known committed idx: 3, Time since last communication: 0.000s
I20260630 12:35:08.400172  4010 raft_consensus.cc:1275] T 9d5d9b0db28745bd95a4215c44852f35 P 2d1b1b6ba26340e78ff7fe82cd57bc35 [term 1 FOLLOWER]: Refusing update from remote peer 8889f7245a1141719a5e8e16d8404008: Log matching property violated. Preceding OpId in replica: term: 1 index: 3. Preceding OpId from leader: term: 1 index: 4. (index mismatch)
I20260630 12:35:08.410852  4204 consensus_queue.cc:1048] T 9d5d9b0db28745bd95a4215c44852f35 P 8889f7245a1141719a5e8e16d8404008 [LEADER]: Connected to new peer: Peer: permanent_uuid: "2d1b1b6ba26340e78ff7fe82cd57bc35" member_type: VOTER last_known_addr { host: "127.0.163.68" port: 39635 } attrs { promote: false }, Status: LMP_MISMATCH, Last received: 0.0, Next index: 4, Last known committed idx: 3, Time since last communication: 0.000s
I20260630 12:35:08.412654  4008 raft_consensus.cc:1275] T 98a2a94a83c54a45a66869634e47edfb P 2d1b1b6ba26340e78ff7fe82cd57bc35 [term 1 FOLLOWER]: Refusing update from remote peer 672d9e031aa3476d9d893be4b7a27d28: Log matching property violated. Preceding OpId in replica: term: 1 index: 3. Preceding OpId from leader: term: 1 index: 4. (index mismatch)
I20260630 12:35:08.414834  4209 consensus_queue.cc:1048] T 98a2a94a83c54a45a66869634e47edfb P 672d9e031aa3476d9d893be4b7a27d28 [LEADER]: Connected to new peer: Peer: permanent_uuid: "2d1b1b6ba26340e78ff7fe82cd57bc35" member_type: VOTER last_known_addr { host: "127.0.163.68" port: 39635 } attrs { promote: false }, Status: LMP_MISMATCH, Last received: 0.0, Next index: 4, Last known committed idx: 3, Time since last communication: 0.000s
