I20260630 12:35:01.686160  3872 raft_consensus.cc:515] T d14bf8430f52480bafd5916d39b43d4a P 3f86eb7e8b334d2abe58201fb5558295 [term 1 FOLLOWER]: Starting pre-election with config: opid_index: 3 OBSOLETE_local: false peers { permanent_uuid: "c8ed8a99b4bd432c9581bcb83eb48de8" member_type: VOTER last_known_addr { host: "127.0.94.132" port: 39755 } attrs { replace: true } } peers { permanent_uuid: "3f86eb7e8b334d2abe58201fb5558295" member_type: VOTER last_known_addr { host: "127.0.94.131" port: 38973 } } peers { permanent_uuid: "59424aac59c14a26b76c420032a8e60e" member_type: VOTER last_known_addr { host: "127.0.94.129" port: 45143 } } peers { permanent_uuid: "0a12b11cacbc43cb861aa1689590075d" member_type: VOTER last_known_addr { host: "127.0.94.130" port: 43087 } attrs { promote: false } }
I20260630 12:35:01.692132  3471 tablet_service.cc:1917] Received RequestConsensusVote() RPC: tablet_id: "1397a39555a34de3b65be116587e93b8" candidate_uuid: "0a12b11cacbc43cb861aa1689590075d" candidate_term: 3 candidate_status { last_received { term: 2 index: 2 } } ignore_live_leader: false dest_uuid: "3f86eb7e8b334d2abe58201fb5558295" is_pre_election: true
I20260630 12:35:01.692665  3704 raft_consensus.cc:493] T 1d0716e24d1e4c95812ff16827567bfd P c8ed8a99b4bd432c9581bcb83eb48de8 [term 1 FOLLOWER]: Starting pre-election (detected failure of leader 3f86eb7e8b334d2abe58201fb5558295)
I20260630 12:35:01.693467  3471 raft_consensus.cc:2468] T 1397a39555a34de3b65be116587e93b8 P 3f86eb7e8b334d2abe58201fb5558295 [term 2 FOLLOWER]: Leader pre-election vote request: Granting yes vote for candidate 0a12b11cacbc43cb861aa1689590075d in term 2.
I20260630 12:35:01.693392  3704 raft_consensus.cc:515] T 1d0716e24d1e4c95812ff16827567bfd P c8ed8a99b4bd432c9581bcb83eb48de8 [term 1 FOLLOWER]: Starting pre-election with config: opid_index: -1 OBSOLETE_local: false peers { permanent_uuid: "0a12b11cacbc43cb861aa1689590075d" member_type: VOTER last_known_addr { host: "127.0.94.130" port: 43087 } } peers { permanent_uuid: "c8ed8a99b4bd432c9581bcb83eb48de8" member_type: VOTER last_known_addr { host: "127.0.94.132" port: 39755 } } peers { permanent_uuid: "3f86eb7e8b334d2abe58201fb5558295" member_type: VOTER last_known_addr { host: "127.0.94.131" port: 38973 } }
I20260630 12:35:01.696198  3704 leader_election.cc:290] T 1d0716e24d1e4c95812ff16827567bfd P c8ed8a99b4bd432c9581bcb83eb48de8 [CANDIDATE]: Term 2 pre-election: Requested pre-vote from peers 0a12b11cacbc43cb861aa1689590075d (127.0.94.130:43087), 3f86eb7e8b334d2abe58201fb5558295 (127.0.94.131:38973)
I20260630 12:35:01.697793  3704 raft_consensus.cc:493] T 53717e11abf343f48fba2197911a8de3 P c8ed8a99b4bd432c9581bcb83eb48de8 [term 2 FOLLOWER]: Starting pre-election (detected failure of leader 59424aac59c14a26b76c420032a8e60e)
I20260630 12:35:01.698591  3704 raft_consensus.cc:515] T 53717e11abf343f48fba2197911a8de3 P c8ed8a99b4bd432c9581bcb83eb48de8 [term 2 FOLLOWER]: Starting pre-election with config: opid_index: -1 OBSOLETE_local: false peers { permanent_uuid: "c8ed8a99b4bd432c9581bcb83eb48de8" member_type: VOTER last_known_addr { host: "127.0.94.132" port: 39755 } } peers { permanent_uuid: "59424aac59c14a26b76c420032a8e60e" member_type: VOTER last_known_addr { host: "127.0.94.129" port: 45143 } } peers { permanent_uuid: "3f86eb7e8b334d2abe58201fb5558295" member_type: VOTER last_known_addr { host: "127.0.94.131" port: 38973 } }
I20260630 12:35:01.689476  3830 consensus_queue.cc:237] T 0eafe5c6ebfd469e8aa378553a94b74a P 59424aac59c14a26b76c420032a8e60e [LEADER]: Queue going to LEADER mode. State: All replicated index: 0, Majority replicated index: 1, Committed index: 1, Last appended: 1.1, Last appended by leader: 1, Current term: 2, Majority size: 2, State: 0, Mode: LEADER, active raft config: opid_index: -1 OBSOLETE_local: false peers { permanent_uuid: "c8ed8a99b4bd432c9581bcb83eb48de8" member_type: VOTER last_known_addr { host: "127.0.94.132" port: 39755 } } peers { permanent_uuid: "3f86eb7e8b334d2abe58201fb5558295" member_type: VOTER last_known_addr { host: "127.0.94.131" port: 38973 } } peers { permanent_uuid: "59424aac59c14a26b76c420032a8e60e" member_type: VOTER last_known_addr { host: "127.0.94.129" port: 45143 } }
I20260630 12:35:01.700477  3704 leader_election.cc:290] T 53717e11abf343f48fba2197911a8de3 P c8ed8a99b4bd432c9581bcb83eb48de8 [CANDIDATE]: Term 3 pre-election: Requested pre-vote from peers 59424aac59c14a26b76c420032a8e60e (127.0.94.129:45143), 3f86eb7e8b334d2abe58201fb5558295 (127.0.94.131:38973)
I20260630 12:35:01.687328  3869 raft_consensus.cc:515] T 6caeb98e32d24adab339aa63b81642e6 P 0a12b11cacbc43cb861aa1689590075d [term 1 FOLLOWER]: Starting pre-election with config: opid_index: -1 OBSOLETE_local: false peers { permanent_uuid: "59424aac59c14a26b76c420032a8e60e" member_type: VOTER last_known_addr { host: "127.0.94.129" port: 45143 } } peers { permanent_uuid: "0a12b11cacbc43cb861aa1689590075d" member_type: VOTER last_known_addr { host: "127.0.94.130" port: 43087 } } peers { permanent_uuid: "c8ed8a99b4bd432c9581bcb83eb48de8" member_type: VOTER last_known_addr { host: "127.0.94.132" port: 39755 } }
I20260630 12:35:01.692639  3467 tablet_service.cc:1917] Received RequestConsensusVote() RPC: tablet_id: "1d0716e24d1e4c95812ff16827567bfd" candidate_uuid: "0a12b11cacbc43cb861aa1689590075d" candidate_term: 2 candidate_status { last_received { term: 1 index: 1 } } ignore_live_leader: false dest_uuid: "3f86eb7e8b334d2abe58201fb5558295" is_pre_election: true
I20260630 12:35:01.689283  3317 tablet_service.cc:1917] Received RequestConsensusVote() RPC: tablet_id: "ca01fc97c8e3450a9e1539828e8f4748" candidate_uuid: "0a12b11cacbc43cb861aa1689590075d" candidate_term: 3 candidate_status { last_received { term: 2 index: 2 } } ignore_live_leader: false dest_uuid: "59424aac59c14a26b76c420032a8e60e" is_pre_election: true
I20260630 12:35:01.708712  3362 leader_election.cc:304] T 1397a39555a34de3b65be116587e93b8 P 0a12b11cacbc43cb861aa1689590075d [CANDIDATE]: Term 3 pre-election: Election decided. Result: candidate won. Election summary: received 3 responses out of 3 voters: 2 yes votes; 1 no votes. yes voters: 0a12b11cacbc43cb861aa1689590075d, 3f86eb7e8b334d2abe58201fb5558295; no voters: 59424aac59c14a26b76c420032a8e60e
I20260630 12:35:01.709254  3322 rpcz_store.cc:275] Call kudu.consensus.ConsensusService.UpdateConsensus from 127.0.0.1:34078 (request call id 92) took 1917 ms. Trace:
I20260630 12:35:01.673976  3868 raft_consensus.cc:515] T 8b958bb1380546778378efe959265b5e P 3f86eb7e8b334d2abe58201fb5558295 [term 2 FOLLOWER]: Starting leader election with config: opid_index: -1 OBSOLETE_local: false peers { permanent_uuid: "59424aac59c14a26b76c420032a8e60e" member_type: VOTER last_known_addr { host: "127.0.94.129" port: 45143 } } peers { permanent_uuid: "0a12b11cacbc43cb861aa1689590075d" member_type: VOTER last_known_addr { host: "127.0.94.130" port: 43087 } } peers { permanent_uuid: "3f86eb7e8b334d2abe58201fb5558295" member_type: VOTER last_known_addr { host: "127.0.94.131" port: 38973 } }
I20260630 12:35:01.710304  3395 tablet_service.cc:1917] Received RequestConsensusVote() RPC: tablet_id: "8b958bb1380546778378efe959265b5e" candidate_uuid: "59424aac59c14a26b76c420032a8e60e" candidate_term: 2 candidate_status { last_received { term: 1 index: 1 } } ignore_live_leader: false dest_uuid: "0a12b11cacbc43cb861aa1689590075d" is_pre_election: true
I20260630 12:35:01.709580  3322 rpcz_store.cc:276] 0630 12:34:59.791492 (+     0us) service_pool.cc:167] Inserting onto call queue
0630 12:35:01.704527 (+1913035us) service_pool.cc:224] Handling call
0630 12:35:01.708653 (+  4126us) raft_consensus.cc:1471] Updating replica for 0 ops
0630 12:35:01.708819 (+   166us) raft_consensus.cc:1534] Early marking committed up to index 0
0630 12:35:01.708848 (+    29us) raft_consensus.cc:1539] Triggering prepare for 0 ops
0630 12:35:01.708892 (+    44us) raft_consensus.cc:1645] Marking committed up to 1
0630 12:35:01.708923 (+    31us) raft_consensus.cc:1697] Filling consensus response to leader.
0630 12:35:01.708976 (+    53us) raft_consensus.cc:1691] UpdateReplicas() finished
0630 12:35:01.709088 (+   112us) inbound_call.cc:177] Queueing success response
Metrics: {}
I20260630 12:35:01.713585  3317 raft_consensus.cc:2468] T ca01fc97c8e3450a9e1539828e8f4748 P 59424aac59c14a26b76c420032a8e60e [term 2 FOLLOWER]: Leader pre-election vote request: Granting yes vote for candidate 0a12b11cacbc43cb861aa1689590075d in term 2.
I20260630 12:35:01.723465  3394 tablet_service.cc:1917] Received RequestConsensusVote() RPC: tablet_id: "1d0716e24d1e4c95812ff16827567bfd" candidate_uuid: "c8ed8a99b4bd432c9581bcb83eb48de8" candidate_term: 2 candidate_status { last_received { term: 1 index: 1 } } ignore_live_leader: false dest_uuid: "0a12b11cacbc43cb861aa1689590075d" is_pre_election: true
I20260630 12:35:01.724056  3394 raft_consensus.cc:2468] T 1d0716e24d1e4c95812ff16827567bfd P 0a12b11cacbc43cb861aa1689590075d [term 1 FOLLOWER]: Leader pre-election vote request: Granting yes vote for candidate c8ed8a99b4bd432c9581bcb83eb48de8 in term 1.
I20260630 12:35:01.725297  3828 raft_consensus.cc:493] T 8f04169920324c9fb7e72a53b3feb37b P 0a12b11cacbc43cb861aa1689590075d [term 1 FOLLOWER]: Starting pre-election (detected failure of leader 3f86eb7e8b334d2abe58201fb5558295)
I20260630 12:35:01.725895  3828 raft_consensus.cc:515] T 8f04169920324c9fb7e72a53b3feb37b P 0a12b11cacbc43cb861aa1689590075d [term 1 FOLLOWER]: Starting pre-election with config: opid_index: 4 OBSOLETE_local: false peers { permanent_uuid: "0a12b11cacbc43cb861aa1689590075d" member_type: VOTER last_known_addr { host: "127.0.94.130" port: 43087 } } peers { permanent_uuid: "3f86eb7e8b334d2abe58201fb5558295" member_type: VOTER last_known_addr { host: "127.0.94.131" port: 38973 } } peers { permanent_uuid: "c8ed8a99b4bd432c9581bcb83eb48de8" member_type: VOTER last_known_addr { host: "127.0.94.132" port: 39755 } attrs { promote: false } }
I20260630 12:35:01.729178  3876 raft_consensus.cc:493] T 45926277b39a48899b3e33e25ba00bb3 P 0a12b11cacbc43cb861aa1689590075d [term 1 FOLLOWER]: Starting pre-election (detected failure of leader 59424aac59c14a26b76c420032a8e60e)
I20260630 12:35:01.731199  3629 rpcz_store.cc:275] Call kudu.consensus.ConsensusService.UpdateConsensus from 127.0.0.1:43430 (request call id 41) took 1135 ms. Trace:
I20260630 12:35:01.731658  3629 rpcz_store.cc:276] 0630 12:35:00.595628 (+     0us) service_pool.cc:167] Inserting onto call queue
0630 12:35:01.730495 (+1134867us) service_pool.cc:224] Handling call
0630 12:35:01.730733 (+   238us) raft_consensus.cc:1471] Updating replica for 0 ops
0630 12:35:01.730873 (+   140us) raft_consensus.cc:1534] Early marking committed up to index 0
0630 12:35:01.730897 (+    24us) raft_consensus.cc:1539] Triggering prepare for 0 ops
0630 12:35:01.730928 (+    31us) raft_consensus.cc:1645] Marking committed up to 4
0630 12:35:01.730959 (+    31us) raft_consensus.cc:1697] Filling consensus response to leader.
0630 12:35:01.731006 (+    47us) raft_consensus.cc:1691] UpdateReplicas() finished
0630 12:35:01.731106 (+   100us) inbound_call.cc:177] Queueing success response
Metrics: {}
I20260630 12:35:01.719587  3704 raft_consensus.cc:493] T 34d2e9964a9a41cb85376c9d4d37e379 P c8ed8a99b4bd432c9581bcb83eb48de8 [term 2 FOLLOWER]: Starting pre-election (detected failure of leader 0a12b11cacbc43cb861aa1689590075d)
I20260630 12:35:01.799546  3873 raft_consensus.cc:493] T 8f04169920324c9fb7e72a53b3feb37b P c8ed8a99b4bd432c9581bcb83eb48de8 [term 1 FOLLOWER]: Starting pre-election (detected failure of leader 3f86eb7e8b334d2abe58201fb5558295)
I20260630 12:35:01.718506  3288 leader_election.cc:304] T ca01fc97c8e3450a9e1539828e8f4748 P 59424aac59c14a26b76c420032a8e60e [CANDIDATE]: Term 3 pre-election: Election decided. Result: candidate lost. Election summary: received 3 responses out of 3 voters: 1 yes votes; 2 no votes. yes voters: 59424aac59c14a26b76c420032a8e60e; no voters: 0a12b11cacbc43cb861aa1689590075d, c8ed8a99b4bd432c9581bcb83eb48de8
I20260630 12:35:01.821847  3745 raft_consensus.cc:2749] T ca01fc97c8e3450a9e1539828e8f4748 P 59424aac59c14a26b76c420032a8e60e [term 2 FOLLOWER]: Leader pre-election lost for term 3. Reason: could not achieve majority
W20260630 12:35:01.821959  3288 outbound_call.cc:321] RPC callback for RPC call kudu.consensus.ConsensusService.RequestConsensusVote -> {remote=127.0.94.130:43087, user_credentials={real_user=slave}} blocked reactor thread for 103639us
I20260630 12:35:01.822314  3875 raft_consensus.cc:493] T 45926277b39a48899b3e33e25ba00bb3 P c8ed8a99b4bd432c9581bcb83eb48de8 [term 1 FOLLOWER]: Starting pre-election (detected failure of leader 59424aac59c14a26b76c420032a8e60e)
W20260630 12:35:01.802717  3418 debug-util.cc:398] Leaking SignalData structure 0x7b0800123120 after lost signal to thread 3254
I20260630 12:35:01.778267  3869 leader_election.cc:290] T 6caeb98e32d24adab339aa63b81642e6 P 0a12b11cacbc43cb861aa1689590075d [CANDIDATE]: Term 2 pre-election: Requested pre-vote from peers 59424aac59c14a26b76c420032a8e60e (127.0.94.129:45143), c8ed8a99b4bd432c9581bcb83eb48de8 (127.0.94.132:39755)
I20260630 12:35:01.845854  3868 leader_election.cc:290] T 8b958bb1380546778378efe959265b5e P 3f86eb7e8b334d2abe58201fb5558295 [CANDIDATE]: Term 2 election: Requested vote from peers 59424aac59c14a26b76c420032a8e60e (127.0.94.129:45143), 0a12b11cacbc43cb861aa1689590075d (127.0.94.130:43087)
I20260630 12:35:01.848706  3318 tablet_service.cc:1917] Received RequestConsensusVote() RPC: tablet_id: "8b958bb1380546778378efe959265b5e" candidate_uuid: "3f86eb7e8b334d2abe58201fb5558295" candidate_term: 2 candidate_status { last_received { term: 1 index: 1 } } ignore_live_leader: false dest_uuid: "59424aac59c14a26b76c420032a8e60e"
I20260630 12:35:01.849116  3871 raft_consensus.cc:515] T 2e9809dd25274e19b236b8626db4559b P 0a12b11cacbc43cb861aa1689590075d [term 5 FOLLOWER]: Starting leader election with config: opid_index: 3 OBSOLETE_local: false peers { permanent_uuid: "0a12b11cacbc43cb861aa1689590075d" member_type: VOTER last_known_addr { host: "127.0.94.130" port: 43087 } attrs { replace: true } } peers { permanent_uuid: "59424aac59c14a26b76c420032a8e60e" member_type: VOTER last_known_addr { host: "127.0.94.129" port: 45143 } } peers { permanent_uuid: "3f86eb7e8b334d2abe58201fb5558295" member_type: VOTER last_known_addr { host: "127.0.94.131" port: 38973 } } peers { permanent_uuid: "c8ed8a99b4bd432c9581bcb83eb48de8" member_type: NON_VOTER last_known_addr { host: "127.0.94.132" port: 39755 } attrs { promote: true } }
I20260630 12:35:01.844125  3828 leader_election.cc:290] T 8f04169920324c9fb7e72a53b3feb37b P 0a12b11cacbc43cb861aa1689590075d [CANDIDATE]: Term 2 pre-election: Requested pre-vote from peers 3f86eb7e8b334d2abe58201fb5558295 (127.0.94.131:38973), c8ed8a99b4bd432c9581bcb83eb48de8 (127.0.94.132:39755)
I20260630 12:35:01.820063  3392 tablet_service.cc:1917] Received RequestConsensusVote() RPC: tablet_id: "34d2e9964a9a41cb85376c9d4d37e379" candidate_uuid: "59424aac59c14a26b76c420032a8e60e" candidate_term: 3 candidate_status { last_received { term: 2 index: 5 } } ignore_live_leader: false dest_uuid: "0a12b11cacbc43cb861aa1689590075d" is_pre_election: true
I20260630 12:35:01.871147  3631 rpcz_store.cc:275] Call kudu.consensus.ConsensusService.UpdateConsensus from 127.0.0.1:43430 (request call id 42) took 1274 ms. Trace:
I20260630 12:35:01.871045  3318 tablet_service.cc:1917] Received RequestConsensusVote() RPC: tablet_id: "6caeb98e32d24adab339aa63b81642e6" candidate_uuid: "0a12b11cacbc43cb861aa1689590075d" candidate_term: 2 candidate_status { last_received { term: 1 index: 1 } } ignore_live_leader: false dest_uuid: "59424aac59c14a26b76c420032a8e60e" is_pre_election: true
I20260630 12:35:01.871637  3631 rpcz_store.cc:276] 0630 12:35:00.596711 (+     0us) service_pool.cc:167] Inserting onto call queue
0630 12:35:01.730681 (+1133970us) service_pool.cc:224] Handling call
0630 12:35:01.798027 (+ 67346us) raft_consensus.cc:1471] Updating replica for 0 ops
0630 12:35:01.824028 (+ 26001us) raft_consensus.cc:1534] Early marking committed up to index 0
0630 12:35:01.824764 (+   736us) raft_consensus.cc:1539] Triggering prepare for 0 ops
0630 12:35:01.844545 (+ 19781us) raft_consensus.cc:1645] Marking committed up to 2
0630 12:35:01.850985 (+  6440us) raft_consensus.cc:1697] Filling consensus response to leader.
0630 12:35:01.866490 (+ 15505us) raft_consensus.cc:1691] UpdateReplicas() finished
0630 12:35:01.870981 (+  4491us) inbound_call.cc:177] Queueing success response
Metrics: {}
I20260630 12:35:01.799458  3468 tablet_service.cc:1917] Received RequestConsensusVote() RPC: tablet_id: "37f18037dc764fc983241a340c62c675" candidate_uuid: "0a12b11cacbc43cb861aa1689590075d" candidate_term: 2 candidate_status { last_received { term: 1 index: 4 } } ignore_live_leader: false dest_uuid: "3f86eb7e8b334d2abe58201fb5558295" is_pre_election: true
I20260630 12:35:01.875993  3362 leader_election.cc:304] T ca01fc97c8e3450a9e1539828e8f4748 P 0a12b11cacbc43cb861aa1689590075d [CANDIDATE]: Term 3 pre-election: Election decided. Result: candidate won. Election summary: received 2 responses out of 3 voters: 2 yes votes; 0 no votes. yes voters: 0a12b11cacbc43cb861aa1689590075d, 59424aac59c14a26b76c420032a8e60e; no voters: 
I20260630 12:35:01.877000  3869 raft_consensus.cc:2804] T ca01fc97c8e3450a9e1539828e8f4748 P 0a12b11cacbc43cb861aa1689590075d [term 2 FOLLOWER]: Leader pre-election won for term 3
I20260630 12:35:01.877401  3869 raft_consensus.cc:493] T ca01fc97c8e3450a9e1539828e8f4748 P 0a12b11cacbc43cb861aa1689590075d [term 2 FOLLOWER]: Starting leader election (detected failure of leader c8ed8a99b4bd432c9581bcb83eb48de8)
I20260630 12:35:01.877736  3869 raft_consensus.cc:3060] T ca01fc97c8e3450a9e1539828e8f4748 P 0a12b11cacbc43cb861aa1689590075d [term 2 FOLLOWER]: Advancing to term 3
I20260630 12:35:01.879352  3879 raft_consensus.cc:493] T 37f18037dc764fc983241a340c62c675 P c8ed8a99b4bd432c9581bcb83eb48de8 [term 1 FOLLOWER]: Starting pre-election (detected failure of leader 3f86eb7e8b334d2abe58201fb5558295)
I20260630 12:35:01.823387  3704 raft_consensus.cc:515] T 34d2e9964a9a41cb85376c9d4d37e379 P c8ed8a99b4bd432c9581bcb83eb48de8 [term 2 FOLLOWER]: Starting pre-election with config: opid_index: 5 OBSOLETE_local: false peers { permanent_uuid: "59424aac59c14a26b76c420032a8e60e" member_type: VOTER last_known_addr { host: "127.0.94.129" port: 45143 } } peers { permanent_uuid: "0a12b11cacbc43cb861aa1689590075d" member_type: VOTER last_known_addr { host: "127.0.94.130" port: 43087 } } peers { permanent_uuid: "c8ed8a99b4bd432c9581bcb83eb48de8" member_type: VOTER last_known_addr { host: "127.0.94.132" port: 39755 } attrs { promote: false } }
I20260630 12:35:01.895988  3631 tablet_service.cc:1917] Received RequestConsensusVote() RPC: tablet_id: "45926277b39a48899b3e33e25ba00bb3" candidate_uuid: "3f86eb7e8b334d2abe58201fb5558295" candidate_term: 2 candidate_status { last_received { term: 1 index: 4 } } ignore_live_leader: false dest_uuid: "c8ed8a99b4bd432c9581bcb83eb48de8" is_pre_election: true
I20260630 12:35:01.896704  3468 tablet_service.cc:1917] Received RequestConsensusVote() RPC: tablet_id: "8f04169920324c9fb7e72a53b3feb37b" candidate_uuid: "0a12b11cacbc43cb861aa1689590075d" candidate_term: 2 candidate_status { last_received { term: 1 index: 4 } } ignore_live_leader: false dest_uuid: "3f86eb7e8b334d2abe58201fb5558295" is_pre_election: true
I20260630 12:35:01.822844  3875 raft_consensus.cc:515] T 45926277b39a48899b3e33e25ba00bb3 P c8ed8a99b4bd432c9581bcb83eb48de8 [term 1 FOLLOWER]: Starting pre-election with config: opid_index: 4 OBSOLETE_local: false peers { permanent_uuid: "59424aac59c14a26b76c420032a8e60e" member_type: VOTER last_known_addr { host: "127.0.94.129" port: 45143 } } peers { permanent_uuid: "3f86eb7e8b334d2abe58201fb5558295" member_type: VOTER last_known_addr { host: "127.0.94.131" port: 38973 } } peers { permanent_uuid: "c8ed8a99b4bd432c9581bcb83eb48de8" member_type: VOTER last_known_addr { host: "127.0.94.132" port: 39755 } attrs { promote: false } }
I20260630 12:35:01.707756  3874 raft_consensus.cc:515] T 0eafe5c6ebfd469e8aa378553a94b74a P c8ed8a99b4bd432c9581bcb83eb48de8 [term 2 FOLLOWER]: Starting pre-election with config: opid_index: -1 OBSOLETE_local: false peers { permanent_uuid: "c8ed8a99b4bd432c9581bcb83eb48de8" member_type: VOTER last_known_addr { host: "127.0.94.132" port: 39755 } } peers { permanent_uuid: "3f86eb7e8b334d2abe58201fb5558295" member_type: VOTER last_known_addr { host: "127.0.94.131" port: 38973 } } peers { permanent_uuid: "59424aac59c14a26b76c420032a8e60e" member_type: VOTER last_known_addr { host: "127.0.94.129" port: 45143 } }
I20260630 12:35:01.902904  3629 tablet_service.cc:1917] Received RequestConsensusVote() RPC: tablet_id: "34d2e9964a9a41cb85376c9d4d37e379" candidate_uuid: "3f86eb7e8b334d2abe58201fb5558295" candidate_term: 3 candidate_status { last_received { term: 2 index: 4 } } ignore_live_leader: false dest_uuid: "c8ed8a99b4bd432c9581bcb83eb48de8" is_pre_election: true
I20260630 12:35:01.903682  3704 leader_election.cc:290] T 34d2e9964a9a41cb85376c9d4d37e379 P c8ed8a99b4bd432c9581bcb83eb48de8 [CANDIDATE]: Term 3 pre-election: Requested pre-vote from peers 59424aac59c14a26b76c420032a8e60e (127.0.94.129:45143), 0a12b11cacbc43cb861aa1689590075d (127.0.94.130:43087)
I20260630 12:35:01.903947  3630 tablet_service.cc:1917] Received RequestConsensusVote() RPC: tablet_id: "53717e11abf343f48fba2197911a8de3" candidate_uuid: "3f86eb7e8b334d2abe58201fb5558295" candidate_term: 3 candidate_status { last_received { term: 2 index: 2 } } ignore_live_leader: false dest_uuid: "c8ed8a99b4bd432c9581bcb83eb48de8" is_pre_election: true
I20260630 12:35:01.904134  3579 leader_election.cc:304] T 1d0716e24d1e4c95812ff16827567bfd P c8ed8a99b4bd432c9581bcb83eb48de8 [CANDIDATE]: Term 2 pre-election: Election decided. Result: candidate won. Election summary: received 2 responses out of 3 voters: 2 yes votes; 0 no votes. yes voters: 0a12b11cacbc43cb861aa1689590075d, c8ed8a99b4bd432c9581bcb83eb48de8; no voters: 
I20260630 12:35:01.879966  3879 raft_consensus.cc:515] T 37f18037dc764fc983241a340c62c675 P c8ed8a99b4bd432c9581bcb83eb48de8 [term 1 FOLLOWER]: Starting pre-election with config: opid_index: 4 OBSOLETE_local: false peers { permanent_uuid: "0a12b11cacbc43cb861aa1689590075d" member_type: VOTER last_known_addr { host: "127.0.94.130" port: 43087 } } peers { permanent_uuid: "3f86eb7e8b334d2abe58201fb5558295" member_type: VOTER last_known_addr { host: "127.0.94.131" port: 38973 } } peers { permanent_uuid: "c8ed8a99b4bd432c9581bcb83eb48de8" member_type: VOTER last_known_addr { host: "127.0.94.132" port: 39755 } attrs { promote: false } }
I20260630 12:35:01.913710  3624 tablet_service.cc:1917] Received RequestConsensusVote() RPC: tablet_id: "37f18037dc764fc983241a340c62c675" candidate_uuid: "0a12b11cacbc43cb861aa1689590075d" candidate_term: 2 candidate_status { last_received { term: 1 index: 4 } } ignore_live_leader: false dest_uuid: "c8ed8a99b4bd432c9581bcb83eb48de8" is_pre_election: true
I20260630 12:35:01.919100  3704 consensus_queue.cc:1048] T ca01fc97c8e3450a9e1539828e8f4748 P c8ed8a99b4bd432c9581bcb83eb48de8 [LEADER]: Connected to new peer: Peer: permanent_uuid: "59424aac59c14a26b76c420032a8e60e" member_type: VOTER last_known_addr { host: "127.0.94.129" port: 45143 }, Status: LMP_MISMATCH, Last received: 0.0, Next index: 2, Last known committed idx: 1, Time since last communication: 0.001s
I20260630 12:35:01.850927  3873 raft_consensus.cc:515] T 8f04169920324c9fb7e72a53b3feb37b P c8ed8a99b4bd432c9581bcb83eb48de8 [term 1 FOLLOWER]: Starting pre-election with config: opid_index: 4 OBSOLETE_local: false peers { permanent_uuid: "0a12b11cacbc43cb861aa1689590075d" member_type: VOTER last_known_addr { host: "127.0.94.130" port: 43087 } } peers { permanent_uuid: "3f86eb7e8b334d2abe58201fb5558295" member_type: VOTER last_known_addr { host: "127.0.94.131" port: 38973 } } peers { permanent_uuid: "c8ed8a99b4bd432c9581bcb83eb48de8" member_type: VOTER last_known_addr { host: "127.0.94.132" port: 39755 } attrs { promote: false } }
I20260630 12:35:01.927136  3873 leader_election.cc:290] T 8f04169920324c9fb7e72a53b3feb37b P c8ed8a99b4bd432c9581bcb83eb48de8 [CANDIDATE]: Term 2 pre-election: Requested pre-vote from peers 0a12b11cacbc43cb861aa1689590075d (127.0.94.130:43087), 3f86eb7e8b334d2abe58201fb5558295 (127.0.94.131:38973)
I20260630 12:35:01.930650  3395 tablet_service.cc:1917] Received RequestConsensusVote() RPC: tablet_id: "34d2e9964a9a41cb85376c9d4d37e379" candidate_uuid: "c8ed8a99b4bd432c9581bcb83eb48de8" candidate_term: 3 candidate_status { last_received { term: 2 index: 5 } } ignore_live_leader: false dest_uuid: "0a12b11cacbc43cb861aa1689590075d" is_pre_election: true
I20260630 12:35:01.729751  3876 raft_consensus.cc:515] T 45926277b39a48899b3e33e25ba00bb3 P 0a12b11cacbc43cb861aa1689590075d [term 1 FOLLOWER]: Starting pre-election with config: opid_index: 3 OBSOLETE_local: false peers { permanent_uuid: "0a12b11cacbc43cb861aa1689590075d" member_type: VOTER last_known_addr { host: "127.0.94.130" port: 43087 } attrs { replace: true } } peers { permanent_uuid: "59424aac59c14a26b76c420032a8e60e" member_type: VOTER last_known_addr { host: "127.0.94.129" port: 45143 } } peers { permanent_uuid: "3f86eb7e8b334d2abe58201fb5558295" member_type: VOTER last_known_addr { host: "127.0.94.131" port: 38973 } } peers { permanent_uuid: "c8ed8a99b4bd432c9581bcb83eb48de8" member_type: VOTER last_known_addr { host: "127.0.94.132" port: 39755 } attrs { promote: false } }
I20260630 12:35:01.939385  3318 tablet_service.cc:1917] Received RequestConsensusVote() RPC: tablet_id: "2e9809dd25274e19b236b8626db4559b" candidate_uuid: "0a12b11cacbc43cb861aa1689590075d" candidate_term: 5 candidate_status { last_received { term: 3 index: 4 } } ignore_live_leader: false dest_uuid: "59424aac59c14a26b76c420032a8e60e"
I20260630 12:35:01.939982  3318 raft_consensus.cc:3060] T 2e9809dd25274e19b236b8626db4559b P 59424aac59c14a26b76c420032a8e60e [term 4 FOLLOWER]: Advancing to term 5
I20260630 12:35:01.940968  3871 leader_election.cc:290] T 2e9809dd25274e19b236b8626db4559b P 0a12b11cacbc43cb861aa1689590075d [CANDIDATE]: Term 5 election: Requested vote from peers 59424aac59c14a26b76c420032a8e60e (127.0.94.129:45143), 3f86eb7e8b334d2abe58201fb5558295 (127.0.94.131:38973)
I20260630 12:35:01.933804  3873 raft_consensus.cc:2804] T 1d0716e24d1e4c95812ff16827567bfd P c8ed8a99b4bd432c9581bcb83eb48de8 [term 1 FOLLOWER]: Leader pre-election won for term 2
I20260630 12:35:01.946484  3873 raft_consensus.cc:493] T 1d0716e24d1e4c95812ff16827567bfd P c8ed8a99b4bd432c9581bcb83eb48de8 [term 1 FOLLOWER]: Starting leader election (detected failure of leader 3f86eb7e8b334d2abe58201fb5558295)
I20260630 12:35:01.942843  3624 tablet_service.cc:1917] Received RequestConsensusVote() RPC: tablet_id: "ca01fc97c8e3450a9e1539828e8f4748" candidate_uuid: "0a12b11cacbc43cb861aa1689590075d" candidate_term: 3 candidate_status { last_received { term: 2 index: 2 } } ignore_live_leader: false dest_uuid: "c8ed8a99b4bd432c9581bcb83eb48de8" is_pre_election: true
W20260630 12:35:01.944767  3268 auto_rebalancer.cc:911] Removing replace marker failed after 3 inline attempts; will retry on next rebalancer loop iteration: Replica 0a12b11cacbc43cb861aa1689590075d is not leader of this config. Role: FOLLOWER. Consensus state: current_term: 5 committed_config { opid_index: 3 OBSOLETE_local: false peers { permanent_uuid: "0a12b11cacbc43cb861aa1689590075d" member_type: VOTER last_known_addr { host: "127.0.94.130" port: 43087 } attrs { replace: true } } peers { permanent_uuid: "59424aac59c14a26b76c420032a8e60e" member_type: VOTER last_known_addr { host: "127.0.94.129" port: 45143 } } peers { permanent_uuid: "3f86eb7e8b334d2abe58201fb5558295" member_type: VOTER last_known_addr { host: "127.0.94.131" port: 38973 } } peers { permanent_uuid: "c8ed8a99b4bd432c9581bcb83eb48de8" member_type: NON_VOTER last_known_addr { host: "127.0.94.132" port: 39755 } attrs { promote: true } } }
I20260630 12:35:01.945346  3468 tablet_service.cc:1917] Received RequestConsensusVote() RPC: tablet_id: "2e9809dd25274e19b236b8626db4559b" candidate_uuid: "0a12b11cacbc43cb861aa1689590075d" candidate_term: 5 candidate_status { last_received { term: 3 index: 4 } } ignore_live_leader: false dest_uuid: "3f86eb7e8b334d2abe58201fb5558295"
I20260630 12:35:01.938463  3631 raft_consensus.cc:1240] T 0eafe5c6ebfd469e8aa378553a94b74a P c8ed8a99b4bd432c9581bcb83eb48de8 [term 2 FOLLOWER]: Rejecting Update request from peer 3f86eb7e8b334d2abe58201fb5558295 for earlier term 1. Current term is 2. Ops: []
I20260630 12:35:01.946841  3874 leader_election.cc:290] T 0eafe5c6ebfd469e8aa378553a94b74a P c8ed8a99b4bd432c9581bcb83eb48de8 [CANDIDATE]: Term 3 pre-election: Requested pre-vote from peers 3f86eb7e8b334d2abe58201fb5558295 (127.0.94.131:38973), 59424aac59c14a26b76c420032a8e60e (127.0.94.129:45143)
W20260630 12:35:01.935583  3578 outbound_call.cc:321] RPC callback for RPC call kudu.consensus.ConsensusService.UpdateConsensus -> {remote=127.0.94.129:45143, user_credentials={real_user=slave}} blocked reactor thread for 133501us
W20260630 12:35:01.947768  3268 auto_rebalancer.cc:920] Could not move replica: Remote error: Service unavailable: leadership transfer for 2e9809dd25274e19b236b8626db4559b already in progress
I20260630 12:35:01.948750  3470 raft_consensus.cc:1240] T 8b958bb1380546778378efe959265b5e P 3f86eb7e8b334d2abe58201fb5558295 [term 2 FOLLOWER]: Rejecting Update request from peer 0a12b11cacbc43cb861aa1689590075d for earlier term 1. Current term is 2. Ops: []
W20260630 12:35:01.950255  3418 debug-util.cc:398] Leaking SignalData structure 0x7b08000783e0 after lost signal to thread 3346
W20260630 12:35:01.950618  3418 debug-util.cc:398] Leaking SignalData structure 0x7b08001470c0 after lost signal to thread 3347
I20260630 12:35:01.950672  3629 tablet_service.cc:1917] Received RequestConsensusVote() RPC: tablet_id: "6caeb98e32d24adab339aa63b81642e6" candidate_uuid: "0a12b11cacbc43cb861aa1689590075d" candidate_term: 2 candidate_status { last_received { term: 1 index: 1 } } ignore_live_leader: false dest_uuid: "c8ed8a99b4bd432c9581bcb83eb48de8" is_pre_election: true
W20260630 12:35:01.951757  3418 debug-util.cc:398] Leaking SignalData structure 0x7b0800044a80 after lost signal to thread 3421
W20260630 12:35:01.952044  3418 debug-util.cc:398] Leaking SignalData structure 0x7b0800044cc0 after lost signal to thread 3422
I20260630 12:35:01.952096  3629 tablet_service.cc:1917] Received RequestConsensusVote() RPC: tablet_id: "8f04169920324c9fb7e72a53b3feb37b" candidate_uuid: "0a12b11cacbc43cb861aa1689590075d" candidate_term: 2 candidate_status { last_received { term: 1 index: 4 } } ignore_live_leader: false dest_uuid: "c8ed8a99b4bd432c9581bcb83eb48de8" is_pre_election: true
W20260630 12:35:01.948706  3268 auto_rebalancer.cc:340] scheduled replica move failed to complete: Remote error: Service unavailable: leadership transfer for 2e9809dd25274e19b236b8626db4559b already in progress
I20260630 12:35:01.952399  3434 leader_election.cc:304] T 45926277b39a48899b3e33e25ba00bb3 P 3f86eb7e8b334d2abe58201fb5558295 [CANDIDATE]: Term 2 pre-election: Election decided. Result: candidate lost. Election summary: received 3 responses out of 3 voters: 1 yes votes; 2 no votes. yes voters: 3f86eb7e8b334d2abe58201fb5558295; no voters: 59424aac59c14a26b76c420032a8e60e, c8ed8a99b4bd432c9581bcb83eb48de8
I20260630 12:35:01.952771  3629 raft_consensus.cc:2468] T 8f04169920324c9fb7e72a53b3feb37b P c8ed8a99b4bd432c9581bcb83eb48de8 [term 1 FOLLOWER]: Leader pre-election vote request: Granting yes vote for candidate 0a12b11cacbc43cb861aa1689590075d in term 1.
I20260630 12:35:01.950294  3630 tablet_service.cc:1917] Received RequestConsensusVote() RPC: tablet_id: "1d0716e24d1e4c95812ff16827567bfd" candidate_uuid: "0a12b11cacbc43cb861aa1689590075d" candidate_term: 2 candidate_status { last_received { term: 1 index: 1 } } ignore_live_leader: false dest_uuid: "c8ed8a99b4bd432c9581bcb83eb48de8" is_pre_election: true
I20260630 12:35:01.955348  3877 raft_consensus.cc:2749] T 45926277b39a48899b3e33e25ba00bb3 P 3f86eb7e8b334d2abe58201fb5558295 [term 1 FOLLOWER]: Leader pre-election lost for term 2. Reason: could not achieve majority
I20260630 12:35:01.956899  3880 raft_consensus.cc:2804] T 1397a39555a34de3b65be116587e93b8 P 0a12b11cacbc43cb861aa1689590075d [term 2 FOLLOWER]: Leader pre-election won for term 3
I20260630 12:35:01.957335  3880 raft_consensus.cc:493] T 1397a39555a34de3b65be116587e93b8 P 0a12b11cacbc43cb861aa1689590075d [term 2 FOLLOWER]: Starting leader election (detected failure of leader 59424aac59c14a26b76c420032a8e60e)
I20260630 12:35:01.958877  3880 raft_consensus.cc:3060] T 1397a39555a34de3b65be116587e93b8 P 0a12b11cacbc43cb861aa1689590075d [term 2 FOLLOWER]: Advancing to term 3
I20260630 12:35:01.958079  3879 leader_election.cc:290] T 37f18037dc764fc983241a340c62c675 P c8ed8a99b4bd432c9581bcb83eb48de8 [CANDIDATE]: Term 2 pre-election: Requested pre-vote from peers 0a12b11cacbc43cb861aa1689590075d (127.0.94.130:43087), 3f86eb7e8b334d2abe58201fb5558295 (127.0.94.131:38973)
I20260630 12:35:01.948112  3873 raft_consensus.cc:3060] T 1d0716e24d1e4c95812ff16827567bfd P c8ed8a99b4bd432c9581bcb83eb48de8 [term 1 FOLLOWER]: Advancing to term 2
I20260630 12:35:01.969625  3434 leader_election.cc:304] T 34d2e9964a9a41cb85376c9d4d37e379 P 3f86eb7e8b334d2abe58201fb5558295 [CANDIDATE]: Term 3 pre-election: Election decided. Result: candidate lost. Election summary: received 3 responses out of 4 voters: 1 yes votes; 2 no votes. yes voters: 3f86eb7e8b334d2abe58201fb5558295; no voters: 59424aac59c14a26b76c420032a8e60e, c8ed8a99b4bd432c9581bcb83eb48de8
I20260630 12:35:01.971957  3868 raft_consensus.cc:2749] T 34d2e9964a9a41cb85376c9d4d37e379 P 3f86eb7e8b334d2abe58201fb5558295 [term 2 FOLLOWER]: Leader pre-election lost for term 3. Reason: could not achieve majority
I20260630 12:35:01.975786  3434 leader_election.cc:304] T 53717e11abf343f48fba2197911a8de3 P 3f86eb7e8b334d2abe58201fb5558295 [CANDIDATE]: Term 3 pre-election: Election decided. Result: candidate lost. Election summary: received 3 responses out of 3 voters: 1 yes votes; 2 no votes. yes voters: 3f86eb7e8b334d2abe58201fb5558295; no voters: 59424aac59c14a26b76c420032a8e60e, c8ed8a99b4bd432c9581bcb83eb48de8
I20260630 12:35:01.976287  3876 leader_election.cc:290] T 45926277b39a48899b3e33e25ba00bb3 P 0a12b11cacbc43cb861aa1689590075d [CANDIDATE]: Term 2 pre-election: Requested pre-vote from peers 59424aac59c14a26b76c420032a8e60e (127.0.94.129:45143), 3f86eb7e8b334d2abe58201fb5558295 (127.0.94.131:38973), c8ed8a99b4bd432c9581bcb83eb48de8 (127.0.94.132:39755)
I20260630 12:35:00.840502  3273 auto_leader_rebalancer.cc:141] leader rebalance for table range_aware_rebalance_new_range
I20260630 12:35:01.973907  3875 leader_election.cc:290] T 45926277b39a48899b3e33e25ba00bb3 P c8ed8a99b4bd432c9581bcb83eb48de8 [CANDIDATE]: Term 2 pre-election: Requested pre-vote from peers 59424aac59c14a26b76c420032a8e60e (127.0.94.129:45143), 3f86eb7e8b334d2abe58201fb5558295 (127.0.94.131:38973)
I20260630 12:35:01.978229  3877 raft_consensus.cc:2749] T 53717e11abf343f48fba2197911a8de3 P 3f86eb7e8b334d2abe58201fb5558295 [term 2 FOLLOWER]: Leader pre-election lost for term 3. Reason: could not achieve majority
W20260630 12:35:01.978314  3418 debug-util.cc:398] Leaking SignalData structure 0x7b0800223580 after lost signal to thread 3495
W20260630 12:35:01.978931  3418 debug-util.cc:398] Leaking SignalData structure 0x7b080019c000 after lost signal to thread 3496
W20260630 12:35:01.980046  3418 debug-util.cc:398] Leaking SignalData structure 0x7b0800255620 after lost signal to thread 3657
I20260630 12:35:01.981123  3397 tablet_service.cc:1917] Received RequestConsensusVote() RPC: tablet_id: "8f04169920324c9fb7e72a53b3feb37b" candidate_uuid: "c8ed8a99b4bd432c9581bcb83eb48de8" candidate_term: 2 candidate_status { last_received { term: 1 index: 4 } } ignore_live_leader: false dest_uuid: "0a12b11cacbc43cb861aa1689590075d" is_pre_election: true
I20260630 12:35:01.981787  3397 raft_consensus.cc:2468] T 8f04169920324c9fb7e72a53b3feb37b P 0a12b11cacbc43cb861aa1689590075d [term 1 FOLLOWER]: Leader pre-election vote request: Granting yes vote for candidate c8ed8a99b4bd432c9581bcb83eb48de8 in term 1.
I20260630 12:35:01.983654  3468 tablet_service.cc:1917] Received RequestConsensusVote() RPC: tablet_id: "45926277b39a48899b3e33e25ba00bb3" candidate_uuid: "0a12b11cacbc43cb861aa1689590075d" candidate_term: 2 candidate_status { last_received { term: 1 index: 3 } } ignore_live_leader: false dest_uuid: "3f86eb7e8b334d2abe58201fb5558295" is_pre_election: true
I20260630 12:35:01.984187  3468 raft_consensus.cc:1813] T 45926277b39a48899b3e33e25ba00bb3 P 3f86eb7e8b334d2abe58201fb5558295 [term 1 FOLLOWER]: Handling vote request from an unknown peer 0a12b11cacbc43cb861aa1689590075d
I20260630 12:35:01.984755  3468 raft_consensus.cc:2410] T 45926277b39a48899b3e33e25ba00bb3 P 3f86eb7e8b334d2abe58201fb5558295 [term 1 FOLLOWER]: Leader pre-election vote request: Denying vote to candidate 0a12b11cacbc43cb861aa1689590075d for term 2 because replica has last-logged OpId of term: 1 index: 4, which is greater than that of the candidate, which has last-logged OpId of term: 1 index: 3.
I20260630 12:35:01.985157  3220 rpcz_store.cc:275] Call kudu.master.MasterService.TSHeartbeat from 127.0.0.1:57642 (request call id 83) took 2637 ms. Trace:
W20260630 12:35:01.986281  3418 debug-util.cc:398] Leaking SignalData structure 0x7b0800140d00 after lost signal to thread 3848
I20260630 12:35:01.985670  3317 tablet_service.cc:1917] Received RequestConsensusVote() RPC: tablet_id: "53717e11abf343f48fba2197911a8de3" candidate_uuid: "c8ed8a99b4bd432c9581bcb83eb48de8" candidate_term: 3 candidate_status { last_received { term: 2 index: 2 } } ignore_live_leader: false dest_uuid: "59424aac59c14a26b76c420032a8e60e" is_pre_election: true
I20260630 12:35:01.989727  3877 raft_consensus.cc:493] T dd6f215090ac4ddd869f54efdceeeb02 P 3f86eb7e8b334d2abe58201fb5558295 [term 2 FOLLOWER]: Starting pre-election (detected failure of leader c8ed8a99b4bd432c9581bcb83eb48de8)
I20260630 12:35:01.989848  3455 tablet_service.cc:1558] Processing DeleteTablet for tablet 34d2e9964a9a41cb85376c9d4d37e379 with delete_type TABLET_DATA_TOMBSTONED (TS 3f86eb7e8b334d2abe58201fb5558295 not found in new config with opid_index 5) from {username='slave'} at 127.0.0.1:42320
I20260630 12:35:01.990267  3877 raft_consensus.cc:515] T dd6f215090ac4ddd869f54efdceeeb02 P 3f86eb7e8b334d2abe58201fb5558295 [term 2 FOLLOWER]: Starting pre-election with config: opid_index: -1 OBSOLETE_local: false peers { permanent_uuid: "c8ed8a99b4bd432c9581bcb83eb48de8" member_type: VOTER last_known_addr { host: "127.0.94.132" port: 39755 } } peers { permanent_uuid: "0a12b11cacbc43cb861aa1689590075d" member_type: VOTER last_known_addr { host: "127.0.94.130" port: 43087 } } peers { permanent_uuid: "3f86eb7e8b334d2abe58201fb5558295" member_type: VOTER last_known_addr { host: "127.0.94.131" port: 38973 } }
I20260630 12:35:01.996423  3877 leader_election.cc:290] T dd6f215090ac4ddd869f54efdceeeb02 P 3f86eb7e8b334d2abe58201fb5558295 [CANDIDATE]: Term 3 pre-election: Requested pre-vote from peers c8ed8a99b4bd432c9581bcb83eb48de8 (127.0.94.132:39755), 0a12b11cacbc43cb861aa1689590075d (127.0.94.130:43087)
I20260630 12:35:01.991029  3387 tablet_service.cc:1558] Processing DeleteTablet for tablet 45926277b39a48899b3e33e25ba00bb3 with delete_type TABLET_DATA_TOMBSTONED (TS 0a12b11cacbc43cb861aa1689590075d not found in new config with opid_index 4) from {username='slave'} at 127.0.0.1:39244
I20260630 12:35:02.000571  3869 raft_consensus.cc:515] T ca01fc97c8e3450a9e1539828e8f4748 P 0a12b11cacbc43cb861aa1689590075d [term 3 FOLLOWER]: Starting leader election with config: opid_index: -1 OBSOLETE_local: false peers { permanent_uuid: "c8ed8a99b4bd432c9581bcb83eb48de8" member_type: VOTER last_known_addr { host: "127.0.94.132" port: 39755 } } peers { permanent_uuid: "0a12b11cacbc43cb861aa1689590075d" member_type: VOTER last_known_addr { host: "127.0.94.130" port: 43087 } } peers { permanent_uuid: "59424aac59c14a26b76c420032a8e60e" member_type: VOTER last_known_addr { host: "127.0.94.129" port: 45143 } }
I20260630 12:35:02.001224  3872 leader_election.cc:290] T d14bf8430f52480bafd5916d39b43d4a P 3f86eb7e8b334d2abe58201fb5558295 [CANDIDATE]: Term 2 pre-election: Requested pre-vote from peers c8ed8a99b4bd432c9581bcb83eb48de8 (127.0.94.132:39755), 59424aac59c14a26b76c420032a8e60e (127.0.94.129:45143), 0a12b11cacbc43cb861aa1689590075d (127.0.94.130:43087)
I20260630 12:35:02.001901  3317 tablet_service.cc:1917] Received RequestConsensusVote() RPC: tablet_id: "d14bf8430f52480bafd5916d39b43d4a" candidate_uuid: "3f86eb7e8b334d2abe58201fb5558295" candidate_term: 2 candidate_status { last_received { term: 1 index: 3 } } ignore_live_leader: false dest_uuid: "59424aac59c14a26b76c420032a8e60e" is_pre_election: true
I20260630 12:35:01.986457  3220 rpcz_store.cc:276] 0630 12:34:59.347671 (+     0us) service_pool.cc:167] Inserting onto call queue
0630 12:34:59.347905 (+   234us) service_pool.cc:224] Handling call
0630 12:35:01.985104 (+2637199us) inbound_call.cc:177] Queueing success response
Related trace 'op':
0630 12:34:59.358808 (+     0us) write_op.cc:183] PREPARE: starting on tablet 00000000000000000000000000000000
0630 12:34:59.359270 (+   462us) write_op.cc:432] Acquiring schema lock in shared mode
0630 12:34:59.359302 (+    32us) write_op.cc:435] Acquired schema lock
0630 12:34:59.359322 (+    20us) tablet.cc:662] Decoding operations
0630 12:34:59.359631 (+   309us) write_op.cc:620] Acquiring the partition lock for write op
0630 12:34:59.359670 (+    39us) write_op.cc:641] Partition lock acquired for write op
0630 12:34:59.359712 (+    42us) tablet.cc:685] Acquiring locks for 1 operations
0630 12:34:59.359892 (+   180us) tablet.cc:701] Row locks acquired
0630 12:34:59.359906 (+    14us) write_op.cc:260] PREPARE: finished
0630 12:34:59.360015 (+   109us) write_op.cc:270] Start()
0630 12:34:59.360094 (+    79us) write_op.cc:276] Timestamp: P: 1782822899359977 usec, L: 0
0630 12:34:59.360112 (+    18us) op_driver.cc:348] REPLICATION: starting
0630 12:34:59.360625 (+   513us) log.cc:844] Serialized 543 byte log entry
0630 12:34:59.363631 (+  3006us) op_driver.cc:464] REPLICATION: finished
0630 12:34:59.366526 (+  2895us) write_op.cc:301] APPLY: starting
0630 12:34:59.366592 (+    66us) tablet.cc:1367] starting BulkCheckPresence
0630 12:34:59.366696 (+   104us) tablet.cc:1370] finished BulkCheckPresence
0630 12:34:59.366814 (+   118us) tablet.cc:1372] starting ApplyRowOperation cycle
0630 12:34:59.366995 (+   181us) tablet.cc:1383] finished ApplyRowOperation cycle
0630 12:34:59.367161 (+   166us) tablet_metrics.cc:581] ProbeStats: bloom_lookups=0,key_file_lookups=0,delta_file_lookups=0,mrs_lookups=1
0630 12:34:59.367206 (+    45us) write_op.cc:312] APPLY: finished
0630 12:34:59.367352 (+   146us) log.cc:844] Serialized 22 byte log entry
0630 12:34:59.367478 (+   126us) write_op.cc:489] Releasing partition, row and schema locks
0630 12:34:59.367546 (+    68us) write_op.cc:454] Released schema lock
0630 12:34:59.367580 (+    34us) write_op.cc:341] FINISH: Updating metrics
Metrics: {"mutex_wait_us":133099,"reported_tablets":1,"child_traces":[["op",{"apply.queue_time_us":2682,"apply.run_cpu_time_us":1298,"apply.run_wall_time_us":1299,"num_ops":1,"prepare.queue_time_us":1374,"prepare.run_cpu_time_us":2028,"prepare.run_wall_time_us":2028,"replication_time_us":3399,"thread_start_us":21115,"threads_started":1}]]}
I20260630 12:35:02.010943  3317 tablet_service.cc:1917] Received RequestConsensusVote() RPC: tablet_id: "34d2e9964a9a41cb85376c9d4d37e379" candidate_uuid: "c8ed8a99b4bd432c9581bcb83eb48de8" candidate_term: 3 candidate_status { last_received { term: 2 index: 5 } } ignore_live_leader: false dest_uuid: "59424aac59c14a26b76c420032a8e60e" is_pre_election: true
I20260630 12:35:02.011921  3322 tablet_service.cc:1917] Received RequestConsensusVote() RPC: tablet_id: "45926277b39a48899b3e33e25ba00bb3" candidate_uuid: "0a12b11cacbc43cb861aa1689590075d" candidate_term: 2 candidate_status { last_received { term: 1 index: 3 } } ignore_live_leader: false dest_uuid: "59424aac59c14a26b76c420032a8e60e" is_pre_election: true
I20260630 12:35:02.002396  3362 leader_election.cc:304] T 37f18037dc764fc983241a340c62c675 P 0a12b11cacbc43cb861aa1689590075d [CANDIDATE]: Term 2 pre-election: Election decided. Result: candidate lost. Election summary: received 3 responses out of 3 voters: 1 yes votes; 2 no votes. yes voters: 0a12b11cacbc43cb861aa1689590075d; no voters: 3f86eb7e8b334d2abe58201fb5558295, c8ed8a99b4bd432c9581bcb83eb48de8
I20260630 12:35:02.006142  3360 leader_election.cc:304] T 6caeb98e32d24adab339aa63b81642e6 P 0a12b11cacbc43cb861aa1689590075d [CANDIDATE]: Term 2 pre-election: Election decided. Result: candidate lost. Election summary: received 3 responses out of 3 voters: 1 yes votes; 2 no votes. yes voters: 0a12b11cacbc43cb861aa1689590075d; no voters: 59424aac59c14a26b76c420032a8e60e, c8ed8a99b4bd432c9581bcb83eb48de8
I20260630 12:35:02.006718  3885 tablet_replica.cc:333] T 34d2e9964a9a41cb85376c9d4d37e379 P 3f86eb7e8b334d2abe58201fb5558295: stopping tablet replica
I20260630 12:35:02.002681  3880 raft_consensus.cc:515] T 1397a39555a34de3b65be116587e93b8 P 0a12b11cacbc43cb861aa1689590075d [term 3 FOLLOWER]: Starting leader election with config: opid_index: -1 OBSOLETE_local: false peers { permanent_uuid: "0a12b11cacbc43cb861aa1689590075d" member_type: VOTER last_known_addr { host: "127.0.94.130" port: 43087 } } peers { permanent_uuid: "59424aac59c14a26b76c420032a8e60e" member_type: VOTER last_known_addr { host: "127.0.94.129" port: 45143 } } peers { permanent_uuid: "3f86eb7e8b334d2abe58201fb5558295" member_type: VOTER last_known_addr { host: "127.0.94.131" port: 38973 } }
I20260630 12:35:02.015228  3871 consensus_queue.cc:1059] T 8b958bb1380546778378efe959265b5e P 0a12b11cacbc43cb861aa1689590075d [LEADER]: Peer responded invalid term: Peer: permanent_uuid: "3f86eb7e8b334d2abe58201fb5558295" member_type: VOTER last_known_addr { host: "127.0.94.131" port: 38973 }, Status: INVALID_TERM, Last received: 1.1, Next index: 2, Last known committed idx: 1, Time since last communication: 0.001s
I20260630 12:35:02.014905  3829 raft_consensus.cc:2749] T 37f18037dc764fc983241a340c62c675 P 0a12b11cacbc43cb861aa1689590075d [term 1 FOLLOWER]: Leader pre-election lost for term 2. Reason: could not achieve majority
I20260630 12:35:02.007310  3318 raft_consensus.cc:2468] T 2e9809dd25274e19b236b8626db4559b P 59424aac59c14a26b76c420032a8e60e [term 5 FOLLOWER]: Leader election vote request: Granting yes vote for candidate 0a12b11cacbc43cb861aa1689590075d in term 5.
W20260630 12:35:02.007381  3579 outbound_call.cc:321] RPC callback for RPC call kudu.consensus.ConsensusService.UpdateConsensus -> {remote=127.0.94.130:43087, user_credentials={real_user=slave}} blocked reactor thread for 78219.3us
I20260630 12:35:02.018422  3626 tablet_service.cc:1917] Received RequestConsensusVote() RPC: tablet_id: "34d2e9964a9a41cb85376c9d4d37e379" candidate_uuid: "59424aac59c14a26b76c420032a8e60e" candidate_term: 3 candidate_status { last_received { term: 2 index: 5 } } ignore_live_leader: false dest_uuid: "c8ed8a99b4bd432c9581bcb83eb48de8" is_pre_election: true
W20260630 12:35:02.020896  3396 consensus_meta.cc:287] T d14bf8430f52480bafd5916d39b43d4a P 0a12b11cacbc43cb861aa1689590075d: Time spent flushing consensus metadata: real 1.419s	user 0.071s	sys 0.167s
I20260630 12:35:02.021631  3828 raft_consensus.cc:3055] T 8b958bb1380546778378efe959265b5e P 0a12b11cacbc43cb861aa1689590075d [term 1 LEADER]: Stepping down as leader of term 1
I20260630 12:35:02.017760  3469 tablet_service.cc:1917] Received RequestConsensusVote() RPC: tablet_id: "2e9809dd25274e19b236b8626db4559b" candidate_uuid: "0a12b11cacbc43cb861aa1689590075d" candidate_term: 5 candidate_status { last_received { term: 3 index: 4 } } ignore_live_leader: false dest_uuid: "3f86eb7e8b334d2abe58201fb5558295" is_pre_election: true
I20260630 12:35:02.024441  3828 raft_consensus.cc:740] T 8b958bb1380546778378efe959265b5e P 0a12b11cacbc43cb861aa1689590075d [term 1 LEADER]: Becoming Follower/Learner. State: Replica: 0a12b11cacbc43cb861aa1689590075d, State: Running, Role: LEADER
I20260630 12:35:02.020320  3871 raft_consensus.cc:2749] T 6caeb98e32d24adab339aa63b81642e6 P 0a12b11cacbc43cb861aa1689590075d [term 1 FOLLOWER]: Leader pre-election lost for term 2. Reason: could not achieve majority
I20260630 12:35:02.026120  3827 consensus_queue.cc:1059] T 0eafe5c6ebfd469e8aa378553a94b74a P 3f86eb7e8b334d2abe58201fb5558295 [LEADER]: Peer responded invalid term: Peer: permanent_uuid: "c8ed8a99b4bd432c9581bcb83eb48de8" member_type: VOTER last_known_addr { host: "127.0.94.132" port: 39755 }, Status: INVALID_TERM, Last received: 1.1, Next index: 2, Last known committed idx: 1, Time since last communication: 0.001s
I20260630 12:35:02.027166  3877 raft_consensus.cc:3055] T 0eafe5c6ebfd469e8aa378553a94b74a P 3f86eb7e8b334d2abe58201fb5558295 [term 1 LEADER]: Stepping down as leader of term 1
I20260630 12:35:02.027367  3360 leader_election.cc:304] T 8f04169920324c9fb7e72a53b3feb37b P 0a12b11cacbc43cb861aa1689590075d [CANDIDATE]: Term 2 pre-election: Election decided. Result: candidate won. Election summary: received 3 responses out of 3 voters: 2 yes votes; 1 no votes. yes voters: 0a12b11cacbc43cb861aa1689590075d, c8ed8a99b4bd432c9581bcb83eb48de8; no voters: 3f86eb7e8b334d2abe58201fb5558295
I20260630 12:35:02.028306  3871 raft_consensus.cc:2804] T 8f04169920324c9fb7e72a53b3feb37b P 0a12b11cacbc43cb861aa1689590075d [term 1 FOLLOWER]: Leader pre-election won for term 2
