I20260630 12:34:55.021047  4045 consensus_queue.cc:260] T 7be69489a92446f9b094a9cd7bdece3b P d544d41d176d4d29a152d9076d051b13 [NON_LEADER]: Queue going to NON_LEADER mode. State: All replicated index: 0, Majority replicated index: 0, Committed index: 0, Last appended: 0.0, Last appended by leader: 0, Current term: 0, Majority size: -1, State: 0, Mode: NON_LEADER, active raft config: opid_index: -1 OBSOLETE_local: false peers { permanent_uuid: "d544d41d176d4d29a152d9076d051b13" member_type: VOTER last_known_addr { host: "127.0.180.68" port: 36869 } } peers { permanent_uuid: "c36b7e2aaff34c10a305af4dc551bf67" member_type: VOTER last_known_addr { host: "127.0.180.66" port: 40709 } } peers { permanent_uuid: "b48fd3cfa8014f43b933ce60cf88ff9e" member_type: VOTER last_known_addr { host: "127.0.180.67" port: 46139 } }
I20260630 12:34:55.023435  4045 ts_tablet_manager.cc:1434] T 7be69489a92446f9b094a9cd7bdece3b P d544d41d176d4d29a152d9076d051b13: Time spent starting tablet: real 0.008s	user 0.005s	sys 0.000s
I20260630 12:34:55.024415  4045 tablet_bootstrap.cc:492] T 59d55f8cee124fceb7270e714fabfe23 P d544d41d176d4d29a152d9076d051b13: Bootstrap starting.
I20260630 12:34:55.027530  4043 ts_tablet_manager.cc:1434] T f5c201ad00024b3a879354bbe35082d0 P c36b7e2aaff34c10a305af4dc551bf67: Time spent starting tablet: real 0.028s	user 0.006s	sys 0.001s
I20260630 12:34:55.027683  4042 ts_tablet_manager.cc:1434] T 59d55f8cee124fceb7270e714fabfe23 P 97bfe58f6bab4e2cbfe1775949c1578e: Time spent starting tablet: real 0.018s	user 0.007s	sys 0.000s
I20260630 12:34:55.028586  4043 tablet_bootstrap.cc:492] T 116ffc2fc5ac4a0c9efa9886c9c3f011 P c36b7e2aaff34c10a305af4dc551bf67: Bootstrap starting.
I20260630 12:34:55.029702  4042 tablet_bootstrap.cc:492] T 116ffc2fc5ac4a0c9efa9886c9c3f011 P 97bfe58f6bab4e2cbfe1775949c1578e: Bootstrap starting.
I20260630 12:34:55.031016  4045 tablet_bootstrap.cc:654] T 59d55f8cee124fceb7270e714fabfe23 P d544d41d176d4d29a152d9076d051b13: Neither blocks nor log segments found. Creating new log.
I20260630 12:34:55.033416  4064 raft_consensus.cc:493] T f5c201ad00024b3a879354bbe35082d0 P c36b7e2aaff34c10a305af4dc551bf67 [term 0 FOLLOWER]: Starting pre-election (no leader contacted us within the election timeout)
I20260630 12:34:55.033915  4064 raft_consensus.cc:515] T f5c201ad00024b3a879354bbe35082d0 P c36b7e2aaff34c10a305af4dc551bf67 [term 0 FOLLOWER]: Starting pre-election with config: opid_index: -1 OBSOLETE_local: false peers { permanent_uuid: "d544d41d176d4d29a152d9076d051b13" member_type: VOTER last_known_addr { host: "127.0.180.68" port: 36869 } } peers { permanent_uuid: "c36b7e2aaff34c10a305af4dc551bf67" member_type: VOTER last_known_addr { host: "127.0.180.66" port: 40709 } } peers { permanent_uuid: "b48fd3cfa8014f43b933ce60cf88ff9e" member_type: VOTER last_known_addr { host: "127.0.180.67" port: 46139 } }
I20260630 12:34:55.032430  3599 catalog_manager.cc:5697] T 97d26bc61e184bc68be872be44703012 P c36b7e2aaff34c10a305af4dc551bf67 reported cstate change: term changed from 0 to 1, leader changed from <none> to c36b7e2aaff34c10a305af4dc551bf67 (127.0.180.66). New cstate: current_term: 1 leader_uuid: "c36b7e2aaff34c10a305af4dc551bf67" committed_config { opid_index: -1 OBSOLETE_local: false peers { permanent_uuid: "97bfe58f6bab4e2cbfe1775949c1578e" member_type: VOTER last_known_addr { host: "127.0.180.65" port: 46081 } health_report { overall_health: UNKNOWN } } peers { permanent_uuid: "d544d41d176d4d29a152d9076d051b13" member_type: VOTER last_known_addr { host: "127.0.180.68" port: 36869 } health_report { overall_health: UNKNOWN } } peers { permanent_uuid: "c36b7e2aaff34c10a305af4dc551bf67" member_type: VOTER last_known_addr { host: "127.0.180.66" port: 40709 } health_report { overall_health: HEALTHY } } }
I20260630 12:34:55.039180  3851 tablet_service.cc:1917] Received RequestConsensusVote() RPC: tablet_id: "f5c201ad00024b3a879354bbe35082d0" candidate_uuid: "c36b7e2aaff34c10a305af4dc551bf67" candidate_term: 1 candidate_status { last_received { term: 0 index: 0 } } ignore_live_leader: false dest_uuid: "b48fd3cfa8014f43b933ce60cf88ff9e" is_pre_election: true
I20260630 12:34:55.043437  3999 tablet_service.cc:1917] Received RequestConsensusVote() RPC: tablet_id: "f5c201ad00024b3a879354bbe35082d0" candidate_uuid: "c36b7e2aaff34c10a305af4dc551bf67" candidate_term: 1 candidate_status { last_received { term: 0 index: 0 } } ignore_live_leader: false dest_uuid: "d544d41d176d4d29a152d9076d051b13" is_pre_election: true
I20260630 12:34:55.044627  3999 raft_consensus.cc:2393] T f5c201ad00024b3a879354bbe35082d0 P d544d41d176d4d29a152d9076d051b13 [term 1 FOLLOWER]: Leader pre-election vote request: Denying vote to candidate c36b7e2aaff34c10a305af4dc551bf67 in current term 1: Already voted for candidate b48fd3cfa8014f43b933ce60cf88ff9e in this term.
I20260630 12:34:55.049456  4063 raft_consensus.cc:493] T 59d55f8cee124fceb7270e714fabfe23 P b48fd3cfa8014f43b933ce60cf88ff9e [term 0 FOLLOWER]: Starting pre-election (no leader contacted us within the election timeout)
I20260630 12:34:55.049917  4063 raft_consensus.cc:515] T 59d55f8cee124fceb7270e714fabfe23 P b48fd3cfa8014f43b933ce60cf88ff9e [term 0 FOLLOWER]: Starting pre-election with config: opid_index: -1 OBSOLETE_local: false peers { permanent_uuid: "b48fd3cfa8014f43b933ce60cf88ff9e" member_type: VOTER last_known_addr { host: "127.0.180.67" port: 46139 } } peers { permanent_uuid: "d544d41d176d4d29a152d9076d051b13" member_type: VOTER last_known_addr { host: "127.0.180.68" port: 36869 } } peers { permanent_uuid: "97bfe58f6bab4e2cbfe1775949c1578e" member_type: VOTER last_known_addr { host: "127.0.180.65" port: 46081 } }
I20260630 12:34:55.051656  3745 leader_election.cc:304] T f5c201ad00024b3a879354bbe35082d0 P c36b7e2aaff34c10a305af4dc551bf67 [CANDIDATE]: Term 1 pre-election: Election decided. Result: candidate lost. Election summary: received 3 responses out of 3 voters: 1 yes votes; 2 no votes. yes voters: c36b7e2aaff34c10a305af4dc551bf67; no voters: b48fd3cfa8014f43b933ce60cf88ff9e, d544d41d176d4d29a152d9076d051b13
I20260630 12:34:55.052269  4063 leader_election.cc:290] T 59d55f8cee124fceb7270e714fabfe23 P b48fd3cfa8014f43b933ce60cf88ff9e [CANDIDATE]: Term 1 pre-election: Requested pre-vote from peers d544d41d176d4d29a152d9076d051b13 (127.0.180.68:36869), 97bfe58f6bab4e2cbfe1775949c1578e (127.0.180.65:46081)
I20260630 12:34:55.052937  3905 raft_consensus.cc:3060] T f5c201ad00024b3a879354bbe35082d0 P c36b7e2aaff34c10a305af4dc551bf67 [term 0 FOLLOWER]: Advancing to term 1
I20260630 12:34:55.057304  3704 tablet_service.cc:1917] Received RequestConsensusVote() RPC: tablet_id: "59d55f8cee124fceb7270e714fabfe23" candidate_uuid: "b48fd3cfa8014f43b933ce60cf88ff9e" candidate_term: 1 candidate_status { last_received { term: 0 index: 0 } } ignore_live_leader: false dest_uuid: "97bfe58f6bab4e2cbfe1775949c1578e" is_pre_election: true
I20260630 12:34:55.058225  3704 raft_consensus.cc:2468] T 59d55f8cee124fceb7270e714fabfe23 P 97bfe58f6bab4e2cbfe1775949c1578e [term 0 FOLLOWER]: Leader pre-election vote request: Granting yes vote for candidate b48fd3cfa8014f43b933ce60cf88ff9e in term 0.
I20260630 12:34:55.062752  4043 tablet_bootstrap.cc:654] T 116ffc2fc5ac4a0c9efa9886c9c3f011 P c36b7e2aaff34c10a305af4dc551bf67: Neither blocks nor log segments found. Creating new log.
I20260630 12:34:55.065770  3819 leader_election.cc:304] T 59d55f8cee124fceb7270e714fabfe23 P b48fd3cfa8014f43b933ce60cf88ff9e [CANDIDATE]: Term 1 pre-election: Election decided. Result: candidate won. Election summary: received 2 responses out of 3 voters: 2 yes votes; 0 no votes. yes voters: 97bfe58f6bab4e2cbfe1775949c1578e, b48fd3cfa8014f43b933ce60cf88ff9e; no voters: 
I20260630 12:34:55.066843  4063 raft_consensus.cc:2804] T 59d55f8cee124fceb7270e714fabfe23 P b48fd3cfa8014f43b933ce60cf88ff9e [term 0 FOLLOWER]: Leader pre-election won for term 1
I20260630 12:34:55.067214  4063 raft_consensus.cc:493] T 59d55f8cee124fceb7270e714fabfe23 P b48fd3cfa8014f43b933ce60cf88ff9e [term 0 FOLLOWER]: Starting leader election (no leader contacted us within the election timeout)
I20260630 12:34:55.067574  4063 raft_consensus.cc:3060] T 59d55f8cee124fceb7270e714fabfe23 P b48fd3cfa8014f43b933ce60cf88ff9e [term 0 FOLLOWER]: Advancing to term 1
I20260630 12:34:55.067310  3999 tablet_service.cc:1917] Received RequestConsensusVote() RPC: tablet_id: "59d55f8cee124fceb7270e714fabfe23" candidate_uuid: "b48fd3cfa8014f43b933ce60cf88ff9e" candidate_term: 1 candidate_status { last_received { term: 0 index: 0 } } ignore_live_leader: false dest_uuid: "d544d41d176d4d29a152d9076d051b13" is_pre_election: true
I20260630 12:34:55.070590  4064 leader_election.cc:290] T f5c201ad00024b3a879354bbe35082d0 P c36b7e2aaff34c10a305af4dc551bf67 [CANDIDATE]: Term 1 pre-election: Requested pre-vote from peers d544d41d176d4d29a152d9076d051b13 (127.0.180.68:36869), b48fd3cfa8014f43b933ce60cf88ff9e (127.0.180.67:46139)
W20260630 12:34:55.073835  3819 leader_election.cc:343] T 59d55f8cee124fceb7270e714fabfe23 P b48fd3cfa8014f43b933ce60cf88ff9e [CANDIDATE]: Term 1 pre-election: Tablet error from VoteRequest() call to peer d544d41d176d4d29a152d9076d051b13 (127.0.180.68:36869): Illegal state: must be running to vote when last-logged opid is not known
I20260630 12:34:55.075400  4063 raft_consensus.cc:515] T 59d55f8cee124fceb7270e714fabfe23 P b48fd3cfa8014f43b933ce60cf88ff9e [term 1 FOLLOWER]: Starting leader election with config: opid_index: -1 OBSOLETE_local: false peers { permanent_uuid: "b48fd3cfa8014f43b933ce60cf88ff9e" member_type: VOTER last_known_addr { host: "127.0.180.67" port: 46139 } } peers { permanent_uuid: "d544d41d176d4d29a152d9076d051b13" member_type: VOTER last_known_addr { host: "127.0.180.68" port: 36869 } } peers { permanent_uuid: "97bfe58f6bab4e2cbfe1775949c1578e" member_type: VOTER last_known_addr { host: "127.0.180.65" port: 46081 } }
I20260630 12:34:55.077409  4063 leader_election.cc:290] T 59d55f8cee124fceb7270e714fabfe23 P b48fd3cfa8014f43b933ce60cf88ff9e [CANDIDATE]: Term 1 election: Requested vote from peers d544d41d176d4d29a152d9076d051b13 (127.0.180.68:36869), 97bfe58f6bab4e2cbfe1775949c1578e (127.0.180.65:46081)
I20260630 12:34:55.079496  3999 tablet_service.cc:1917] Received RequestConsensusVote() RPC: tablet_id: "59d55f8cee124fceb7270e714fabfe23" candidate_uuid: "b48fd3cfa8014f43b933ce60cf88ff9e" candidate_term: 1 candidate_status { last_received { term: 0 index: 0 } } ignore_live_leader: false dest_uuid: "d544d41d176d4d29a152d9076d051b13"
I20260630 12:34:55.079442  3704 tablet_service.cc:1917] Received RequestConsensusVote() RPC: tablet_id: "59d55f8cee124fceb7270e714fabfe23" candidate_uuid: "b48fd3cfa8014f43b933ce60cf88ff9e" candidate_term: 1 candidate_status { last_received { term: 0 index: 0 } } ignore_live_leader: false dest_uuid: "97bfe58f6bab4e2cbfe1775949c1578e"
W20260630 12:34:55.081357  3819 leader_election.cc:343] T 59d55f8cee124fceb7270e714fabfe23 P b48fd3cfa8014f43b933ce60cf88ff9e [CANDIDATE]: Term 1 election: Tablet error from VoteRequest() call to peer d544d41d176d4d29a152d9076d051b13 (127.0.180.68:36869): Illegal state: must be running to vote when last-logged opid is not known
I20260630 12:34:55.083628  3704 raft_consensus.cc:3060] T 59d55f8cee124fceb7270e714fabfe23 P 97bfe58f6bab4e2cbfe1775949c1578e [term 0 FOLLOWER]: Advancing to term 1
I20260630 12:34:55.086097  4043 tablet_bootstrap.cc:492] T 116ffc2fc5ac4a0c9efa9886c9c3f011 P c36b7e2aaff34c10a305af4dc551bf67: No bootstrap required, opened a new log
I20260630 12:34:55.086611  4043 ts_tablet_manager.cc:1403] T 116ffc2fc5ac4a0c9efa9886c9c3f011 P c36b7e2aaff34c10a305af4dc551bf67: Time spent bootstrapping tablet: real 0.058s	user 0.016s	sys 0.003s
I20260630 12:34:55.089443  4043 raft_consensus.cc:359] T 116ffc2fc5ac4a0c9efa9886c9c3f011 P c36b7e2aaff34c10a305af4dc551bf67 [term 0 FOLLOWER]: Replica starting. Triggering 0 pending ops. Active config: opid_index: -1 OBSOLETE_local: false peers { permanent_uuid: "d544d41d176d4d29a152d9076d051b13" member_type: VOTER last_known_addr { host: "127.0.180.68" port: 36869 } } peers { permanent_uuid: "97bfe58f6bab4e2cbfe1775949c1578e" member_type: VOTER last_known_addr { host: "127.0.180.65" port: 46081 } } peers { permanent_uuid: "c36b7e2aaff34c10a305af4dc551bf67" member_type: VOTER last_known_addr { host: "127.0.180.66" port: 40709 } }
I20260630 12:34:55.093005  4043 raft_consensus.cc:385] T 116ffc2fc5ac4a0c9efa9886c9c3f011 P c36b7e2aaff34c10a305af4dc551bf67 [term 0 FOLLOWER]: Consensus starting up: Expiring failure detector timer to make a prompt election more likely
I20260630 12:34:55.093437  4043 raft_consensus.cc:740] T 116ffc2fc5ac4a0c9efa9886c9c3f011 P c36b7e2aaff34c10a305af4dc551bf67 [term 0 FOLLOWER]: Becoming Follower/Learner. State: Replica: c36b7e2aaff34c10a305af4dc551bf67, State: Initialized, Role: FOLLOWER
I20260630 12:34:55.094429  4043 consensus_queue.cc:260] T 116ffc2fc5ac4a0c9efa9886c9c3f011 P c36b7e2aaff34c10a305af4dc551bf67 [NON_LEADER]: Queue going to NON_LEADER mode. State: All replicated index: 0, Majority replicated index: 0, Committed index: 0, Last appended: 0.0, Last appended by leader: 0, Current term: 0, Majority size: -1, State: 0, Mode: NON_LEADER, active raft config: opid_index: -1 OBSOLETE_local: false peers { permanent_uuid: "d544d41d176d4d29a152d9076d051b13" member_type: VOTER last_known_addr { host: "127.0.180.68" port: 36869 } } peers { permanent_uuid: "97bfe58f6bab4e2cbfe1775949c1578e" member_type: VOTER last_known_addr { host: "127.0.180.65" port: 46081 } } peers { permanent_uuid: "c36b7e2aaff34c10a305af4dc551bf67" member_type: VOTER last_known_addr { host: "127.0.180.66" port: 40709 } }
I20260630 12:34:55.096833  4043 ts_tablet_manager.cc:1434] T 116ffc2fc5ac4a0c9efa9886c9c3f011 P c36b7e2aaff34c10a305af4dc551bf67: Time spent starting tablet: real 0.010s	user 0.007s	sys 0.000s
I20260630 12:34:55.090231  3905 raft_consensus.cc:2749] T f5c201ad00024b3a879354bbe35082d0 P c36b7e2aaff34c10a305af4dc551bf67 [term 1 FOLLOWER]: Leader pre-election lost for term 1. Reason: could not achieve majority
I20260630 12:34:55.100428  4042 tablet_bootstrap.cc:654] T 116ffc2fc5ac4a0c9efa9886c9c3f011 P 97bfe58f6bab4e2cbfe1775949c1578e: Neither blocks nor log segments found. Creating new log.
I20260630 12:34:55.105468  4045 tablet_bootstrap.cc:492] T 59d55f8cee124fceb7270e714fabfe23 P d544d41d176d4d29a152d9076d051b13: No bootstrap required, opened a new log
I20260630 12:34:55.105971  4045 ts_tablet_manager.cc:1403] T 59d55f8cee124fceb7270e714fabfe23 P d544d41d176d4d29a152d9076d051b13: Time spent bootstrapping tablet: real 0.082s	user 0.033s	sys 0.047s
I20260630 12:34:55.108744  4045 raft_consensus.cc:359] T 59d55f8cee124fceb7270e714fabfe23 P d544d41d176d4d29a152d9076d051b13 [term 0 FOLLOWER]: Replica starting. Triggering 0 pending ops. Active config: opid_index: -1 OBSOLETE_local: false peers { permanent_uuid: "b48fd3cfa8014f43b933ce60cf88ff9e" member_type: VOTER last_known_addr { host: "127.0.180.67" port: 46139 } } peers { permanent_uuid: "d544d41d176d4d29a152d9076d051b13" member_type: VOTER last_known_addr { host: "127.0.180.68" port: 36869 } } peers { permanent_uuid: "97bfe58f6bab4e2cbfe1775949c1578e" member_type: VOTER last_known_addr { host: "127.0.180.65" port: 46081 } }
I20260630 12:34:55.109069  3704 raft_consensus.cc:2468] T 59d55f8cee124fceb7270e714fabfe23 P 97bfe58f6bab4e2cbfe1775949c1578e [term 1 FOLLOWER]: Leader election vote request: Granting yes vote for candidate b48fd3cfa8014f43b933ce60cf88ff9e in term 1.
I20260630 12:34:55.109526  4045 raft_consensus.cc:385] T 59d55f8cee124fceb7270e714fabfe23 P d544d41d176d4d29a152d9076d051b13 [term 0 FOLLOWER]: Consensus starting up: Expiring failure detector timer to make a prompt election more likely
I20260630 12:34:55.109769  4042 tablet_bootstrap.cc:492] T 116ffc2fc5ac4a0c9efa9886c9c3f011 P 97bfe58f6bab4e2cbfe1775949c1578e: No bootstrap required, opened a new log
I20260630 12:34:55.110354  4045 raft_consensus.cc:740] T 59d55f8cee124fceb7270e714fabfe23 P d544d41d176d4d29a152d9076d051b13 [term 0 FOLLOWER]: Becoming Follower/Learner. State: Replica: d544d41d176d4d29a152d9076d051b13, State: Initialized, Role: FOLLOWER
I20260630 12:34:55.110620  3819 leader_election.cc:304] T 59d55f8cee124fceb7270e714fabfe23 P b48fd3cfa8014f43b933ce60cf88ff9e [CANDIDATE]: Term 1 election: Election decided. Result: candidate won. Election summary: received 3 responses out of 3 voters: 2 yes votes; 1 no votes. yes voters: 97bfe58f6bab4e2cbfe1775949c1578e, b48fd3cfa8014f43b933ce60cf88ff9e; no voters: d544d41d176d4d29a152d9076d051b13
I20260630 12:34:55.110857  4042 ts_tablet_manager.cc:1403] T 116ffc2fc5ac4a0c9efa9886c9c3f011 P 97bfe58f6bab4e2cbfe1775949c1578e: Time spent bootstrapping tablet: real 0.082s	user 0.008s	sys 0.006s
I20260630 12:34:55.111394  4045 consensus_queue.cc:260] T 59d55f8cee124fceb7270e714fabfe23 P d544d41d176d4d29a152d9076d051b13 [NON_LEADER]: Queue going to NON_LEADER mode. State: All replicated index: 0, Majority replicated index: 0, Committed index: 0, Last appended: 0.0, Last appended by leader: 0, Current term: 0, Majority size: -1, State: 0, Mode: NON_LEADER, active raft config: opid_index: -1 OBSOLETE_local: false peers { permanent_uuid: "b48fd3cfa8014f43b933ce60cf88ff9e" member_type: VOTER last_known_addr { host: "127.0.180.67" port: 46139 } } peers { permanent_uuid: "d544d41d176d4d29a152d9076d051b13" member_type: VOTER last_known_addr { host: "127.0.180.68" port: 36869 } } peers { permanent_uuid: "97bfe58f6bab4e2cbfe1775949c1578e" member_type: VOTER last_known_addr { host: "127.0.180.65" port: 46081 } }
I20260630 12:34:55.112435  4063 raft_consensus.cc:2804] T 59d55f8cee124fceb7270e714fabfe23 P b48fd3cfa8014f43b933ce60cf88ff9e [term 1 FOLLOWER]: Leader election won for term 1
I20260630 12:34:55.113394  4063 raft_consensus.cc:697] T 59d55f8cee124fceb7270e714fabfe23 P b48fd3cfa8014f43b933ce60cf88ff9e [term 1 LEADER]: Becoming Leader. State: Replica: b48fd3cfa8014f43b933ce60cf88ff9e, State: Running, Role: LEADER
I20260630 12:34:55.114121  4045 ts_tablet_manager.cc:1434] T 59d55f8cee124fceb7270e714fabfe23 P d544d41d176d4d29a152d9076d051b13: Time spent starting tablet: real 0.008s	user 0.007s	sys 0.001s
I20260630 12:34:55.114351  4063 consensus_queue.cc:237] T 59d55f8cee124fceb7270e714fabfe23 P b48fd3cfa8014f43b933ce60cf88ff9e [LEADER]: Queue going to LEADER mode. State: All replicated index: 0, Majority replicated index: 0, Committed index: 0, Last appended: 0.0, Last appended by leader: 0, Current term: 1, Majority size: 2, State: 0, Mode: LEADER, active raft config: opid_index: -1 OBSOLETE_local: false peers { permanent_uuid: "b48fd3cfa8014f43b933ce60cf88ff9e" member_type: VOTER last_known_addr { host: "127.0.180.67" port: 46139 } } peers { permanent_uuid: "d544d41d176d4d29a152d9076d051b13" member_type: VOTER last_known_addr { host: "127.0.180.68" port: 36869 } } peers { permanent_uuid: "97bfe58f6bab4e2cbfe1775949c1578e" member_type: VOTER last_known_addr { host: "127.0.180.65" port: 46081 } }
I20260630 12:34:55.115144  4045 tablet_bootstrap.cc:492] T 116ffc2fc5ac4a0c9efa9886c9c3f011 P d544d41d176d4d29a152d9076d051b13: Bootstrap starting.
I20260630 12:34:55.124127  4042 raft_consensus.cc:359] T 116ffc2fc5ac4a0c9efa9886c9c3f011 P 97bfe58f6bab4e2cbfe1775949c1578e [term 0 FOLLOWER]: Replica starting. Triggering 0 pending ops. Active config: opid_index: -1 OBSOLETE_local: false peers { permanent_uuid: "d544d41d176d4d29a152d9076d051b13" member_type: VOTER last_known_addr { host: "127.0.180.68" port: 36869 } } peers { permanent_uuid: "97bfe58f6bab4e2cbfe1775949c1578e" member_type: VOTER last_known_addr { host: "127.0.180.65" port: 46081 } } peers { permanent_uuid: "c36b7e2aaff34c10a305af4dc551bf67" member_type: VOTER last_known_addr { host: "127.0.180.66" port: 40709 } }
I20260630 12:34:55.124854  4042 raft_consensus.cc:385] T 116ffc2fc5ac4a0c9efa9886c9c3f011 P 97bfe58f6bab4e2cbfe1775949c1578e [term 0 FOLLOWER]: Consensus starting up: Expiring failure detector timer to make a prompt election more likely
I20260630 12:34:55.125135  4042 raft_consensus.cc:740] T 116ffc2fc5ac4a0c9efa9886c9c3f011 P 97bfe58f6bab4e2cbfe1775949c1578e [term 0 FOLLOWER]: Becoming Follower/Learner. State: Replica: 97bfe58f6bab4e2cbfe1775949c1578e, State: Initialized, Role: FOLLOWER
I20260630 12:34:55.125912  4042 consensus_queue.cc:260] T 116ffc2fc5ac4a0c9efa9886c9c3f011 P 97bfe58f6bab4e2cbfe1775949c1578e [NON_LEADER]: Queue going to NON_LEADER mode. State: All replicated index: 0, Majority replicated index: 0, Committed index: 0, Last appended: 0.0, Last appended by leader: 0, Current term: 0, Majority size: -1, State: 0, Mode: NON_LEADER, active raft config: opid_index: -1 OBSOLETE_local: false peers { permanent_uuid: "d544d41d176d4d29a152d9076d051b13" member_type: VOTER last_known_addr { host: "127.0.180.68" port: 36869 } } peers { permanent_uuid: "97bfe58f6bab4e2cbfe1775949c1578e" member_type: VOTER last_known_addr { host: "127.0.180.65" port: 46081 } } peers { permanent_uuid: "c36b7e2aaff34c10a305af4dc551bf67" member_type: VOTER last_known_addr { host: "127.0.180.66" port: 40709 } }
I20260630 12:34:55.128230  4042 ts_tablet_manager.cc:1434] T 116ffc2fc5ac4a0c9efa9886c9c3f011 P 97bfe58f6bab4e2cbfe1775949c1578e: Time spent starting tablet: real 0.017s	user 0.004s	sys 0.001s
I20260630 12:34:55.129596  4042 tablet_bootstrap.cc:492] T fdcac49a0c0c47a3ae2457b188b70844 P 97bfe58f6bab4e2cbfe1775949c1578e: Bootstrap starting.
I20260630 12:34:55.131678  4054 raft_consensus.cc:493] T 7be69489a92446f9b094a9cd7bdece3b P d544d41d176d4d29a152d9076d051b13 [term 0 FOLLOWER]: Starting pre-election (no leader contacted us within the election timeout)
I20260630 12:34:55.132154  4054 raft_consensus.cc:515] T 7be69489a92446f9b094a9cd7bdece3b P d544d41d176d4d29a152d9076d051b13 [term 0 FOLLOWER]: Starting pre-election with config: opid_index: -1 OBSOLETE_local: false peers { permanent_uuid: "d544d41d176d4d29a152d9076d051b13" member_type: VOTER last_known_addr { host: "127.0.180.68" port: 36869 } } peers { permanent_uuid: "c36b7e2aaff34c10a305af4dc551bf67" member_type: VOTER last_known_addr { host: "127.0.180.66" port: 40709 } } peers { permanent_uuid: "b48fd3cfa8014f43b933ce60cf88ff9e" member_type: VOTER last_known_addr { host: "127.0.180.67" port: 46139 } }
I20260630 12:34:55.134351  4045 tablet_bootstrap.cc:654] T 116ffc2fc5ac4a0c9efa9886c9c3f011 P d544d41d176d4d29a152d9076d051b13: Neither blocks nor log segments found. Creating new log.
I20260630 12:34:55.134919  4054 leader_election.cc:290] T 7be69489a92446f9b094a9cd7bdece3b P d544d41d176d4d29a152d9076d051b13 [CANDIDATE]: Term 1 pre-election: Requested pre-vote from peers c36b7e2aaff34c10a305af4dc551bf67 (127.0.180.66:40709), b48fd3cfa8014f43b933ce60cf88ff9e (127.0.180.67:46139)
I20260630 12:34:55.135733  4042 tablet_bootstrap.cc:654] T fdcac49a0c0c47a3ae2457b188b70844 P 97bfe58f6bab4e2cbfe1775949c1578e: Neither blocks nor log segments found. Creating new log.
I20260630 12:34:55.142230  3599 catalog_manager.cc:5697] T 59d55f8cee124fceb7270e714fabfe23 P b48fd3cfa8014f43b933ce60cf88ff9e reported cstate change: term changed from 0 to 1, leader changed from <none> to b48fd3cfa8014f43b933ce60cf88ff9e (127.0.180.67). New cstate: current_term: 1 leader_uuid: "b48fd3cfa8014f43b933ce60cf88ff9e" committed_config { opid_index: -1 OBSOLETE_local: false peers { permanent_uuid: "b48fd3cfa8014f43b933ce60cf88ff9e" member_type: VOTER last_known_addr { host: "127.0.180.67" port: 46139 } health_report { overall_health: HEALTHY } } peers { permanent_uuid: "d544d41d176d4d29a152d9076d051b13" member_type: VOTER last_known_addr { host: "127.0.180.68" port: 36869 } health_report { overall_health: UNKNOWN } } peers { permanent_uuid: "97bfe58f6bab4e2cbfe1775949c1578e" member_type: VOTER last_known_addr { host: "127.0.180.65" port: 46081 } health_report { overall_health: UNKNOWN } } }
I20260630 12:34:55.168020  4064 raft_consensus.cc:493] T 7be69489a92446f9b094a9cd7bdece3b P c36b7e2aaff34c10a305af4dc551bf67 [term 0 FOLLOWER]: Starting pre-election (no leader contacted us within the election timeout)
I20260630 12:34:55.168936  4064 raft_consensus.cc:515] T 7be69489a92446f9b094a9cd7bdece3b P c36b7e2aaff34c10a305af4dc551bf67 [term 0 FOLLOWER]: Starting pre-election with config: opid_index: -1 OBSOLETE_local: false peers { permanent_uuid: "d544d41d176d4d29a152d9076d051b13" member_type: VOTER last_known_addr { host: "127.0.180.68" port: 36869 } } peers { permanent_uuid: "c36b7e2aaff34c10a305af4dc551bf67" member_type: VOTER last_known_addr { host: "127.0.180.66" port: 40709 } } peers { permanent_uuid: "b48fd3cfa8014f43b933ce60cf88ff9e" member_type: VOTER last_known_addr { host: "127.0.180.67" port: 46139 } }
I20260630 12:34:55.172919  3999 tablet_service.cc:1917] Received RequestConsensusVote() RPC: tablet_id: "7be69489a92446f9b094a9cd7bdece3b" candidate_uuid: "c36b7e2aaff34c10a305af4dc551bf67" candidate_term: 1 candidate_status { last_received { term: 0 index: 0 } } ignore_live_leader: false dest_uuid: "d544d41d176d4d29a152d9076d051b13" is_pre_election: true
I20260630 12:34:55.173316  4064 leader_election.cc:290] T 7be69489a92446f9b094a9cd7bdece3b P c36b7e2aaff34c10a305af4dc551bf67 [CANDIDATE]: Term 1 pre-election: Requested pre-vote from peers d544d41d176d4d29a152d9076d051b13 (127.0.180.68:36869), b48fd3cfa8014f43b933ce60cf88ff9e (127.0.180.67:46139)
I20260630 12:34:55.174512  4054 raft_consensus.cc:493] T 59d55f8cee124fceb7270e714fabfe23 P d544d41d176d4d29a152d9076d051b13 [term 0 FOLLOWER]: Starting pre-election (no leader contacted us within the election timeout)
I20260630 12:34:55.173648  3999 raft_consensus.cc:2468] T 7be69489a92446f9b094a9cd7bdece3b P d544d41d176d4d29a152d9076d051b13 [term 0 FOLLOWER]: Leader pre-election vote request: Granting yes vote for candidate c36b7e2aaff34c10a305af4dc551bf67 in term 0.
I20260630 12:34:55.175015  4054 raft_consensus.cc:515] T 59d55f8cee124fceb7270e714fabfe23 P d544d41d176d4d29a152d9076d051b13 [term 0 FOLLOWER]: Starting pre-election with config: opid_index: -1 OBSOLETE_local: false peers { permanent_uuid: "b48fd3cfa8014f43b933ce60cf88ff9e" member_type: VOTER last_known_addr { host: "127.0.180.67" port: 46139 } } peers { permanent_uuid: "d544d41d176d4d29a152d9076d051b13" member_type: VOTER last_known_addr { host: "127.0.180.68" port: 36869 } } peers { permanent_uuid: "97bfe58f6bab4e2cbfe1775949c1578e" member_type: VOTER last_known_addr { host: "127.0.180.65" port: 46081 } }
I20260630 12:34:55.175730  3745 leader_election.cc:304] T 7be69489a92446f9b094a9cd7bdece3b P c36b7e2aaff34c10a305af4dc551bf67 [CANDIDATE]: Term 1 pre-election: Election decided. Result: candidate won. Election summary: received 2 responses out of 3 voters: 2 yes votes; 0 no votes. yes voters: c36b7e2aaff34c10a305af4dc551bf67, d544d41d176d4d29a152d9076d051b13; no voters: 
I20260630 12:34:55.176846  4064 raft_consensus.cc:2804] T 7be69489a92446f9b094a9cd7bdece3b P c36b7e2aaff34c10a305af4dc551bf67 [term 0 FOLLOWER]: Leader pre-election won for term 1
I20260630 12:34:55.177315  4064 raft_consensus.cc:493] T 7be69489a92446f9b094a9cd7bdece3b P c36b7e2aaff34c10a305af4dc551bf67 [term 0 FOLLOWER]: Starting leader election (no leader contacted us within the election timeout)
I20260630 12:34:55.177734  4064 raft_consensus.cc:3060] T 7be69489a92446f9b094a9cd7bdece3b P c36b7e2aaff34c10a305af4dc551bf67 [term 0 FOLLOWER]: Advancing to term 1
I20260630 12:34:55.182755  4054 leader_election.cc:290] T 59d55f8cee124fceb7270e714fabfe23 P d544d41d176d4d29a152d9076d051b13 [CANDIDATE]: Term 1 pre-election: Requested pre-vote from peers b48fd3cfa8014f43b933ce60cf88ff9e (127.0.180.67:46139), 97bfe58f6bab4e2cbfe1775949c1578e (127.0.180.65:46081)
I20260630 12:34:55.188970  4064 raft_consensus.cc:515] T 7be69489a92446f9b094a9cd7bdece3b P c36b7e2aaff34c10a305af4dc551bf67 [term 1 FOLLOWER]: Starting leader election with config: opid_index: -1 OBSOLETE_local: false peers { permanent_uuid: "d544d41d176d4d29a152d9076d051b13" member_type: VOTER last_known_addr { host: "127.0.180.68" port: 36869 } } peers { permanent_uuid: "c36b7e2aaff34c10a305af4dc551bf67" member_type: VOTER last_known_addr { host: "127.0.180.66" port: 40709 } } peers { permanent_uuid: "b48fd3cfa8014f43b933ce60cf88ff9e" member_type: VOTER last_known_addr { host: "127.0.180.67" port: 46139 } }
I20260630 12:34:55.190837  3851 tablet_service.cc:1917] Received RequestConsensusVote() RPC: tablet_id: "7be69489a92446f9b094a9cd7bdece3b" candidate_uuid: "c36b7e2aaff34c10a305af4dc551bf67" candidate_term: 1 candidate_status { last_received { term: 0 index: 0 } } ignore_live_leader: false dest_uuid: "b48fd3cfa8014f43b933ce60cf88ff9e" is_pre_election: true
I20260630 12:34:55.194499  4064 leader_election.cc:290] T 7be69489a92446f9b094a9cd7bdece3b P c36b7e2aaff34c10a305af4dc551bf67 [CANDIDATE]: Term 1 election: Requested vote from peers d544d41d176d4d29a152d9076d051b13 (127.0.180.68:36869), b48fd3cfa8014f43b933ce60cf88ff9e (127.0.180.67:46139)
I20260630 12:34:55.196359  3999 tablet_service.cc:1917] Received RequestConsensusVote() RPC: tablet_id: "7be69489a92446f9b094a9cd7bdece3b" candidate_uuid: "c36b7e2aaff34c10a305af4dc551bf67" candidate_term: 1 candidate_status { last_received { term: 0 index: 0 } } ignore_live_leader: false dest_uuid: "d544d41d176d4d29a152d9076d051b13"
I20260630 12:34:55.197120  3999 raft_consensus.cc:3060] T 7be69489a92446f9b094a9cd7bdece3b P d544d41d176d4d29a152d9076d051b13 [term 0 FOLLOWER]: Advancing to term 1
I20260630 12:34:55.193727  3851 raft_consensus.cc:2468] T 7be69489a92446f9b094a9cd7bdece3b P b48fd3cfa8014f43b933ce60cf88ff9e [term 0 FOLLOWER]: Leader pre-election vote request: Granting yes vote for candidate c36b7e2aaff34c10a305af4dc551bf67 in term 0.
I20260630 12:34:55.209998  3851 tablet_service.cc:1917] Received RequestConsensusVote() RPC: tablet_id: "7be69489a92446f9b094a9cd7bdece3b" candidate_uuid: "c36b7e2aaff34c10a305af4dc551bf67" candidate_term: 1 candidate_status { last_received { term: 0 index: 0 } } ignore_live_leader: false dest_uuid: "b48fd3cfa8014f43b933ce60cf88ff9e"
I20260630 12:34:55.210759  3851 raft_consensus.cc:3060] T 7be69489a92446f9b094a9cd7bdece3b P b48fd3cfa8014f43b933ce60cf88ff9e [term 0 FOLLOWER]: Advancing to term 1
I20260630 12:34:55.232393  3999 raft_consensus.cc:2468] T 7be69489a92446f9b094a9cd7bdece3b P d544d41d176d4d29a152d9076d051b13 [term 1 FOLLOWER]: Leader election vote request: Granting yes vote for candidate c36b7e2aaff34c10a305af4dc551bf67 in term 1.
I20260630 12:34:55.235345  3745 leader_election.cc:304] T 7be69489a92446f9b094a9cd7bdece3b P c36b7e2aaff34c10a305af4dc551bf67 [CANDIDATE]: Term 1 election: Election decided. Result: candidate won. Election summary: received 2 responses out of 3 voters: 2 yes votes; 0 no votes. yes voters: c36b7e2aaff34c10a305af4dc551bf67, d544d41d176d4d29a152d9076d051b13; no voters: 
I20260630 12:34:55.236101  3851 raft_consensus.cc:2468] T 7be69489a92446f9b094a9cd7bdece3b P b48fd3cfa8014f43b933ce60cf88ff9e [term 1 FOLLOWER]: Leader election vote request: Granting yes vote for candidate c36b7e2aaff34c10a305af4dc551bf67 in term 1.
I20260630 12:34:55.236614  4064 raft_consensus.cc:2804] T 7be69489a92446f9b094a9cd7bdece3b P c36b7e2aaff34c10a305af4dc551bf67 [term 1 FOLLOWER]: Leader election won for term 1
I20260630 12:34:55.237308  4064 raft_consensus.cc:697] T 7be69489a92446f9b094a9cd7bdece3b P c36b7e2aaff34c10a305af4dc551bf67 [term 1 LEADER]: Becoming Leader. State: Replica: c36b7e2aaff34c10a305af4dc551bf67, State: Running, Role: LEADER
I20260630 12:34:55.238363  4064 consensus_queue.cc:237] T 7be69489a92446f9b094a9cd7bdece3b P c36b7e2aaff34c10a305af4dc551bf67 [LEADER]: Queue going to LEADER mode. State: All replicated index: 0, Majority replicated index: 0, Committed index: 0, Last appended: 0.0, Last appended by leader: 0, Current term: 1, Majority size: 2, State: 0, Mode: LEADER, active raft config: opid_index: -1 OBSOLETE_local: false peers { permanent_uuid: "d544d41d176d4d29a152d9076d051b13" member_type: VOTER last_known_addr { host: "127.0.180.68" port: 36869 } } peers { permanent_uuid: "c36b7e2aaff34c10a305af4dc551bf67" member_type: VOTER last_known_addr { host: "127.0.180.66" port: 40709 } } peers { permanent_uuid: "b48fd3cfa8014f43b933ce60cf88ff9e" member_type: VOTER last_known_addr { host: "127.0.180.67" port: 46139 } }
I20260630 12:34:55.240056  4045 tablet_bootstrap.cc:492] T 116ffc2fc5ac4a0c9efa9886c9c3f011 P d544d41d176d4d29a152d9076d051b13: No bootstrap required, opened a new log
I20260630 12:34:55.240497  4042 tablet_bootstrap.cc:492] T fdcac49a0c0c47a3ae2457b188b70844 P 97bfe58f6bab4e2cbfe1775949c1578e: No bootstrap required, opened a new log
I20260630 12:34:55.240548  4045 ts_tablet_manager.cc:1403] T 116ffc2fc5ac4a0c9efa9886c9c3f011 P d544d41d176d4d29a152d9076d051b13: Time spent bootstrapping tablet: real 0.126s	user 0.040s	sys 0.067s
I20260630 12:34:55.241119  4042 ts_tablet_manager.cc:1403] T fdcac49a0c0c47a3ae2457b188b70844 P 97bfe58f6bab4e2cbfe1775949c1578e: Time spent bootstrapping tablet: real 0.112s	user 0.024s	sys 0.061s
I20260630 12:34:55.243371  3779 tablet_service.cc:1917] Received RequestConsensusVote() RPC: tablet_id: "7be69489a92446f9b094a9cd7bdece3b" candidate_uuid: "d544d41d176d4d29a152d9076d051b13" candidate_term: 1 candidate_status { last_received { term: 0 index: 0 } } ignore_live_leader: false dest_uuid: "c36b7e2aaff34c10a305af4dc551bf67" is_pre_election: true
I20260630 12:34:55.243762  4045 raft_consensus.cc:359] T 116ffc2fc5ac4a0c9efa9886c9c3f011 P d544d41d176d4d29a152d9076d051b13 [term 0 FOLLOWER]: Replica starting. Triggering 0 pending ops. Active config: opid_index: -1 OBSOLETE_local: false peers { permanent_uuid: "d544d41d176d4d29a152d9076d051b13" member_type: VOTER last_known_addr { host: "127.0.180.68" port: 36869 } } peers { permanent_uuid: "97bfe58f6bab4e2cbfe1775949c1578e" member_type: VOTER last_known_addr { host: "127.0.180.65" port: 46081 } } peers { permanent_uuid: "c36b7e2aaff34c10a305af4dc551bf67" member_type: VOTER last_known_addr { host: "127.0.180.66" port: 40709 } }
I20260630 12:34:55.243991  4042 raft_consensus.cc:359] T fdcac49a0c0c47a3ae2457b188b70844 P 97bfe58f6bab4e2cbfe1775949c1578e [term 0 FOLLOWER]: Replica starting. Triggering 0 pending ops. Active config: opid_index: -1 OBSOLETE_local: false peers { permanent_uuid: "d544d41d176d4d29a152d9076d051b13" member_type: VOTER last_known_addr { host: "127.0.180.68" port: 36869 } } peers { permanent_uuid: "b48fd3cfa8014f43b933ce60cf88ff9e" member_type: VOTER last_known_addr { host: "127.0.180.67" port: 46139 } } peers { permanent_uuid: "97bfe58f6bab4e2cbfe1775949c1578e" member_type: VOTER last_known_addr { host: "127.0.180.65" port: 46081 } }
I20260630 12:34:55.244499  4045 raft_consensus.cc:385] T 116ffc2fc5ac4a0c9efa9886c9c3f011 P d544d41d176d4d29a152d9076d051b13 [term 0 FOLLOWER]: Consensus starting up: Expiring failure detector timer to make a prompt election more likely
I20260630 12:34:55.244709  4042 raft_consensus.cc:385] T fdcac49a0c0c47a3ae2457b188b70844 P 97bfe58f6bab4e2cbfe1775949c1578e [term 0 FOLLOWER]: Consensus starting up: Expiring failure detector timer to make a prompt election more likely
I20260630 12:34:55.244849  4045 raft_consensus.cc:740] T 116ffc2fc5ac4a0c9efa9886c9c3f011 P d544d41d176d4d29a152d9076d051b13 [term 0 FOLLOWER]: Becoming Follower/Learner. State: Replica: d544d41d176d4d29a152d9076d051b13, State: Initialized, Role: FOLLOWER
I20260630 12:34:55.245205  4042 raft_consensus.cc:740] T fdcac49a0c0c47a3ae2457b188b70844 P 97bfe58f6bab4e2cbfe1775949c1578e [term 0 FOLLOWER]: Becoming Follower/Learner. State: Replica: 97bfe58f6bab4e2cbfe1775949c1578e, State: Initialized, Role: FOLLOWER
I20260630 12:34:55.246332  4045 consensus_queue.cc:260] T 116ffc2fc5ac4a0c9efa9886c9c3f011 P d544d41d176d4d29a152d9076d051b13 [NON_LEADER]: Queue going to NON_LEADER mode. State: All replicated index: 0, Majority replicated index: 0, Committed index: 0, Last appended: 0.0, Last appended by leader: 0, Current term: 0, Majority size: -1, State: 0, Mode: NON_LEADER, active raft config: opid_index: -1 OBSOLETE_local: false peers { permanent_uuid: "d544d41d176d4d29a152d9076d051b13" member_type: VOTER last_known_addr { host: "127.0.180.68" port: 36869 } } peers { permanent_uuid: "97bfe58f6bab4e2cbfe1775949c1578e" member_type: VOTER last_known_addr { host: "127.0.180.65" port: 46081 } } peers { permanent_uuid: "c36b7e2aaff34c10a305af4dc551bf67" member_type: VOTER last_known_addr { host: "127.0.180.66" port: 40709 } }
I20260630 12:34:55.247172  4054 raft_consensus.cc:493] T 116ffc2fc5ac4a0c9efa9886c9c3f011 P d544d41d176d4d29a152d9076d051b13 [term 0 FOLLOWER]: Starting pre-election (no leader contacted us within the election timeout)
I20260630 12:34:55.247236  4042 consensus_queue.cc:260] T fdcac49a0c0c47a3ae2457b188b70844 P 97bfe58f6bab4e2cbfe1775949c1578e [NON_LEADER]: Queue going to NON_LEADER mode. State: All replicated index: 0, Majority replicated index: 0, Committed index: 0, Last appended: 0.0, Last appended by leader: 0, Current term: 0, Majority size: -1, State: 0, Mode: NON_LEADER, active raft config: opid_index: -1 OBSOLETE_local: false peers { permanent_uuid: "d544d41d176d4d29a152d9076d051b13" member_type: VOTER last_known_addr { host: "127.0.180.68" port: 36869 } } peers { permanent_uuid: "b48fd3cfa8014f43b933ce60cf88ff9e" member_type: VOTER last_known_addr { host: "127.0.180.67" port: 46139 } } peers { permanent_uuid: "97bfe58f6bab4e2cbfe1775949c1578e" member_type: VOTER last_known_addr { host: "127.0.180.65" port: 46081 } }
I20260630 12:34:55.247700  4054 raft_consensus.cc:515] T 116ffc2fc5ac4a0c9efa9886c9c3f011 P d544d41d176d4d29a152d9076d051b13 [term 0 FOLLOWER]: Starting pre-election with config: opid_index: -1 OBSOLETE_local: false peers { permanent_uuid: "d544d41d176d4d29a152d9076d051b13" member_type: VOTER last_known_addr { host: "127.0.180.68" port: 36869 } } peers { permanent_uuid: "97bfe58f6bab4e2cbfe1775949c1578e" member_type: VOTER last_known_addr { host: "127.0.180.65" port: 46081 } } peers { permanent_uuid: "c36b7e2aaff34c10a305af4dc551bf67" member_type: VOTER last_known_addr { host: "127.0.180.66" port: 40709 } }
I20260630 12:34:55.250068  4042 ts_tablet_manager.cc:1434] T fdcac49a0c0c47a3ae2457b188b70844 P 97bfe58f6bab4e2cbfe1775949c1578e: Time spent starting tablet: real 0.009s	user 0.005s	sys 0.002s
I20260630 12:34:55.254197  3853 tablet_service.cc:1917] Received RequestConsensusVote() RPC: tablet_id: "59d55f8cee124fceb7270e714fabfe23" candidate_uuid: "d544d41d176d4d29a152d9076d051b13" candidate_term: 1 candidate_status { last_received { term: 0 index: 0 } } ignore_live_leader: false dest_uuid: "b48fd3cfa8014f43b933ce60cf88ff9e" is_pre_election: true
I20260630 12:34:55.255048  3704 tablet_service.cc:1917] Received RequestConsensusVote() RPC: tablet_id: "59d55f8cee124fceb7270e714fabfe23" candidate_uuid: "d544d41d176d4d29a152d9076d051b13" candidate_term: 1 candidate_status { last_received { term: 0 index: 0 } } ignore_live_leader: false dest_uuid: "97bfe58f6bab4e2cbfe1775949c1578e" is_pre_election: true
I20260630 12:34:55.256108  3704 raft_consensus.cc:2393] T 59d55f8cee124fceb7270e714fabfe23 P 97bfe58f6bab4e2cbfe1775949c1578e [term 1 FOLLOWER]: Leader pre-election vote request: Denying vote to candidate d544d41d176d4d29a152d9076d051b13 in current term 1: Already voted for candidate b48fd3cfa8014f43b933ce60cf88ff9e in this term.
I20260630 12:34:55.256176  3851 tablet_service.cc:1917] Received RequestConsensusVote() RPC: tablet_id: "7be69489a92446f9b094a9cd7bdece3b" candidate_uuid: "d544d41d176d4d29a152d9076d051b13" candidate_term: 1 candidate_status { last_received { term: 0 index: 0 } } ignore_live_leader: false dest_uuid: "b48fd3cfa8014f43b933ce60cf88ff9e" is_pre_election: true
I20260630 12:34:55.257699  3851 raft_consensus.cc:2393] T 7be69489a92446f9b094a9cd7bdece3b P b48fd3cfa8014f43b933ce60cf88ff9e [term 1 FOLLOWER]: Leader pre-election vote request: Denying vote to candidate d544d41d176d4d29a152d9076d051b13 in current term 1: Already voted for candidate c36b7e2aaff34c10a305af4dc551bf67 in this term.
I20260630 12:34:55.258090  4054 leader_election.cc:290] T 116ffc2fc5ac4a0c9efa9886c9c3f011 P d544d41d176d4d29a152d9076d051b13 [CANDIDATE]: Term 1 pre-election: Requested pre-vote from peers 97bfe58f6bab4e2cbfe1775949c1578e (127.0.180.65:46081), c36b7e2aaff34c10a305af4dc551bf67 (127.0.180.66:40709)
I20260630 12:34:55.257835  3968 leader_election.cc:304] T 59d55f8cee124fceb7270e714fabfe23 P d544d41d176d4d29a152d9076d051b13 [CANDIDATE]: Term 1 pre-election: Election decided. Result: candidate lost. Election summary: received 3 responses out of 3 voters: 1 yes votes; 2 no votes. yes voters: d544d41d176d4d29a152d9076d051b13; no voters: 97bfe58f6bab4e2cbfe1775949c1578e, b48fd3cfa8014f43b933ce60cf88ff9e
I20260630 12:34:55.258972  3967 leader_election.cc:304] T 7be69489a92446f9b094a9cd7bdece3b P d544d41d176d4d29a152d9076d051b13 [CANDIDATE]: Term 1 pre-election: Election decided. Result: candidate lost. Election summary: received 3 responses out of 3 voters: 1 yes votes; 2 no votes. yes voters: d544d41d176d4d29a152d9076d051b13; no voters: b48fd3cfa8014f43b933ce60cf88ff9e, c36b7e2aaff34c10a305af4dc551bf67
I20260630 12:34:55.259649  3779 tablet_service.cc:1917] Received RequestConsensusVote() RPC: tablet_id: "116ffc2fc5ac4a0c9efa9886c9c3f011" candidate_uuid: "d544d41d176d4d29a152d9076d051b13" candidate_term: 1 candidate_status { last_received { term: 0 index: 0 } } ignore_live_leader: false dest_uuid: "c36b7e2aaff34c10a305af4dc551bf67" is_pre_election: true
I20260630 12:34:55.260294  3779 raft_consensus.cc:2468] T 116ffc2fc5ac4a0c9efa9886c9c3f011 P c36b7e2aaff34c10a305af4dc551bf67 [term 0 FOLLOWER]: Leader pre-election vote request: Granting yes vote for candidate d544d41d176d4d29a152d9076d051b13 in term 0.
I20260630 12:34:55.260617  3704 tablet_service.cc:1917] Received RequestConsensusVote() RPC: tablet_id: "116ffc2fc5ac4a0c9efa9886c9c3f011" candidate_uuid: "d544d41d176d4d29a152d9076d051b13" candidate_term: 1 candidate_status { last_received { term: 0 index: 0 } } ignore_live_leader: false dest_uuid: "97bfe58f6bab4e2cbfe1775949c1578e" is_pre_election: true
I20260630 12:34:55.261401  3704 raft_consensus.cc:2468] T 116ffc2fc5ac4a0c9efa9886c9c3f011 P 97bfe58f6bab4e2cbfe1775949c1578e [term 0 FOLLOWER]: Leader pre-election vote request: Granting yes vote for candidate d544d41d176d4d29a152d9076d051b13 in term 0.
I20260630 12:34:55.262076  3965 leader_election.cc:304] T 116ffc2fc5ac4a0c9efa9886c9c3f011 P d544d41d176d4d29a152d9076d051b13 [CANDIDATE]: Term 1 pre-election: Election decided. Result: candidate won. Election summary: received 2 responses out of 3 voters: 2 yes votes; 0 no votes. yes voters: c36b7e2aaff34c10a305af4dc551bf67, d544d41d176d4d29a152d9076d051b13; no voters: 
I20260630 12:34:55.263531  4054 raft_consensus.cc:3060] T 59d55f8cee124fceb7270e714fabfe23 P d544d41d176d4d29a152d9076d051b13 [term 0 FOLLOWER]: Advancing to term 1
I20260630 12:34:55.264222  4093 raft_consensus.cc:2749] T 7be69489a92446f9b094a9cd7bdece3b P d544d41d176d4d29a152d9076d051b13 [term 1 FOLLOWER]: Leader pre-election lost for term 1. Reason: could not achieve majority
I20260630 12:34:55.264956  4093 raft_consensus.cc:2804] T 116ffc2fc5ac4a0c9efa9886c9c3f011 P d544d41d176d4d29a152d9076d051b13 [term 0 FOLLOWER]: Leader pre-election won for term 1
I20260630 12:34:55.265291  4093 raft_consensus.cc:493] T 116ffc2fc5ac4a0c9efa9886c9c3f011 P d544d41d176d4d29a152d9076d051b13 [term 0 FOLLOWER]: Starting leader election (no leader contacted us within the election timeout)
I20260630 12:34:55.265592  4093 raft_consensus.cc:3060] T 116ffc2fc5ac4a0c9efa9886c9c3f011 P d544d41d176d4d29a152d9076d051b13 [term 0 FOLLOWER]: Advancing to term 1
I20260630 12:34:55.268229  3599 catalog_manager.cc:5697] T 7be69489a92446f9b094a9cd7bdece3b P c36b7e2aaff34c10a305af4dc551bf67 reported cstate change: term changed from 0 to 1, leader changed from <none> to c36b7e2aaff34c10a305af4dc551bf67 (127.0.180.66). New cstate: current_term: 1 leader_uuid: "c36b7e2aaff34c10a305af4dc551bf67" committed_config { opid_index: -1 OBSOLETE_local: false peers { permanent_uuid: "d544d41d176d4d29a152d9076d051b13" member_type: VOTER last_known_addr { host: "127.0.180.68" port: 36869 } health_report { overall_health: UNKNOWN } } peers { permanent_uuid: "c36b7e2aaff34c10a305af4dc551bf67" member_type: VOTER last_known_addr { host: "127.0.180.66" port: 40709 } health_report { overall_health: HEALTHY } } peers { permanent_uuid: "b48fd3cfa8014f43b933ce60cf88ff9e" member_type: VOTER last_known_addr { host: "127.0.180.67" port: 46139 } health_report { overall_health: UNKNOWN } } }
I20260630 12:34:55.271579  4054 raft_consensus.cc:2749] T 59d55f8cee124fceb7270e714fabfe23 P d544d41d176d4d29a152d9076d051b13 [term 1 FOLLOWER]: Leader pre-election lost for term 1. Reason: could not achieve majority
I20260630 12:34:55.272624  4093 raft_consensus.cc:515] T 116ffc2fc5ac4a0c9efa9886c9c3f011 P d544d41d176d4d29a152d9076d051b13 [term 1 FOLLOWER]: Starting leader election with config: opid_index: -1 OBSOLETE_local: false peers { permanent_uuid: "d544d41d176d4d29a152d9076d051b13" member_type: VOTER last_known_addr { host: "127.0.180.68" port: 36869 } } peers { permanent_uuid: "97bfe58f6bab4e2cbfe1775949c1578e" member_type: VOTER last_known_addr { host: "127.0.180.65" port: 46081 } } peers { permanent_uuid: "c36b7e2aaff34c10a305af4dc551bf67" member_type: VOTER last_known_addr { host: "127.0.180.66" port: 40709 } }
I20260630 12:34:55.274663  4093 leader_election.cc:290] T 116ffc2fc5ac4a0c9efa9886c9c3f011 P d544d41d176d4d29a152d9076d051b13 [CANDIDATE]: Term 1 election: Requested vote from peers 97bfe58f6bab4e2cbfe1775949c1578e (127.0.180.65:46081), c36b7e2aaff34c10a305af4dc551bf67 (127.0.180.66:40709)
I20260630 12:34:55.275364  3704 tablet_service.cc:1917] Received RequestConsensusVote() RPC: tablet_id: "116ffc2fc5ac4a0c9efa9886c9c3f011" candidate_uuid: "d544d41d176d4d29a152d9076d051b13" candidate_term: 1 candidate_status { last_received { term: 0 index: 0 } } ignore_live_leader: false dest_uuid: "97bfe58f6bab4e2cbfe1775949c1578e"
I20260630 12:34:55.275879  3704 raft_consensus.cc:3060] T 116ffc2fc5ac4a0c9efa9886c9c3f011 P 97bfe58f6bab4e2cbfe1775949c1578e [term 0 FOLLOWER]: Advancing to term 1
I20260630 12:34:55.277163  4045 ts_tablet_manager.cc:1434] T 116ffc2fc5ac4a0c9efa9886c9c3f011 P d544d41d176d4d29a152d9076d051b13: Time spent starting tablet: real 0.036s	user 0.001s	sys 0.008s
I20260630 12:34:55.278164  4045 tablet_bootstrap.cc:492] T fdcac49a0c0c47a3ae2457b188b70844 P d544d41d176d4d29a152d9076d051b13: Bootstrap starting.
I20260630 12:34:55.278496  3779 tablet_service.cc:1917] Received RequestConsensusVote() RPC: tablet_id: "116ffc2fc5ac4a0c9efa9886c9c3f011" candidate_uuid: "d544d41d176d4d29a152d9076d051b13" candidate_term: 1 candidate_status { last_received { term: 0 index: 0 } } ignore_live_leader: false dest_uuid: "c36b7e2aaff34c10a305af4dc551bf67"
I20260630 12:34:55.279031  3779 raft_consensus.cc:3060] T 116ffc2fc5ac4a0c9efa9886c9c3f011 P c36b7e2aaff34c10a305af4dc551bf67 [term 0 FOLLOWER]: Advancing to term 1
I20260630 12:34:55.283174  3704 raft_consensus.cc:2468] T 116ffc2fc5ac4a0c9efa9886c9c3f011 P 97bfe58f6bab4e2cbfe1775949c1578e [term 1 FOLLOWER]: Leader election vote request: Granting yes vote for candidate d544d41d176d4d29a152d9076d051b13 in term 1.
I20260630 12:34:55.284214  4045 tablet_bootstrap.cc:654] T fdcac49a0c0c47a3ae2457b188b70844 P d544d41d176d4d29a152d9076d051b13: Neither blocks nor log segments found. Creating new log.
I20260630 12:34:55.284303  3968 leader_election.cc:304] T 116ffc2fc5ac4a0c9efa9886c9c3f011 P d544d41d176d4d29a152d9076d051b13 [CANDIDATE]: Term 1 election: Election decided. Result: candidate won. Election summary: received 2 responses out of 3 voters: 2 yes votes; 0 no votes. yes voters: 97bfe58f6bab4e2cbfe1775949c1578e, d544d41d176d4d29a152d9076d051b13; no voters: 
I20260630 12:34:55.285158  4093 raft_consensus.cc:2804] T 116ffc2fc5ac4a0c9efa9886c9c3f011 P d544d41d176d4d29a152d9076d051b13 [term 1 FOLLOWER]: Leader election won for term 1
I20260630 12:34:55.285441  3779 raft_consensus.cc:2468] T 116ffc2fc5ac4a0c9efa9886c9c3f011 P c36b7e2aaff34c10a305af4dc551bf67 [term 1 FOLLOWER]: Leader election vote request: Granting yes vote for candidate d544d41d176d4d29a152d9076d051b13 in term 1.
I20260630 12:34:55.285648  4093 raft_consensus.cc:697] T 116ffc2fc5ac4a0c9efa9886c9c3f011 P d544d41d176d4d29a152d9076d051b13 [term 1 LEADER]: Becoming Leader. State: Replica: d544d41d176d4d29a152d9076d051b13, State: Running, Role: LEADER
I20260630 12:34:55.286530  4093 consensus_queue.cc:237] T 116ffc2fc5ac4a0c9efa9886c9c3f011 P d544d41d176d4d29a152d9076d051b13 [LEADER]: Queue going to LEADER mode. State: All replicated index: 0, Majority replicated index: 0, Committed index: 0, Last appended: 0.0, Last appended by leader: 0, Current term: 1, Majority size: 2, State: 0, Mode: LEADER, active raft config: opid_index: -1 OBSOLETE_local: false peers { permanent_uuid: "d544d41d176d4d29a152d9076d051b13" member_type: VOTER last_known_addr { host: "127.0.180.68" port: 36869 } } peers { permanent_uuid: "97bfe58f6bab4e2cbfe1775949c1578e" member_type: VOTER last_known_addr { host: "127.0.180.65" port: 46081 } } peers { permanent_uuid: "c36b7e2aaff34c10a305af4dc551bf67" member_type: VOTER last_known_addr { host: "127.0.180.66" port: 40709 } }
I20260630 12:34:55.289390  4045 tablet_bootstrap.cc:492] T fdcac49a0c0c47a3ae2457b188b70844 P d544d41d176d4d29a152d9076d051b13: No bootstrap required, opened a new log
I20260630 12:34:55.290134  4045 ts_tablet_manager.cc:1403] T fdcac49a0c0c47a3ae2457b188b70844 P d544d41d176d4d29a152d9076d051b13: Time spent bootstrapping tablet: real 0.012s	user 0.003s	sys 0.008s
