I20260630 12:35:19.792040  5063 leader_election.cc:290] T 699da40e4ed04496b890e291fb5080f7 P 28b3d5bcc76145889607c21c544e1677 [CANDIDATE]: Term 1 election: Requested vote from peers 0c4cde4ca2d2451d984a0c47cb723ca5 (127.0.180.66:43467), ed5916837b0f4da0b28c554504dbbb92 (127.0.180.67:42951)
I20260630 12:35:19.792846  4934 tablet_service.cc:1917] Received RequestConsensusVote() RPC: tablet_id: "699da40e4ed04496b890e291fb5080f7" candidate_uuid: "28b3d5bcc76145889607c21c544e1677" candidate_term: 1 candidate_status { last_received { term: 0 index: 0 } } ignore_live_leader: false dest_uuid: "0c4cde4ca2d2451d984a0c47cb723ca5"
I20260630 12:35:19.793378  4934 raft_consensus.cc:3060] T 699da40e4ed04496b890e291fb5080f7 P 0c4cde4ca2d2451d984a0c47cb723ca5 [term 0 FOLLOWER]: Advancing to term 1
I20260630 12:35:19.793243  5008 tablet_service.cc:1917] Received RequestConsensusVote() RPC: tablet_id: "699da40e4ed04496b890e291fb5080f7" candidate_uuid: "28b3d5bcc76145889607c21c544e1677" candidate_term: 1 candidate_status { last_received { term: 0 index: 0 } } ignore_live_leader: false dest_uuid: "ed5916837b0f4da0b28c554504dbbb92"
I20260630 12:35:19.793947  5008 raft_consensus.cc:3060] T 699da40e4ed04496b890e291fb5080f7 P ed5916837b0f4da0b28c554504dbbb92 [term 0 FOLLOWER]: Advancing to term 1
I20260630 12:35:19.798494  4934 raft_consensus.cc:2468] T 699da40e4ed04496b890e291fb5080f7 P 0c4cde4ca2d2451d984a0c47cb723ca5 [term 1 FOLLOWER]: Leader election vote request: Granting yes vote for candidate 28b3d5bcc76145889607c21c544e1677 in term 1.
I20260630 12:35:19.799660  4822 leader_election.cc:304] T 699da40e4ed04496b890e291fb5080f7 P 28b3d5bcc76145889607c21c544e1677 [CANDIDATE]: Term 1 election: Election decided. Result: candidate won. Election summary: received 2 responses out of 3 voters: 2 yes votes; 0 no votes. yes voters: 0c4cde4ca2d2451d984a0c47cb723ca5, 28b3d5bcc76145889607c21c544e1677; no voters: 
I20260630 12:35:19.799890  5008 raft_consensus.cc:2468] T 699da40e4ed04496b890e291fb5080f7 P ed5916837b0f4da0b28c554504dbbb92 [term 1 FOLLOWER]: Leader election vote request: Granting yes vote for candidate 28b3d5bcc76145889607c21c544e1677 in term 1.
I20260630 12:35:19.800345  5063 raft_consensus.cc:2804] T 699da40e4ed04496b890e291fb5080f7 P 28b3d5bcc76145889607c21c544e1677 [term 1 FOLLOWER]: Leader election won for term 1
I20260630 12:35:19.801544  5063 raft_consensus.cc:697] T 699da40e4ed04496b890e291fb5080f7 P 28b3d5bcc76145889607c21c544e1677 [term 1 LEADER]: Becoming Leader. State: Replica: 28b3d5bcc76145889607c21c544e1677, State: Running, Role: LEADER
I20260630 12:35:19.802225  5063 consensus_queue.cc:237] T 699da40e4ed04496b890e291fb5080f7 P 28b3d5bcc76145889607c21c544e1677 [LEADER]: Queue going to LEADER mode. State: All replicated index: 0, Majority replicated index: 0, Committed index: 0, Last appended: 0.0, Last appended by leader: 0, Current term: 1, Majority size: 2, State: 0, Mode: LEADER, active raft config: opid_index: -1 OBSOLETE_local: false peers { permanent_uuid: "0c4cde4ca2d2451d984a0c47cb723ca5" member_type: VOTER last_known_addr { host: "127.0.180.66" port: 43467 } } peers { permanent_uuid: "ed5916837b0f4da0b28c554504dbbb92" member_type: VOTER last_known_addr { host: "127.0.180.67" port: 42951 } } peers { permanent_uuid: "28b3d5bcc76145889607c21c544e1677" member_type: VOTER last_known_addr { host: "127.0.180.65" port: 41247 } }
I20260630 12:35:19.809420  4757 catalog_manager.cc:5697] T 699da40e4ed04496b890e291fb5080f7 P 28b3d5bcc76145889607c21c544e1677 reported cstate change: term changed from 0 to 1, leader changed from <none> to 28b3d5bcc76145889607c21c544e1677 (127.0.180.65). New cstate: current_term: 1 leader_uuid: "28b3d5bcc76145889607c21c544e1677" committed_config { opid_index: -1 OBSOLETE_local: false peers { permanent_uuid: "0c4cde4ca2d2451d984a0c47cb723ca5" member_type: VOTER last_known_addr { host: "127.0.180.66" port: 43467 } health_report { overall_health: UNKNOWN } } peers { permanent_uuid: "ed5916837b0f4da0b28c554504dbbb92" member_type: VOTER last_known_addr { host: "127.0.180.67" port: 42951 } health_report { overall_health: UNKNOWN } } peers { permanent_uuid: "28b3d5bcc76145889607c21c544e1677" member_type: VOTER last_known_addr { host: "127.0.180.65" port: 41247 } health_report { overall_health: HEALTHY } } }
I20260630 12:35:20.114858  4805 placement_policy_util.cc:411] tablet 699da40e4ed04496b890e291fb5080f7: detected majority of replicas (2 of 3) at location L0
I20260630 12:35:20.116150  4810 auto_leader_rebalancer.cc:141] leader rebalance for table test-workload
I20260630 12:35:20.117782  4810 auto_leader_rebalancer.cc:440] table: test-workload, leader rebalance finish, leader transfer count: 0
I20260630 12:35:20.118088  4810 auto_leader_rebalancer.cc:515] All tables' leader rebalancing finished this round
I20260630 12:35:20.243261  5063 consensus_queue.cc:1048] T 699da40e4ed04496b890e291fb5080f7 P 28b3d5bcc76145889607c21c544e1677 [LEADER]: Connected to new peer: Peer: permanent_uuid: "ed5916837b0f4da0b28c554504dbbb92" member_type: VOTER last_known_addr { host: "127.0.180.67" port: 42951 }, Status: LMP_MISMATCH, Last received: 0.0, Next index: 1, Last known committed idx: 0, Time since last communication: 0.000s
I20260630 12:35:20.254654  5066 consensus_queue.cc:1048] T 699da40e4ed04496b890e291fb5080f7 P 28b3d5bcc76145889607c21c544e1677 [LEADER]: Connected to new peer: Peer: permanent_uuid: "0c4cde4ca2d2451d984a0c47cb723ca5" member_type: VOTER last_known_addr { host: "127.0.180.66" port: 43467 }, Status: LMP_MISMATCH, Last received: 0.0, Next index: 1, Last known committed idx: 0, Time since last communication: 0.000s
I20260630 12:35:21.123523  4805 placement_policy_util.cc:411] tablet 699da40e4ed04496b890e291fb5080f7: detected majority of replicas (2 of 3) at location L0
I20260630 12:35:22.119009  4810 auto_leader_rebalancer.cc:141] leader rebalance for table test-workload
I20260630 12:35:22.120311  4810 auto_leader_rebalancer.cc:440] table: test-workload, leader rebalance finish, leader transfer count: 0
I20260630 12:35:22.120644  4810 auto_leader_rebalancer.cc:515] All tables' leader rebalancing finished this round
I20260630 12:35:22.131428  4805 placement_policy_util.cc:411] tablet 699da40e4ed04496b890e291fb5080f7: detected majority of replicas (2 of 3) at location L0
I20260630 12:35:23.139221  4805 placement_policy_util.cc:411] tablet 699da40e4ed04496b890e291fb5080f7: detected majority of replicas (2 of 3) at location L0
I20260630 12:35:24.121542  4810 auto_leader_rebalancer.cc:141] leader rebalance for table test-workload
I20260630 12:35:24.122809  4810 auto_leader_rebalancer.cc:440] table: test-workload, leader rebalance finish, leader transfer count: 0
I20260630 12:35:24.123119  4810 auto_leader_rebalancer.cc:515] All tables' leader rebalancing finished this round
I20260630 12:35:24.146770  4805 placement_policy_util.cc:411] tablet 699da40e4ed04496b890e291fb5080f7: detected majority of replicas (2 of 3) at location L0
I20260630 12:35:25.154559  4805 placement_policy_util.cc:411] tablet 699da40e4ed04496b890e291fb5080f7: detected majority of replicas (2 of 3) at location L0
I20260630 12:35:26.124063  4810 auto_leader_rebalancer.cc:141] leader rebalance for table test-workload
I20260630 12:35:26.125380  4810 auto_leader_rebalancer.cc:440] table: test-workload, leader rebalance finish, leader transfer count: 0
I20260630 12:35:26.125694  4810 auto_leader_rebalancer.cc:515] All tables' leader rebalancing finished this round
I20260630 12:35:26.162098  4805 placement_policy_util.cc:411] tablet 699da40e4ed04496b890e291fb5080f7: detected majority of replicas (2 of 3) at location L0
I20260630 12:35:27.169885  4805 placement_policy_util.cc:411] tablet 699da40e4ed04496b890e291fb5080f7: detected majority of replicas (2 of 3) at location L0
I20260630 12:35:28.126675  4810 auto_leader_rebalancer.cc:141] leader rebalance for table test-workload
I20260630 12:35:28.128015  4810 auto_leader_rebalancer.cc:440] table: test-workload, leader rebalance finish, leader transfer count: 0
I20260630 12:35:28.128407  4810 auto_leader_rebalancer.cc:515] All tables' leader rebalancing finished this round
I20260630 12:35:28.177661  4805 placement_policy_util.cc:411] tablet 699da40e4ed04496b890e291fb5080f7: detected majority of replicas (2 of 3) at location L0
I20260630 12:35:29.184557  4805 placement_policy_util.cc:411] tablet 699da40e4ed04496b890e291fb5080f7: detected majority of replicas (2 of 3) at location L0
I20260630 12:35:30.129537  4810 auto_leader_rebalancer.cc:141] leader rebalance for table test-workload
I20260630 12:35:30.131168  4810 auto_leader_rebalancer.cc:440] table: test-workload, leader rebalance finish, leader transfer count: 0
I20260630 12:35:30.131497  4810 auto_leader_rebalancer.cc:515] All tables' leader rebalancing finished this round
I20260630 12:35:30.191087  4805 placement_policy_util.cc:411] tablet 699da40e4ed04496b890e291fb5080f7: detected majority of replicas (2 of 3) at location L0
I20260630 12:35:30.893081   721 tablet_server.cc:179] TabletServer@127.0.180.65:0 shutting down...
I20260630 12:35:30.916487   721 ts_tablet_manager.cc:1507] Shutting down tablet manager...
I20260630 12:35:30.917229   721 tablet_replica.cc:333] T 699da40e4ed04496b890e291fb5080f7 P 28b3d5bcc76145889607c21c544e1677: stopping tablet replica
I20260630 12:35:30.917753   721 raft_consensus.cc:2243] T 699da40e4ed04496b890e291fb5080f7 P 28b3d5bcc76145889607c21c544e1677 [term 1 LEADER]: Raft consensus shutting down.
I20260630 12:35:30.918720   721 raft_consensus.cc:2272] T 699da40e4ed04496b890e291fb5080f7 P 28b3d5bcc76145889607c21c544e1677 [term 1 FOLLOWER]: Raft consensus is shut down!
I20260630 12:35:30.939050   721 tablet_server.cc:196] TabletServer@127.0.180.65:0 shutdown complete.
I20260630 12:35:30.951633   721 tablet_server.cc:179] TabletServer@127.0.180.66:0 shutting down...
I20260630 12:35:30.973541   721 ts_tablet_manager.cc:1507] Shutting down tablet manager...
I20260630 12:35:30.974304   721 tablet_replica.cc:333] T 699da40e4ed04496b890e291fb5080f7 P 0c4cde4ca2d2451d984a0c47cb723ca5: stopping tablet replica
I20260630 12:35:30.974920   721 raft_consensus.cc:2243] T 699da40e4ed04496b890e291fb5080f7 P 0c4cde4ca2d2451d984a0c47cb723ca5 [term 1 FOLLOWER]: Raft consensus shutting down.
I20260630 12:35:30.975426   721 raft_consensus.cc:2272] T 699da40e4ed04496b890e291fb5080f7 P 0c4cde4ca2d2451d984a0c47cb723ca5 [term 1 FOLLOWER]: Raft consensus is shut down!
I20260630 12:35:30.994537   721 tablet_server.cc:196] TabletServer@127.0.180.66:0 shutdown complete.
I20260630 12:35:31.005456   721 tablet_server.cc:179] TabletServer@127.0.180.67:0 shutting down...
I20260630 12:35:31.024586   721 ts_tablet_manager.cc:1507] Shutting down tablet manager...
I20260630 12:35:31.025398   721 tablet_replica.cc:333] T 699da40e4ed04496b890e291fb5080f7 P ed5916837b0f4da0b28c554504dbbb92: stopping tablet replica
I20260630 12:35:31.026067   721 raft_consensus.cc:2243] T 699da40e4ed04496b890e291fb5080f7 P ed5916837b0f4da0b28c554504dbbb92 [term 1 FOLLOWER]: Raft consensus shutting down.
I20260630 12:35:31.026582   721 raft_consensus.cc:2272] T 699da40e4ed04496b890e291fb5080f7 P ed5916837b0f4da0b28c554504dbbb92 [term 1 FOLLOWER]: Raft consensus is shut down!
I20260630 12:35:31.045374   721 tablet_server.cc:196] TabletServer@127.0.180.67:0 shutdown complete.
I20260630 12:35:31.055394   721 master.cc:562] Master@127.0.180.126:46455 shutting down...
I20260630 12:35:31.074468   721 raft_consensus.cc:2243] T 00000000000000000000000000000000 P 24313ccbe0c6480f8d1078cffaf06c3f [term 1 LEADER]: Raft consensus shutting down.
I20260630 12:35:31.075080   721 raft_consensus.cc:2272] T 00000000000000000000000000000000 P 24313ccbe0c6480f8d1078cffaf06c3f [term 1 FOLLOWER]: Raft consensus is shut down!
I20260630 12:35:31.075368   721 tablet_replica.cc:333] T 00000000000000000000000000000000 P 24313ccbe0c6480f8d1078cffaf06c3f: stopping tablet replica
I20260630 12:35:31.094211   721 master.cc:584] Master@127.0.180.126:46455 shutdown complete.
[       OK ] AutoRebalancerTest.NoReplicaMovesIfCannotFixPlacementPolicy (13145 ms)
[ RUN      ] AutoRebalancerTest.TestMaxMovesPerServer
I20260630 12:35:31.136965   721 internal_mini_cluster.cc:156] Creating distributed mini masters. Addrs: 127.0.180.126:46151
I20260630 12:35:31.138123   721 file_cache.cc:492] Constructed file cache file cache with capacity 419430
W20260630 12:35:31.143924  5079 instance_detector.cc:116] could not retrieve AWS instance metadata: Network error: curl error: HTTP response code said error: The requested URL returned error: 404
W20260630 12:35:31.144179  5080 instance_detector.cc:116] could not retrieve Azure instance metadata: Network error: curl error: HTTP response code said error: The requested URL returned error: 404
W20260630 12:35:31.144621  5082 instance_detector.cc:116] could not retrieve OpenStack instance metadata: Network error: curl error: HTTP response code said error: The requested URL returned error: 404
I20260630 12:35:31.145305   721 server_base.cc:1061] running on GCE node
I20260630 12:35:31.146034   721 hybrid_clock.cc:584] initializing the hybrid clock with 'system_unsync' time source
W20260630 12:35:31.146201   721 system_unsync_time.cc:38] NTP support is disabled. Clock error bounds will not be accurate. This configuration is not suitable for distributed clusters.
I20260630 12:35:31.146311   721 hybrid_clock.cc:648] HybridClock initialized: now 1782822931146301 us; error 0 us; skew 500 ppm
I20260630 12:35:31.146726   721 server_base.cc:861] Flag tcmalloc_max_total_thread_cache_bytes is not working since tcmalloc is not enabled.
I20260630 12:35:31.148945   721 webserver.cc:533] Webserver started at http://127.0.180.126:42867/ using document root <none> and password file <none>
I20260630 12:35:31.149420   721 fs_manager.cc:362] Metadata directory not provided
I20260630 12:35:31.149582   721 fs_manager.cc:368] Using write-ahead log directory (fs_wal_dir) as metadata directory
I20260630 12:35:31.149809   721 server_base.cc:909] This appears to be a new deployment of Kudu; creating new FS layout
I20260630 12:35:31.150888   721 fs_manager.cc:1068] Generated new instance metadata in path /tmp/dist-test-task36zs8d/test-tmp/auto_rebalancer-test.0.AutoRebalancerTest.TestMaxMovesPerServer.1782822808576382-721-0/minicluster-data/master-0-root/instance:
uuid: "33dcaa1209b3475cafb0aa6b4e312d43"
format_stamp: "Formatted at 2026-06-30 12:35:31 on dist-test-slave-fzd5"
I20260630 12:35:31.155141   721 fs_manager.cc:696] Time spent creating directory manager: real 0.004s	user 0.005s	sys 0.000s
I20260630 12:35:31.158200  5087 log_block_manager.cc:4031] Time spent loading block containers with low live blocks: real 0.000s	user 0.000s	sys 0.000s
I20260630 12:35:31.158869   721 fs_manager.cc:730] Time spent opening block manager: real 0.002s	user 0.002s	sys 0.000s
I20260630 12:35:31.159137   721 fs_manager.cc:647] Opened local filesystem: /tmp/dist-test-task36zs8d/test-tmp/auto_rebalancer-test.0.AutoRebalancerTest.TestMaxMovesPerServer.1782822808576382-721-0/minicluster-data/master-0-root
uuid: "33dcaa1209b3475cafb0aa6b4e312d43"
format_stamp: "Formatted at 2026-06-30 12:35:31 on dist-test-slave-fzd5"
I20260630 12:35:31.159369   721 fs_report.cc:389] FS layout report
--------------------
wal directory: /tmp/dist-test-task36zs8d/test-tmp/auto_rebalancer-test.0.AutoRebalancerTest.TestMaxMovesPerServer.1782822808576382-721-0/minicluster-data/master-0-root
metadata directory: /tmp/dist-test-task36zs8d/test-tmp/auto_rebalancer-test.0.AutoRebalancerTest.TestMaxMovesPerServer.1782822808576382-721-0/minicluster-data/master-0-root
1 data directories: /tmp/dist-test-task36zs8d/test-tmp/auto_rebalancer-test.0.AutoRebalancerTest.TestMaxMovesPerServer.1782822808576382-721-0/minicluster-data/master-0-root/data
Total live blocks: 0
Total live bytes: 0
Total live bytes (after alignment): 0
Total number of LBM containers: 0 (0 full)
Did not check for missing blocks
Did not check for orphaned blocks
Total full LBM containers with extra space: 0 (0 repaired)
Total full LBM container extra space in bytes: 0 (0 repaired)
Total incomplete LBM containers: 0 (0 repaired)
Total LBM partial records: 0 (0 repaired)
Total corrupted LBM metadata records in RocksDB: 0 (0 repaired)
I20260630 12:35:31.186497   721 rpc_server.cc:225] running with OpenSSL 1.1.1  11 Sep 2018
I20260630 12:35:31.187731   721 kserver.cc:163] Server-wide thread pool size limit: 3276
I20260630 12:35:31.224579   721 rpc_server.cc:307] RPC server started. Bound to: 127.0.180.126:46151
I20260630 12:35:31.224682  5138 acceptor_pool.cc:272] collecting diagnostics on the listening RPC socket 127.0.180.126:46151 every 8 connection(s)
I20260630 12:35:31.228581  5139 data_dirs.cc:400] Could only allocate 1 dirs of requested 3 for tablet 00000000000000000000000000000000. 1 dirs total, 0 dirs full, 0 dirs failed
I20260630 12:35:31.240725  5139 tablet_bootstrap.cc:492] T 00000000000000000000000000000000 P 33dcaa1209b3475cafb0aa6b4e312d43: Bootstrap starting.
I20260630 12:35:31.245438  5139 tablet_bootstrap.cc:654] T 00000000000000000000000000000000 P 33dcaa1209b3475cafb0aa6b4e312d43: Neither blocks nor log segments found. Creating new log.
I20260630 12:35:31.249643  5139 tablet_bootstrap.cc:492] T 00000000000000000000000000000000 P 33dcaa1209b3475cafb0aa6b4e312d43: No bootstrap required, opened a new log
I20260630 12:35:31.251735  5139 raft_consensus.cc:359] T 00000000000000000000000000000000 P 33dcaa1209b3475cafb0aa6b4e312d43 [term 0 FOLLOWER]: Replica starting. Triggering 0 pending ops. Active config: opid_index: -1 OBSOLETE_local: true peers { permanent_uuid: "33dcaa1209b3475cafb0aa6b4e312d43" member_type: VOTER }
I20260630 12:35:31.252166  5139 raft_consensus.cc:385] T 00000000000000000000000000000000 P 33dcaa1209b3475cafb0aa6b4e312d43 [term 0 FOLLOWER]: Consensus starting up: Expiring failure detector timer to make a prompt election more likely
I20260630 12:35:31.252384  5139 raft_consensus.cc:740] T 00000000000000000000000000000000 P 33dcaa1209b3475cafb0aa6b4e312d43 [term 0 FOLLOWER]: Becoming Follower/Learner. State: Replica: 33dcaa1209b3475cafb0aa6b4e312d43, State: Initialized, Role: FOLLOWER
I20260630 12:35:31.252955  5139 consensus_queue.cc:260] T 00000000000000000000000000000000 P 33dcaa1209b3475cafb0aa6b4e312d43 [NON_LEADER]: Queue going to NON_LEADER mode. State: All replicated index: 0, Majority replicated index: 0, Committed index: 0, Last appended: 0.0, Last appended by leader: 0, Current term: 0, Majority size: -1, State: 0, Mode: NON_LEADER, active raft config: opid_index: -1 OBSOLETE_local: true peers { permanent_uuid: "33dcaa1209b3475cafb0aa6b4e312d43" member_type: VOTER }
I20260630 12:35:31.253485  5139 raft_consensus.cc:399] T 00000000000000000000000000000000 P 33dcaa1209b3475cafb0aa6b4e312d43 [term 0 FOLLOWER]: Only one voter in the Raft config. Triggering election immediately
I20260630 12:35:31.253711  5139 raft_consensus.cc:493] T 00000000000000000000000000000000 P 33dcaa1209b3475cafb0aa6b4e312d43 [term 0 FOLLOWER]: Starting leader election (initial election of a single-replica configuration)
I20260630 12:35:31.253993  5139 raft_consensus.cc:3060] T 00000000000000000000000000000000 P 33dcaa1209b3475cafb0aa6b4e312d43 [term 0 FOLLOWER]: Advancing to term 1
I20260630 12:35:31.258575  5139 raft_consensus.cc:515] T 00000000000000000000000000000000 P 33dcaa1209b3475cafb0aa6b4e312d43 [term 1 FOLLOWER]: Starting leader election with config: opid_index: -1 OBSOLETE_local: true peers { permanent_uuid: "33dcaa1209b3475cafb0aa6b4e312d43" member_type: VOTER }
I20260630 12:35:31.259080  5139 leader_election.cc:304] T 00000000000000000000000000000000 P 33dcaa1209b3475cafb0aa6b4e312d43 [CANDIDATE]: Term 1 election: Election decided. Result: candidate won. Election summary: received 1 responses out of 1 voters: 1 yes votes; 0 no votes. yes voters: 33dcaa1209b3475cafb0aa6b4e312d43; no voters: 
I20260630 12:35:31.260166  5139 leader_election.cc:290] T 00000000000000000000000000000000 P 33dcaa1209b3475cafb0aa6b4e312d43 [CANDIDATE]: Term 1 election: Requested vote from peers 
I20260630 12:35:31.260491  5142 raft_consensus.cc:2804] T 00000000000000000000000000000000 P 33dcaa1209b3475cafb0aa6b4e312d43 [term 1 FOLLOWER]: Leader election won for term 1
I20260630 12:35:31.261950  5142 raft_consensus.cc:697] T 00000000000000000000000000000000 P 33dcaa1209b3475cafb0aa6b4e312d43 [term 1 LEADER]: Becoming Leader. State: Replica: 33dcaa1209b3475cafb0aa6b4e312d43, State: Running, Role: LEADER
I20260630 12:35:31.262610  5142 consensus_queue.cc:237] T 00000000000000000000000000000000 P 33dcaa1209b3475cafb0aa6b4e312d43 [LEADER]: Queue going to LEADER mode. State: All replicated index: 0, Majority replicated index: 0, Committed index: 0, Last appended: 0.0, Last appended by leader: 0, Current term: 1, Majority size: 1, State: 0, Mode: LEADER, active raft config: opid_index: -1 OBSOLETE_local: true peers { permanent_uuid: "33dcaa1209b3475cafb0aa6b4e312d43" member_type: VOTER }
I20260630 12:35:31.263175  5139 sys_catalog.cc:565] T 00000000000000000000000000000000 P 33dcaa1209b3475cafb0aa6b4e312d43 [sys.catalog]: configured and running, proceeding with master startup.
I20260630 12:35:31.265841  5144 sys_catalog.cc:455] T 00000000000000000000000000000000 P 33dcaa1209b3475cafb0aa6b4e312d43 [sys.catalog]: SysCatalogTable state changed. Reason: New leader 33dcaa1209b3475cafb0aa6b4e312d43. Latest consensus state: current_term: 1 leader_uuid: "33dcaa1209b3475cafb0aa6b4e312d43" committed_config { opid_index: -1 OBSOLETE_local: true peers { permanent_uuid: "33dcaa1209b3475cafb0aa6b4e312d43" member_type: VOTER } }
I20260630 12:35:31.265810  5143 sys_catalog.cc:455] T 00000000000000000000000000000000 P 33dcaa1209b3475cafb0aa6b4e312d43 [sys.catalog]: SysCatalogTable state changed. Reason: RaftConsensus started. Latest consensus state: current_term: 1 leader_uuid: "33dcaa1209b3475cafb0aa6b4e312d43" committed_config { opid_index: -1 OBSOLETE_local: true peers { permanent_uuid: "33dcaa1209b3475cafb0aa6b4e312d43" member_type: VOTER } }
I20260630 12:35:31.266554  5144 sys_catalog.cc:458] T 00000000000000000000000000000000 P 33dcaa1209b3475cafb0aa6b4e312d43 [sys.catalog]: This master's current role is: LEADER
I20260630 12:35:31.266666  5143 sys_catalog.cc:458] T 00000000000000000000000000000000 P 33dcaa1209b3475cafb0aa6b4e312d43 [sys.catalog]: This master's current role is: LEADER
I20260630 12:35:31.275293  5148 catalog_manager.cc:1511] Loading table and tablet metadata into memory...
I20260630 12:35:31.280860  5148 catalog_manager.cc:1520] Initializing Kudu cluster ID...
I20260630 12:35:31.281937   721 internal_mini_cluster.cc:184] Waiting to initialize catalog manager on master 0
I20260630 12:35:31.289641  5148 catalog_manager.cc:1383] Generated new cluster ID: b4f07a741aa34a34807f60199db40c19
I20260630 12:35:31.290024  5148 catalog_manager.cc:1531] Initializing Kudu internal certificate authority...
I20260630 12:35:31.320142  5148 catalog_manager.cc:1406] Generated new certificate authority record
I20260630 12:35:31.321404  5148 catalog_manager.cc:1540] Loading token signing keys...
I20260630 12:35:31.335678  5148 catalog_manager.cc:6070] T 00000000000000000000000000000000 P 33dcaa1209b3475cafb0aa6b4e312d43: Generated new TSK 0
I20260630 12:35:31.336268  5148 catalog_manager.cc:1550] Initializing in-progress tserver states...
I20260630 12:35:31.347952   721 file_cache.cc:492] Constructed file cache file cache with capacity 419430
W20260630 12:35:31.353574  5160 instance_detector.cc:116] could not retrieve AWS instance metadata: Network error: curl error: HTTP response code said error: The requested URL returned error: 404
W20260630 12:35:31.354668  5161 instance_detector.cc:116] could not retrieve Azure instance metadata: Network error: curl error: HTTP response code said error: The requested URL returned error: 404
I20260630 12:35:31.356630   721 server_base.cc:1061] running on GCE node
W20260630 12:35:31.357031  5163 instance_detector.cc:116] could not retrieve OpenStack instance metadata: Network error: curl error: HTTP response code said error: The requested URL returned error: 404
I20260630 12:35:31.357915   721 hybrid_clock.cc:584] initializing the hybrid clock with 'system_unsync' time source
W20260630 12:35:31.358134   721 system_unsync_time.cc:38] NTP support is disabled. Clock error bounds will not be accurate. This configuration is not suitable for distributed clusters.
I20260630 12:35:31.358309   721 hybrid_clock.cc:648] HybridClock initialized: now 1782822931358289 us; error 0 us; skew 500 ppm
I20260630 12:35:31.358798   721 server_base.cc:861] Flag tcmalloc_max_total_thread_cache_bytes is not working since tcmalloc is not enabled.
I20260630 12:35:31.361002   721 webserver.cc:533] Webserver started at http://127.0.180.65:38747/ using document root <none> and password file <none>
I20260630 12:35:31.361603   721 fs_manager.cc:362] Metadata directory not provided
I20260630 12:35:31.361791   721 fs_manager.cc:368] Using write-ahead log directory (fs_wal_dir) as metadata directory
I20260630 12:35:31.362067   721 server_base.cc:909] This appears to be a new deployment of Kudu; creating new FS layout
I20260630 12:35:31.363153   721 fs_manager.cc:1068] Generated new instance metadata in path /tmp/dist-test-task36zs8d/test-tmp/auto_rebalancer-test.0.AutoRebalancerTest.TestMaxMovesPerServer.1782822808576382-721-0/minicluster-data/ts-0-root/instance:
uuid: "dc90c3661a97435aba7c86fc57e45958"
format_stamp: "Formatted at 2026-06-30 12:35:31 on dist-test-slave-fzd5"
I20260630 12:35:31.367661   721 fs_manager.cc:696] Time spent creating directory manager: real 0.004s	user 0.005s	sys 0.000s
I20260630 12:35:31.370756  5168 log_block_manager.cc:4031] Time spent loading block containers with low live blocks: real 0.000s	user 0.000s	sys 0.000s
I20260630 12:35:31.371454   721 fs_manager.cc:730] Time spent opening block manager: real 0.002s	user 0.001s	sys 0.000s
I20260630 12:35:31.371806   721 fs_manager.cc:647] Opened local filesystem: /tmp/dist-test-task36zs8d/test-tmp/auto_rebalancer-test.0.AutoRebalancerTest.TestMaxMovesPerServer.1782822808576382-721-0/minicluster-data/ts-0-root
uuid: "dc90c3661a97435aba7c86fc57e45958"
format_stamp: "Formatted at 2026-06-30 12:35:31 on dist-test-slave-fzd5"
I20260630 12:35:31.372135   721 fs_report.cc:389] FS layout report
--------------------
wal directory: /tmp/dist-test-task36zs8d/test-tmp/auto_rebalancer-test.0.AutoRebalancerTest.TestMaxMovesPerServer.1782822808576382-721-0/minicluster-data/ts-0-root
metadata directory: /tmp/dist-test-task36zs8d/test-tmp/auto_rebalancer-test.0.AutoRebalancerTest.TestMaxMovesPerServer.1782822808576382-721-0/minicluster-data/ts-0-root
1 data directories: /tmp/dist-test-task36zs8d/test-tmp/auto_rebalancer-test.0.AutoRebalancerTest.TestMaxMovesPerServer.1782822808576382-721-0/minicluster-data/ts-0-root/data
Total live blocks: 0
Total live bytes: 0
Total live bytes (after alignment): 0
Total number of LBM containers: 0 (0 full)
Did not check for missing blocks
Did not check for orphaned blocks
Total full LBM containers with extra space: 0 (0 repaired)
Total full LBM container extra space in bytes: 0 (0 repaired)
Total incomplete LBM containers: 0 (0 repaired)
Total LBM partial records: 0 (0 repaired)
Total corrupted LBM metadata records in RocksDB: 0 (0 repaired)
I20260630 12:35:31.407405   721 rpc_server.cc:225] running with OpenSSL 1.1.1  11 Sep 2018
I20260630 12:35:31.408618   721 kserver.cc:163] Server-wide thread pool size limit: 3276
I20260630 12:35:31.410084   721 txn_system_client.cc:432] TxnSystemClient initialization is disabled...
I20260630 12:35:31.412322   721 ts_tablet_manager.cc:585] Loaded tablet metadata (0 total tablets, 0 live tablets)
I20260630 12:35:31.412562   721 ts_tablet_manager.cc:531] Time spent load tablet metadata: real 0.000s	user 0.000s	sys 0.000s
I20260630 12:35:31.412794   721 ts_tablet_manager.cc:616] Registered 0 tablets
I20260630 12:35:31.412976   721 ts_tablet_manager.cc:595] Time spent register tablets: real 0.000s	user 0.000s	sys 0.000s
I20260630 12:35:31.452097   721 rpc_server.cc:307] RPC server started. Bound to: 127.0.180.65:39757
I20260630 12:35:31.452203  5230 acceptor_pool.cc:272] collecting diagnostics on the listening RPC socket 127.0.180.65:39757 every 8 connection(s)
I20260630 12:35:31.457052   721 file_cache.cc:492] Constructed file cache file cache with capacity 419430
W20260630 12:35:31.465914  5235 instance_detector.cc:116] could not retrieve AWS instance metadata: Network error: curl error: HTTP response code said error: The requested URL returned error: 404
W20260630 12:35:31.467152  5236 instance_detector.cc:116] could not retrieve Azure instance metadata: Network error: curl error: HTTP response code said error: The requested URL returned error: 404
W20260630 12:35:31.470626  5238 instance_detector.cc:116] could not retrieve OpenStack instance metadata: Network error: curl error: HTTP response code said error: The requested URL returned error: 404
I20260630 12:35:31.473076  5231 heartbeater.cc:344] Connected to a master server at 127.0.180.126:46151
I20260630 12:35:31.473248   721 server_base.cc:1061] running on GCE node
I20260630 12:35:31.473590  5231 heartbeater.cc:461] Registering TS with master...
I20260630 12:35:31.474291   721 hybrid_clock.cc:584] initializing the hybrid clock with 'system_unsync' time source
W20260630 12:35:31.474489   721 system_unsync_time.cc:38] NTP support is disabled. Clock error bounds will not be accurate. This configuration is not suitable for distributed clusters.
I20260630 12:35:31.474479  5231 heartbeater.cc:507] Master 127.0.180.126:46151 requested a full tablet report, sending...
I20260630 12:35:31.474877   721 hybrid_clock.cc:648] HybridClock initialized: now 1782822931474856 us; error 0 us; skew 500 ppm
I20260630 12:35:31.475495   721 server_base.cc:861] Flag tcmalloc_max_total_thread_cache_bytes is not working since tcmalloc is not enabled.
I20260630 12:35:31.476915  5104 ts_manager.cc:194] Registered new tserver with Master: dc90c3661a97435aba7c86fc57e45958 (127.0.180.65:39757)
I20260630 12:35:31.478199   721 webserver.cc:533] Webserver started at http://127.0.180.66:44681/ using document root <none> and password file <none>
I20260630 12:35:31.478852   721 fs_manager.cc:362] Metadata directory not provided
I20260630 12:35:31.479075   721 fs_manager.cc:368] Using write-ahead log directory (fs_wal_dir) as metadata directory
I20260630 12:35:31.479341   721 server_base.cc:909] This appears to be a new deployment of Kudu; creating new FS layout
I20260630 12:35:31.479491  5104 master_service.cc:502] Signed X509 certificate for tserver {username='slave'} at 127.0.0.1:57356
I20260630 12:35:31.480962   721 fs_manager.cc:1068] Generated new instance metadata in path /tmp/dist-test-task36zs8d/test-tmp/auto_rebalancer-test.0.AutoRebalancerTest.TestMaxMovesPerServer.1782822808576382-721-0/minicluster-data/ts-1-root/instance:
uuid: "b2d64699ae4c4e4ca8b077bb80ded863"
format_stamp: "Formatted at 2026-06-30 12:35:31 on dist-test-slave-fzd5"
I20260630 12:35:31.485446   721 fs_manager.cc:696] Time spent creating directory manager: real 0.004s	user 0.004s	sys 0.000s
I20260630 12:35:31.488771  5243 log_block_manager.cc:4031] Time spent loading block containers with low live blocks: real 0.000s	user 0.000s	sys 0.000s
I20260630 12:35:31.489586   721 fs_manager.cc:730] Time spent opening block manager: real 0.002s	user 0.002s	sys 0.001s
I20260630 12:35:31.489884   721 fs_manager.cc:647] Opened local filesystem: /tmp/dist-test-task36zs8d/test-tmp/auto_rebalancer-test.0.AutoRebalancerTest.TestMaxMovesPerServer.1782822808576382-721-0/minicluster-data/ts-1-root
uuid: "b2d64699ae4c4e4ca8b077bb80ded863"
format_stamp: "Formatted at 2026-06-30 12:35:31 on dist-test-slave-fzd5"
I20260630 12:35:31.490181   721 fs_report.cc:389] FS layout report
--------------------
wal directory: /tmp/dist-test-task36zs8d/test-tmp/auto_rebalancer-test.0.AutoRebalancerTest.TestMaxMovesPerServer.1782822808576382-721-0/minicluster-data/ts-1-root
metadata directory: /tmp/dist-test-task36zs8d/test-tmp/auto_rebalancer-test.0.AutoRebalancerTest.TestMaxMovesPerServer.1782822808576382-721-0/minicluster-data/ts-1-root
1 data directories: /tmp/dist-test-task36zs8d/test-tmp/auto_rebalancer-test.0.AutoRebalancerTest.TestMaxMovesPerServer.1782822808576382-721-0/minicluster-data/ts-1-root/data
Total live blocks: 0
Total live bytes: 0
Total live bytes (after alignment): 0
Total number of LBM containers: 0 (0 full)
Did not check for missing blocks
Did not check for orphaned blocks
Total full LBM containers with extra space: 0 (0 repaired)
Total full LBM container extra space in bytes: 0 (0 repaired)
Total incomplete LBM containers: 0 (0 repaired)
Total LBM partial records: 0 (0 repaired)
Total corrupted LBM metadata records in RocksDB: 0 (0 repaired)
I20260630 12:35:31.512864   721 rpc_server.cc:225] running with OpenSSL 1.1.1  11 Sep 2018
I20260630 12:35:31.514140   721 kserver.cc:163] Server-wide thread pool size limit: 3276
I20260630 12:35:31.515548   721 txn_system_client.cc:432] TxnSystemClient initialization is disabled...
I20260630 12:35:31.517715   721 ts_tablet_manager.cc:585] Loaded tablet metadata (0 total tablets, 0 live tablets)
I20260630 12:35:31.517930   721 ts_tablet_manager.cc:531] Time spent load tablet metadata: real 0.000s	user 0.000s	sys 0.000s
I20260630 12:35:31.518164   721 ts_tablet_manager.cc:616] Registered 0 tablets
I20260630 12:35:31.518330   721 ts_tablet_manager.cc:595] Time spent register tablets: real 0.000s	user 0.000s	sys 0.000s
I20260630 12:35:31.556757   721 rpc_server.cc:307] RPC server started. Bound to: 127.0.180.66:45029
I20260630 12:35:31.556843  5305 acceptor_pool.cc:272] collecting diagnostics on the listening RPC socket 127.0.180.66:45029 every 8 connection(s)
I20260630 12:35:31.561705   721 file_cache.cc:492] Constructed file cache file cache with capacity 419430
W20260630 12:35:31.568724  5309 instance_detector.cc:116] could not retrieve AWS instance metadata: Network error: curl error: HTTP response code said error: The requested URL returned error: 404
W20260630 12:35:31.569415  5310 instance_detector.cc:116] could not retrieve Azure instance metadata: Network error: curl error: HTTP response code said error: The requested URL returned error: 404
W20260630 12:35:31.572636  5313 instance_detector.cc:116] could not retrieve OpenStack instance metadata: Network error: curl error: HTTP response code said error: The requested URL returned error: 404
I20260630 12:35:31.573087   721 server_base.cc:1061] running on GCE node
I20260630 12:35:31.574246   721 hybrid_clock.cc:584] initializing the hybrid clock with 'system_unsync' time source
W20260630 12:35:31.574534   721 system_unsync_time.cc:38] NTP support is disabled. Clock error bounds will not be accurate. This configuration is not suitable for distributed clusters.
I20260630 12:35:31.574568  5306 heartbeater.cc:344] Connected to a master server at 127.0.180.126:46151
I20260630 12:35:31.574792   721 hybrid_clock.cc:648] HybridClock initialized: now 1782822931574780 us; error 0 us; skew 500 ppm
I20260630 12:35:31.575078  5306 heartbeater.cc:461] Registering TS with master...
I20260630 12:35:31.575373   721 server_base.cc:861] Flag tcmalloc_max_total_thread_cache_bytes is not working since tcmalloc is not enabled.
I20260630 12:35:31.575793  5306 heartbeater.cc:507] Master 127.0.180.126:46151 requested a full tablet report, sending...
I20260630 12:35:31.578023   721 webserver.cc:533] Webserver started at http://127.0.180.67:41415/ using document root <none> and password file <none>
I20260630 12:35:31.578076  5104 ts_manager.cc:194] Registered new tserver with Master: b2d64699ae4c4e4ca8b077bb80ded863 (127.0.180.66:45029)
I20260630 12:35:31.578613   721 fs_manager.cc:362] Metadata directory not provided
I20260630 12:35:31.578863   721 fs_manager.cc:368] Using write-ahead log directory (fs_wal_dir) as metadata directory
I20260630 12:35:31.579123   721 server_base.cc:909] This appears to be a new deployment of Kudu; creating new FS layout
I20260630 12:35:31.579663  5104 master_service.cc:502] Signed X509 certificate for tserver {username='slave'} at 127.0.0.1:57362
I20260630 12:35:31.580287   721 fs_manager.cc:1068] Generated new instance metadata in path /tmp/dist-test-task36zs8d/test-tmp/auto_rebalancer-test.0.AutoRebalancerTest.TestMaxMovesPerServer.1782822808576382-721-0/minicluster-data/ts-2-root/instance:
uuid: "b2d37f693bdc449dbd5f22f3a50aa826"
format_stamp: "Formatted at 2026-06-30 12:35:31 on dist-test-slave-fzd5"
I20260630 12:35:31.584779   721 fs_manager.cc:696] Time spent creating directory manager: real 0.004s	user 0.003s	sys 0.000s
I20260630 12:35:31.587971  5317 log_block_manager.cc:4031] Time spent loading block containers with low live blocks: real 0.000s	user 0.000s	sys 0.000s
I20260630 12:35:31.588732   721 fs_manager.cc:730] Time spent opening block manager: real 0.002s	user 0.002s	sys 0.000s
I20260630 12:35:31.589030   721 fs_manager.cc:647] Opened local filesystem: /tmp/dist-test-task36zs8d/test-tmp/auto_rebalancer-test.0.AutoRebalancerTest.TestMaxMovesPerServer.1782822808576382-721-0/minicluster-data/ts-2-root
uuid: "b2d37f693bdc449dbd5f22f3a50aa826"
format_stamp: "Formatted at 2026-06-30 12:35:31 on dist-test-slave-fzd5"
I20260630 12:35:31.589365   721 fs_report.cc:389] FS layout report
--------------------
wal directory: /tmp/dist-test-task36zs8d/test-tmp/auto_rebalancer-test.0.AutoRebalancerTest.TestMaxMovesPerServer.1782822808576382-721-0/minicluster-data/ts-2-root
metadata directory: /tmp/dist-test-task36zs8d/test-tmp/auto_rebalancer-test.0.AutoRebalancerTest.TestMaxMovesPerServer.1782822808576382-721-0/minicluster-data/ts-2-root
1 data directories: /tmp/dist-test-task36zs8d/test-tmp/auto_rebalancer-test.0.AutoRebalancerTest.TestMaxMovesPerServer.1782822808576382-721-0/minicluster-data/ts-2-root/data
Total live blocks: 0
Total live bytes: 0
Total live bytes (after alignment): 0
Total number of LBM containers: 0 (0 full)
Did not check for missing blocks
Did not check for orphaned blocks
Total full LBM containers with extra space: 0 (0 repaired)
Total full LBM container extra space in bytes: 0 (0 repaired)
Total incomplete LBM containers: 0 (0 repaired)
Total LBM partial records: 0 (0 repaired)
Total corrupted LBM metadata records in RocksDB: 0 (0 repaired)
I20260630 12:35:31.602365   721 rpc_server.cc:225] running with OpenSSL 1.1.1  11 Sep 2018
I20260630 12:35:31.603561   721 kserver.cc:163] Server-wide thread pool size limit: 3276
I20260630 12:35:31.605016   721 txn_system_client.cc:432] TxnSystemClient initialization is disabled...
I20260630 12:35:31.607261   721 ts_tablet_manager.cc:585] Loaded tablet metadata (0 total tablets, 0 live tablets)
I20260630 12:35:31.607498   721 ts_tablet_manager.cc:531] Time spent load tablet metadata: real 0.000s	user 0.000s	sys 0.000s
I20260630 12:35:31.607738   721 ts_tablet_manager.cc:616] Registered 0 tablets
I20260630 12:35:31.607913   721 ts_tablet_manager.cc:595] Time spent register tablets: real 0.000s	user 0.000s	sys 0.000s
I20260630 12:35:31.648797   721 rpc_server.cc:307] RPC server started. Bound to: 127.0.180.67:33009
I20260630 12:35:31.648883  5379 acceptor_pool.cc:272] collecting diagnostics on the listening RPC socket 127.0.180.67:33009 every 8 connection(s)
I20260630 12:35:31.663985  5380 heartbeater.cc:344] Connected to a master server at 127.0.180.126:46151
I20260630 12:35:31.664464  5380 heartbeater.cc:461] Registering TS with master...
I20260630 12:35:31.665318  5380 heartbeater.cc:507] Master 127.0.180.126:46151 requested a full tablet report, sending...
I20260630 12:35:31.667316  5104 ts_manager.cc:194] Registered new tserver with Master: b2d37f693bdc449dbd5f22f3a50aa826 (127.0.180.67:33009)
I20260630 12:35:31.667724   721 internal_mini_cluster.cc:371] 3 TS(s) registered with all masters after 0.015670323s
I20260630 12:35:31.668682  5104 master_service.cc:502] Signed X509 certificate for tserver {username='slave'} at 127.0.0.1:57378
I20260630 12:35:32.482340  5231 heartbeater.cc:499] Master 127.0.180.126:46151 was elected leader, sending a full tablet report...
I20260630 12:35:32.581995  5306 heartbeater.cc:499] Master 127.0.180.126:46151 was elected leader, sending a full tablet report...
I20260630 12:35:32.671404  5380 heartbeater.cc:499] Master 127.0.180.126:46151 was elected leader, sending a full tablet report...
I20260630 12:35:32.721172  5104 catalog_manager.cc:2283] Servicing CreateTable request from {username='slave'} at 127.0.0.1:57388:
name: "test-workload"
schema {
  columns {
    name: "key"
    type: INT32
    is_key: true
    is_nullable: false
    encoding: AUTO_ENCODING
    compression: DEFAULT_COMPRESSION
    cfile_block_size: 0
    immutable: false
  }
  columns {
    name: "int_val"
    type: INT32
    is_key: false
    is_nullable: false
    encoding: AUTO_ENCODING
    compression: DEFAULT_COMPRESSION
    cfile_block_size: 0
    immutable: false
  }
  columns {
    name: "string_val"
    type: STRING
    is_key: false
    is_nullable: true
    encoding: AUTO_ENCODING
    compression: DEFAULT_COMPRESSION
    cfile_block_size: 0
    immutable: false
  }
}
num_replicas: 3
split_rows_range_bounds {
  rows: "\004\001\000\252\252\252\n\004\001\000TUU\025\004\001\000\376\377\377\037\004\001\000\250\252\252*\004\001\000RUU5\004\001\000\374\377\377?\004\001\000\246\252\252J\004\001\000PUUU\004\001\000\372\377\377_\004\001\000\244\252\252j\004\001\000NUUu""\004\001\000\252\252\252\n\004\001\000TUU\025\004\001\000\376\377\377\037\004\001\000\250\252\252*\004\001\000RUU5\004\001\000\374\377\377?\004\001\000\246\252\252J\004\001\000PUUU\004\001\000\372\377\377_\004\001\000\244\252\252j\004\001\000NUUu"
  indirect_data: """"
}
partition_schema {
  range_schema {
    columns {
      name: "key"
    }
  }
}
W20260630 12:35:32.724123  5104 catalog_manager.cc:7077] The number of live tablet servers is not enough to re-replicate a tablet replica of the newly created table test-workload in case of a server failure: 4 tablet servers would be needed, 3 are available. Consider bringing up more tablet servers.
I20260630 12:35:32.807798  5196 tablet_service.cc:1511] Processing CreateTablet for tablet bc4a15bb55e940bf9779928d6be3501e (DEFAULT_TABLE table=test-workload [id=545bacc43dff4e7e84564c634257040d]), partition=RANGE (key) PARTITION VALUES < 178956970
I20260630 12:35:32.809245  5196 data_dirs.cc:400] Could only allocate 1 dirs of requested 3 for tablet bc4a15bb55e940bf9779928d6be3501e. 1 dirs total, 0 dirs full, 0 dirs failed
I20260630 12:35:32.811991  5195 tablet_service.cc:1511] Processing CreateTablet for tablet 8df3a1c4f3d84f6ca17740a57c2f99ee (DEFAULT_TABLE table=test-workload [id=545bacc43dff4e7e84564c634257040d]), partition=RANGE (key) PARTITION 178956970 <= VALUES < 357913940
I20260630 12:35:32.813393  5195 data_dirs.cc:400] Could only allocate 1 dirs of requested 3 for tablet 8df3a1c4f3d84f6ca17740a57c2f99ee. 1 dirs total, 0 dirs full, 0 dirs failed
I20260630 12:35:32.814620  5191 tablet_service.cc:1511] Processing CreateTablet for tablet e1f97486104f44d185383502c5c4dc1f (DEFAULT_TABLE table=test-workload [id=545bacc43dff4e7e84564c634257040d]), partition=RANGE (key) PARTITION 894784850 <= VALUES < 1073741820
I20260630 12:35:32.816043  5191 data_dirs.cc:400] Could only allocate 1 dirs of requested 3 for tablet e1f97486104f44d185383502c5c4dc1f. 1 dirs total, 0 dirs full, 0 dirs failed
I20260630 12:35:32.817996  5194 tablet_service.cc:1511] Processing CreateTablet for tablet 54c2c0ab320e4e54a1ecfe985ebdefa7 (DEFAULT_TABLE table=test-workload [id=545bacc43dff4e7e84564c634257040d]), partition=RANGE (key) PARTITION 357913940 <= VALUES < 536870910
I20260630 12:35:32.819365  5194 data_dirs.cc:400] Could only allocate 1 dirs of requested 3 for tablet 54c2c0ab320e4e54a1ecfe985ebdefa7. 1 dirs total, 0 dirs full, 0 dirs failed
I20260630 12:35:32.822213  5193 tablet_service.cc:1511] Processing CreateTablet for tablet 973bd0c6502a4c4d84df4f51030e56a8 (DEFAULT_TABLE table=test-workload [id=545bacc43dff4e7e84564c634257040d]), partition=RANGE (key) PARTITION 536870910 <= VALUES < 715827880
I20260630 12:35:32.823509  5193 data_dirs.cc:400] Could only allocate 1 dirs of requested 3 for tablet 973bd0c6502a4c4d84df4f51030e56a8. 1 dirs total, 0 dirs full, 0 dirs failed
I20260630 12:35:32.826895  5192 tablet_service.cc:1511] Processing CreateTablet for tablet d9ee49283c6542e2b9a339d959425ba3 (DEFAULT_TABLE table=test-workload [id=545bacc43dff4e7e84564c634257040d]), partition=RANGE (key) PARTITION 715827880 <= VALUES < 894784850
I20260630 12:35:32.828205  5192 data_dirs.cc:400] Could only allocate 1 dirs of requested 3 for tablet d9ee49283c6542e2b9a339d959425ba3. 1 dirs total, 0 dirs full, 0 dirs failed
I20260630 12:35:32.840694  5271 tablet_service.cc:1511] Processing CreateTablet for tablet bc4a15bb55e940bf9779928d6be3501e (DEFAULT_TABLE table=test-workload [id=545bacc43dff4e7e84564c634257040d]), partition=RANGE (key) PARTITION VALUES < 178956970
I20260630 12:35:32.842135  5271 data_dirs.cc:400] Could only allocate 1 dirs of requested 3 for tablet bc4a15bb55e940bf9779928d6be3501e. 1 dirs total, 0 dirs full, 0 dirs failed
I20260630 12:35:32.843842  5270 tablet_service.cc:1511] Processing CreateTablet for tablet 8df3a1c4f3d84f6ca17740a57c2f99ee (DEFAULT_TABLE table=test-workload [id=545bacc43dff4e7e84564c634257040d]), partition=RANGE (key) PARTITION 178956970 <= VALUES < 357913940
I20260630 12:35:32.844794  5270 data_dirs.cc:400] Could only allocate 1 dirs of requested 3 for tablet 8df3a1c4f3d84f6ca17740a57c2f99ee. 1 dirs total, 0 dirs full, 0 dirs failed
I20260630 12:35:32.846395  5269 tablet_service.cc:1511] Processing CreateTablet for tablet 54c2c0ab320e4e54a1ecfe985ebdefa7 (DEFAULT_TABLE table=test-workload [id=545bacc43dff4e7e84564c634257040d]), partition=RANGE (key) PARTITION 357913940 <= VALUES < 536870910
I20260630 12:35:32.847735  5269 data_dirs.cc:400] Could only allocate 1 dirs of requested 3 for tablet 54c2c0ab320e4e54a1ecfe985ebdefa7. 1 dirs total, 0 dirs full, 0 dirs failed
I20260630 12:35:32.847573  5264 tablet_service.cc:1511] Processing CreateTablet for tablet e4d408e110fa43ffb96dff7823933e83 (DEFAULT_TABLE table=test-workload [id=545bacc43dff4e7e84564c634257040d]), partition=RANGE (key) PARTITION 1252698790 <= VALUES < 1431655760
I20260630 12:35:32.848835  5264 data_dirs.cc:400] Could only allocate 1 dirs of requested 3 for tablet e4d408e110fa43ffb96dff7823933e83. 1 dirs total, 0 dirs full, 0 dirs failed
I20260630 12:35:32.846395  5263 tablet_service.cc:1511] Processing CreateTablet for tablet b57b54f17bed4029acad662b2405cf74 (DEFAULT_TABLE table=test-workload [id=545bacc43dff4e7e84564c634257040d]), partition=RANGE (key) PARTITION 1431655760 <= VALUES < 1610612730
I20260630 12:35:32.850381  5265 tablet_service.cc:1511] Processing CreateTablet for tablet 044ef67f7e28440ba6d1e966c3b03c01 (DEFAULT_TABLE table=test-workload [id=545bacc43dff4e7e84564c634257040d]), partition=RANGE (key) PARTITION 1073741820 <= VALUES < 1252698790
I20260630 12:35:32.852150  5190 tablet_service.cc:1511] Processing CreateTablet for tablet b57b54f17bed4029acad662b2405cf74 (DEFAULT_TABLE table=test-workload [id=545bacc43dff4e7e84564c634257040d]), partition=RANGE (key) PARTITION 1431655760 <= VALUES < 1610612730
I20260630 12:35:32.852741  5266 tablet_service.cc:1511] Processing CreateTablet for tablet e1f97486104f44d185383502c5c4dc1f (DEFAULT_TABLE table=test-workload [id=545bacc43dff4e7e84564c634257040d]), partition=RANGE (key) PARTITION 894784850 <= VALUES < 1073741820
I20260630 12:35:32.853468  5190 data_dirs.cc:400] Could only allocate 1 dirs of requested 3 for tablet b57b54f17bed4029acad662b2405cf74. 1 dirs total, 0 dirs full, 0 dirs failed
I20260630 12:35:32.855170  5267 tablet_service.cc:1511] Processing CreateTablet for tablet d9ee49283c6542e2b9a339d959425ba3 (DEFAULT_TABLE table=test-workload [id=545bacc43dff4e7e84564c634257040d]), partition=RANGE (key) PARTITION 715827880 <= VALUES < 894784850
I20260630 12:35:32.857529  5268 tablet_service.cc:1511] Processing CreateTablet for tablet 973bd0c6502a4c4d84df4f51030e56a8 (DEFAULT_TABLE table=test-workload [id=545bacc43dff4e7e84564c634257040d]), partition=RANGE (key) PARTITION 536870910 <= VALUES < 715827880
I20260630 12:35:32.856009  5191 tablet_service.cc:1511] Processing CreateTablet for tablet e4d408e110fa43ffb96dff7823933e83 (DEFAULT_TABLE table=test-workload [id=545bacc43dff4e7e84564c634257040d]), partition=RANGE (key) PARTITION 1252698790 <= VALUES < 1431655760
I20260630 12:35:32.859028  5189 tablet_service.cc:1511] Processing CreateTablet for tablet b437e13341d64e2b9560aca7e8e8c27f (DEFAULT_TABLE table=test-workload [id=545bacc43dff4e7e84564c634257040d]), partition=RANGE (key) PARTITION 1610612730 <= VALUES < 1789569700
I20260630 12:35:32.860199  5345 tablet_service.cc:1511] Processing CreateTablet for tablet bc4a15bb55e940bf9779928d6be3501e (DEFAULT_TABLE table=test-workload [id=545bacc43dff4e7e84564c634257040d]), partition=RANGE (key) PARTITION VALUES < 178956970
I20260630 12:35:32.860761  5189 data_dirs.cc:400] Could only allocate 1 dirs of requested 3 for tablet b437e13341d64e2b9560aca7e8e8c27f. 1 dirs total, 0 dirs full, 0 dirs failed
I20260630 12:35:32.860919  5188 tablet_service.cc:1511] Processing CreateTablet for tablet 47fe249be3154934af94169b66fd63cb (DEFAULT_TABLE table=test-workload [id=545bacc43dff4e7e84564c634257040d]), partition=RANGE (key) PARTITION 1789569700 <= VALUES < 1968526670
I20260630 12:35:32.861469  5345 data_dirs.cc:400] Could only allocate 1 dirs of requested 3 for tablet bc4a15bb55e940bf9779928d6be3501e. 1 dirs total, 0 dirs full, 0 dirs failed
I20260630 12:35:32.862226  5188 data_dirs.cc:400] Could only allocate 1 dirs of requested 3 for tablet 47fe249be3154934af94169b66fd63cb. 1 dirs total, 0 dirs full, 0 dirs failed
